{"id":9457,"date":"2023-06-07T18:50:48","date_gmt":"2023-06-07T16:50:48","guid":{"rendered":"https:\/\/www.visitamalfi.info\/evento\/borghi-in-festa-belvedere-di-lone\/"},"modified":"2023-06-07T18:50:48","modified_gmt":"2023-06-07T16:50:48","slug":"borghi-in-festa-belvedere-di-lone","status":"publish","type":"tribe_events","link":"https:\/\/www.visitamalfi.info\/fr\/\u00e9v\u00e9nement\/borghi-in-festa-belvedere-di-lone\/","title":{"rendered":"Borghi in Festa-Belvedere di Lone"},"content":{"rendered":"<p>L&#8217;un des \u00e9v\u00e9nements les plus enchanteurs du programme estival d&#8217;Amalfi est de retour : Concerto al Tramonto &#8211; Promenade a Sud.<\/p>\n<p><em>Promenade a Sud <\/em>est un voyage plein d&#8217;espoir dans la tradition musicale du sud, \u00e0 travers les m\u00e9lodies anciennes et magiques de la villanelle, de la moresche et des cunti populaires avec leurs rythmes captivants de notre patrimoine musical de Campanie, d&#8217;Italie du Sud et de tout le bassin m\u00e9diterran\u00e9en. Dans ce voyage musical, une fen\u00eatre d\u00e9di\u00e9e \u00e0 la grande chanson classique napolitaine, de l&#8217;art des affiches du XXe si\u00e8cle aux compositeurs contemporains tels que De Simone, Bennato et Faiello, ne peut manquer. Un concert qui puise \u00e0 la fois dans le vaste monde populaire et dans le monde cultiv\u00e9, d\u00e9licat et \u00e9l\u00e9gant. L&#8217;utilisation d&#8217;instruments classiques, comme la fl\u00fbte, et traditionnels, comme la chitarra battente et la ciaramella, \u00e9voque et cite les sons ancestraux intemporels qui ont toujours \u00e9t\u00e9 l&#8217;expression de notre <em>\u00eatre<\/em> le plus profond. Avec <strong>Matteo Mauriello, Marianita Carfora, Sossio Arciprete, Vincenzo Laudiero, Fulvio Gombos, Gianluca Mercurio<\/strong> et <strong>Sergio Sivori<\/strong> en tant que narrateur.<\/p>\n","protected":false},"excerpt":{"rendered":"<p>Promenade a Sud est un voyage plein d&#8217;espoir dans la tradition musicale du sud, \u00e0 travers les m\u00e9lodies anciennes et magiques de la villanelle, de la moresche et des cunti populaires avec leurs rythmes captivants de notre patrimoine musical campanien.<\/p>\n","protected":false},"author":7,"featured_media":0,"template":"","meta":{"inline_featured_image":false,"_tribe_events_status":"","_tribe_events_status_reason":"","footnotes":""},"tags":[259,580,732,734,739,740,736,735,733,741,737,314,738],"tribe_events_cat":[317],"class_list":["post-9457","tribe_events","type-tribe_events","status-publish","hentry","tag-amalfi-fr","tag-amalficoast-fr","tag-concert-au-coucher-du-soleil","tag-eventsinamalfi-fr","tag-fulvio-gombos-fr","tag-gianluca-mercurio-fr","tag-marianita-carfora-fr","tag-matteo-mauriello-fr","tag-promenade-a-sud-fr","tag-sergio-sivori-fr","tag-sossio-arciprete-fr","tag-summer2023-fr","tag-vincenzo-laudiero-fr","tribe_events_cat-musica-dal-vivo-fr","cat_musica-dal-vivo-fr"],"yoast_head":"<!-- This site is optimized with the Yoast SEO plugin v27.3 - https:\/\/yoast.com\/product\/yoast-seo-wordpress\/ -->\n<title>Borghi in Festa-Belvedere di Lone - Visit Amalfi<\/title>\n<meta name=\"robots\" content=\"index, follow, max-snippet:-1, max-image-preview:large, max-video-preview:-1\" \/>\n<link rel=\"canonical\" href=\"https:\/\/www.visitamalfi.info\/fr\/\u00e9v\u00e9nement\/borghi-in-festa-belvedere-di-lone\/\" \/>\n<meta property=\"og:locale\" content=\"fr_FR\" \/>\n<meta property=\"og:type\" content=\"article\" \/>\n<meta property=\"og:title\" content=\"Borghi in Festa-Belvedere di Lone - Visit Amalfi\" \/>\n<meta property=\"og:description\" content=\"Promenade a Sud est un voyage plein d&#039;espoir dans la tradition musicale du sud, \u00e0 travers les m\u00e9lodies anciennes et magiques de la villanelle, de la moresche et des cunti populaires avec leurs rythmes captivants de notre patrimoine musical campanien.\" \/>\n<meta property=\"og:url\" content=\"https:\/\/www.visitamalfi.info\/fr\/\u00e9v\u00e9nement\/borghi-in-festa-belvedere-di-lone\/\" \/>\n<meta property=\"og:site_name\" content=\"Visit Amalfi\" \/>\n<meta property=\"article:publisher\" content=\"https:\/\/www.facebook.com\/visitamalfiofficial\" \/>\n<meta name=\"twitter:card\" content=\"summary_large_image\" \/>\n<meta name=\"twitter:label1\" content=\"Dur\u00e9e de lecture estim\u00e9e\" \/>\n\t<meta name=\"twitter:data1\" content=\"1 minute\" \/>\n<script type=\"application\/ld+json\" class=\"yoast-schema-graph\">{\"@context\":\"https:\\\/\\\/schema.org\",\"@graph\":[{\"@type\":\"WebPage\",\"@id\":\"https:\\\/\\\/www.visitamalfi.info\\\/fr\\\/\u00e9v\u00e9nement\\\/borghi-in-festa-belvedere-di-lone\\\/\",\"url\":\"https:\\\/\\\/www.visitamalfi.info\\\/fr\\\/\u00e9v\u00e9nement\\\/borghi-in-festa-belvedere-di-lone\\\/\",\"name\":\"Borghi in Festa-Belvedere di Lone - Visit Amalfi\",\"isPartOf\":{\"@id\":\"https:\\\/\\\/www.visitamalfi.info\\\/fr\\\/#website\"},\"datePublished\":\"2023-06-07T16:50:48+00:00\",\"breadcrumb\":{\"@id\":\"https:\\\/\\\/www.visitamalfi.info\\\/fr\\\/\u00e9v\u00e9nement\\\/borghi-in-festa-belvedere-di-lone\\\/#breadcrumb\"},\"inLanguage\":\"fr-FR\",\"potentialAction\":[{\"@type\":\"ReadAction\",\"target\":[\"https:\\\/\\\/www.visitamalfi.info\\\/fr\\\/\u00e9v\u00e9nement\\\/borghi-in-festa-belvedere-di-lone\\\/\"]}]},{\"@type\":\"BreadcrumbList\",\"@id\":\"https:\\\/\\\/www.visitamalfi.info\\\/fr\\\/\u00e9v\u00e9nement\\\/borghi-in-festa-belvedere-di-lone\\\/#breadcrumb\",\"itemListElement\":[{\"@type\":\"ListItem\",\"position\":1,\"name\":\"Home\",\"item\":\"https:\\\/\\\/www.visitamalfi.info\\\/fr\\\/\"},{\"@type\":\"ListItem\",\"position\":2,\"name\":\"\u00c9v\u00e8nements\",\"item\":\"https:\\\/\\\/www.visitamalfi.info\\\/fr\\\/eventi\\\/\"},{\"@type\":\"ListItem\",\"position\":3,\"name\":\"Borghi in Festa-Belvedere di Lone\"}]},{\"@type\":\"WebSite\",\"@id\":\"https:\\\/\\\/www.visitamalfi.info\\\/fr\\\/#website\",\"url\":\"https:\\\/\\\/www.visitamalfi.info\\\/fr\\\/\",\"name\":\"Visit Amalfi\",\"description\":\"Amalfi Destination Official Website\",\"publisher\":{\"@id\":\"https:\\\/\\\/www.visitamalfi.info\\\/fr\\\/#organization\"},\"potentialAction\":[{\"@type\":\"SearchAction\",\"target\":{\"@type\":\"EntryPoint\",\"urlTemplate\":\"https:\\\/\\\/www.visitamalfi.info\\\/fr\\\/?s={search_term_string}\"},\"query-input\":{\"@type\":\"PropertyValueSpecification\",\"valueRequired\":true,\"valueName\":\"search_term_string\"}}],\"inLanguage\":\"fr-FR\"},{\"@type\":\"Organization\",\"@id\":\"https:\\\/\\\/www.visitamalfi.info\\\/fr\\\/#organization\",\"name\":\"Visit Amalfi\",\"url\":\"https:\\\/\\\/www.visitamalfi.info\\\/fr\\\/\",\"logo\":{\"@type\":\"ImageObject\",\"inLanguage\":\"fr-FR\",\"@id\":\"https:\\\/\\\/www.visitamalfi.info\\\/fr\\\/#\\\/schema\\\/logo\\\/image\\\/\",\"url\":\"https:\\\/\\\/www.visitamalfi.info\\\/wp-content\\\/uploads\\\/2023\\\/04\\\/visit-amalfi-logo-web.png\",\"contentUrl\":\"https:\\\/\\\/www.visitamalfi.info\\\/wp-content\\\/uploads\\\/2023\\\/04\\\/visit-amalfi-logo-web.png\",\"width\":800,\"height\":870,\"caption\":\"Visit Amalfi\"},\"image\":{\"@id\":\"https:\\\/\\\/www.visitamalfi.info\\\/fr\\\/#\\\/schema\\\/logo\\\/image\\\/\"},\"sameAs\":[\"https:\\\/\\\/www.facebook.com\\\/visitamalfiofficial\",\"https:\\\/\\\/www.instagram.com\\\/visitamalfiofficial\\\/\"]}]}<\/script>\n<!-- \/ Yoast SEO plugin. -->","yoast_head_json":{"title":"Borghi in Festa-Belvedere di Lone - Visit Amalfi","robots":{"index":"index","follow":"follow","max-snippet":"max-snippet:-1","max-image-preview":"max-image-preview:large","max-video-preview":"max-video-preview:-1"},"canonical":"https:\/\/www.visitamalfi.info\/fr\/\u00e9v\u00e9nement\/borghi-in-festa-belvedere-di-lone\/","og_locale":"fr_FR","og_type":"article","og_title":"Borghi in Festa-Belvedere di Lone - Visit Amalfi","og_description":"Promenade a Sud est un voyage plein d'espoir dans la tradition musicale du sud, \u00e0 travers les m\u00e9lodies anciennes et magiques de la villanelle, de la moresche et des cunti populaires avec leurs rythmes captivants de notre patrimoine musical campanien.","og_url":"https:\/\/www.visitamalfi.info\/fr\/\u00e9v\u00e9nement\/borghi-in-festa-belvedere-di-lone\/","og_site_name":"Visit Amalfi","article_publisher":"https:\/\/www.facebook.com\/visitamalfiofficial","twitter_card":"summary_large_image","twitter_misc":{"Dur\u00e9e de lecture estim\u00e9e":"1 minute"},"schema":{"@context":"https:\/\/schema.org","@graph":[{"@type":"WebPage","@id":"https:\/\/www.visitamalfi.info\/fr\/\u00e9v\u00e9nement\/borghi-in-festa-belvedere-di-lone\/","url":"https:\/\/www.visitamalfi.info\/fr\/\u00e9v\u00e9nement\/borghi-in-festa-belvedere-di-lone\/","name":"Borghi in Festa-Belvedere di Lone - Visit Amalfi","isPartOf":{"@id":"https:\/\/www.visitamalfi.info\/fr\/#website"},"datePublished":"2023-06-07T16:50:48+00:00","breadcrumb":{"@id":"https:\/\/www.visitamalfi.info\/fr\/\u00e9v\u00e9nement\/borghi-in-festa-belvedere-di-lone\/#breadcrumb"},"inLanguage":"fr-FR","potentialAction":[{"@type":"ReadAction","target":["https:\/\/www.visitamalfi.info\/fr\/\u00e9v\u00e9nement\/borghi-in-festa-belvedere-di-lone\/"]}]},{"@type":"BreadcrumbList","@id":"https:\/\/www.visitamalfi.info\/fr\/\u00e9v\u00e9nement\/borghi-in-festa-belvedere-di-lone\/#breadcrumb","itemListElement":[{"@type":"ListItem","position":1,"name":"Home","item":"https:\/\/www.visitamalfi.info\/fr\/"},{"@type":"ListItem","position":2,"name":"\u00c9v\u00e8nements","item":"https:\/\/www.visitamalfi.info\/fr\/eventi\/"},{"@type":"ListItem","position":3,"name":"Borghi in Festa-Belvedere di Lone"}]},{"@type":"WebSite","@id":"https:\/\/www.visitamalfi.info\/fr\/#website","url":"https:\/\/www.visitamalfi.info\/fr\/","name":"Visit Amalfi","description":"Amalfi Destination Official Website","publisher":{"@id":"https:\/\/www.visitamalfi.info\/fr\/#organization"},"potentialAction":[{"@type":"SearchAction","target":{"@type":"EntryPoint","urlTemplate":"https:\/\/www.visitamalfi.info\/fr\/?s={search_term_string}"},"query-input":{"@type":"PropertyValueSpecification","valueRequired":true,"valueName":"search_term_string"}}],"inLanguage":"fr-FR"},{"@type":"Organization","@id":"https:\/\/www.visitamalfi.info\/fr\/#organization","name":"Visit Amalfi","url":"https:\/\/www.visitamalfi.info\/fr\/","logo":{"@type":"ImageObject","inLanguage":"fr-FR","@id":"https:\/\/www.visitamalfi.info\/fr\/#\/schema\/logo\/image\/","url":"https:\/\/www.visitamalfi.info\/wp-content\/uploads\/2023\/04\/visit-amalfi-logo-web.png","contentUrl":"https:\/\/www.visitamalfi.info\/wp-content\/uploads\/2023\/04\/visit-amalfi-logo-web.png","width":800,"height":870,"caption":"Visit Amalfi"},"image":{"@id":"https:\/\/www.visitamalfi.info\/fr\/#\/schema\/logo\/image\/"},"sameAs":["https:\/\/www.facebook.com\/visitamalfiofficial","https:\/\/www.instagram.com\/visitamalfiofficial\/"]}]}},"_links":{"self":[{"href":"https:\/\/www.visitamalfi.info\/fr\/wp-json\/wp\/v2\/tribe_events\/9457","targetHints":{"allow":["GET"]}}],"collection":[{"href":"https:\/\/www.visitamalfi.info\/fr\/wp-json\/wp\/v2\/tribe_events"}],"about":[{"href":"https:\/\/www.visitamalfi.info\/fr\/wp-json\/wp\/v2\/types\/tribe_events"}],"author":[{"embeddable":true,"href":"https:\/\/www.visitamalfi.info\/fr\/wp-json\/wp\/v2\/users\/7"}],"version-history":[{"count":0,"href":"https:\/\/www.visitamalfi.info\/fr\/wp-json\/wp\/v2\/tribe_events\/9457\/revisions"}],"wp:attachment":[{"href":"https:\/\/www.visitamalfi.info\/fr\/wp-json\/wp\/v2\/media?parent=9457"}],"wp:term":[{"taxonomy":"post_tag","embeddable":true,"href":"https:\/\/www.visitamalfi.info\/fr\/wp-json\/wp\/v2\/tags?post=9457"},{"taxonomy":"tribe_events_cat","embeddable":true,"href":"https:\/\/www.visitamalfi.info\/fr\/wp-json\/wp\/v2\/tribe_events_cat?post=9457"}],"curies":[{"name":"wp","href":"https:\/\/api.w.org\/{rel}","templated":true}]}}

https://www.visitamalfi.info/fr/événement/borghi-in-festa-belvedere-di-lone/

<p>L&#8217;un des événements les plus enchanteurs du programme estival d&#8217;Amalfi est de retour : Concerto al Tramonto &#8211; Promenade a Sud.</p>
<p><em>Promenade a Sud </em>est un voyage plein d&#8217;espoir dans la tradition musicale du sud, à travers les mélodies anciennes et magiques de la villanelle, de la moresche et des cunti populaires avec leurs rythmes captivants de notre patrimoine musical de Campanie, d&#8217;Italie du Sud et de tout le bassin méditerranéen. Dans ce voyage musical, une fenêtre dédiée à la grande chanson classique napolitaine, de l&#8217;art des affiches du XXe siècle aux compositeurs contemporains tels que De Simone, Bennato et Faiello, ne peut manquer. Un concert qui puise à la fois dans le vaste monde populaire et dans le monde cultivé, délicat et élégant. L&#8217;utilisation d&#8217;instruments classiques, comme la flûte, et traditionnels, comme la chitarra battente et la ciaramella, évoque et cite les sons ancestraux intemporels qui ont toujours été l&#8217;expression de notre <em>être</em> le plus profond. Avec <strong>Matteo Mauriello, Marianita Carfora, Sossio Arciprete, Vincenzo Laudiero, Fulvio Gombos, Gianluca Mercurio</strong> et <strong>Sergio Sivori</strong> en tant que narrateur.</p>

<p>Promenade a Sud est un voyage plein d&#8217;espoir dans la tradition musicale du sud, à travers les mélodies anciennes et magiques de la villanelle, de la moresche et des cunti populaires avec leurs rythmes captivants de notre patrimoine musical campanien.</p>

<!-- This site is optimized with the Yoast SEO plugin v27.3 - https://yoast.com/product/yoast-seo-wordpress/ -->
<title>Borghi in Festa-Belvedere di Lone - Visit Amalfi</title>
<meta name="robots" content="index, follow, max-snippet:-1, max-image-preview:large, max-video-preview:-1" />
<link rel="canonical" href="https://www.visitamalfi.info/fr/événement/borghi-in-festa-belvedere-di-lone/" />
<meta property="og:locale" content="fr_FR" />
<meta property="og:type" content="article" />
<meta property="og:title" content="Borghi in Festa-Belvedere di Lone - Visit Amalfi" />
<meta property="og:description" content="Promenade a Sud est un voyage plein d&#039;espoir dans la tradition musicale du sud, à travers les mélodies anciennes et magiques de la villanelle, de la moresche et des cunti populaires avec leurs rythmes captivants de notre patrimoine musical campanien." />
<meta property="og:url" content="https://www.visitamalfi.info/fr/événement/borghi-in-festa-belvedere-di-lone/" />
<meta property="og:site_name" content="Visit Amalfi" />
<meta property="article:publisher" content="https://www.facebook.com/visitamalfiofficial" />
<meta name="twitter:card" content="summary_large_image" />
<meta name="twitter:label1" content="Durée de lecture estimée" />
	<meta name="twitter:data1" content="1 minute" />
<script type="application/ld+json" class="yoast-schema-graph">{"@context":"https:\/\/schema.org","@graph":[{"@type":"WebPage","@id":"https:\/\/www.visitamalfi.info\/fr\/événement\/borghi-in-festa-belvedere-di-lone\/","url":"https:\/\/www.visitamalfi.info\/fr\/événement\/borghi-in-festa-belvedere-di-lone\/","name":"Borghi in Festa-Belvedere di Lone - Visit Amalfi","isPartOf":{"@id":"https:\/\/www.visitamalfi.info\/fr\/#website"},"datePublished":"2023-06-07T16:50:48+00:00","breadcrumb":{"@id":"https:\/\/www.visitamalfi.info\/fr\/événement\/borghi-in-festa-belvedere-di-lone\/#breadcrumb"},"inLanguage":"fr-FR","potentialAction":[{"@type":"ReadAction","target":["https:\/\/www.visitamalfi.info\/fr\/événement\/borghi-in-festa-belvedere-di-lone\/"]}]},{"@type":"BreadcrumbList","@id":"https:\/\/www.visitamalfi.info\/fr\/événement\/borghi-in-festa-belvedere-di-lone\/#breadcrumb","itemListElement":[{"@type":"ListItem","position":1,"name":"Home","item":"https:\/\/www.visitamalfi.info\/fr\/"},{"@type":"ListItem","position":2,"name":"Évènements","item":"https:\/\/www.visitamalfi.info\/fr\/eventi\/"},{"@type":"ListItem","position":3,"name":"Borghi in Festa-Belvedere di Lone"}]},{"@type":"WebSite","@id":"https:\/\/www.visitamalfi.info\/fr\/#website","url":"https:\/\/www.visitamalfi.info\/fr\/","name":"Visit Amalfi","description":"Amalfi Destination Official Website","publisher":{"@id":"https:\/\/www.visitamalfi.info\/fr\/#organization"},"potentialAction":[{"@type":"SearchAction","target":{"@type":"EntryPoint","urlTemplate":"https:\/\/www.visitamalfi.info\/fr\/?s={search_term_string}"},"query-input":{"@type":"PropertyValueSpecification","valueRequired":true,"valueName":"search_term_string"}}],"inLanguage":"fr-FR"},{"@type":"Organization","@id":"https:\/\/www.visitamalfi.info\/fr\/#organization","name":"Visit Amalfi","url":"https:\/\/www.visitamalfi.info\/fr\/","logo":{"@type":"ImageObject","inLanguage":"fr-FR","@id":"https:\/\/www.visitamalfi.info\/fr\/#\/schema\/logo\/image\/","url":"https:\/\/www.visitamalfi.info\/wp-content\/uploads\/2023\/04\/visit-amalfi-logo-web.png","contentUrl":"https:\/\/www.visitamalfi.info\/wp-content\/uploads\/2023\/04\/visit-amalfi-logo-web.png","width":800,"height":870,"caption":"Visit Amalfi"},"image":{"@id":"https:\/\/www.visitamalfi.info\/fr\/#\/schema\/logo\/image\/"},"sameAs":["https:\/\/www.facebook.com\/visitamalfiofficial","https:\/\/www.instagram.com\/visitamalfiofficial\/"]}]}</script>
<!-- / Yoast SEO plugin. -->

Promenade a Sud est un voyage plein d'espoir dans la tradition musicale du sud, à travers les mélodies anciennes et magiques de la villanelle, de la moresche et des cunti populaires avec leurs rythmes captivants de notre patrimoine musical campanien.

https://www.visitamalfi.info/fr/événement/borghi-in-festa-belvedere-di-lone/#breadcrumb

Évènements
