{"id":7843,"date":"2023-06-07T18:50:49","date_gmt":"2023-06-07T16:50:49","guid":{"rendered":"https:\/\/www.visitamalfi.info\/evento\/nuit-de-couverture-opera-de-naples\/"},"modified":"2023-06-07T18:50:49","modified_gmt":"2023-06-07T16:50:49","slug":"nuit-de-couverture-opera-de-naples","status":"publish","type":"tribe_events","link":"https:\/\/www.visitamalfi.info\/fr\/\u00e9v\u00e9nement\/nuit-de-couverture-opera-de-naples\/","title":{"rendered":"Nuit de couverture &#8211; Op\u00e9ra de Naples"},"content":{"rendered":"<p>Une soir\u00e9e magique en compagnie de l&#8217;<strong>Orchestre de l&#8217;Op\u00e9ra de Naples<\/strong> et de la bonne musique. Huit musiciens font partie de l&#8217;<strong>orchestre italien<\/strong> de <em>Renzo Arbore<\/em>, avec lequel ils parcourent l&#8217;Italie succ\u00e8s apr\u00e8s succ\u00e8s. Le concert est un hommage \u00e0 la chanson napolitaine filtr\u00e9e par les exp\u00e9riences que ses musiciens ont acquises en travaillant avec des artistes tels que Murolo, Gragnaniello, Pino Daniele, Teresa de Sio, Tullio De Piscopo et bien d&#8217;autres, jusqu&#8217;\u00e0 l&#8217;orchestre italien de Renzo Arbore. Dans le r\u00e9pertoire des grands classiques, les guitares et les mandolines, soutenues par la section rythmique engageante et pressante des percussions, de la basse et de la batterie, donnent vie \u00e0 ces danses folkloriques incomparables et bouleversantes qui portent le nom de <em>tarentelle<\/em>. Avec <strong>Gianni Conte<\/strong> comme chanteur principal,<strong> Massimo Volpe,<\/strong> <strong>Michele Montefusco<\/strong>, <strong>Peppe Sannino<\/strong>, <strong>Massimo Cecchetti<\/strong>, <strong>Roberto Ciscognetti<\/strong>, <strong>Salvatore Esposito<\/strong> et <strong>Nunzio Reina<\/strong>.<\/p>\n","protected":false},"excerpt":{"rendered":"<p>Un hommage \u00e0 la chanson napolitaine filtr\u00e9e par les exp\u00e9riences que ses musiciens ont acquises en collaborant avec de grands artistes de la sc\u00e8ne italienne.<\/p>\n","protected":false},"author":7,"featured_media":0,"template":"","meta":{"inline_featured_image":false,"_tribe_events_status":"","_tribe_events_status_reason":"","footnotes":""},"tags":[259,580,671,626,630,672,314,315],"tribe_events_cat":[317,623,633,632],"class_list":["post-7843","tribe_events","type-tribe_events","status-publish","hentry","tag-amalfi-fr","tag-amalficoast-fr","tag-amalfimusic-fr","tag-bande-de-recouvrement","tag-coverinamalfi-fr","tag-napolypera","tag-summer2023-fr","tag-summernight-fr","tribe_events_cat-musica-dal-vivo-fr","tribe_events_cat-musique","tribe_events_cat-nuit-de-couverture","tribe_events_cat-reprises-en-direct","cat_musica-dal-vivo-fr","cat_musique","cat_nuit-de-couverture","cat_reprises-en-direct"],"yoast_head":"<!-- This site is optimized with the Yoast SEO plugin v27.3 - https:\/\/yoast.com\/product\/yoast-seo-wordpress\/ -->\n<title>Nuit de couverture - Op\u00e9ra de Naples - Visit Amalfi<\/title>\n<meta name=\"robots\" content=\"index, follow, max-snippet:-1, max-image-preview:large, max-video-preview:-1\" \/>\n<link rel=\"canonical\" href=\"https:\/\/www.visitamalfi.info\/fr\/\u00e9v\u00e9nement\/nuit-de-couverture-opera-de-naples\/\" \/>\n<meta property=\"og:locale\" content=\"fr_FR\" \/>\n<meta property=\"og:type\" content=\"article\" \/>\n<meta property=\"og:title\" content=\"Nuit de couverture - Op\u00e9ra de Naples - Visit Amalfi\" \/>\n<meta property=\"og:description\" content=\"Un hommage \u00e0 la chanson napolitaine filtr\u00e9e par les exp\u00e9riences que ses musiciens ont acquises en collaborant avec de grands artistes de la sc\u00e8ne italienne.\" \/>\n<meta property=\"og:url\" content=\"https:\/\/www.visitamalfi.info\/fr\/\u00e9v\u00e9nement\/nuit-de-couverture-opera-de-naples\/\" \/>\n<meta property=\"og:site_name\" content=\"Visit Amalfi\" \/>\n<meta property=\"article:publisher\" content=\"https:\/\/www.facebook.com\/visitamalfiofficial\" \/>\n<meta name=\"twitter:card\" content=\"summary_large_image\" \/>\n<meta name=\"twitter:label1\" content=\"Dur\u00e9e de lecture estim\u00e9e\" \/>\n\t<meta name=\"twitter:data1\" content=\"1 minute\" \/>\n<script type=\"application\/ld+json\" class=\"yoast-schema-graph\">{\"@context\":\"https:\\\/\\\/schema.org\",\"@graph\":[{\"@type\":\"WebPage\",\"@id\":\"https:\\\/\\\/www.visitamalfi.info\\\/fr\\\/\u00e9v\u00e9nement\\\/nuit-de-couverture-opera-de-naples\\\/\",\"url\":\"https:\\\/\\\/www.visitamalfi.info\\\/fr\\\/\u00e9v\u00e9nement\\\/nuit-de-couverture-opera-de-naples\\\/\",\"name\":\"Nuit de couverture - Op\u00e9ra de Naples - Visit Amalfi\",\"isPartOf\":{\"@id\":\"https:\\\/\\\/www.visitamalfi.info\\\/fr\\\/#website\"},\"datePublished\":\"2023-06-07T16:50:49+00:00\",\"breadcrumb\":{\"@id\":\"https:\\\/\\\/www.visitamalfi.info\\\/fr\\\/\u00e9v\u00e9nement\\\/nuit-de-couverture-opera-de-naples\\\/#breadcrumb\"},\"inLanguage\":\"fr-FR\",\"potentialAction\":[{\"@type\":\"ReadAction\",\"target\":[\"https:\\\/\\\/www.visitamalfi.info\\\/fr\\\/\u00e9v\u00e9nement\\\/nuit-de-couverture-opera-de-naples\\\/\"]}]},{\"@type\":\"BreadcrumbList\",\"@id\":\"https:\\\/\\\/www.visitamalfi.info\\\/fr\\\/\u00e9v\u00e9nement\\\/nuit-de-couverture-opera-de-naples\\\/#breadcrumb\",\"itemListElement\":[{\"@type\":\"ListItem\",\"position\":1,\"name\":\"Home\",\"item\":\"https:\\\/\\\/www.visitamalfi.info\\\/fr\\\/\"},{\"@type\":\"ListItem\",\"position\":2,\"name\":\"\u00c9v\u00e8nements\",\"item\":\"https:\\\/\\\/www.visitamalfi.info\\\/fr\\\/eventi\\\/\"},{\"@type\":\"ListItem\",\"position\":3,\"name\":\"Nuit de couverture &#8211; Op\u00e9ra de Naples\"}]},{\"@type\":\"WebSite\",\"@id\":\"https:\\\/\\\/www.visitamalfi.info\\\/fr\\\/#website\",\"url\":\"https:\\\/\\\/www.visitamalfi.info\\\/fr\\\/\",\"name\":\"Visit Amalfi\",\"description\":\"Amalfi Destination Official Website\",\"publisher\":{\"@id\":\"https:\\\/\\\/www.visitamalfi.info\\\/fr\\\/#organization\"},\"potentialAction\":[{\"@type\":\"SearchAction\",\"target\":{\"@type\":\"EntryPoint\",\"urlTemplate\":\"https:\\\/\\\/www.visitamalfi.info\\\/fr\\\/?s={search_term_string}\"},\"query-input\":{\"@type\":\"PropertyValueSpecification\",\"valueRequired\":true,\"valueName\":\"search_term_string\"}}],\"inLanguage\":\"fr-FR\"},{\"@type\":\"Organization\",\"@id\":\"https:\\\/\\\/www.visitamalfi.info\\\/fr\\\/#organization\",\"name\":\"Visit Amalfi\",\"url\":\"https:\\\/\\\/www.visitamalfi.info\\\/fr\\\/\",\"logo\":{\"@type\":\"ImageObject\",\"inLanguage\":\"fr-FR\",\"@id\":\"https:\\\/\\\/www.visitamalfi.info\\\/fr\\\/#\\\/schema\\\/logo\\\/image\\\/\",\"url\":\"https:\\\/\\\/www.visitamalfi.info\\\/wp-content\\\/uploads\\\/2023\\\/04\\\/visit-amalfi-logo-web.png\",\"contentUrl\":\"https:\\\/\\\/www.visitamalfi.info\\\/wp-content\\\/uploads\\\/2023\\\/04\\\/visit-amalfi-logo-web.png\",\"width\":800,\"height\":870,\"caption\":\"Visit Amalfi\"},\"image\":{\"@id\":\"https:\\\/\\\/www.visitamalfi.info\\\/fr\\\/#\\\/schema\\\/logo\\\/image\\\/\"},\"sameAs\":[\"https:\\\/\\\/www.facebook.com\\\/visitamalfiofficial\",\"https:\\\/\\\/www.instagram.com\\\/visitamalfiofficial\\\/\"]}]}<\/script>\n<!-- \/ Yoast SEO plugin. -->","yoast_head_json":{"title":"Nuit de couverture - Op\u00e9ra de Naples - Visit Amalfi","robots":{"index":"index","follow":"follow","max-snippet":"max-snippet:-1","max-image-preview":"max-image-preview:large","max-video-preview":"max-video-preview:-1"},"canonical":"https:\/\/www.visitamalfi.info\/fr\/\u00e9v\u00e9nement\/nuit-de-couverture-opera-de-naples\/","og_locale":"fr_FR","og_type":"article","og_title":"Nuit de couverture - Op\u00e9ra de Naples - Visit Amalfi","og_description":"Un hommage \u00e0 la chanson napolitaine filtr\u00e9e par les exp\u00e9riences que ses musiciens ont acquises en collaborant avec de grands artistes de la sc\u00e8ne italienne.","og_url":"https:\/\/www.visitamalfi.info\/fr\/\u00e9v\u00e9nement\/nuit-de-couverture-opera-de-naples\/","og_site_name":"Visit Amalfi","article_publisher":"https:\/\/www.facebook.com\/visitamalfiofficial","twitter_card":"summary_large_image","twitter_misc":{"Dur\u00e9e de lecture estim\u00e9e":"1 minute"},"schema":{"@context":"https:\/\/schema.org","@graph":[{"@type":"WebPage","@id":"https:\/\/www.visitamalfi.info\/fr\/\u00e9v\u00e9nement\/nuit-de-couverture-opera-de-naples\/","url":"https:\/\/www.visitamalfi.info\/fr\/\u00e9v\u00e9nement\/nuit-de-couverture-opera-de-naples\/","name":"Nuit de couverture - Op\u00e9ra de Naples - Visit Amalfi","isPartOf":{"@id":"https:\/\/www.visitamalfi.info\/fr\/#website"},"datePublished":"2023-06-07T16:50:49+00:00","breadcrumb":{"@id":"https:\/\/www.visitamalfi.info\/fr\/\u00e9v\u00e9nement\/nuit-de-couverture-opera-de-naples\/#breadcrumb"},"inLanguage":"fr-FR","potentialAction":[{"@type":"ReadAction","target":["https:\/\/www.visitamalfi.info\/fr\/\u00e9v\u00e9nement\/nuit-de-couverture-opera-de-naples\/"]}]},{"@type":"BreadcrumbList","@id":"https:\/\/www.visitamalfi.info\/fr\/\u00e9v\u00e9nement\/nuit-de-couverture-opera-de-naples\/#breadcrumb","itemListElement":[{"@type":"ListItem","position":1,"name":"Home","item":"https:\/\/www.visitamalfi.info\/fr\/"},{"@type":"ListItem","position":2,"name":"\u00c9v\u00e8nements","item":"https:\/\/www.visitamalfi.info\/fr\/eventi\/"},{"@type":"ListItem","position":3,"name":"Nuit de couverture &#8211; Op\u00e9ra de Naples"}]},{"@type":"WebSite","@id":"https:\/\/www.visitamalfi.info\/fr\/#website","url":"https:\/\/www.visitamalfi.info\/fr\/","name":"Visit Amalfi","description":"Amalfi Destination Official Website","publisher":{"@id":"https:\/\/www.visitamalfi.info\/fr\/#organization"},"potentialAction":[{"@type":"SearchAction","target":{"@type":"EntryPoint","urlTemplate":"https:\/\/www.visitamalfi.info\/fr\/?s={search_term_string}"},"query-input":{"@type":"PropertyValueSpecification","valueRequired":true,"valueName":"search_term_string"}}],"inLanguage":"fr-FR"},{"@type":"Organization","@id":"https:\/\/www.visitamalfi.info\/fr\/#organization","name":"Visit Amalfi","url":"https:\/\/www.visitamalfi.info\/fr\/","logo":{"@type":"ImageObject","inLanguage":"fr-FR","@id":"https:\/\/www.visitamalfi.info\/fr\/#\/schema\/logo\/image\/","url":"https:\/\/www.visitamalfi.info\/wp-content\/uploads\/2023\/04\/visit-amalfi-logo-web.png","contentUrl":"https:\/\/www.visitamalfi.info\/wp-content\/uploads\/2023\/04\/visit-amalfi-logo-web.png","width":800,"height":870,"caption":"Visit Amalfi"},"image":{"@id":"https:\/\/www.visitamalfi.info\/fr\/#\/schema\/logo\/image\/"},"sameAs":["https:\/\/www.facebook.com\/visitamalfiofficial","https:\/\/www.instagram.com\/visitamalfiofficial\/"]}]}},"_links":{"self":[{"href":"https:\/\/www.visitamalfi.info\/fr\/wp-json\/wp\/v2\/tribe_events\/7843","targetHints":{"allow":["GET"]}}],"collection":[{"href":"https:\/\/www.visitamalfi.info\/fr\/wp-json\/wp\/v2\/tribe_events"}],"about":[{"href":"https:\/\/www.visitamalfi.info\/fr\/wp-json\/wp\/v2\/types\/tribe_events"}],"author":[{"embeddable":true,"href":"https:\/\/www.visitamalfi.info\/fr\/wp-json\/wp\/v2\/users\/7"}],"version-history":[{"count":0,"href":"https:\/\/www.visitamalfi.info\/fr\/wp-json\/wp\/v2\/tribe_events\/7843\/revisions"}],"wp:attachment":[{"href":"https:\/\/www.visitamalfi.info\/fr\/wp-json\/wp\/v2\/media?parent=7843"}],"wp:term":[{"taxonomy":"post_tag","embeddable":true,"href":"https:\/\/www.visitamalfi.info\/fr\/wp-json\/wp\/v2\/tags?post=7843"},{"taxonomy":"tribe_events_cat","embeddable":true,"href":"https:\/\/www.visitamalfi.info\/fr\/wp-json\/wp\/v2\/tribe_events_cat?post=7843"}],"curies":[{"name":"wp","href":"https:\/\/api.w.org\/{rel}","templated":true}]}}

https://www.visitamalfi.info/fr/événement/nuit-de-couverture-opera-de-naples/

Nuit de couverture &#8211; Opéra de Naples

<p>Une soirée magique en compagnie de l&#8217;<strong>Orchestre de l&#8217;Opéra de Naples</strong> et de la bonne musique. Huit musiciens font partie de l&#8217;<strong>orchestre italien</strong> de <em>Renzo Arbore</em>, avec lequel ils parcourent l&#8217;Italie succès après succès. Le concert est un hommage à la chanson napolitaine filtrée par les expériences que ses musiciens ont acquises en travaillant avec des artistes tels que Murolo, Gragnaniello, Pino Daniele, Teresa de Sio, Tullio De Piscopo et bien d&#8217;autres, jusqu&#8217;à l&#8217;orchestre italien de Renzo Arbore. Dans le répertoire des grands classiques, les guitares et les mandolines, soutenues par la section rythmique engageante et pressante des percussions, de la basse et de la batterie, donnent vie à ces danses folkloriques incomparables et bouleversantes qui portent le nom de <em>tarentelle</em>. Avec <strong>Gianni Conte</strong> comme chanteur principal,<strong> Massimo Volpe,</strong> <strong>Michele Montefusco</strong>, <strong>Peppe Sannino</strong>, <strong>Massimo Cecchetti</strong>, <strong>Roberto Ciscognetti</strong>, <strong>Salvatore Esposito</strong> et <strong>Nunzio Reina</strong>.</p>

<p>Un hommage à la chanson napolitaine filtrée par les expériences que ses musiciens ont acquises en collaborant avec de grands artistes de la scène italienne.</p>

<!-- This site is optimized with the Yoast SEO plugin v27.3 - https://yoast.com/product/yoast-seo-wordpress/ -->
<title>Nuit de couverture - Opéra de Naples - Visit Amalfi</title>
<meta name="robots" content="index, follow, max-snippet:-1, max-image-preview:large, max-video-preview:-1" />
<link rel="canonical" href="https://www.visitamalfi.info/fr/événement/nuit-de-couverture-opera-de-naples/" />
<meta property="og:locale" content="fr_FR" />
<meta property="og:type" content="article" />
<meta property="og:title" content="Nuit de couverture - Opéra de Naples - Visit Amalfi" />
<meta property="og:description" content="Un hommage à la chanson napolitaine filtrée par les expériences que ses musiciens ont acquises en collaborant avec de grands artistes de la scène italienne." />
<meta property="og:url" content="https://www.visitamalfi.info/fr/événement/nuit-de-couverture-opera-de-naples/" />
<meta property="og:site_name" content="Visit Amalfi" />
<meta property="article:publisher" content="https://www.facebook.com/visitamalfiofficial" />
<meta name="twitter:card" content="summary_large_image" />
<meta name="twitter:label1" content="Durée de lecture estimée" />
	<meta name="twitter:data1" content="1 minute" />
<script type="application/ld+json" class="yoast-schema-graph">{"@context":"https:\/\/schema.org","@graph":[{"@type":"WebPage","@id":"https:\/\/www.visitamalfi.info\/fr\/événement\/nuit-de-couverture-opera-de-naples\/","url":"https:\/\/www.visitamalfi.info\/fr\/événement\/nuit-de-couverture-opera-de-naples\/","name":"Nuit de couverture - Opéra de Naples - Visit Amalfi","isPartOf":{"@id":"https:\/\/www.visitamalfi.info\/fr\/#website"},"datePublished":"2023-06-07T16:50:49+00:00","breadcrumb":{"@id":"https:\/\/www.visitamalfi.info\/fr\/événement\/nuit-de-couverture-opera-de-naples\/#breadcrumb"},"inLanguage":"fr-FR","potentialAction":[{"@type":"ReadAction","target":["https:\/\/www.visitamalfi.info\/fr\/événement\/nuit-de-couverture-opera-de-naples\/"]}]},{"@type":"BreadcrumbList","@id":"https:\/\/www.visitamalfi.info\/fr\/événement\/nuit-de-couverture-opera-de-naples\/#breadcrumb","itemListElement":[{"@type":"ListItem","position":1,"name":"Home","item":"https:\/\/www.visitamalfi.info\/fr\/"},{"@type":"ListItem","position":2,"name":"Évènements","item":"https:\/\/www.visitamalfi.info\/fr\/eventi\/"},{"@type":"ListItem","position":3,"name":"Nuit de couverture &#8211; Opéra de Naples"}]},{"@type":"WebSite","@id":"https:\/\/www.visitamalfi.info\/fr\/#website","url":"https:\/\/www.visitamalfi.info\/fr\/","name":"Visit Amalfi","description":"Amalfi Destination Official Website","publisher":{"@id":"https:\/\/www.visitamalfi.info\/fr\/#organization"},"potentialAction":[{"@type":"SearchAction","target":{"@type":"EntryPoint","urlTemplate":"https:\/\/www.visitamalfi.info\/fr\/?s={search_term_string}"},"query-input":{"@type":"PropertyValueSpecification","valueRequired":true,"valueName":"search_term_string"}}],"inLanguage":"fr-FR"},{"@type":"Organization","@id":"https:\/\/www.visitamalfi.info\/fr\/#organization","name":"Visit Amalfi","url":"https:\/\/www.visitamalfi.info\/fr\/","logo":{"@type":"ImageObject","inLanguage":"fr-FR","@id":"https:\/\/www.visitamalfi.info\/fr\/#\/schema\/logo\/image\/","url":"https:\/\/www.visitamalfi.info\/wp-content\/uploads\/2023\/04\/visit-amalfi-logo-web.png","contentUrl":"https:\/\/www.visitamalfi.info\/wp-content\/uploads\/2023\/04\/visit-amalfi-logo-web.png","width":800,"height":870,"caption":"Visit Amalfi"},"image":{"@id":"https:\/\/www.visitamalfi.info\/fr\/#\/schema\/logo\/image\/"},"sameAs":["https:\/\/www.facebook.com\/visitamalfiofficial","https:\/\/www.instagram.com\/visitamalfiofficial\/"]}]}</script>
<!-- / Yoast SEO plugin. -->

Nuit de couverture - Opéra de Naples - Visit Amalfi

Un hommage à la chanson napolitaine filtrée par les expériences que ses musiciens ont acquises en collaborant avec de grands artistes de la scène italienne.

https://www.visitamalfi.info/fr/événement/nuit-de-couverture-opera-de-naples/#breadcrumb

Évènements
