{"id":7842,"date":"2023-06-07T18:50:49","date_gmt":"2023-06-07T16:50:49","guid":{"rendered":"https:\/\/www.visitamalfi.info\/evento\/cover-night-the-tree-gees\/"},"modified":"2023-06-07T18:50:49","modified_gmt":"2023-06-07T16:50:49","slug":"cover-night-the-tree-gees","status":"publish","type":"tribe_events","link":"https:\/\/www.visitamalfi.info\/fr\/\u00e9v\u00e9nement\/cover-night-the-tree-gees\/","title":{"rendered":"Cover Night &#8211; The Tree Gees"},"content":{"rendered":"<p>Pr\u00e8s de vingt ans de concerts en Italie et dans le monde entier font des<strong> Tree Gees <\/strong>l&#8217;un des groupes les plus accr\u00e9dit\u00e9s et les plus fid\u00e8les aux l\u00e9gendaires Bee Gees, et ils arrivent aujourd&#8217;hui \u00e0 Amalfi. Ils sont n\u00e9s en 1997 et depuis lors, ils ont une activit\u00e9 intense sur sc\u00e8ne, avec des apparitions \u00e0 la t\u00e9l\u00e9vision et \u00e0 la radio, offrant un spectacle absolument unique. Apr\u00e8s avoir jou\u00e9 presque partout en Italie, le groupe a \u00e9galement acquis une reconnaissance consid\u00e9rable en Europe, d&#8217;abord avec la production d&#8217;une tourn\u00e9e en Allemagne, puis avec une s\u00e9rie de grands spectacles en Pologne, en Suisse, en France, en Hollande, en Espagne, en Belgique et \u00e0 Monaco. Avec <strong>Alessandro Sammarini, Ezio Zaccagnini, Paolo Amati<\/strong> et <strong>Francesco Bancalari, <\/strong>une soir\u00e9e de bonne musique au rythme des &#8216;Gees&#8217;.<\/p>\n","protected":false},"excerpt":{"rendered":"<p>Une soir\u00e9e aux rythmes des Bee Gees par l&#8217;un des groupes hommage les plus accr\u00e9dit\u00e9s et les plus fid\u00e8les aux Bee Gees. <\/p>\n","protected":false},"author":7,"featured_media":0,"template":"","meta":{"inline_featured_image":false,"_tribe_events_status":"","_tribe_events_status_reason":"","footnotes":""},"tags":[668,259,580,670,626,630,310,669,314],"tribe_events_cat":[317,623,633,632],"class_list":["post-7842","tribe_events","type-tribe_events","status-publish","hentry","tag-abeilles","tag-amalfi-fr","tag-amalficoast-fr","tag-arbres","tag-bande-de-recouvrement","tag-coverinamalfi-fr","tag-musicinamalficoast-fr","tag-musique-de-nuit","tag-summer2023-fr","tribe_events_cat-musica-dal-vivo-fr","tribe_events_cat-musique","tribe_events_cat-nuit-de-couverture","tribe_events_cat-reprises-en-direct","cat_musica-dal-vivo-fr","cat_musique","cat_nuit-de-couverture","cat_reprises-en-direct"],"yoast_head":"<!-- This site is optimized with the Yoast SEO plugin v27.3 - https:\/\/yoast.com\/product\/yoast-seo-wordpress\/ -->\n<title>Cover Night - The Tree Gees - Visit Amalfi<\/title>\n<meta name=\"robots\" content=\"index, follow, max-snippet:-1, max-image-preview:large, max-video-preview:-1\" \/>\n<link rel=\"canonical\" href=\"https:\/\/www.visitamalfi.info\/fr\/\u00e9v\u00e9nement\/cover-night-the-tree-gees\/\" \/>\n<meta property=\"og:locale\" content=\"fr_FR\" \/>\n<meta property=\"og:type\" content=\"article\" \/>\n<meta property=\"og:title\" content=\"Cover Night - The Tree Gees - Visit Amalfi\" \/>\n<meta property=\"og:description\" content=\"Une soir\u00e9e aux rythmes des Bee Gees par l&#039;un des groupes hommage les plus accr\u00e9dit\u00e9s et les plus fid\u00e8les aux Bee Gees.\" \/>\n<meta property=\"og:url\" content=\"https:\/\/www.visitamalfi.info\/fr\/\u00e9v\u00e9nement\/cover-night-the-tree-gees\/\" \/>\n<meta property=\"og:site_name\" content=\"Visit Amalfi\" \/>\n<meta property=\"article:publisher\" content=\"https:\/\/www.facebook.com\/visitamalfiofficial\" \/>\n<meta name=\"twitter:card\" content=\"summary_large_image\" \/>\n<meta name=\"twitter:label1\" content=\"Dur\u00e9e de lecture estim\u00e9e\" \/>\n\t<meta name=\"twitter:data1\" content=\"1 minute\" \/>\n<script type=\"application\/ld+json\" class=\"yoast-schema-graph\">{\"@context\":\"https:\\\/\\\/schema.org\",\"@graph\":[{\"@type\":\"WebPage\",\"@id\":\"https:\\\/\\\/www.visitamalfi.info\\\/fr\\\/\u00e9v\u00e9nement\\\/cover-night-the-tree-gees\\\/\",\"url\":\"https:\\\/\\\/www.visitamalfi.info\\\/fr\\\/\u00e9v\u00e9nement\\\/cover-night-the-tree-gees\\\/\",\"name\":\"Cover Night - The Tree Gees - Visit Amalfi\",\"isPartOf\":{\"@id\":\"https:\\\/\\\/www.visitamalfi.info\\\/fr\\\/#website\"},\"datePublished\":\"2023-06-07T16:50:49+00:00\",\"breadcrumb\":{\"@id\":\"https:\\\/\\\/www.visitamalfi.info\\\/fr\\\/\u00e9v\u00e9nement\\\/cover-night-the-tree-gees\\\/#breadcrumb\"},\"inLanguage\":\"fr-FR\",\"potentialAction\":[{\"@type\":\"ReadAction\",\"target\":[\"https:\\\/\\\/www.visitamalfi.info\\\/fr\\\/\u00e9v\u00e9nement\\\/cover-night-the-tree-gees\\\/\"]}]},{\"@type\":\"BreadcrumbList\",\"@id\":\"https:\\\/\\\/www.visitamalfi.info\\\/fr\\\/\u00e9v\u00e9nement\\\/cover-night-the-tree-gees\\\/#breadcrumb\",\"itemListElement\":[{\"@type\":\"ListItem\",\"position\":1,\"name\":\"Home\",\"item\":\"https:\\\/\\\/www.visitamalfi.info\\\/fr\\\/\"},{\"@type\":\"ListItem\",\"position\":2,\"name\":\"\u00c9v\u00e8nements\",\"item\":\"https:\\\/\\\/www.visitamalfi.info\\\/fr\\\/eventi\\\/\"},{\"@type\":\"ListItem\",\"position\":3,\"name\":\"Cover Night &#8211; The Tree Gees\"}]},{\"@type\":\"WebSite\",\"@id\":\"https:\\\/\\\/www.visitamalfi.info\\\/fr\\\/#website\",\"url\":\"https:\\\/\\\/www.visitamalfi.info\\\/fr\\\/\",\"name\":\"Visit Amalfi\",\"description\":\"Amalfi Destination Official Website\",\"publisher\":{\"@id\":\"https:\\\/\\\/www.visitamalfi.info\\\/fr\\\/#organization\"},\"potentialAction\":[{\"@type\":\"SearchAction\",\"target\":{\"@type\":\"EntryPoint\",\"urlTemplate\":\"https:\\\/\\\/www.visitamalfi.info\\\/fr\\\/?s={search_term_string}\"},\"query-input\":{\"@type\":\"PropertyValueSpecification\",\"valueRequired\":true,\"valueName\":\"search_term_string\"}}],\"inLanguage\":\"fr-FR\"},{\"@type\":\"Organization\",\"@id\":\"https:\\\/\\\/www.visitamalfi.info\\\/fr\\\/#organization\",\"name\":\"Visit Amalfi\",\"url\":\"https:\\\/\\\/www.visitamalfi.info\\\/fr\\\/\",\"logo\":{\"@type\":\"ImageObject\",\"inLanguage\":\"fr-FR\",\"@id\":\"https:\\\/\\\/www.visitamalfi.info\\\/fr\\\/#\\\/schema\\\/logo\\\/image\\\/\",\"url\":\"https:\\\/\\\/www.visitamalfi.info\\\/wp-content\\\/uploads\\\/2023\\\/04\\\/visit-amalfi-logo-web.png\",\"contentUrl\":\"https:\\\/\\\/www.visitamalfi.info\\\/wp-content\\\/uploads\\\/2023\\\/04\\\/visit-amalfi-logo-web.png\",\"width\":800,\"height\":870,\"caption\":\"Visit Amalfi\"},\"image\":{\"@id\":\"https:\\\/\\\/www.visitamalfi.info\\\/fr\\\/#\\\/schema\\\/logo\\\/image\\\/\"},\"sameAs\":[\"https:\\\/\\\/www.facebook.com\\\/visitamalfiofficial\",\"https:\\\/\\\/www.instagram.com\\\/visitamalfiofficial\\\/\"]}]}<\/script>\n<!-- \/ Yoast SEO plugin. -->","yoast_head_json":{"title":"Cover Night - The Tree Gees - Visit Amalfi","robots":{"index":"index","follow":"follow","max-snippet":"max-snippet:-1","max-image-preview":"max-image-preview:large","max-video-preview":"max-video-preview:-1"},"canonical":"https:\/\/www.visitamalfi.info\/fr\/\u00e9v\u00e9nement\/cover-night-the-tree-gees\/","og_locale":"fr_FR","og_type":"article","og_title":"Cover Night - The Tree Gees - Visit Amalfi","og_description":"Une soir\u00e9e aux rythmes des Bee Gees par l'un des groupes hommage les plus accr\u00e9dit\u00e9s et les plus fid\u00e8les aux Bee Gees.","og_url":"https:\/\/www.visitamalfi.info\/fr\/\u00e9v\u00e9nement\/cover-night-the-tree-gees\/","og_site_name":"Visit Amalfi","article_publisher":"https:\/\/www.facebook.com\/visitamalfiofficial","twitter_card":"summary_large_image","twitter_misc":{"Dur\u00e9e de lecture estim\u00e9e":"1 minute"},"schema":{"@context":"https:\/\/schema.org","@graph":[{"@type":"WebPage","@id":"https:\/\/www.visitamalfi.info\/fr\/\u00e9v\u00e9nement\/cover-night-the-tree-gees\/","url":"https:\/\/www.visitamalfi.info\/fr\/\u00e9v\u00e9nement\/cover-night-the-tree-gees\/","name":"Cover Night - The Tree Gees - Visit Amalfi","isPartOf":{"@id":"https:\/\/www.visitamalfi.info\/fr\/#website"},"datePublished":"2023-06-07T16:50:49+00:00","breadcrumb":{"@id":"https:\/\/www.visitamalfi.info\/fr\/\u00e9v\u00e9nement\/cover-night-the-tree-gees\/#breadcrumb"},"inLanguage":"fr-FR","potentialAction":[{"@type":"ReadAction","target":["https:\/\/www.visitamalfi.info\/fr\/\u00e9v\u00e9nement\/cover-night-the-tree-gees\/"]}]},{"@type":"BreadcrumbList","@id":"https:\/\/www.visitamalfi.info\/fr\/\u00e9v\u00e9nement\/cover-night-the-tree-gees\/#breadcrumb","itemListElement":[{"@type":"ListItem","position":1,"name":"Home","item":"https:\/\/www.visitamalfi.info\/fr\/"},{"@type":"ListItem","position":2,"name":"\u00c9v\u00e8nements","item":"https:\/\/www.visitamalfi.info\/fr\/eventi\/"},{"@type":"ListItem","position":3,"name":"Cover Night &#8211; The Tree Gees"}]},{"@type":"WebSite","@id":"https:\/\/www.visitamalfi.info\/fr\/#website","url":"https:\/\/www.visitamalfi.info\/fr\/","name":"Visit Amalfi","description":"Amalfi Destination Official Website","publisher":{"@id":"https:\/\/www.visitamalfi.info\/fr\/#organization"},"potentialAction":[{"@type":"SearchAction","target":{"@type":"EntryPoint","urlTemplate":"https:\/\/www.visitamalfi.info\/fr\/?s={search_term_string}"},"query-input":{"@type":"PropertyValueSpecification","valueRequired":true,"valueName":"search_term_string"}}],"inLanguage":"fr-FR"},{"@type":"Organization","@id":"https:\/\/www.visitamalfi.info\/fr\/#organization","name":"Visit Amalfi","url":"https:\/\/www.visitamalfi.info\/fr\/","logo":{"@type":"ImageObject","inLanguage":"fr-FR","@id":"https:\/\/www.visitamalfi.info\/fr\/#\/schema\/logo\/image\/","url":"https:\/\/www.visitamalfi.info\/wp-content\/uploads\/2023\/04\/visit-amalfi-logo-web.png","contentUrl":"https:\/\/www.visitamalfi.info\/wp-content\/uploads\/2023\/04\/visit-amalfi-logo-web.png","width":800,"height":870,"caption":"Visit Amalfi"},"image":{"@id":"https:\/\/www.visitamalfi.info\/fr\/#\/schema\/logo\/image\/"},"sameAs":["https:\/\/www.facebook.com\/visitamalfiofficial","https:\/\/www.instagram.com\/visitamalfiofficial\/"]}]}},"_links":{"self":[{"href":"https:\/\/www.visitamalfi.info\/fr\/wp-json\/wp\/v2\/tribe_events\/7842","targetHints":{"allow":["GET"]}}],"collection":[{"href":"https:\/\/www.visitamalfi.info\/fr\/wp-json\/wp\/v2\/tribe_events"}],"about":[{"href":"https:\/\/www.visitamalfi.info\/fr\/wp-json\/wp\/v2\/types\/tribe_events"}],"author":[{"embeddable":true,"href":"https:\/\/www.visitamalfi.info\/fr\/wp-json\/wp\/v2\/users\/7"}],"version-history":[{"count":0,"href":"https:\/\/www.visitamalfi.info\/fr\/wp-json\/wp\/v2\/tribe_events\/7842\/revisions"}],"wp:attachment":[{"href":"https:\/\/www.visitamalfi.info\/fr\/wp-json\/wp\/v2\/media?parent=7842"}],"wp:term":[{"taxonomy":"post_tag","embeddable":true,"href":"https:\/\/www.visitamalfi.info\/fr\/wp-json\/wp\/v2\/tags?post=7842"},{"taxonomy":"tribe_events_cat","embeddable":true,"href":"https:\/\/www.visitamalfi.info\/fr\/wp-json\/wp\/v2\/tribe_events_cat?post=7842"}],"curies":[{"name":"wp","href":"https:\/\/api.w.org\/{rel}","templated":true}]}}

https://www.visitamalfi.info/fr/événement/cover-night-the-tree-gees/

<p>Près de vingt ans de concerts en Italie et dans le monde entier font des<strong> Tree Gees </strong>l&#8217;un des groupes les plus accrédités et les plus fidèles aux légendaires Bee Gees, et ils arrivent aujourd&#8217;hui à Amalfi. Ils sont nés en 1997 et depuis lors, ils ont une activité intense sur scène, avec des apparitions à la télévision et à la radio, offrant un spectacle absolument unique. Après avoir joué presque partout en Italie, le groupe a également acquis une reconnaissance considérable en Europe, d&#8217;abord avec la production d&#8217;une tournée en Allemagne, puis avec une série de grands spectacles en Pologne, en Suisse, en France, en Hollande, en Espagne, en Belgique et à Monaco. Avec <strong>Alessandro Sammarini, Ezio Zaccagnini, Paolo Amati</strong> et <strong>Francesco Bancalari, </strong>une soirée de bonne musique au rythme des &#8216;Gees&#8217;.</p>

<p>Une soirée aux rythmes des Bee Gees par l&#8217;un des groupes hommage les plus accrédités et les plus fidèles aux Bee Gees. </p>

<!-- This site is optimized with the Yoast SEO plugin v27.3 - https://yoast.com/product/yoast-seo-wordpress/ -->
<title>Cover Night - The Tree Gees - Visit Amalfi</title>
<meta name="robots" content="index, follow, max-snippet:-1, max-image-preview:large, max-video-preview:-1" />
<link rel="canonical" href="https://www.visitamalfi.info/fr/événement/cover-night-the-tree-gees/" />
<meta property="og:locale" content="fr_FR" />
<meta property="og:type" content="article" />
<meta property="og:title" content="Cover Night - The Tree Gees - Visit Amalfi" />
<meta property="og:description" content="Une soirée aux rythmes des Bee Gees par l&#039;un des groupes hommage les plus accrédités et les plus fidèles aux Bee Gees." />
<meta property="og:url" content="https://www.visitamalfi.info/fr/événement/cover-night-the-tree-gees/" />
<meta property="og:site_name" content="Visit Amalfi" />
<meta property="article:publisher" content="https://www.facebook.com/visitamalfiofficial" />
<meta name="twitter:card" content="summary_large_image" />
<meta name="twitter:label1" content="Durée de lecture estimée" />
	<meta name="twitter:data1" content="1 minute" />
<script type="application/ld+json" class="yoast-schema-graph">{"@context":"https:\/\/schema.org","@graph":[{"@type":"WebPage","@id":"https:\/\/www.visitamalfi.info\/fr\/événement\/cover-night-the-tree-gees\/","url":"https:\/\/www.visitamalfi.info\/fr\/événement\/cover-night-the-tree-gees\/","name":"Cover Night - The Tree Gees - Visit Amalfi","isPartOf":{"@id":"https:\/\/www.visitamalfi.info\/fr\/#website"},"datePublished":"2023-06-07T16:50:49+00:00","breadcrumb":{"@id":"https:\/\/www.visitamalfi.info\/fr\/événement\/cover-night-the-tree-gees\/#breadcrumb"},"inLanguage":"fr-FR","potentialAction":[{"@type":"ReadAction","target":["https:\/\/www.visitamalfi.info\/fr\/événement\/cover-night-the-tree-gees\/"]}]},{"@type":"BreadcrumbList","@id":"https:\/\/www.visitamalfi.info\/fr\/événement\/cover-night-the-tree-gees\/#breadcrumb","itemListElement":[{"@type":"ListItem","position":1,"name":"Home","item":"https:\/\/www.visitamalfi.info\/fr\/"},{"@type":"ListItem","position":2,"name":"Évènements","item":"https:\/\/www.visitamalfi.info\/fr\/eventi\/"},{"@type":"ListItem","position":3,"name":"Cover Night &#8211; The Tree Gees"}]},{"@type":"WebSite","@id":"https:\/\/www.visitamalfi.info\/fr\/#website","url":"https:\/\/www.visitamalfi.info\/fr\/","name":"Visit Amalfi","description":"Amalfi Destination Official Website","publisher":{"@id":"https:\/\/www.visitamalfi.info\/fr\/#organization"},"potentialAction":[{"@type":"SearchAction","target":{"@type":"EntryPoint","urlTemplate":"https:\/\/www.visitamalfi.info\/fr\/?s={search_term_string}"},"query-input":{"@type":"PropertyValueSpecification","valueRequired":true,"valueName":"search_term_string"}}],"inLanguage":"fr-FR"},{"@type":"Organization","@id":"https:\/\/www.visitamalfi.info\/fr\/#organization","name":"Visit Amalfi","url":"https:\/\/www.visitamalfi.info\/fr\/","logo":{"@type":"ImageObject","inLanguage":"fr-FR","@id":"https:\/\/www.visitamalfi.info\/fr\/#\/schema\/logo\/image\/","url":"https:\/\/www.visitamalfi.info\/wp-content\/uploads\/2023\/04\/visit-amalfi-logo-web.png","contentUrl":"https:\/\/www.visitamalfi.info\/wp-content\/uploads\/2023\/04\/visit-amalfi-logo-web.png","width":800,"height":870,"caption":"Visit Amalfi"},"image":{"@id":"https:\/\/www.visitamalfi.info\/fr\/#\/schema\/logo\/image\/"},"sameAs":["https:\/\/www.facebook.com\/visitamalfiofficial","https:\/\/www.instagram.com\/visitamalfiofficial\/"]}]}</script>
<!-- / Yoast SEO plugin. -->

Une soirée aux rythmes des Bee Gees par l'un des groupes hommage les plus accrédités et les plus fidèles aux Bee Gees.

https://www.visitamalfi.info/fr/événement/cover-night-the-tree-gees/#breadcrumb

Évènements
