{"id":23414,"date":"2025-12-01T20:52:59","date_gmt":"2025-12-01T19:52:59","guid":{"rendered":"https:\/\/www.visitamalfi.info\/evento\/reveillon-folklorique-amalfitain-2\/"},"modified":"2025-12-01T20:52:59","modified_gmt":"2025-12-01T19:52:59","slug":"reveillon-folklorique-amalfitain-2","status":"publish","type":"tribe_events","link":"https:\/\/www.visitamalfi.info\/fr\/\u00e9v\u00e9nement\/reveillon-folklorique-amalfitain-2\/","title":{"rendered":"R\u00e9veillon folklorique amalfitain"},"content":{"rendered":"<p data-start=\"94\" data-end=\"390\">Le vendredi 2 janvier, la ville s&#8217;anime avec l&#8217;<strong data-start=\"260\" data-end=\"289\">Amalfitan folklorique du Nouvel An<\/strong>, un apr\u00e8s-midi consacr\u00e9 aux couleurs, aux sons et aux pas qui racontent l&#8217;\u00e2me de notre territoire.<\/p>\n<p data-start=\"392\" data-end=\"595\">De <strong data-start=\"398\" data-end=\"418\">15h15 \u00e0 16h45<\/strong>, le <strong data-start=\"423\" data-end=\"454\">Gruppo Folk O&#8217; Marenariello<\/strong> partira de la Via Cardinale Marino del Giudice, apportant musique et joie sur la Piazza Duomo, o\u00f9 il se produira sous les applaudissements et dans une ambiance festive.<\/p>\n<p data-start=\"597\" data-end=\"817\">Ensuite, de <strong data-start=\"614\" data-end=\"634\">16h30 \u00e0 18h00<\/strong>, le <strong data-start=\"644\" data-end=\"666\">Gruppo Folk Atrani<\/strong> remplira les rues d&#8217;Amalfi d&#8217;un d\u00e9fil\u00e9 captivant qui culminera une fois de plus sur la Piazza Duomo, la transformant en un petit th\u00e9\u00e2tre en plein air.<\/p>\n<p data-start=\"819\" data-end=\"932\" data-is-last-node=\"\" data-is-only-node=\"\">Un apr\u00e8s-midi alliant communaut\u00e9, tradition et \u00e9merveillement &#8211; la meilleure fa\u00e7on d&#8217;accueillir la nouvelle ann\u00e9e ensemble.<\/p>\n","protected":false},"excerpt":{"rendered":"<p>Le vendredi 2 janvier, la ville s&#8217;anime avec l&#8217;Amalfitan folklorique du Nouvel An, un apr\u00e8s-midi consacr\u00e9 aux couleurs, aux sons et aux pas qui racontent l&#8217;\u00e2me de notre territoire. De [&hellip;]<\/p>\n","protected":false},"author":7,"featured_media":13175,"template":"","meta":{"inline_featured_image":false,"_tribe_events_status":"","_tribe_events_status_reason":"","footnotes":""},"tags":[],"tribe_events_cat":[397],"class_list":["post-23414","tribe_events","type-tribe_events","status-publish","has-post-thumbnail","hentry","tribe_events_cat-tradizione-fr","cat_tradizione-fr"],"yoast_head":"<!-- This site is optimized with the Yoast SEO plugin v27.3 - https:\/\/yoast.com\/product\/yoast-seo-wordpress\/ -->\n<title>R\u00e9veillon folklorique amalfitain - Visit Amalfi<\/title>\n<meta name=\"robots\" content=\"index, follow, max-snippet:-1, max-image-preview:large, max-video-preview:-1\" \/>\n<link rel=\"canonical\" href=\"https:\/\/www.visitamalfi.info\/fr\/\u00e9v\u00e9nement\/reveillon-folklorique-amalfitain-2\/\" \/>\n<meta property=\"og:locale\" content=\"fr_FR\" \/>\n<meta property=\"og:type\" content=\"article\" \/>\n<meta property=\"og:title\" content=\"R\u00e9veillon folklorique amalfitain - Visit Amalfi\" \/>\n<meta property=\"og:description\" content=\"Le vendredi 2 janvier, la ville s&#8217;anime avec l&#8217;Amalfitan folklorique du Nouvel An, un apr\u00e8s-midi consacr\u00e9 aux couleurs, aux sons et aux pas qui racontent l&#8217;\u00e2me de notre territoire. De [&hellip;]\" \/>\n<meta property=\"og:url\" content=\"https:\/\/www.visitamalfi.info\/fr\/\u00e9v\u00e9nement\/reveillon-folklorique-amalfitain-2\/\" \/>\n<meta property=\"og:site_name\" content=\"Visit Amalfi\" \/>\n<meta property=\"article:publisher\" content=\"https:\/\/www.facebook.com\/visitamalfiofficial\" \/>\n<meta property=\"og:image\" content=\"https:\/\/www.visitamalfi.info\/wp-content\/uploads\/2023\/12\/6.png\" \/>\n\t<meta property=\"og:image:width\" content=\"940\" \/>\n\t<meta property=\"og:image:height\" content=\"788\" \/>\n\t<meta property=\"og:image:type\" content=\"image\/png\" \/>\n<meta name=\"twitter:card\" content=\"summary_large_image\" \/>\n<meta name=\"twitter:label1\" content=\"Dur\u00e9e de lecture estim\u00e9e\" \/>\n\t<meta name=\"twitter:data1\" content=\"1 minute\" \/>\n<script type=\"application\/ld+json\" class=\"yoast-schema-graph\">{\"@context\":\"https:\\\/\\\/schema.org\",\"@graph\":[{\"@type\":\"WebPage\",\"@id\":\"https:\\\/\\\/www.visitamalfi.info\\\/fr\\\/\u00e9v\u00e9nement\\\/reveillon-folklorique-amalfitain-2\\\/\",\"url\":\"https:\\\/\\\/www.visitamalfi.info\\\/fr\\\/\u00e9v\u00e9nement\\\/reveillon-folklorique-amalfitain-2\\\/\",\"name\":\"R\u00e9veillon folklorique amalfitain - Visit Amalfi\",\"isPartOf\":{\"@id\":\"https:\\\/\\\/www.visitamalfi.info\\\/fr\\\/#website\"},\"primaryImageOfPage\":{\"@id\":\"https:\\\/\\\/www.visitamalfi.info\\\/fr\\\/\u00e9v\u00e9nement\\\/reveillon-folklorique-amalfitain-2\\\/#primaryimage\"},\"image\":{\"@id\":\"https:\\\/\\\/www.visitamalfi.info\\\/fr\\\/\u00e9v\u00e9nement\\\/reveillon-folklorique-amalfitain-2\\\/#primaryimage\"},\"thumbnailUrl\":\"https:\\\/\\\/www.visitamalfi.info\\\/wp-content\\\/uploads\\\/2023\\\/12\\\/6.png\",\"datePublished\":\"2025-12-01T19:52:59+00:00\",\"breadcrumb\":{\"@id\":\"https:\\\/\\\/www.visitamalfi.info\\\/fr\\\/\u00e9v\u00e9nement\\\/reveillon-folklorique-amalfitain-2\\\/#breadcrumb\"},\"inLanguage\":\"fr-FR\",\"potentialAction\":[{\"@type\":\"ReadAction\",\"target\":[\"https:\\\/\\\/www.visitamalfi.info\\\/fr\\\/\u00e9v\u00e9nement\\\/reveillon-folklorique-amalfitain-2\\\/\"]}]},{\"@type\":\"ImageObject\",\"inLanguage\":\"fr-FR\",\"@id\":\"https:\\\/\\\/www.visitamalfi.info\\\/fr\\\/\u00e9v\u00e9nement\\\/reveillon-folklorique-amalfitain-2\\\/#primaryimage\",\"url\":\"https:\\\/\\\/www.visitamalfi.info\\\/wp-content\\\/uploads\\\/2023\\\/12\\\/6.png\",\"contentUrl\":\"https:\\\/\\\/www.visitamalfi.info\\\/wp-content\\\/uploads\\\/2023\\\/12\\\/6.png\",\"width\":940,\"height\":788},{\"@type\":\"BreadcrumbList\",\"@id\":\"https:\\\/\\\/www.visitamalfi.info\\\/fr\\\/\u00e9v\u00e9nement\\\/reveillon-folklorique-amalfitain-2\\\/#breadcrumb\",\"itemListElement\":[{\"@type\":\"ListItem\",\"position\":1,\"name\":\"Home\",\"item\":\"https:\\\/\\\/www.visitamalfi.info\\\/fr\\\/\"},{\"@type\":\"ListItem\",\"position\":2,\"name\":\"\u00c9v\u00e8nements\",\"item\":\"https:\\\/\\\/www.visitamalfi.info\\\/fr\\\/eventi\\\/\"},{\"@type\":\"ListItem\",\"position\":3,\"name\":\"R\u00e9veillon folklorique amalfitain\"}]},{\"@type\":\"WebSite\",\"@id\":\"https:\\\/\\\/www.visitamalfi.info\\\/fr\\\/#website\",\"url\":\"https:\\\/\\\/www.visitamalfi.info\\\/fr\\\/\",\"name\":\"Visit Amalfi\",\"description\":\"Amalfi Destination Official Website\",\"publisher\":{\"@id\":\"https:\\\/\\\/www.visitamalfi.info\\\/fr\\\/#organization\"},\"potentialAction\":[{\"@type\":\"SearchAction\",\"target\":{\"@type\":\"EntryPoint\",\"urlTemplate\":\"https:\\\/\\\/www.visitamalfi.info\\\/fr\\\/?s={search_term_string}\"},\"query-input\":{\"@type\":\"PropertyValueSpecification\",\"valueRequired\":true,\"valueName\":\"search_term_string\"}}],\"inLanguage\":\"fr-FR\"},{\"@type\":\"Organization\",\"@id\":\"https:\\\/\\\/www.visitamalfi.info\\\/fr\\\/#organization\",\"name\":\"Visit Amalfi\",\"url\":\"https:\\\/\\\/www.visitamalfi.info\\\/fr\\\/\",\"logo\":{\"@type\":\"ImageObject\",\"inLanguage\":\"fr-FR\",\"@id\":\"https:\\\/\\\/www.visitamalfi.info\\\/fr\\\/#\\\/schema\\\/logo\\\/image\\\/\",\"url\":\"https:\\\/\\\/www.visitamalfi.info\\\/wp-content\\\/uploads\\\/2023\\\/04\\\/visit-amalfi-logo-web.png\",\"contentUrl\":\"https:\\\/\\\/www.visitamalfi.info\\\/wp-content\\\/uploads\\\/2023\\\/04\\\/visit-amalfi-logo-web.png\",\"width\":800,\"height\":870,\"caption\":\"Visit Amalfi\"},\"image\":{\"@id\":\"https:\\\/\\\/www.visitamalfi.info\\\/fr\\\/#\\\/schema\\\/logo\\\/image\\\/\"},\"sameAs\":[\"https:\\\/\\\/www.facebook.com\\\/visitamalfiofficial\",\"https:\\\/\\\/www.instagram.com\\\/visitamalfiofficial\\\/\"]}]}<\/script>\n<!-- \/ Yoast SEO plugin. -->","yoast_head_json":{"title":"R\u00e9veillon folklorique amalfitain - Visit Amalfi","robots":{"index":"index","follow":"follow","max-snippet":"max-snippet:-1","max-image-preview":"max-image-preview:large","max-video-preview":"max-video-preview:-1"},"canonical":"https:\/\/www.visitamalfi.info\/fr\/\u00e9v\u00e9nement\/reveillon-folklorique-amalfitain-2\/","og_locale":"fr_FR","og_type":"article","og_title":"R\u00e9veillon folklorique amalfitain - Visit Amalfi","og_description":"Le vendredi 2 janvier, la ville s&#8217;anime avec l&#8217;Amalfitan folklorique du Nouvel An, un apr\u00e8s-midi consacr\u00e9 aux couleurs, aux sons et aux pas qui racontent l&#8217;\u00e2me de notre territoire. De [&hellip;]","og_url":"https:\/\/www.visitamalfi.info\/fr\/\u00e9v\u00e9nement\/reveillon-folklorique-amalfitain-2\/","og_site_name":"Visit Amalfi","article_publisher":"https:\/\/www.facebook.com\/visitamalfiofficial","og_image":[{"width":940,"height":788,"url":"https:\/\/www.visitamalfi.info\/wp-content\/uploads\/2023\/12\/6.png","type":"image\/png"}],"twitter_card":"summary_large_image","twitter_misc":{"Dur\u00e9e de lecture estim\u00e9e":"1 minute"},"schema":{"@context":"https:\/\/schema.org","@graph":[{"@type":"WebPage","@id":"https:\/\/www.visitamalfi.info\/fr\/\u00e9v\u00e9nement\/reveillon-folklorique-amalfitain-2\/","url":"https:\/\/www.visitamalfi.info\/fr\/\u00e9v\u00e9nement\/reveillon-folklorique-amalfitain-2\/","name":"R\u00e9veillon folklorique amalfitain - Visit Amalfi","isPartOf":{"@id":"https:\/\/www.visitamalfi.info\/fr\/#website"},"primaryImageOfPage":{"@id":"https:\/\/www.visitamalfi.info\/fr\/\u00e9v\u00e9nement\/reveillon-folklorique-amalfitain-2\/#primaryimage"},"image":{"@id":"https:\/\/www.visitamalfi.info\/fr\/\u00e9v\u00e9nement\/reveillon-folklorique-amalfitain-2\/#primaryimage"},"thumbnailUrl":"https:\/\/www.visitamalfi.info\/wp-content\/uploads\/2023\/12\/6.png","datePublished":"2025-12-01T19:52:59+00:00","breadcrumb":{"@id":"https:\/\/www.visitamalfi.info\/fr\/\u00e9v\u00e9nement\/reveillon-folklorique-amalfitain-2\/#breadcrumb"},"inLanguage":"fr-FR","potentialAction":[{"@type":"ReadAction","target":["https:\/\/www.visitamalfi.info\/fr\/\u00e9v\u00e9nement\/reveillon-folklorique-amalfitain-2\/"]}]},{"@type":"ImageObject","inLanguage":"fr-FR","@id":"https:\/\/www.visitamalfi.info\/fr\/\u00e9v\u00e9nement\/reveillon-folklorique-amalfitain-2\/#primaryimage","url":"https:\/\/www.visitamalfi.info\/wp-content\/uploads\/2023\/12\/6.png","contentUrl":"https:\/\/www.visitamalfi.info\/wp-content\/uploads\/2023\/12\/6.png","width":940,"height":788},{"@type":"BreadcrumbList","@id":"https:\/\/www.visitamalfi.info\/fr\/\u00e9v\u00e9nement\/reveillon-folklorique-amalfitain-2\/#breadcrumb","itemListElement":[{"@type":"ListItem","position":1,"name":"Home","item":"https:\/\/www.visitamalfi.info\/fr\/"},{"@type":"ListItem","position":2,"name":"\u00c9v\u00e8nements","item":"https:\/\/www.visitamalfi.info\/fr\/eventi\/"},{"@type":"ListItem","position":3,"name":"R\u00e9veillon folklorique amalfitain"}]},{"@type":"WebSite","@id":"https:\/\/www.visitamalfi.info\/fr\/#website","url":"https:\/\/www.visitamalfi.info\/fr\/","name":"Visit Amalfi","description":"Amalfi Destination Official Website","publisher":{"@id":"https:\/\/www.visitamalfi.info\/fr\/#organization"},"potentialAction":[{"@type":"SearchAction","target":{"@type":"EntryPoint","urlTemplate":"https:\/\/www.visitamalfi.info\/fr\/?s={search_term_string}"},"query-input":{"@type":"PropertyValueSpecification","valueRequired":true,"valueName":"search_term_string"}}],"inLanguage":"fr-FR"},{"@type":"Organization","@id":"https:\/\/www.visitamalfi.info\/fr\/#organization","name":"Visit Amalfi","url":"https:\/\/www.visitamalfi.info\/fr\/","logo":{"@type":"ImageObject","inLanguage":"fr-FR","@id":"https:\/\/www.visitamalfi.info\/fr\/#\/schema\/logo\/image\/","url":"https:\/\/www.visitamalfi.info\/wp-content\/uploads\/2023\/04\/visit-amalfi-logo-web.png","contentUrl":"https:\/\/www.visitamalfi.info\/wp-content\/uploads\/2023\/04\/visit-amalfi-logo-web.png","width":800,"height":870,"caption":"Visit Amalfi"},"image":{"@id":"https:\/\/www.visitamalfi.info\/fr\/#\/schema\/logo\/image\/"},"sameAs":["https:\/\/www.facebook.com\/visitamalfiofficial","https:\/\/www.instagram.com\/visitamalfiofficial\/"]}]}},"_links":{"self":[{"href":"https:\/\/www.visitamalfi.info\/fr\/wp-json\/wp\/v2\/tribe_events\/23414","targetHints":{"allow":["GET"]}}],"collection":[{"href":"https:\/\/www.visitamalfi.info\/fr\/wp-json\/wp\/v2\/tribe_events"}],"about":[{"href":"https:\/\/www.visitamalfi.info\/fr\/wp-json\/wp\/v2\/types\/tribe_events"}],"author":[{"embeddable":true,"href":"https:\/\/www.visitamalfi.info\/fr\/wp-json\/wp\/v2\/users\/7"}],"version-history":[{"count":0,"href":"https:\/\/www.visitamalfi.info\/fr\/wp-json\/wp\/v2\/tribe_events\/23414\/revisions"}],"wp:featuredmedia":[{"embeddable":true,"href":"https:\/\/www.visitamalfi.info\/fr\/wp-json\/wp\/v2\/media\/13175"}],"wp:attachment":[{"href":"https:\/\/www.visitamalfi.info\/fr\/wp-json\/wp\/v2\/media?parent=23414"}],"wp:term":[{"taxonomy":"post_tag","embeddable":true,"href":"https:\/\/www.visitamalfi.info\/fr\/wp-json\/wp\/v2\/tags?post=23414"},{"taxonomy":"tribe_events_cat","embeddable":true,"href":"https:\/\/www.visitamalfi.info\/fr\/wp-json\/wp\/v2\/tribe_events_cat?post=23414"}],"curies":[{"name":"wp","href":"https:\/\/api.w.org\/{rel}","templated":true}]}}

https://www.visitamalfi.info/fr/événement/reveillon-folklorique-amalfitain-2/

Réveillon folklorique amalfitain

<p data-start="94" data-end="390">Le vendredi 2 janvier, la ville s&#8217;anime avec l&#8217;<strong data-start="260" data-end="289">Amalfitan folklorique du Nouvel An</strong>, un après-midi consacré aux couleurs, aux sons et aux pas qui racontent l&#8217;âme de notre territoire.</p>
<p data-start="392" data-end="595">De <strong data-start="398" data-end="418">15h15 à 16h45</strong>, le <strong data-start="423" data-end="454">Gruppo Folk O&#8217; Marenariello</strong> partira de la Via Cardinale Marino del Giudice, apportant musique et joie sur la Piazza Duomo, où il se produira sous les applaudissements et dans une ambiance festive.</p>
<p data-start="597" data-end="817">Ensuite, de <strong data-start="614" data-end="634">16h30 à 18h00</strong>, le <strong data-start="644" data-end="666">Gruppo Folk Atrani</strong> remplira les rues d&#8217;Amalfi d&#8217;un défilé captivant qui culminera une fois de plus sur la Piazza Duomo, la transformant en un petit théâtre en plein air.</p>
<p data-start="819" data-end="932" data-is-last-node="" data-is-only-node="">Un après-midi alliant communauté, tradition et émerveillement &#8211; la meilleure façon d&#8217;accueillir la nouvelle année ensemble.</p>

<p>Le vendredi 2 janvier, la ville s&#8217;anime avec l&#8217;Amalfitan folklorique du Nouvel An, un après-midi consacré aux couleurs, aux sons et aux pas qui racontent l&#8217;âme de notre territoire. De [&hellip;]</p>

<!-- This site is optimized with the Yoast SEO plugin v27.3 - https://yoast.com/product/yoast-seo-wordpress/ -->
<title>Réveillon folklorique amalfitain - Visit Amalfi</title>
<meta name="robots" content="index, follow, max-snippet:-1, max-image-preview:large, max-video-preview:-1" />
<link rel="canonical" href="https://www.visitamalfi.info/fr/événement/reveillon-folklorique-amalfitain-2/" />
<meta property="og:locale" content="fr_FR" />
<meta property="og:type" content="article" />
<meta property="og:title" content="Réveillon folklorique amalfitain - Visit Amalfi" />
<meta property="og:description" content="Le vendredi 2 janvier, la ville s&#8217;anime avec l&#8217;Amalfitan folklorique du Nouvel An, un après-midi consacré aux couleurs, aux sons et aux pas qui racontent l&#8217;âme de notre territoire. De [&hellip;]" />
<meta property="og:url" content="https://www.visitamalfi.info/fr/événement/reveillon-folklorique-amalfitain-2/" />
<meta property="og:site_name" content="Visit Amalfi" />
<meta property="article:publisher" content="https://www.facebook.com/visitamalfiofficial" />
<meta property="og:image" content="https://www.visitamalfi.info/wp-content/uploads/2023/12/6.png" />
	<meta property="og:image:width" content="940" />
	<meta property="og:image:height" content="788" />
	<meta property="og:image:type" content="image/png" />
<meta name="twitter:card" content="summary_large_image" />
<meta name="twitter:label1" content="Durée de lecture estimée" />
	<meta name="twitter:data1" content="1 minute" />
<script type="application/ld+json" class="yoast-schema-graph">{"@context":"https:\/\/schema.org","@graph":[{"@type":"WebPage","@id":"https:\/\/www.visitamalfi.info\/fr\/événement\/reveillon-folklorique-amalfitain-2\/","url":"https:\/\/www.visitamalfi.info\/fr\/événement\/reveillon-folklorique-amalfitain-2\/","name":"Réveillon folklorique amalfitain - Visit Amalfi","isPartOf":{"@id":"https:\/\/www.visitamalfi.info\/fr\/#website"},"primaryImageOfPage":{"@id":"https:\/\/www.visitamalfi.info\/fr\/événement\/reveillon-folklorique-amalfitain-2\/#primaryimage"},"image":{"@id":"https:\/\/www.visitamalfi.info\/fr\/événement\/reveillon-folklorique-amalfitain-2\/#primaryimage"},"thumbnailUrl":"https:\/\/www.visitamalfi.info\/wp-content\/uploads\/2023\/12\/6.png","datePublished":"2025-12-01T19:52:59+00:00","breadcrumb":{"@id":"https:\/\/www.visitamalfi.info\/fr\/événement\/reveillon-folklorique-amalfitain-2\/#breadcrumb"},"inLanguage":"fr-FR","potentialAction":[{"@type":"ReadAction","target":["https:\/\/www.visitamalfi.info\/fr\/événement\/reveillon-folklorique-amalfitain-2\/"]}]},{"@type":"ImageObject","inLanguage":"fr-FR","@id":"https:\/\/www.visitamalfi.info\/fr\/événement\/reveillon-folklorique-amalfitain-2\/#primaryimage","url":"https:\/\/www.visitamalfi.info\/wp-content\/uploads\/2023\/12\/6.png","contentUrl":"https:\/\/www.visitamalfi.info\/wp-content\/uploads\/2023\/12\/6.png","width":940,"height":788},{"@type":"BreadcrumbList","@id":"https:\/\/www.visitamalfi.info\/fr\/événement\/reveillon-folklorique-amalfitain-2\/#breadcrumb","itemListElement":[{"@type":"ListItem","position":1,"name":"Home","item":"https:\/\/www.visitamalfi.info\/fr\/"},{"@type":"ListItem","position":2,"name":"Évènements","item":"https:\/\/www.visitamalfi.info\/fr\/eventi\/"},{"@type":"ListItem","position":3,"name":"Réveillon folklorique amalfitain"}]},{"@type":"WebSite","@id":"https:\/\/www.visitamalfi.info\/fr\/#website","url":"https:\/\/www.visitamalfi.info\/fr\/","name":"Visit Amalfi","description":"Amalfi Destination Official Website","publisher":{"@id":"https:\/\/www.visitamalfi.info\/fr\/#organization"},"potentialAction":[{"@type":"SearchAction","target":{"@type":"EntryPoint","urlTemplate":"https:\/\/www.visitamalfi.info\/fr\/?s={search_term_string}"},"query-input":{"@type":"PropertyValueSpecification","valueRequired":true,"valueName":"search_term_string"}}],"inLanguage":"fr-FR"},{"@type":"Organization","@id":"https:\/\/www.visitamalfi.info\/fr\/#organization","name":"Visit Amalfi","url":"https:\/\/www.visitamalfi.info\/fr\/","logo":{"@type":"ImageObject","inLanguage":"fr-FR","@id":"https:\/\/www.visitamalfi.info\/fr\/#\/schema\/logo\/image\/","url":"https:\/\/www.visitamalfi.info\/wp-content\/uploads\/2023\/04\/visit-amalfi-logo-web.png","contentUrl":"https:\/\/www.visitamalfi.info\/wp-content\/uploads\/2023\/04\/visit-amalfi-logo-web.png","width":800,"height":870,"caption":"Visit Amalfi"},"image":{"@id":"https:\/\/www.visitamalfi.info\/fr\/#\/schema\/logo\/image\/"},"sameAs":["https:\/\/www.facebook.com\/visitamalfiofficial","https:\/\/www.instagram.com\/visitamalfiofficial\/"]}]}</script>
<!-- / Yoast SEO plugin. -->

Réveillon folklorique amalfitain - Visit Amalfi

Le vendredi 2 janvier, la ville s&#8217;anime avec l&#8217;Amalfitan folklorique du Nouvel An, un après-midi consacré aux couleurs, aux sons et aux pas qui racontent l&#8217;âme de notre territoire. De [&hellip;]

https://www.visitamalfi.info/fr/événement/reveillon-folklorique-amalfitain-2/#primaryimage

https://www.visitamalfi.info/fr/événement/reveillon-folklorique-amalfitain-2/#breadcrumb

Évènements
