{"id":23211,"date":"2025-11-17T12:24:26","date_gmt":"2025-11-17T11:24:26","guid":{"rendered":"https:\/\/www.visitamalfi.info\/evento\/the-de-noel-au-bar-dei-cappuccini-2\/"},"modified":"2025-11-17T12:24:26","modified_gmt":"2025-11-17T11:24:26","slug":"the-de-noel-au-bar-dei-cappuccini-2","status":"publish","type":"tribe_events","link":"https:\/\/www.visitamalfi.info\/fr\/\u00e9v\u00e9nement\/the-de-noel-au-bar-dei-cappuccini-2\/","title":{"rendered":"Th\u00e9 de No\u00ebl au Bar Dei Cappuccini"},"content":{"rendered":"<p>Offrez-vous une exp\u00e9rience unique au bar Dei Cappuccini, qui allie tradition et modernit\u00e9.<br \/>\net les saveurs locales les plus authentiques. Une fa\u00e7on id\u00e9ale de passer l&#8217;apr\u00e8s-midi<br \/>\navec vos proches dans une ambiance chaleureuse et atmosph\u00e9rique.<br \/>\nNotre th\u00e9 de l&#8217;apr\u00e8s-midi Amalfi comprend des pastiera napolitains et des g\u00e2teaux au citron,<br \/>\nscones avec du beurre et des anchois locaux. Pour couronner le tout, des bulles,<br \/>\npanuozzo di Gragnano et bruschetta.<\/p>\n<p>RENSEIGNEMENTS ET R\u00c9SERVATIONS : <a href=\"https:\/\/www.visitamalfi.info\/de\/amw-accommodation\/grand-hotel-anantara-kloster-von-amalfi\/\">Anantara Convento di Amalfi<\/a><\/p>\n<h6 class=\"page-title\">DU LUNDI 1 D\u00c9CEMBRE AU LUNDI 5 JANVIER<br \/>\n15:30 \u00e0 17:00<\/h6>\n","protected":false},"excerpt":{"rendered":"<p>Th\u00e9 de No\u00ebl<br \/>\nau Bar Dei Cappuccini<br \/>\nDU LUNDI 1 D\u00c9CEMBRE AU LUNDI 5 JANVIER<\/p>\n","protected":false},"author":7,"featured_media":23162,"template":"","meta":{"inline_featured_image":false,"_tribe_events_status":"","_tribe_events_status_reason":"","footnotes":""},"tags":[],"tribe_events_cat":[1228],"class_list":["post-23211","tribe_events","type-tribe_events","status-publish","has-post-thumbnail","hentry","tribe_events_cat-noel","cat_noel"],"yoast_head":"<!-- This site is optimized with the Yoast SEO plugin v27.3 - https:\/\/yoast.com\/product\/yoast-seo-wordpress\/ -->\n<title>Th\u00e9 de No\u00ebl au Bar Dei Cappuccini - Visit Amalfi<\/title>\n<meta name=\"robots\" content=\"index, follow, max-snippet:-1, max-image-preview:large, max-video-preview:-1\" \/>\n<link rel=\"canonical\" href=\"https:\/\/www.visitamalfi.info\/fr\/\u00e9v\u00e9nement\/the-de-noel-au-bar-dei-cappuccini-2\/\" \/>\n<meta property=\"og:locale\" content=\"fr_FR\" \/>\n<meta property=\"og:type\" content=\"article\" \/>\n<meta property=\"og:title\" content=\"Th\u00e9 de No\u00ebl au Bar Dei Cappuccini - Visit Amalfi\" \/>\n<meta property=\"og:description\" content=\"Th\u00e9 de No\u00ebl au Bar Dei Cappuccini DU LUNDI 1 D\u00c9CEMBRE AU LUNDI 5 JANVIER\" \/>\n<meta property=\"og:url\" content=\"https:\/\/www.visitamalfi.info\/fr\/\u00e9v\u00e9nement\/the-de-noel-au-bar-dei-cappuccini-2\/\" \/>\n<meta property=\"og:site_name\" content=\"Visit Amalfi\" \/>\n<meta property=\"article:publisher\" content=\"https:\/\/www.facebook.com\/visitamalfiofficial\" \/>\n<meta property=\"og:image\" content=\"https:\/\/www.visitamalfi.info\/wp-content\/uploads\/2025\/11\/Anantara_Convento_di_Amalfi_Grand_Hotel_Festive_Delicacies.jpg\" \/>\n\t<meta property=\"og:image:width\" content=\"1475\" \/>\n\t<meta property=\"og:image:height\" content=\"1920\" \/>\n\t<meta property=\"og:image:type\" content=\"image\/jpeg\" \/>\n<meta name=\"twitter:card\" content=\"summary_large_image\" \/>\n<script type=\"application\/ld+json\" class=\"yoast-schema-graph\">{\"@context\":\"https:\\\/\\\/schema.org\",\"@graph\":[{\"@type\":\"WebPage\",\"@id\":\"https:\\\/\\\/www.visitamalfi.info\\\/fr\\\/\u00e9v\u00e9nement\\\/the-de-noel-au-bar-dei-cappuccini-2\\\/\",\"url\":\"https:\\\/\\\/www.visitamalfi.info\\\/fr\\\/\u00e9v\u00e9nement\\\/the-de-noel-au-bar-dei-cappuccini-2\\\/\",\"name\":\"Th\u00e9 de No\u00ebl au Bar Dei Cappuccini - Visit Amalfi\",\"isPartOf\":{\"@id\":\"https:\\\/\\\/www.visitamalfi.info\\\/fr\\\/#website\"},\"primaryImageOfPage\":{\"@id\":\"https:\\\/\\\/www.visitamalfi.info\\\/fr\\\/\u00e9v\u00e9nement\\\/the-de-noel-au-bar-dei-cappuccini-2\\\/#primaryimage\"},\"image\":{\"@id\":\"https:\\\/\\\/www.visitamalfi.info\\\/fr\\\/\u00e9v\u00e9nement\\\/the-de-noel-au-bar-dei-cappuccini-2\\\/#primaryimage\"},\"thumbnailUrl\":\"https:\\\/\\\/www.visitamalfi.info\\\/wp-content\\\/uploads\\\/2025\\\/11\\\/Anantara_Convento_di_Amalfi_Grand_Hotel_Festive_Delicacies.jpg\",\"datePublished\":\"2025-11-17T11:24:26+00:00\",\"breadcrumb\":{\"@id\":\"https:\\\/\\\/www.visitamalfi.info\\\/fr\\\/\u00e9v\u00e9nement\\\/the-de-noel-au-bar-dei-cappuccini-2\\\/#breadcrumb\"},\"inLanguage\":\"fr-FR\",\"potentialAction\":[{\"@type\":\"ReadAction\",\"target\":[\"https:\\\/\\\/www.visitamalfi.info\\\/fr\\\/\u00e9v\u00e9nement\\\/the-de-noel-au-bar-dei-cappuccini-2\\\/\"]}]},{\"@type\":\"ImageObject\",\"inLanguage\":\"fr-FR\",\"@id\":\"https:\\\/\\\/www.visitamalfi.info\\\/fr\\\/\u00e9v\u00e9nement\\\/the-de-noel-au-bar-dei-cappuccini-2\\\/#primaryimage\",\"url\":\"https:\\\/\\\/www.visitamalfi.info\\\/wp-content\\\/uploads\\\/2025\\\/11\\\/Anantara_Convento_di_Amalfi_Grand_Hotel_Festive_Delicacies.jpg\",\"contentUrl\":\"https:\\\/\\\/www.visitamalfi.info\\\/wp-content\\\/uploads\\\/2025\\\/11\\\/Anantara_Convento_di_Amalfi_Grand_Hotel_Festive_Delicacies.jpg\",\"width\":1475,\"height\":1920},{\"@type\":\"BreadcrumbList\",\"@id\":\"https:\\\/\\\/www.visitamalfi.info\\\/fr\\\/\u00e9v\u00e9nement\\\/the-de-noel-au-bar-dei-cappuccini-2\\\/#breadcrumb\",\"itemListElement\":[{\"@type\":\"ListItem\",\"position\":1,\"name\":\"Home\",\"item\":\"https:\\\/\\\/www.visitamalfi.info\\\/fr\\\/\"},{\"@type\":\"ListItem\",\"position\":2,\"name\":\"\u00c9v\u00e8nements\",\"item\":\"https:\\\/\\\/www.visitamalfi.info\\\/fr\\\/eventi\\\/\"},{\"@type\":\"ListItem\",\"position\":3,\"name\":\"Th\u00e9 de No\u00ebl au Bar Dei Cappuccini\"}]},{\"@type\":\"WebSite\",\"@id\":\"https:\\\/\\\/www.visitamalfi.info\\\/fr\\\/#website\",\"url\":\"https:\\\/\\\/www.visitamalfi.info\\\/fr\\\/\",\"name\":\"Visit Amalfi\",\"description\":\"Amalfi Destination Official Website\",\"publisher\":{\"@id\":\"https:\\\/\\\/www.visitamalfi.info\\\/fr\\\/#organization\"},\"potentialAction\":[{\"@type\":\"SearchAction\",\"target\":{\"@type\":\"EntryPoint\",\"urlTemplate\":\"https:\\\/\\\/www.visitamalfi.info\\\/fr\\\/?s={search_term_string}\"},\"query-input\":{\"@type\":\"PropertyValueSpecification\",\"valueRequired\":true,\"valueName\":\"search_term_string\"}}],\"inLanguage\":\"fr-FR\"},{\"@type\":\"Organization\",\"@id\":\"https:\\\/\\\/www.visitamalfi.info\\\/fr\\\/#organization\",\"name\":\"Visit Amalfi\",\"url\":\"https:\\\/\\\/www.visitamalfi.info\\\/fr\\\/\",\"logo\":{\"@type\":\"ImageObject\",\"inLanguage\":\"fr-FR\",\"@id\":\"https:\\\/\\\/www.visitamalfi.info\\\/fr\\\/#\\\/schema\\\/logo\\\/image\\\/\",\"url\":\"https:\\\/\\\/www.visitamalfi.info\\\/wp-content\\\/uploads\\\/2023\\\/04\\\/visit-amalfi-logo-web.png\",\"contentUrl\":\"https:\\\/\\\/www.visitamalfi.info\\\/wp-content\\\/uploads\\\/2023\\\/04\\\/visit-amalfi-logo-web.png\",\"width\":800,\"height\":870,\"caption\":\"Visit Amalfi\"},\"image\":{\"@id\":\"https:\\\/\\\/www.visitamalfi.info\\\/fr\\\/#\\\/schema\\\/logo\\\/image\\\/\"},\"sameAs\":[\"https:\\\/\\\/www.facebook.com\\\/visitamalfiofficial\",\"https:\\\/\\\/www.instagram.com\\\/visitamalfiofficial\\\/\"]}]}<\/script>\n<!-- \/ Yoast SEO plugin. -->","yoast_head_json":{"title":"Th\u00e9 de No\u00ebl au Bar Dei Cappuccini - Visit Amalfi","robots":{"index":"index","follow":"follow","max-snippet":"max-snippet:-1","max-image-preview":"max-image-preview:large","max-video-preview":"max-video-preview:-1"},"canonical":"https:\/\/www.visitamalfi.info\/fr\/\u00e9v\u00e9nement\/the-de-noel-au-bar-dei-cappuccini-2\/","og_locale":"fr_FR","og_type":"article","og_title":"Th\u00e9 de No\u00ebl au Bar Dei Cappuccini - Visit Amalfi","og_description":"Th\u00e9 de No\u00ebl au Bar Dei Cappuccini DU LUNDI 1 D\u00c9CEMBRE AU LUNDI 5 JANVIER","og_url":"https:\/\/www.visitamalfi.info\/fr\/\u00e9v\u00e9nement\/the-de-noel-au-bar-dei-cappuccini-2\/","og_site_name":"Visit Amalfi","article_publisher":"https:\/\/www.facebook.com\/visitamalfiofficial","og_image":[{"width":1475,"height":1920,"url":"https:\/\/www.visitamalfi.info\/wp-content\/uploads\/2025\/11\/Anantara_Convento_di_Amalfi_Grand_Hotel_Festive_Delicacies.jpg","type":"image\/jpeg"}],"twitter_card":"summary_large_image","schema":{"@context":"https:\/\/schema.org","@graph":[{"@type":"WebPage","@id":"https:\/\/www.visitamalfi.info\/fr\/\u00e9v\u00e9nement\/the-de-noel-au-bar-dei-cappuccini-2\/","url":"https:\/\/www.visitamalfi.info\/fr\/\u00e9v\u00e9nement\/the-de-noel-au-bar-dei-cappuccini-2\/","name":"Th\u00e9 de No\u00ebl au Bar Dei Cappuccini - Visit Amalfi","isPartOf":{"@id":"https:\/\/www.visitamalfi.info\/fr\/#website"},"primaryImageOfPage":{"@id":"https:\/\/www.visitamalfi.info\/fr\/\u00e9v\u00e9nement\/the-de-noel-au-bar-dei-cappuccini-2\/#primaryimage"},"image":{"@id":"https:\/\/www.visitamalfi.info\/fr\/\u00e9v\u00e9nement\/the-de-noel-au-bar-dei-cappuccini-2\/#primaryimage"},"thumbnailUrl":"https:\/\/www.visitamalfi.info\/wp-content\/uploads\/2025\/11\/Anantara_Convento_di_Amalfi_Grand_Hotel_Festive_Delicacies.jpg","datePublished":"2025-11-17T11:24:26+00:00","breadcrumb":{"@id":"https:\/\/www.visitamalfi.info\/fr\/\u00e9v\u00e9nement\/the-de-noel-au-bar-dei-cappuccini-2\/#breadcrumb"},"inLanguage":"fr-FR","potentialAction":[{"@type":"ReadAction","target":["https:\/\/www.visitamalfi.info\/fr\/\u00e9v\u00e9nement\/the-de-noel-au-bar-dei-cappuccini-2\/"]}]},{"@type":"ImageObject","inLanguage":"fr-FR","@id":"https:\/\/www.visitamalfi.info\/fr\/\u00e9v\u00e9nement\/the-de-noel-au-bar-dei-cappuccini-2\/#primaryimage","url":"https:\/\/www.visitamalfi.info\/wp-content\/uploads\/2025\/11\/Anantara_Convento_di_Amalfi_Grand_Hotel_Festive_Delicacies.jpg","contentUrl":"https:\/\/www.visitamalfi.info\/wp-content\/uploads\/2025\/11\/Anantara_Convento_di_Amalfi_Grand_Hotel_Festive_Delicacies.jpg","width":1475,"height":1920},{"@type":"BreadcrumbList","@id":"https:\/\/www.visitamalfi.info\/fr\/\u00e9v\u00e9nement\/the-de-noel-au-bar-dei-cappuccini-2\/#breadcrumb","itemListElement":[{"@type":"ListItem","position":1,"name":"Home","item":"https:\/\/www.visitamalfi.info\/fr\/"},{"@type":"ListItem","position":2,"name":"\u00c9v\u00e8nements","item":"https:\/\/www.visitamalfi.info\/fr\/eventi\/"},{"@type":"ListItem","position":3,"name":"Th\u00e9 de No\u00ebl au Bar Dei Cappuccini"}]},{"@type":"WebSite","@id":"https:\/\/www.visitamalfi.info\/fr\/#website","url":"https:\/\/www.visitamalfi.info\/fr\/","name":"Visit Amalfi","description":"Amalfi Destination Official Website","publisher":{"@id":"https:\/\/www.visitamalfi.info\/fr\/#organization"},"potentialAction":[{"@type":"SearchAction","target":{"@type":"EntryPoint","urlTemplate":"https:\/\/www.visitamalfi.info\/fr\/?s={search_term_string}"},"query-input":{"@type":"PropertyValueSpecification","valueRequired":true,"valueName":"search_term_string"}}],"inLanguage":"fr-FR"},{"@type":"Organization","@id":"https:\/\/www.visitamalfi.info\/fr\/#organization","name":"Visit Amalfi","url":"https:\/\/www.visitamalfi.info\/fr\/","logo":{"@type":"ImageObject","inLanguage":"fr-FR","@id":"https:\/\/www.visitamalfi.info\/fr\/#\/schema\/logo\/image\/","url":"https:\/\/www.visitamalfi.info\/wp-content\/uploads\/2023\/04\/visit-amalfi-logo-web.png","contentUrl":"https:\/\/www.visitamalfi.info\/wp-content\/uploads\/2023\/04\/visit-amalfi-logo-web.png","width":800,"height":870,"caption":"Visit Amalfi"},"image":{"@id":"https:\/\/www.visitamalfi.info\/fr\/#\/schema\/logo\/image\/"},"sameAs":["https:\/\/www.facebook.com\/visitamalfiofficial","https:\/\/www.instagram.com\/visitamalfiofficial\/"]}]}},"_links":{"self":[{"href":"https:\/\/www.visitamalfi.info\/fr\/wp-json\/wp\/v2\/tribe_events\/23211","targetHints":{"allow":["GET"]}}],"collection":[{"href":"https:\/\/www.visitamalfi.info\/fr\/wp-json\/wp\/v2\/tribe_events"}],"about":[{"href":"https:\/\/www.visitamalfi.info\/fr\/wp-json\/wp\/v2\/types\/tribe_events"}],"author":[{"embeddable":true,"href":"https:\/\/www.visitamalfi.info\/fr\/wp-json\/wp\/v2\/users\/7"}],"version-history":[{"count":0,"href":"https:\/\/www.visitamalfi.info\/fr\/wp-json\/wp\/v2\/tribe_events\/23211\/revisions"}],"wp:featuredmedia":[{"embeddable":true,"href":"https:\/\/www.visitamalfi.info\/fr\/wp-json\/wp\/v2\/media\/23162"}],"wp:attachment":[{"href":"https:\/\/www.visitamalfi.info\/fr\/wp-json\/wp\/v2\/media?parent=23211"}],"wp:term":[{"taxonomy":"post_tag","embeddable":true,"href":"https:\/\/www.visitamalfi.info\/fr\/wp-json\/wp\/v2\/tags?post=23211"},{"taxonomy":"tribe_events_cat","embeddable":true,"href":"https:\/\/www.visitamalfi.info\/fr\/wp-json\/wp\/v2\/tribe_events_cat?post=23211"}],"curies":[{"name":"wp","href":"https:\/\/api.w.org\/{rel}","templated":true}]}}

https://www.visitamalfi.info/fr/événement/the-de-noel-au-bar-dei-cappuccini-2/

Thé de Noël au Bar Dei Cappuccini

<p>Offrez-vous une expérience unique au bar Dei Cappuccini, qui allie tradition et modernité.<br />
et les saveurs locales les plus authentiques. Une façon idéale de passer l&#8217;après-midi<br />
avec vos proches dans une ambiance chaleureuse et atmosphérique.<br />
Notre thé de l&#8217;après-midi Amalfi comprend des pastiera napolitains et des gâteaux au citron,<br />
scones avec du beurre et des anchois locaux. Pour couronner le tout, des bulles,<br />
panuozzo di Gragnano et bruschetta.</p>
<p>RENSEIGNEMENTS ET RÉSERVATIONS : <a href="https://www.visitamalfi.info/de/amw-accommodation/grand-hotel-anantara-kloster-von-amalfi/">Anantara Convento di Amalfi</a></p>
<h6 class="page-title">DU LUNDI 1 DÉCEMBRE AU LUNDI 5 JANVIER<br />
15:30 à 17:00</h6>

<p>Thé de Noël<br />
au Bar Dei Cappuccini<br />
DU LUNDI 1 DÉCEMBRE AU LUNDI 5 JANVIER</p>

<!-- This site is optimized with the Yoast SEO plugin v27.3 - https://yoast.com/product/yoast-seo-wordpress/ -->
<title>Thé de Noël au Bar Dei Cappuccini - Visit Amalfi</title>
<meta name="robots" content="index, follow, max-snippet:-1, max-image-preview:large, max-video-preview:-1" />
<link rel="canonical" href="https://www.visitamalfi.info/fr/événement/the-de-noel-au-bar-dei-cappuccini-2/" />
<meta property="og:locale" content="fr_FR" />
<meta property="og:type" content="article" />
<meta property="og:title" content="Thé de Noël au Bar Dei Cappuccini - Visit Amalfi" />
<meta property="og:description" content="Thé de Noël au Bar Dei Cappuccini DU LUNDI 1 DÉCEMBRE AU LUNDI 5 JANVIER" />
<meta property="og:url" content="https://www.visitamalfi.info/fr/événement/the-de-noel-au-bar-dei-cappuccini-2/" />
<meta property="og:site_name" content="Visit Amalfi" />
<meta property="article:publisher" content="https://www.facebook.com/visitamalfiofficial" />
<meta property="og:image" content="https://www.visitamalfi.info/wp-content/uploads/2025/11/Anantara_Convento_di_Amalfi_Grand_Hotel_Festive_Delicacies.jpg" />
	<meta property="og:image:width" content="1475" />
	<meta property="og:image:height" content="1920" />
	<meta property="og:image:type" content="image/jpeg" />
<meta name="twitter:card" content="summary_large_image" />
<script type="application/ld+json" class="yoast-schema-graph">{"@context":"https:\/\/schema.org","@graph":[{"@type":"WebPage","@id":"https:\/\/www.visitamalfi.info\/fr\/événement\/the-de-noel-au-bar-dei-cappuccini-2\/","url":"https:\/\/www.visitamalfi.info\/fr\/événement\/the-de-noel-au-bar-dei-cappuccini-2\/","name":"Thé de Noël au Bar Dei Cappuccini - Visit Amalfi","isPartOf":{"@id":"https:\/\/www.visitamalfi.info\/fr\/#website"},"primaryImageOfPage":{"@id":"https:\/\/www.visitamalfi.info\/fr\/événement\/the-de-noel-au-bar-dei-cappuccini-2\/#primaryimage"},"image":{"@id":"https:\/\/www.visitamalfi.info\/fr\/événement\/the-de-noel-au-bar-dei-cappuccini-2\/#primaryimage"},"thumbnailUrl":"https:\/\/www.visitamalfi.info\/wp-content\/uploads\/2025\/11\/Anantara_Convento_di_Amalfi_Grand_Hotel_Festive_Delicacies.jpg","datePublished":"2025-11-17T11:24:26+00:00","breadcrumb":{"@id":"https:\/\/www.visitamalfi.info\/fr\/événement\/the-de-noel-au-bar-dei-cappuccini-2\/#breadcrumb"},"inLanguage":"fr-FR","potentialAction":[{"@type":"ReadAction","target":["https:\/\/www.visitamalfi.info\/fr\/événement\/the-de-noel-au-bar-dei-cappuccini-2\/"]}]},{"@type":"ImageObject","inLanguage":"fr-FR","@id":"https:\/\/www.visitamalfi.info\/fr\/événement\/the-de-noel-au-bar-dei-cappuccini-2\/#primaryimage","url":"https:\/\/www.visitamalfi.info\/wp-content\/uploads\/2025\/11\/Anantara_Convento_di_Amalfi_Grand_Hotel_Festive_Delicacies.jpg","contentUrl":"https:\/\/www.visitamalfi.info\/wp-content\/uploads\/2025\/11\/Anantara_Convento_di_Amalfi_Grand_Hotel_Festive_Delicacies.jpg","width":1475,"height":1920},{"@type":"BreadcrumbList","@id":"https:\/\/www.visitamalfi.info\/fr\/événement\/the-de-noel-au-bar-dei-cappuccini-2\/#breadcrumb","itemListElement":[{"@type":"ListItem","position":1,"name":"Home","item":"https:\/\/www.visitamalfi.info\/fr\/"},{"@type":"ListItem","position":2,"name":"Évènements","item":"https:\/\/www.visitamalfi.info\/fr\/eventi\/"},{"@type":"ListItem","position":3,"name":"Thé de Noël au Bar Dei Cappuccini"}]},{"@type":"WebSite","@id":"https:\/\/www.visitamalfi.info\/fr\/#website","url":"https:\/\/www.visitamalfi.info\/fr\/","name":"Visit Amalfi","description":"Amalfi Destination Official Website","publisher":{"@id":"https:\/\/www.visitamalfi.info\/fr\/#organization"},"potentialAction":[{"@type":"SearchAction","target":{"@type":"EntryPoint","urlTemplate":"https:\/\/www.visitamalfi.info\/fr\/?s={search_term_string}"},"query-input":{"@type":"PropertyValueSpecification","valueRequired":true,"valueName":"search_term_string"}}],"inLanguage":"fr-FR"},{"@type":"Organization","@id":"https:\/\/www.visitamalfi.info\/fr\/#organization","name":"Visit Amalfi","url":"https:\/\/www.visitamalfi.info\/fr\/","logo":{"@type":"ImageObject","inLanguage":"fr-FR","@id":"https:\/\/www.visitamalfi.info\/fr\/#\/schema\/logo\/image\/","url":"https:\/\/www.visitamalfi.info\/wp-content\/uploads\/2023\/04\/visit-amalfi-logo-web.png","contentUrl":"https:\/\/www.visitamalfi.info\/wp-content\/uploads\/2023\/04\/visit-amalfi-logo-web.png","width":800,"height":870,"caption":"Visit Amalfi"},"image":{"@id":"https:\/\/www.visitamalfi.info\/fr\/#\/schema\/logo\/image\/"},"sameAs":["https:\/\/www.facebook.com\/visitamalfiofficial","https:\/\/www.instagram.com\/visitamalfiofficial\/"]}]}</script>
<!-- / Yoast SEO plugin. -->

Thé de Noël au Bar Dei Cappuccini - Visit Amalfi

Thé de Noël au Bar Dei Cappuccini DU LUNDI 1 DÉCEMBRE AU LUNDI 5 JANVIER

https://www.visitamalfi.info/fr/événement/the-de-noel-au-bar-dei-cappuccini-2/#primaryimage

https://www.visitamalfi.info/fr/événement/the-de-noel-au-bar-dei-cappuccini-2/#breadcrumb

Évènements
