{"id":22110,"date":"2025-06-23T14:46:42","date_gmt":"2025-06-23T12:46:42","guid":{"rendered":"https:\/\/www.visitamalfi.info\/evento\/amalfi-in-jazz-roy-paci-jazz\/"},"modified":"2025-06-23T14:46:42","modified_gmt":"2025-06-23T12:46:42","slug":"amalfi-in-jazz-roy-paci-jazz","status":"publish","type":"tribe_events","link":"https:\/\/www.visitamalfi.info\/fr\/\u00e9v\u00e9nement\/amalfi-in-jazz-roy-paci-jazz\/","title":{"rendered":"Amalfi in Jazz &#8211; Roy Paci Jazz"},"content":{"rendered":"<p>Le <strong>jazz de Roy Paci<\/strong> est un voyage raffin\u00e9 \u00e0 travers les multiples nuances de son univers musical : un artiste \u00e9clectique qui, sous cette forme plus intime et \u00e9l\u00e9gante, explore les racines du jazz, du swing et de la musique d&#8217;auteur, avec des incursions dans les territoires latins et m\u00e9diterran\u00e9ens. Accompagn\u00e9 d&#8217;une formation exceptionnelle, Roy Paci abandonne temporairement l&#8217;\u00e9nergie explosive du ska et du reggae pour faire place \u00e0 la m\u00e9lodie, \u00e0 l&#8217;improvisation et au dialogue sonore, dans un concert qui allie technique, c\u0153ur et cr\u00e9ativit\u00e9. De son ins\u00e9parable trompette naissent des atmosph\u00e8res chaudes, sophistiqu\u00e9es, parfois nostalgiques, mais toujours vibrantes. Une occasion sp\u00e9ciale d&#8217;entendre l&#8217;un des musiciens les plus polyvalents de la sc\u00e8ne italienne dans une dimension plus intime, mais non moins puissante.<\/p>\n<p><em> <\/em><\/p>\n","protected":false},"excerpt":{"rendered":"<p>Le jazz de Roy Paci est un voyage raffin\u00e9 \u00e0 travers les multiples nuances de son univers musical : un artiste \u00e9clectique qui, sous cette forme plus intime et \u00e9l\u00e9gante, explore les racines du jazz, du swing et de la musique d&#8217;auteur, avec des incursions dans les territoires latins et m\u00e9diterran\u00e9ens.<\/p>\n","protected":false},"author":7,"featured_media":22072,"template":"","meta":{"inline_featured_image":false,"_tribe_events_status":"","_tribe_events_status_reason":"","footnotes":""},"tags":[],"tribe_events_cat":[317],"class_list":["post-22110","tribe_events","type-tribe_events","status-publish","has-post-thumbnail","hentry","tribe_events_cat-musica-dal-vivo-fr","cat_musica-dal-vivo-fr"],"yoast_head":"<!-- This site is optimized with the Yoast SEO plugin v27.3 - https:\/\/yoast.com\/product\/yoast-seo-wordpress\/ -->\n<title>Amalfi in Jazz - Roy Paci Jazz - Visit Amalfi<\/title>\n<meta name=\"robots\" content=\"index, follow, max-snippet:-1, max-image-preview:large, max-video-preview:-1\" \/>\n<link rel=\"canonical\" href=\"https:\/\/www.visitamalfi.info\/fr\/\u00e9v\u00e9nement\/amalfi-in-jazz-roy-paci-jazz\/\" \/>\n<meta property=\"og:locale\" content=\"fr_FR\" \/>\n<meta property=\"og:type\" content=\"article\" \/>\n<meta property=\"og:title\" content=\"Amalfi in Jazz - Roy Paci Jazz - Visit Amalfi\" \/>\n<meta property=\"og:description\" content=\"Le jazz de Roy Paci est un voyage raffin\u00e9 \u00e0 travers les multiples nuances de son univers musical : un artiste \u00e9clectique qui, sous cette forme plus intime et \u00e9l\u00e9gante, explore les racines du jazz, du swing et de la musique d&#039;auteur, avec des incursions dans les territoires latins et m\u00e9diterran\u00e9ens.\" \/>\n<meta property=\"og:url\" content=\"https:\/\/www.visitamalfi.info\/fr\/\u00e9v\u00e9nement\/amalfi-in-jazz-roy-paci-jazz\/\" \/>\n<meta property=\"og:site_name\" content=\"Visit Amalfi\" \/>\n<meta property=\"article:publisher\" content=\"https:\/\/www.facebook.com\/visitamalfiofficial\" \/>\n<meta name=\"twitter:card\" content=\"summary_large_image\" \/>\n<meta name=\"twitter:label1\" content=\"Dur\u00e9e de lecture estim\u00e9e\" \/>\n\t<meta name=\"twitter:data1\" content=\"1 minute\" \/>\n<script type=\"application\/ld+json\" class=\"yoast-schema-graph\">{\"@context\":\"https:\\\/\\\/schema.org\",\"@graph\":[{\"@type\":\"WebPage\",\"@id\":\"https:\\\/\\\/www.visitamalfi.info\\\/fr\\\/\u00e9v\u00e9nement\\\/amalfi-in-jazz-roy-paci-jazz\\\/\",\"url\":\"https:\\\/\\\/www.visitamalfi.info\\\/fr\\\/\u00e9v\u00e9nement\\\/amalfi-in-jazz-roy-paci-jazz\\\/\",\"name\":\"Amalfi in Jazz - Roy Paci Jazz - Visit Amalfi\",\"isPartOf\":{\"@id\":\"https:\\\/\\\/www.visitamalfi.info\\\/fr\\\/#website\"},\"primaryImageOfPage\":{\"@id\":\"https:\\\/\\\/www.visitamalfi.info\\\/fr\\\/\u00e9v\u00e9nement\\\/amalfi-in-jazz-roy-paci-jazz\\\/#primaryimage\"},\"image\":{\"@id\":\"https:\\\/\\\/www.visitamalfi.info\\\/fr\\\/\u00e9v\u00e9nement\\\/amalfi-in-jazz-roy-paci-jazz\\\/#primaryimage\"},\"thumbnailUrl\":\"https:\\\/\\\/www.visitamalfi.info\\\/wp-content\\\/uploads\\\/2025\\\/06\\\/28-concerto-Joy-Salinas-21-luglio-2023-foto-abbagnara.jpg\",\"datePublished\":\"2025-06-23T12:46:42+00:00\",\"breadcrumb\":{\"@id\":\"https:\\\/\\\/www.visitamalfi.info\\\/fr\\\/\u00e9v\u00e9nement\\\/amalfi-in-jazz-roy-paci-jazz\\\/#breadcrumb\"},\"inLanguage\":\"fr-FR\",\"potentialAction\":[{\"@type\":\"ReadAction\",\"target\":[\"https:\\\/\\\/www.visitamalfi.info\\\/fr\\\/\u00e9v\u00e9nement\\\/amalfi-in-jazz-roy-paci-jazz\\\/\"]}]},{\"@type\":\"ImageObject\",\"inLanguage\":\"fr-FR\",\"@id\":\"https:\\\/\\\/www.visitamalfi.info\\\/fr\\\/\u00e9v\u00e9nement\\\/amalfi-in-jazz-roy-paci-jazz\\\/#primaryimage\",\"url\":\"https:\\\/\\\/www.visitamalfi.info\\\/wp-content\\\/uploads\\\/2025\\\/06\\\/28-concerto-Joy-Salinas-21-luglio-2023-foto-abbagnara.jpg\",\"contentUrl\":\"https:\\\/\\\/www.visitamalfi.info\\\/wp-content\\\/uploads\\\/2025\\\/06\\\/28-concerto-Joy-Salinas-21-luglio-2023-foto-abbagnara.jpg\",\"width\":1920,\"height\":1280},{\"@type\":\"BreadcrumbList\",\"@id\":\"https:\\\/\\\/www.visitamalfi.info\\\/fr\\\/\u00e9v\u00e9nement\\\/amalfi-in-jazz-roy-paci-jazz\\\/#breadcrumb\",\"itemListElement\":[{\"@type\":\"ListItem\",\"position\":1,\"name\":\"Home\",\"item\":\"https:\\\/\\\/www.visitamalfi.info\\\/fr\\\/\"},{\"@type\":\"ListItem\",\"position\":2,\"name\":\"\u00c9v\u00e8nements\",\"item\":\"https:\\\/\\\/www.visitamalfi.info\\\/fr\\\/eventi\\\/\"},{\"@type\":\"ListItem\",\"position\":3,\"name\":\"Amalfi in Jazz &#8211; Roy Paci Jazz\"}]},{\"@type\":\"WebSite\",\"@id\":\"https:\\\/\\\/www.visitamalfi.info\\\/fr\\\/#website\",\"url\":\"https:\\\/\\\/www.visitamalfi.info\\\/fr\\\/\",\"name\":\"Visit Amalfi\",\"description\":\"Amalfi Destination Official Website\",\"publisher\":{\"@id\":\"https:\\\/\\\/www.visitamalfi.info\\\/fr\\\/#organization\"},\"potentialAction\":[{\"@type\":\"SearchAction\",\"target\":{\"@type\":\"EntryPoint\",\"urlTemplate\":\"https:\\\/\\\/www.visitamalfi.info\\\/fr\\\/?s={search_term_string}\"},\"query-input\":{\"@type\":\"PropertyValueSpecification\",\"valueRequired\":true,\"valueName\":\"search_term_string\"}}],\"inLanguage\":\"fr-FR\"},{\"@type\":\"Organization\",\"@id\":\"https:\\\/\\\/www.visitamalfi.info\\\/fr\\\/#organization\",\"name\":\"Visit Amalfi\",\"url\":\"https:\\\/\\\/www.visitamalfi.info\\\/fr\\\/\",\"logo\":{\"@type\":\"ImageObject\",\"inLanguage\":\"fr-FR\",\"@id\":\"https:\\\/\\\/www.visitamalfi.info\\\/fr\\\/#\\\/schema\\\/logo\\\/image\\\/\",\"url\":\"https:\\\/\\\/www.visitamalfi.info\\\/wp-content\\\/uploads\\\/2023\\\/04\\\/visit-amalfi-logo-web.png\",\"contentUrl\":\"https:\\\/\\\/www.visitamalfi.info\\\/wp-content\\\/uploads\\\/2023\\\/04\\\/visit-amalfi-logo-web.png\",\"width\":800,\"height\":870,\"caption\":\"Visit Amalfi\"},\"image\":{\"@id\":\"https:\\\/\\\/www.visitamalfi.info\\\/fr\\\/#\\\/schema\\\/logo\\\/image\\\/\"},\"sameAs\":[\"https:\\\/\\\/www.facebook.com\\\/visitamalfiofficial\",\"https:\\\/\\\/www.instagram.com\\\/visitamalfiofficial\\\/\"]}]}<\/script>\n<!-- \/ Yoast SEO plugin. -->","yoast_head_json":{"title":"Amalfi in Jazz - Roy Paci Jazz - Visit Amalfi","robots":{"index":"index","follow":"follow","max-snippet":"max-snippet:-1","max-image-preview":"max-image-preview:large","max-video-preview":"max-video-preview:-1"},"canonical":"https:\/\/www.visitamalfi.info\/fr\/\u00e9v\u00e9nement\/amalfi-in-jazz-roy-paci-jazz\/","og_locale":"fr_FR","og_type":"article","og_title":"Amalfi in Jazz - Roy Paci Jazz - Visit Amalfi","og_description":"Le jazz de Roy Paci est un voyage raffin\u00e9 \u00e0 travers les multiples nuances de son univers musical : un artiste \u00e9clectique qui, sous cette forme plus intime et \u00e9l\u00e9gante, explore les racines du jazz, du swing et de la musique d'auteur, avec des incursions dans les territoires latins et m\u00e9diterran\u00e9ens.","og_url":"https:\/\/www.visitamalfi.info\/fr\/\u00e9v\u00e9nement\/amalfi-in-jazz-roy-paci-jazz\/","og_site_name":"Visit Amalfi","article_publisher":"https:\/\/www.facebook.com\/visitamalfiofficial","twitter_card":"summary_large_image","twitter_misc":{"Dur\u00e9e de lecture estim\u00e9e":"1 minute"},"schema":{"@context":"https:\/\/schema.org","@graph":[{"@type":"WebPage","@id":"https:\/\/www.visitamalfi.info\/fr\/\u00e9v\u00e9nement\/amalfi-in-jazz-roy-paci-jazz\/","url":"https:\/\/www.visitamalfi.info\/fr\/\u00e9v\u00e9nement\/amalfi-in-jazz-roy-paci-jazz\/","name":"Amalfi in Jazz - Roy Paci Jazz - Visit Amalfi","isPartOf":{"@id":"https:\/\/www.visitamalfi.info\/fr\/#website"},"primaryImageOfPage":{"@id":"https:\/\/www.visitamalfi.info\/fr\/\u00e9v\u00e9nement\/amalfi-in-jazz-roy-paci-jazz\/#primaryimage"},"image":{"@id":"https:\/\/www.visitamalfi.info\/fr\/\u00e9v\u00e9nement\/amalfi-in-jazz-roy-paci-jazz\/#primaryimage"},"thumbnailUrl":"https:\/\/www.visitamalfi.info\/wp-content\/uploads\/2025\/06\/28-concerto-Joy-Salinas-21-luglio-2023-foto-abbagnara.jpg","datePublished":"2025-06-23T12:46:42+00:00","breadcrumb":{"@id":"https:\/\/www.visitamalfi.info\/fr\/\u00e9v\u00e9nement\/amalfi-in-jazz-roy-paci-jazz\/#breadcrumb"},"inLanguage":"fr-FR","potentialAction":[{"@type":"ReadAction","target":["https:\/\/www.visitamalfi.info\/fr\/\u00e9v\u00e9nement\/amalfi-in-jazz-roy-paci-jazz\/"]}]},{"@type":"ImageObject","inLanguage":"fr-FR","@id":"https:\/\/www.visitamalfi.info\/fr\/\u00e9v\u00e9nement\/amalfi-in-jazz-roy-paci-jazz\/#primaryimage","url":"https:\/\/www.visitamalfi.info\/wp-content\/uploads\/2025\/06\/28-concerto-Joy-Salinas-21-luglio-2023-foto-abbagnara.jpg","contentUrl":"https:\/\/www.visitamalfi.info\/wp-content\/uploads\/2025\/06\/28-concerto-Joy-Salinas-21-luglio-2023-foto-abbagnara.jpg","width":1920,"height":1280},{"@type":"BreadcrumbList","@id":"https:\/\/www.visitamalfi.info\/fr\/\u00e9v\u00e9nement\/amalfi-in-jazz-roy-paci-jazz\/#breadcrumb","itemListElement":[{"@type":"ListItem","position":1,"name":"Home","item":"https:\/\/www.visitamalfi.info\/fr\/"},{"@type":"ListItem","position":2,"name":"\u00c9v\u00e8nements","item":"https:\/\/www.visitamalfi.info\/fr\/eventi\/"},{"@type":"ListItem","position":3,"name":"Amalfi in Jazz &#8211; Roy Paci Jazz"}]},{"@type":"WebSite","@id":"https:\/\/www.visitamalfi.info\/fr\/#website","url":"https:\/\/www.visitamalfi.info\/fr\/","name":"Visit Amalfi","description":"Amalfi Destination Official Website","publisher":{"@id":"https:\/\/www.visitamalfi.info\/fr\/#organization"},"potentialAction":[{"@type":"SearchAction","target":{"@type":"EntryPoint","urlTemplate":"https:\/\/www.visitamalfi.info\/fr\/?s={search_term_string}"},"query-input":{"@type":"PropertyValueSpecification","valueRequired":true,"valueName":"search_term_string"}}],"inLanguage":"fr-FR"},{"@type":"Organization","@id":"https:\/\/www.visitamalfi.info\/fr\/#organization","name":"Visit Amalfi","url":"https:\/\/www.visitamalfi.info\/fr\/","logo":{"@type":"ImageObject","inLanguage":"fr-FR","@id":"https:\/\/www.visitamalfi.info\/fr\/#\/schema\/logo\/image\/","url":"https:\/\/www.visitamalfi.info\/wp-content\/uploads\/2023\/04\/visit-amalfi-logo-web.png","contentUrl":"https:\/\/www.visitamalfi.info\/wp-content\/uploads\/2023\/04\/visit-amalfi-logo-web.png","width":800,"height":870,"caption":"Visit Amalfi"},"image":{"@id":"https:\/\/www.visitamalfi.info\/fr\/#\/schema\/logo\/image\/"},"sameAs":["https:\/\/www.facebook.com\/visitamalfiofficial","https:\/\/www.instagram.com\/visitamalfiofficial\/"]}]}},"_links":{"self":[{"href":"https:\/\/www.visitamalfi.info\/fr\/wp-json\/wp\/v2\/tribe_events\/22110","targetHints":{"allow":["GET"]}}],"collection":[{"href":"https:\/\/www.visitamalfi.info\/fr\/wp-json\/wp\/v2\/tribe_events"}],"about":[{"href":"https:\/\/www.visitamalfi.info\/fr\/wp-json\/wp\/v2\/types\/tribe_events"}],"author":[{"embeddable":true,"href":"https:\/\/www.visitamalfi.info\/fr\/wp-json\/wp\/v2\/users\/7"}],"version-history":[{"count":0,"href":"https:\/\/www.visitamalfi.info\/fr\/wp-json\/wp\/v2\/tribe_events\/22110\/revisions"}],"wp:featuredmedia":[{"embeddable":true,"href":"https:\/\/www.visitamalfi.info\/fr\/wp-json\/wp\/v2\/media\/22072"}],"wp:attachment":[{"href":"https:\/\/www.visitamalfi.info\/fr\/wp-json\/wp\/v2\/media?parent=22110"}],"wp:term":[{"taxonomy":"post_tag","embeddable":true,"href":"https:\/\/www.visitamalfi.info\/fr\/wp-json\/wp\/v2\/tags?post=22110"},{"taxonomy":"tribe_events_cat","embeddable":true,"href":"https:\/\/www.visitamalfi.info\/fr\/wp-json\/wp\/v2\/tribe_events_cat?post=22110"}],"curies":[{"name":"wp","href":"https:\/\/api.w.org\/{rel}","templated":true}]}}

https://www.visitamalfi.info/fr/événement/amalfi-in-jazz-roy-paci-jazz/

<p>Le <strong>jazz de Roy Paci</strong> est un voyage raffiné à travers les multiples nuances de son univers musical : un artiste éclectique qui, sous cette forme plus intime et élégante, explore les racines du jazz, du swing et de la musique d&#8217;auteur, avec des incursions dans les territoires latins et méditerranéens. Accompagné d&#8217;une formation exceptionnelle, Roy Paci abandonne temporairement l&#8217;énergie explosive du ska et du reggae pour faire place à la mélodie, à l&#8217;improvisation et au dialogue sonore, dans un concert qui allie technique, cœur et créativité. De son inséparable trompette naissent des atmosphères chaudes, sophistiquées, parfois nostalgiques, mais toujours vibrantes. Une occasion spéciale d&#8217;entendre l&#8217;un des musiciens les plus polyvalents de la scène italienne dans une dimension plus intime, mais non moins puissante.</p>
<p><em> </em></p>

<p>Le jazz de Roy Paci est un voyage raffiné à travers les multiples nuances de son univers musical : un artiste éclectique qui, sous cette forme plus intime et élégante, explore les racines du jazz, du swing et de la musique d&#8217;auteur, avec des incursions dans les territoires latins et méditerranéens.</p>

<!-- This site is optimized with the Yoast SEO plugin v27.3 - https://yoast.com/product/yoast-seo-wordpress/ -->
<title>Amalfi in Jazz - Roy Paci Jazz - Visit Amalfi</title>
<meta name="robots" content="index, follow, max-snippet:-1, max-image-preview:large, max-video-preview:-1" />
<link rel="canonical" href="https://www.visitamalfi.info/fr/événement/amalfi-in-jazz-roy-paci-jazz/" />
<meta property="og:locale" content="fr_FR" />
<meta property="og:type" content="article" />
<meta property="og:title" content="Amalfi in Jazz - Roy Paci Jazz - Visit Amalfi" />
<meta property="og:description" content="Le jazz de Roy Paci est un voyage raffiné à travers les multiples nuances de son univers musical : un artiste éclectique qui, sous cette forme plus intime et élégante, explore les racines du jazz, du swing et de la musique d&#039;auteur, avec des incursions dans les territoires latins et méditerranéens." />
<meta property="og:url" content="https://www.visitamalfi.info/fr/événement/amalfi-in-jazz-roy-paci-jazz/" />
<meta property="og:site_name" content="Visit Amalfi" />
<meta property="article:publisher" content="https://www.facebook.com/visitamalfiofficial" />
<meta name="twitter:card" content="summary_large_image" />
<meta name="twitter:label1" content="Durée de lecture estimée" />
	<meta name="twitter:data1" content="1 minute" />
<script type="application/ld+json" class="yoast-schema-graph">{"@context":"https:\/\/schema.org","@graph":[{"@type":"WebPage","@id":"https:\/\/www.visitamalfi.info\/fr\/événement\/amalfi-in-jazz-roy-paci-jazz\/","url":"https:\/\/www.visitamalfi.info\/fr\/événement\/amalfi-in-jazz-roy-paci-jazz\/","name":"Amalfi in Jazz - Roy Paci Jazz - Visit Amalfi","isPartOf":{"@id":"https:\/\/www.visitamalfi.info\/fr\/#website"},"primaryImageOfPage":{"@id":"https:\/\/www.visitamalfi.info\/fr\/événement\/amalfi-in-jazz-roy-paci-jazz\/#primaryimage"},"image":{"@id":"https:\/\/www.visitamalfi.info\/fr\/événement\/amalfi-in-jazz-roy-paci-jazz\/#primaryimage"},"thumbnailUrl":"https:\/\/www.visitamalfi.info\/wp-content\/uploads\/2025\/06\/28-concerto-Joy-Salinas-21-luglio-2023-foto-abbagnara.jpg","datePublished":"2025-06-23T12:46:42+00:00","breadcrumb":{"@id":"https:\/\/www.visitamalfi.info\/fr\/événement\/amalfi-in-jazz-roy-paci-jazz\/#breadcrumb"},"inLanguage":"fr-FR","potentialAction":[{"@type":"ReadAction","target":["https:\/\/www.visitamalfi.info\/fr\/événement\/amalfi-in-jazz-roy-paci-jazz\/"]}]},{"@type":"ImageObject","inLanguage":"fr-FR","@id":"https:\/\/www.visitamalfi.info\/fr\/événement\/amalfi-in-jazz-roy-paci-jazz\/#primaryimage","url":"https:\/\/www.visitamalfi.info\/wp-content\/uploads\/2025\/06\/28-concerto-Joy-Salinas-21-luglio-2023-foto-abbagnara.jpg","contentUrl":"https:\/\/www.visitamalfi.info\/wp-content\/uploads\/2025\/06\/28-concerto-Joy-Salinas-21-luglio-2023-foto-abbagnara.jpg","width":1920,"height":1280},{"@type":"BreadcrumbList","@id":"https:\/\/www.visitamalfi.info\/fr\/événement\/amalfi-in-jazz-roy-paci-jazz\/#breadcrumb","itemListElement":[{"@type":"ListItem","position":1,"name":"Home","item":"https:\/\/www.visitamalfi.info\/fr\/"},{"@type":"ListItem","position":2,"name":"Évènements","item":"https:\/\/www.visitamalfi.info\/fr\/eventi\/"},{"@type":"ListItem","position":3,"name":"Amalfi in Jazz &#8211; Roy Paci Jazz"}]},{"@type":"WebSite","@id":"https:\/\/www.visitamalfi.info\/fr\/#website","url":"https:\/\/www.visitamalfi.info\/fr\/","name":"Visit Amalfi","description":"Amalfi Destination Official Website","publisher":{"@id":"https:\/\/www.visitamalfi.info\/fr\/#organization"},"potentialAction":[{"@type":"SearchAction","target":{"@type":"EntryPoint","urlTemplate":"https:\/\/www.visitamalfi.info\/fr\/?s={search_term_string}"},"query-input":{"@type":"PropertyValueSpecification","valueRequired":true,"valueName":"search_term_string"}}],"inLanguage":"fr-FR"},{"@type":"Organization","@id":"https:\/\/www.visitamalfi.info\/fr\/#organization","name":"Visit Amalfi","url":"https:\/\/www.visitamalfi.info\/fr\/","logo":{"@type":"ImageObject","inLanguage":"fr-FR","@id":"https:\/\/www.visitamalfi.info\/fr\/#\/schema\/logo\/image\/","url":"https:\/\/www.visitamalfi.info\/wp-content\/uploads\/2023\/04\/visit-amalfi-logo-web.png","contentUrl":"https:\/\/www.visitamalfi.info\/wp-content\/uploads\/2023\/04\/visit-amalfi-logo-web.png","width":800,"height":870,"caption":"Visit Amalfi"},"image":{"@id":"https:\/\/www.visitamalfi.info\/fr\/#\/schema\/logo\/image\/"},"sameAs":["https:\/\/www.facebook.com\/visitamalfiofficial","https:\/\/www.instagram.com\/visitamalfiofficial\/"]}]}</script>
<!-- / Yoast SEO plugin. -->

Le jazz de Roy Paci est un voyage raffiné à travers les multiples nuances de son univers musical : un artiste éclectique qui, sous cette forme plus intime et élégante, explore les racines du jazz, du swing et de la musique d'auteur, avec des incursions dans les territoires latins et méditerranéens.

https://www.visitamalfi.info/fr/événement/amalfi-in-jazz-roy-paci-jazz/#primaryimage

https://www.visitamalfi.info/fr/événement/amalfi-in-jazz-roy-paci-jazz/#breadcrumb

Évènements
