{"id":22094,"date":"2025-06-23T14:53:40","date_gmt":"2025-06-23T12:53:40","guid":{"rendered":"https:\/\/www.visitamalfi.info\/evento\/gemelli-di-guidonia-le-concert-le-spectacle-la-variete\/"},"modified":"2025-06-23T14:53:40","modified_gmt":"2025-06-23T12:53:40","slug":"gemelli-di-guidonia-le-concert-le-spectacle-la-variete","status":"publish","type":"tribe_events","link":"https:\/\/www.visitamalfi.info\/fr\/\u00e9v\u00e9nement\/gemelli-di-guidonia-le-concert-le-spectacle-la-variete\/","title":{"rendered":"Gemelli di Guidonia &#8211; Le concert, le spectacle, la vari\u00e9t\u00e9"},"content":{"rendered":"<p>Depuis 1999, le trio captive le public avec un m\u00e9lange explosif de musique, de th\u00e9\u00e2tre et de t\u00e9l\u00e9vision. Apr\u00e8s avoir brill\u00e9 dans des programmes tels que <strong><em>Edicola Fiore<\/em><\/strong><em> <strong>Tale e Quale Show<\/strong><\/em> et<em> <strong>L&#8217;AltroFestival<\/strong><\/em>les jumeaux Guidonia sont pr\u00eats \u00e0 lib\u00e9rer l&#8217;\u00e9nergie de leur <em>spectacle.<\/em> Un concert inoubliable avec une multitude de tubes qui feront chanter et danser tout le monde. Ne manquez pas l&#8217;occasion de vivre une soir\u00e9e unique avec leur incomparable plaisir des<em> 33 tours<\/em>!<\/p>\n","protected":false},"excerpt":{"rendered":"<p>Apr\u00e8s avoir brill\u00e9 dans des \u00e9missions telles que Edicola Fiore, Tale e Quale Show et L&#8217;AltroFestival, les Guidonia Twins sont pr\u00eats \u00e0 lib\u00e9rer l&#8217;\u00e9nergie de leur spectacle en direct.<\/p>\n","protected":false},"author":7,"featured_media":22048,"template":"","meta":{"inline_featured_image":false,"_tribe_events_status":"","_tribe_events_status_reason":"","footnotes":""},"tags":[],"tribe_events_cat":[317],"class_list":["post-22094","tribe_events","type-tribe_events","status-publish","has-post-thumbnail","hentry","tribe_events_cat-musica-dal-vivo-fr","cat_musica-dal-vivo-fr"],"yoast_head":"<!-- This site is optimized with the Yoast SEO plugin v27.3 - https:\/\/yoast.com\/product\/yoast-seo-wordpress\/ -->\n<title>Gemelli di Guidonia - Le concert, le spectacle, la vari\u00e9t\u00e9 - Visit Amalfi<\/title>\n<meta name=\"robots\" content=\"index, follow, max-snippet:-1, max-image-preview:large, max-video-preview:-1\" \/>\n<link rel=\"canonical\" href=\"https:\/\/www.visitamalfi.info\/fr\/\u00e9v\u00e9nement\/gemelli-di-guidonia-le-concert-le-spectacle-la-variete\/\" \/>\n<meta property=\"og:locale\" content=\"fr_FR\" \/>\n<meta property=\"og:type\" content=\"article\" \/>\n<meta property=\"og:title\" content=\"Gemelli di Guidonia - Le concert, le spectacle, la vari\u00e9t\u00e9 - Visit Amalfi\" \/>\n<meta property=\"og:description\" content=\"Apr\u00e8s avoir brill\u00e9 dans des \u00e9missions telles que Edicola Fiore, Tale e Quale Show et L&#039;AltroFestival, les Guidonia Twins sont pr\u00eats \u00e0 lib\u00e9rer l&#039;\u00e9nergie de leur spectacle en direct.\" \/>\n<meta property=\"og:url\" content=\"https:\/\/www.visitamalfi.info\/fr\/\u00e9v\u00e9nement\/gemelli-di-guidonia-le-concert-le-spectacle-la-variete\/\" \/>\n<meta property=\"og:site_name\" content=\"Visit Amalfi\" \/>\n<meta property=\"article:publisher\" content=\"https:\/\/www.facebook.com\/visitamalfiofficial\" \/>\n<meta name=\"twitter:card\" content=\"summary_large_image\" \/>\n<script type=\"application\/ld+json\" class=\"yoast-schema-graph\">{\"@context\":\"https:\\\/\\\/schema.org\",\"@graph\":[{\"@type\":\"WebPage\",\"@id\":\"https:\\\/\\\/www.visitamalfi.info\\\/fr\\\/\u00e9v\u00e9nement\\\/gemelli-di-guidonia-le-concert-le-spectacle-la-variete\\\/\",\"url\":\"https:\\\/\\\/www.visitamalfi.info\\\/fr\\\/\u00e9v\u00e9nement\\\/gemelli-di-guidonia-le-concert-le-spectacle-la-variete\\\/\",\"name\":\"Gemelli di Guidonia - Le concert, le spectacle, la vari\u00e9t\u00e9 - Visit Amalfi\",\"isPartOf\":{\"@id\":\"https:\\\/\\\/www.visitamalfi.info\\\/fr\\\/#website\"},\"primaryImageOfPage\":{\"@id\":\"https:\\\/\\\/www.visitamalfi.info\\\/fr\\\/\u00e9v\u00e9nement\\\/gemelli-di-guidonia-le-concert-le-spectacle-la-variete\\\/#primaryimage\"},\"image\":{\"@id\":\"https:\\\/\\\/www.visitamalfi.info\\\/fr\\\/\u00e9v\u00e9nement\\\/gemelli-di-guidonia-le-concert-le-spectacle-la-variete\\\/#primaryimage\"},\"thumbnailUrl\":\"https:\\\/\\\/www.visitamalfi.info\\\/wp-content\\\/uploads\\\/2025\\\/06\\\/concerto-cover-queen-of-bulsara-foto-abbagnara-59.jpg\",\"datePublished\":\"2025-06-23T12:53:40+00:00\",\"breadcrumb\":{\"@id\":\"https:\\\/\\\/www.visitamalfi.info\\\/fr\\\/\u00e9v\u00e9nement\\\/gemelli-di-guidonia-le-concert-le-spectacle-la-variete\\\/#breadcrumb\"},\"inLanguage\":\"fr-FR\",\"potentialAction\":[{\"@type\":\"ReadAction\",\"target\":[\"https:\\\/\\\/www.visitamalfi.info\\\/fr\\\/\u00e9v\u00e9nement\\\/gemelli-di-guidonia-le-concert-le-spectacle-la-variete\\\/\"]}]},{\"@type\":\"ImageObject\",\"inLanguage\":\"fr-FR\",\"@id\":\"https:\\\/\\\/www.visitamalfi.info\\\/fr\\\/\u00e9v\u00e9nement\\\/gemelli-di-guidonia-le-concert-le-spectacle-la-variete\\\/#primaryimage\",\"url\":\"https:\\\/\\\/www.visitamalfi.info\\\/wp-content\\\/uploads\\\/2025\\\/06\\\/concerto-cover-queen-of-bulsara-foto-abbagnara-59.jpg\",\"contentUrl\":\"https:\\\/\\\/www.visitamalfi.info\\\/wp-content\\\/uploads\\\/2025\\\/06\\\/concerto-cover-queen-of-bulsara-foto-abbagnara-59.jpg\",\"width\":1920,\"height\":1280},{\"@type\":\"BreadcrumbList\",\"@id\":\"https:\\\/\\\/www.visitamalfi.info\\\/fr\\\/\u00e9v\u00e9nement\\\/gemelli-di-guidonia-le-concert-le-spectacle-la-variete\\\/#breadcrumb\",\"itemListElement\":[{\"@type\":\"ListItem\",\"position\":1,\"name\":\"Home\",\"item\":\"https:\\\/\\\/www.visitamalfi.info\\\/fr\\\/\"},{\"@type\":\"ListItem\",\"position\":2,\"name\":\"\u00c9v\u00e8nements\",\"item\":\"https:\\\/\\\/www.visitamalfi.info\\\/fr\\\/eventi\\\/\"},{\"@type\":\"ListItem\",\"position\":3,\"name\":\"Gemelli di Guidonia &#8211; Le concert, le spectacle, la vari\u00e9t\u00e9\"}]},{\"@type\":\"WebSite\",\"@id\":\"https:\\\/\\\/www.visitamalfi.info\\\/fr\\\/#website\",\"url\":\"https:\\\/\\\/www.visitamalfi.info\\\/fr\\\/\",\"name\":\"Visit Amalfi\",\"description\":\"Amalfi Destination Official Website\",\"publisher\":{\"@id\":\"https:\\\/\\\/www.visitamalfi.info\\\/fr\\\/#organization\"},\"potentialAction\":[{\"@type\":\"SearchAction\",\"target\":{\"@type\":\"EntryPoint\",\"urlTemplate\":\"https:\\\/\\\/www.visitamalfi.info\\\/fr\\\/?s={search_term_string}\"},\"query-input\":{\"@type\":\"PropertyValueSpecification\",\"valueRequired\":true,\"valueName\":\"search_term_string\"}}],\"inLanguage\":\"fr-FR\"},{\"@type\":\"Organization\",\"@id\":\"https:\\\/\\\/www.visitamalfi.info\\\/fr\\\/#organization\",\"name\":\"Visit Amalfi\",\"url\":\"https:\\\/\\\/www.visitamalfi.info\\\/fr\\\/\",\"logo\":{\"@type\":\"ImageObject\",\"inLanguage\":\"fr-FR\",\"@id\":\"https:\\\/\\\/www.visitamalfi.info\\\/fr\\\/#\\\/schema\\\/logo\\\/image\\\/\",\"url\":\"https:\\\/\\\/www.visitamalfi.info\\\/wp-content\\\/uploads\\\/2023\\\/04\\\/visit-amalfi-logo-web.png\",\"contentUrl\":\"https:\\\/\\\/www.visitamalfi.info\\\/wp-content\\\/uploads\\\/2023\\\/04\\\/visit-amalfi-logo-web.png\",\"width\":800,\"height\":870,\"caption\":\"Visit Amalfi\"},\"image\":{\"@id\":\"https:\\\/\\\/www.visitamalfi.info\\\/fr\\\/#\\\/schema\\\/logo\\\/image\\\/\"},\"sameAs\":[\"https:\\\/\\\/www.facebook.com\\\/visitamalfiofficial\",\"https:\\\/\\\/www.instagram.com\\\/visitamalfiofficial\\\/\"]}]}<\/script>\n<!-- \/ Yoast SEO plugin. -->","yoast_head_json":{"title":"Gemelli di Guidonia - Le concert, le spectacle, la vari\u00e9t\u00e9 - Visit Amalfi","robots":{"index":"index","follow":"follow","max-snippet":"max-snippet:-1","max-image-preview":"max-image-preview:large","max-video-preview":"max-video-preview:-1"},"canonical":"https:\/\/www.visitamalfi.info\/fr\/\u00e9v\u00e9nement\/gemelli-di-guidonia-le-concert-le-spectacle-la-variete\/","og_locale":"fr_FR","og_type":"article","og_title":"Gemelli di Guidonia - Le concert, le spectacle, la vari\u00e9t\u00e9 - Visit Amalfi","og_description":"Apr\u00e8s avoir brill\u00e9 dans des \u00e9missions telles que Edicola Fiore, Tale e Quale Show et L'AltroFestival, les Guidonia Twins sont pr\u00eats \u00e0 lib\u00e9rer l'\u00e9nergie de leur spectacle en direct.","og_url":"https:\/\/www.visitamalfi.info\/fr\/\u00e9v\u00e9nement\/gemelli-di-guidonia-le-concert-le-spectacle-la-variete\/","og_site_name":"Visit Amalfi","article_publisher":"https:\/\/www.facebook.com\/visitamalfiofficial","twitter_card":"summary_large_image","schema":{"@context":"https:\/\/schema.org","@graph":[{"@type":"WebPage","@id":"https:\/\/www.visitamalfi.info\/fr\/\u00e9v\u00e9nement\/gemelli-di-guidonia-le-concert-le-spectacle-la-variete\/","url":"https:\/\/www.visitamalfi.info\/fr\/\u00e9v\u00e9nement\/gemelli-di-guidonia-le-concert-le-spectacle-la-variete\/","name":"Gemelli di Guidonia - Le concert, le spectacle, la vari\u00e9t\u00e9 - Visit Amalfi","isPartOf":{"@id":"https:\/\/www.visitamalfi.info\/fr\/#website"},"primaryImageOfPage":{"@id":"https:\/\/www.visitamalfi.info\/fr\/\u00e9v\u00e9nement\/gemelli-di-guidonia-le-concert-le-spectacle-la-variete\/#primaryimage"},"image":{"@id":"https:\/\/www.visitamalfi.info\/fr\/\u00e9v\u00e9nement\/gemelli-di-guidonia-le-concert-le-spectacle-la-variete\/#primaryimage"},"thumbnailUrl":"https:\/\/www.visitamalfi.info\/wp-content\/uploads\/2025\/06\/concerto-cover-queen-of-bulsara-foto-abbagnara-59.jpg","datePublished":"2025-06-23T12:53:40+00:00","breadcrumb":{"@id":"https:\/\/www.visitamalfi.info\/fr\/\u00e9v\u00e9nement\/gemelli-di-guidonia-le-concert-le-spectacle-la-variete\/#breadcrumb"},"inLanguage":"fr-FR","potentialAction":[{"@type":"ReadAction","target":["https:\/\/www.visitamalfi.info\/fr\/\u00e9v\u00e9nement\/gemelli-di-guidonia-le-concert-le-spectacle-la-variete\/"]}]},{"@type":"ImageObject","inLanguage":"fr-FR","@id":"https:\/\/www.visitamalfi.info\/fr\/\u00e9v\u00e9nement\/gemelli-di-guidonia-le-concert-le-spectacle-la-variete\/#primaryimage","url":"https:\/\/www.visitamalfi.info\/wp-content\/uploads\/2025\/06\/concerto-cover-queen-of-bulsara-foto-abbagnara-59.jpg","contentUrl":"https:\/\/www.visitamalfi.info\/wp-content\/uploads\/2025\/06\/concerto-cover-queen-of-bulsara-foto-abbagnara-59.jpg","width":1920,"height":1280},{"@type":"BreadcrumbList","@id":"https:\/\/www.visitamalfi.info\/fr\/\u00e9v\u00e9nement\/gemelli-di-guidonia-le-concert-le-spectacle-la-variete\/#breadcrumb","itemListElement":[{"@type":"ListItem","position":1,"name":"Home","item":"https:\/\/www.visitamalfi.info\/fr\/"},{"@type":"ListItem","position":2,"name":"\u00c9v\u00e8nements","item":"https:\/\/www.visitamalfi.info\/fr\/eventi\/"},{"@type":"ListItem","position":3,"name":"Gemelli di Guidonia &#8211; Le concert, le spectacle, la vari\u00e9t\u00e9"}]},{"@type":"WebSite","@id":"https:\/\/www.visitamalfi.info\/fr\/#website","url":"https:\/\/www.visitamalfi.info\/fr\/","name":"Visit Amalfi","description":"Amalfi Destination Official Website","publisher":{"@id":"https:\/\/www.visitamalfi.info\/fr\/#organization"},"potentialAction":[{"@type":"SearchAction","target":{"@type":"EntryPoint","urlTemplate":"https:\/\/www.visitamalfi.info\/fr\/?s={search_term_string}"},"query-input":{"@type":"PropertyValueSpecification","valueRequired":true,"valueName":"search_term_string"}}],"inLanguage":"fr-FR"},{"@type":"Organization","@id":"https:\/\/www.visitamalfi.info\/fr\/#organization","name":"Visit Amalfi","url":"https:\/\/www.visitamalfi.info\/fr\/","logo":{"@type":"ImageObject","inLanguage":"fr-FR","@id":"https:\/\/www.visitamalfi.info\/fr\/#\/schema\/logo\/image\/","url":"https:\/\/www.visitamalfi.info\/wp-content\/uploads\/2023\/04\/visit-amalfi-logo-web.png","contentUrl":"https:\/\/www.visitamalfi.info\/wp-content\/uploads\/2023\/04\/visit-amalfi-logo-web.png","width":800,"height":870,"caption":"Visit Amalfi"},"image":{"@id":"https:\/\/www.visitamalfi.info\/fr\/#\/schema\/logo\/image\/"},"sameAs":["https:\/\/www.facebook.com\/visitamalfiofficial","https:\/\/www.instagram.com\/visitamalfiofficial\/"]}]}},"_links":{"self":[{"href":"https:\/\/www.visitamalfi.info\/fr\/wp-json\/wp\/v2\/tribe_events\/22094","targetHints":{"allow":["GET"]}}],"collection":[{"href":"https:\/\/www.visitamalfi.info\/fr\/wp-json\/wp\/v2\/tribe_events"}],"about":[{"href":"https:\/\/www.visitamalfi.info\/fr\/wp-json\/wp\/v2\/types\/tribe_events"}],"author":[{"embeddable":true,"href":"https:\/\/www.visitamalfi.info\/fr\/wp-json\/wp\/v2\/users\/7"}],"version-history":[{"count":0,"href":"https:\/\/www.visitamalfi.info\/fr\/wp-json\/wp\/v2\/tribe_events\/22094\/revisions"}],"wp:featuredmedia":[{"embeddable":true,"href":"https:\/\/www.visitamalfi.info\/fr\/wp-json\/wp\/v2\/media\/22048"}],"wp:attachment":[{"href":"https:\/\/www.visitamalfi.info\/fr\/wp-json\/wp\/v2\/media?parent=22094"}],"wp:term":[{"taxonomy":"post_tag","embeddable":true,"href":"https:\/\/www.visitamalfi.info\/fr\/wp-json\/wp\/v2\/tags?post=22094"},{"taxonomy":"tribe_events_cat","embeddable":true,"href":"https:\/\/www.visitamalfi.info\/fr\/wp-json\/wp\/v2\/tribe_events_cat?post=22094"}],"curies":[{"name":"wp","href":"https:\/\/api.w.org\/{rel}","templated":true}]}}

https://www.visitamalfi.info/fr/événement/gemelli-di-guidonia-le-concert-le-spectacle-la-variete/

Gemelli di Guidonia &#8211; Le concert, le spectacle, la variété

<p>Depuis 1999, le trio captive le public avec un mélange explosif de musique, de théâtre et de télévision. Après avoir brillé dans des programmes tels que <strong><em>Edicola Fiore</em></strong><em> <strong>Tale e Quale Show</strong></em> et<em> <strong>L&#8217;AltroFestival</strong></em>les jumeaux Guidonia sont prêts à libérer l&#8217;énergie de leur <em>spectacle.</em> Un concert inoubliable avec une multitude de tubes qui feront chanter et danser tout le monde. Ne manquez pas l&#8217;occasion de vivre une soirée unique avec leur incomparable plaisir des<em> 33 tours</em>!</p>

<p>Après avoir brillé dans des émissions telles que Edicola Fiore, Tale e Quale Show et L&#8217;AltroFestival, les Guidonia Twins sont prêts à libérer l&#8217;énergie de leur spectacle en direct.</p>

<!-- This site is optimized with the Yoast SEO plugin v27.3 - https://yoast.com/product/yoast-seo-wordpress/ -->
<title>Gemelli di Guidonia - Le concert, le spectacle, la variété - Visit Amalfi</title>
<meta name="robots" content="index, follow, max-snippet:-1, max-image-preview:large, max-video-preview:-1" />
<link rel="canonical" href="https://www.visitamalfi.info/fr/événement/gemelli-di-guidonia-le-concert-le-spectacle-la-variete/" />
<meta property="og:locale" content="fr_FR" />
<meta property="og:type" content="article" />
<meta property="og:title" content="Gemelli di Guidonia - Le concert, le spectacle, la variété - Visit Amalfi" />
<meta property="og:description" content="Après avoir brillé dans des émissions telles que Edicola Fiore, Tale e Quale Show et L&#039;AltroFestival, les Guidonia Twins sont prêts à libérer l&#039;énergie de leur spectacle en direct." />
<meta property="og:url" content="https://www.visitamalfi.info/fr/événement/gemelli-di-guidonia-le-concert-le-spectacle-la-variete/" />
<meta property="og:site_name" content="Visit Amalfi" />
<meta property="article:publisher" content="https://www.facebook.com/visitamalfiofficial" />
<meta name="twitter:card" content="summary_large_image" />
<script type="application/ld+json" class="yoast-schema-graph">{"@context":"https:\/\/schema.org","@graph":[{"@type":"WebPage","@id":"https:\/\/www.visitamalfi.info\/fr\/événement\/gemelli-di-guidonia-le-concert-le-spectacle-la-variete\/","url":"https:\/\/www.visitamalfi.info\/fr\/événement\/gemelli-di-guidonia-le-concert-le-spectacle-la-variete\/","name":"Gemelli di Guidonia - Le concert, le spectacle, la variété - Visit Amalfi","isPartOf":{"@id":"https:\/\/www.visitamalfi.info\/fr\/#website"},"primaryImageOfPage":{"@id":"https:\/\/www.visitamalfi.info\/fr\/événement\/gemelli-di-guidonia-le-concert-le-spectacle-la-variete\/#primaryimage"},"image":{"@id":"https:\/\/www.visitamalfi.info\/fr\/événement\/gemelli-di-guidonia-le-concert-le-spectacle-la-variete\/#primaryimage"},"thumbnailUrl":"https:\/\/www.visitamalfi.info\/wp-content\/uploads\/2025\/06\/concerto-cover-queen-of-bulsara-foto-abbagnara-59.jpg","datePublished":"2025-06-23T12:53:40+00:00","breadcrumb":{"@id":"https:\/\/www.visitamalfi.info\/fr\/événement\/gemelli-di-guidonia-le-concert-le-spectacle-la-variete\/#breadcrumb"},"inLanguage":"fr-FR","potentialAction":[{"@type":"ReadAction","target":["https:\/\/www.visitamalfi.info\/fr\/événement\/gemelli-di-guidonia-le-concert-le-spectacle-la-variete\/"]}]},{"@type":"ImageObject","inLanguage":"fr-FR","@id":"https:\/\/www.visitamalfi.info\/fr\/événement\/gemelli-di-guidonia-le-concert-le-spectacle-la-variete\/#primaryimage","url":"https:\/\/www.visitamalfi.info\/wp-content\/uploads\/2025\/06\/concerto-cover-queen-of-bulsara-foto-abbagnara-59.jpg","contentUrl":"https:\/\/www.visitamalfi.info\/wp-content\/uploads\/2025\/06\/concerto-cover-queen-of-bulsara-foto-abbagnara-59.jpg","width":1920,"height":1280},{"@type":"BreadcrumbList","@id":"https:\/\/www.visitamalfi.info\/fr\/événement\/gemelli-di-guidonia-le-concert-le-spectacle-la-variete\/#breadcrumb","itemListElement":[{"@type":"ListItem","position":1,"name":"Home","item":"https:\/\/www.visitamalfi.info\/fr\/"},{"@type":"ListItem","position":2,"name":"Évènements","item":"https:\/\/www.visitamalfi.info\/fr\/eventi\/"},{"@type":"ListItem","position":3,"name":"Gemelli di Guidonia &#8211; Le concert, le spectacle, la variété"}]},{"@type":"WebSite","@id":"https:\/\/www.visitamalfi.info\/fr\/#website","url":"https:\/\/www.visitamalfi.info\/fr\/","name":"Visit Amalfi","description":"Amalfi Destination Official Website","publisher":{"@id":"https:\/\/www.visitamalfi.info\/fr\/#organization"},"potentialAction":[{"@type":"SearchAction","target":{"@type":"EntryPoint","urlTemplate":"https:\/\/www.visitamalfi.info\/fr\/?s={search_term_string}"},"query-input":{"@type":"PropertyValueSpecification","valueRequired":true,"valueName":"search_term_string"}}],"inLanguage":"fr-FR"},{"@type":"Organization","@id":"https:\/\/www.visitamalfi.info\/fr\/#organization","name":"Visit Amalfi","url":"https:\/\/www.visitamalfi.info\/fr\/","logo":{"@type":"ImageObject","inLanguage":"fr-FR","@id":"https:\/\/www.visitamalfi.info\/fr\/#\/schema\/logo\/image\/","url":"https:\/\/www.visitamalfi.info\/wp-content\/uploads\/2023\/04\/visit-amalfi-logo-web.png","contentUrl":"https:\/\/www.visitamalfi.info\/wp-content\/uploads\/2023\/04\/visit-amalfi-logo-web.png","width":800,"height":870,"caption":"Visit Amalfi"},"image":{"@id":"https:\/\/www.visitamalfi.info\/fr\/#\/schema\/logo\/image\/"},"sameAs":["https:\/\/www.facebook.com\/visitamalfiofficial","https:\/\/www.instagram.com\/visitamalfiofficial\/"]}]}</script>
<!-- / Yoast SEO plugin. -->

Gemelli di Guidonia - Le concert, le spectacle, la variété - Visit Amalfi

Après avoir brillé dans des émissions telles que Edicola Fiore, Tale e Quale Show et L'AltroFestival, les Guidonia Twins sont prêts à libérer l'énergie de leur spectacle en direct.

https://www.visitamalfi.info/fr/événement/gemelli-di-guidonia-le-concert-le-spectacle-la-variete/#primaryimage

https://www.visitamalfi.info/fr/événement/gemelli-di-guidonia-le-concert-le-spectacle-la-variete/#breadcrumb

Évènements
