{"id":21420,"date":"2025-04-29T14:51:08","date_gmt":"2025-04-29T12:51:08","guid":{"rendered":"https:\/\/www.visitamalfi.info\/evento\/70e-regate-des-anciennes-republiques-maritimes\/"},"modified":"2025-04-29T14:51:08","modified_gmt":"2025-04-29T12:51:08","slug":"70e-regate-des-anciennes-republiques-maritimes","status":"publish","type":"tribe_events","link":"https:\/\/www.visitamalfi.info\/fr\/\u00e9v\u00e9nement\/70e-regate-des-anciennes-republiques-maritimes\/","title":{"rendered":"70e r\u00e9gate des anciennes r\u00e9publiques maritimes"},"content":{"rendered":"<p class=\"\" data-start=\"234\" data-end=\"479\">L&#8217;excitation grandit de jour en jour, bient\u00f4t la ville portera les couleurs de la r\u00e9gate. L&#8217;histoire revient sur la mer d&#8217;Amalfi. La 70e \u00e9dition <strong data-start=\"328\" data-end=\"373\">des R\u00e9gates des Anciennes R\u00e9publiques Maritimes<\/strong> approche \u00e0 grands pas, une exp\u00e9rience unique impliquant l&#8217;ensemble de la population et des visiteurs.<\/p>\n<p class=\"\" data-start=\"481\" data-end=\"728\">Les quatre glorieuses cit\u00e9s-\u00c9tats &#8211; <strong data-start=\"515\" data-end=\"549\">Amalfi, Pise, G\u00eanes et Venise<\/strong> &#8211; s&#8217;affronteront dans une course d&#8217;aviron passionnante, accompagn\u00e9es d&#8217;une foule de supporters pr\u00eats \u00e0 les acclamer. Au milieu des costumes d&#8217;\u00e9poque, des drapeaux et des tambours rappelant la fiert\u00e9 maritime du pass\u00e9, la r\u00e9gate promet d&#8217;\u00eatre passionnante.<\/p>\n<p class=\"\" data-start=\"730\" data-end=\"1002\">Un \u00e9v\u00e9nement qui n&#8217;est pas seulement du sport, mais une c\u00e9l\u00e9bration de la culture et du partage. Il y aura des \u00e9v\u00e9nements parall\u00e8les, des spectacles, de la musique en direct et des saveurs locales dans une atmosph\u00e8re vibrante et engageante.<\/p>\n<p class=\"\" data-start=\"730\" data-end=\"1002\">Restez \u00e0 l&#8217;\u00e9coute !<\/p>\n","protected":false},"excerpt":{"rendered":"<p>L&#8217;histoire revient sur la mer d&#8217;Amalfi. La 70e \u00e9dition des R\u00e9gates des Anciennes R\u00e9publiques Maritimes approche \u00e0 grands pas, une exp\u00e9rience unique impliquant l&#8217;ensemble de la population et des visiteurs. <\/p>\n","protected":false},"author":7,"featured_media":0,"template":"","meta":{"inline_featured_image":false,"_tribe_events_status":"","_tribe_events_status_reason":"","footnotes":""},"tags":[],"tribe_events_cat":[587,708,709,397],"class_list":["post-21420","tribe_events","type-tribe_events","status-publish","hentry","tribe_events_cat-culture","tribe_events_cat-evenement-historique","tribe_events_cat-reconstitution-historique","tribe_events_cat-tradizione-fr","cat_culture","cat_evenement-historique","cat_reconstitution-historique","cat_tradizione-fr"],"yoast_head":"<!-- This site is optimized with the Yoast SEO plugin v27.3 - https:\/\/yoast.com\/product\/yoast-seo-wordpress\/ -->\n<title>70e r\u00e9gate des anciennes r\u00e9publiques maritimes - Visit Amalfi<\/title>\n<meta name=\"robots\" content=\"index, follow, max-snippet:-1, max-image-preview:large, max-video-preview:-1\" \/>\n<link rel=\"canonical\" href=\"https:\/\/www.visitamalfi.info\/fr\/\u00e9v\u00e9nement\/70e-regate-des-anciennes-republiques-maritimes\/\" \/>\n<meta property=\"og:locale\" content=\"fr_FR\" \/>\n<meta property=\"og:type\" content=\"article\" \/>\n<meta property=\"og:title\" content=\"70e r\u00e9gate des anciennes r\u00e9publiques maritimes - Visit Amalfi\" \/>\n<meta property=\"og:description\" content=\"L&#039;histoire revient sur la mer d&#039;Amalfi. La 70e \u00e9dition des R\u00e9gates des Anciennes R\u00e9publiques Maritimes approche \u00e0 grands pas, une exp\u00e9rience unique impliquant l&#039;ensemble de la population et des visiteurs.\" \/>\n<meta property=\"og:url\" content=\"https:\/\/www.visitamalfi.info\/fr\/\u00e9v\u00e9nement\/70e-regate-des-anciennes-republiques-maritimes\/\" \/>\n<meta property=\"og:site_name\" content=\"Visit Amalfi\" \/>\n<meta property=\"article:publisher\" content=\"https:\/\/www.facebook.com\/visitamalfiofficial\" \/>\n<meta name=\"twitter:card\" content=\"summary_large_image\" \/>\n<meta name=\"twitter:label1\" content=\"Dur\u00e9e de lecture estim\u00e9e\" \/>\n\t<meta name=\"twitter:data1\" content=\"1 minute\" \/>\n<script type=\"application\/ld+json\" class=\"yoast-schema-graph\">{\"@context\":\"https:\\\/\\\/schema.org\",\"@graph\":[{\"@type\":\"WebPage\",\"@id\":\"https:\\\/\\\/www.visitamalfi.info\\\/fr\\\/\u00e9v\u00e9nement\\\/70e-regate-des-anciennes-republiques-maritimes\\\/\",\"url\":\"https:\\\/\\\/www.visitamalfi.info\\\/fr\\\/\u00e9v\u00e9nement\\\/70e-regate-des-anciennes-republiques-maritimes\\\/\",\"name\":\"70e r\u00e9gate des anciennes r\u00e9publiques maritimes - Visit Amalfi\",\"isPartOf\":{\"@id\":\"https:\\\/\\\/www.visitamalfi.info\\\/fr\\\/#website\"},\"datePublished\":\"2025-04-29T12:51:08+00:00\",\"breadcrumb\":{\"@id\":\"https:\\\/\\\/www.visitamalfi.info\\\/fr\\\/\u00e9v\u00e9nement\\\/70e-regate-des-anciennes-republiques-maritimes\\\/#breadcrumb\"},\"inLanguage\":\"fr-FR\",\"potentialAction\":[{\"@type\":\"ReadAction\",\"target\":[\"https:\\\/\\\/www.visitamalfi.info\\\/fr\\\/\u00e9v\u00e9nement\\\/70e-regate-des-anciennes-republiques-maritimes\\\/\"]}]},{\"@type\":\"BreadcrumbList\",\"@id\":\"https:\\\/\\\/www.visitamalfi.info\\\/fr\\\/\u00e9v\u00e9nement\\\/70e-regate-des-anciennes-republiques-maritimes\\\/#breadcrumb\",\"itemListElement\":[{\"@type\":\"ListItem\",\"position\":1,\"name\":\"Home\",\"item\":\"https:\\\/\\\/www.visitamalfi.info\\\/fr\\\/\"},{\"@type\":\"ListItem\",\"position\":2,\"name\":\"\u00c9v\u00e8nements\",\"item\":\"https:\\\/\\\/www.visitamalfi.info\\\/fr\\\/eventi\\\/\"},{\"@type\":\"ListItem\",\"position\":3,\"name\":\"70e r\u00e9gate des anciennes r\u00e9publiques maritimes\"}]},{\"@type\":\"WebSite\",\"@id\":\"https:\\\/\\\/www.visitamalfi.info\\\/fr\\\/#website\",\"url\":\"https:\\\/\\\/www.visitamalfi.info\\\/fr\\\/\",\"name\":\"Visit Amalfi\",\"description\":\"Amalfi Destination Official Website\",\"publisher\":{\"@id\":\"https:\\\/\\\/www.visitamalfi.info\\\/fr\\\/#organization\"},\"potentialAction\":[{\"@type\":\"SearchAction\",\"target\":{\"@type\":\"EntryPoint\",\"urlTemplate\":\"https:\\\/\\\/www.visitamalfi.info\\\/fr\\\/?s={search_term_string}\"},\"query-input\":{\"@type\":\"PropertyValueSpecification\",\"valueRequired\":true,\"valueName\":\"search_term_string\"}}],\"inLanguage\":\"fr-FR\"},{\"@type\":\"Organization\",\"@id\":\"https:\\\/\\\/www.visitamalfi.info\\\/fr\\\/#organization\",\"name\":\"Visit Amalfi\",\"url\":\"https:\\\/\\\/www.visitamalfi.info\\\/fr\\\/\",\"logo\":{\"@type\":\"ImageObject\",\"inLanguage\":\"fr-FR\",\"@id\":\"https:\\\/\\\/www.visitamalfi.info\\\/fr\\\/#\\\/schema\\\/logo\\\/image\\\/\",\"url\":\"https:\\\/\\\/www.visitamalfi.info\\\/wp-content\\\/uploads\\\/2023\\\/04\\\/visit-amalfi-logo-web.png\",\"contentUrl\":\"https:\\\/\\\/www.visitamalfi.info\\\/wp-content\\\/uploads\\\/2023\\\/04\\\/visit-amalfi-logo-web.png\",\"width\":800,\"height\":870,\"caption\":\"Visit Amalfi\"},\"image\":{\"@id\":\"https:\\\/\\\/www.visitamalfi.info\\\/fr\\\/#\\\/schema\\\/logo\\\/image\\\/\"},\"sameAs\":[\"https:\\\/\\\/www.facebook.com\\\/visitamalfiofficial\",\"https:\\\/\\\/www.instagram.com\\\/visitamalfiofficial\\\/\"]}]}<\/script>\n<!-- \/ Yoast SEO plugin. -->","yoast_head_json":{"title":"70e r\u00e9gate des anciennes r\u00e9publiques maritimes - Visit Amalfi","robots":{"index":"index","follow":"follow","max-snippet":"max-snippet:-1","max-image-preview":"max-image-preview:large","max-video-preview":"max-video-preview:-1"},"canonical":"https:\/\/www.visitamalfi.info\/fr\/\u00e9v\u00e9nement\/70e-regate-des-anciennes-republiques-maritimes\/","og_locale":"fr_FR","og_type":"article","og_title":"70e r\u00e9gate des anciennes r\u00e9publiques maritimes - Visit Amalfi","og_description":"L'histoire revient sur la mer d'Amalfi. La 70e \u00e9dition des R\u00e9gates des Anciennes R\u00e9publiques Maritimes approche \u00e0 grands pas, une exp\u00e9rience unique impliquant l'ensemble de la population et des visiteurs.","og_url":"https:\/\/www.visitamalfi.info\/fr\/\u00e9v\u00e9nement\/70e-regate-des-anciennes-republiques-maritimes\/","og_site_name":"Visit Amalfi","article_publisher":"https:\/\/www.facebook.com\/visitamalfiofficial","twitter_card":"summary_large_image","twitter_misc":{"Dur\u00e9e de lecture estim\u00e9e":"1 minute"},"schema":{"@context":"https:\/\/schema.org","@graph":[{"@type":"WebPage","@id":"https:\/\/www.visitamalfi.info\/fr\/\u00e9v\u00e9nement\/70e-regate-des-anciennes-republiques-maritimes\/","url":"https:\/\/www.visitamalfi.info\/fr\/\u00e9v\u00e9nement\/70e-regate-des-anciennes-republiques-maritimes\/","name":"70e r\u00e9gate des anciennes r\u00e9publiques maritimes - Visit Amalfi","isPartOf":{"@id":"https:\/\/www.visitamalfi.info\/fr\/#website"},"datePublished":"2025-04-29T12:51:08+00:00","breadcrumb":{"@id":"https:\/\/www.visitamalfi.info\/fr\/\u00e9v\u00e9nement\/70e-regate-des-anciennes-republiques-maritimes\/#breadcrumb"},"inLanguage":"fr-FR","potentialAction":[{"@type":"ReadAction","target":["https:\/\/www.visitamalfi.info\/fr\/\u00e9v\u00e9nement\/70e-regate-des-anciennes-republiques-maritimes\/"]}]},{"@type":"BreadcrumbList","@id":"https:\/\/www.visitamalfi.info\/fr\/\u00e9v\u00e9nement\/70e-regate-des-anciennes-republiques-maritimes\/#breadcrumb","itemListElement":[{"@type":"ListItem","position":1,"name":"Home","item":"https:\/\/www.visitamalfi.info\/fr\/"},{"@type":"ListItem","position":2,"name":"\u00c9v\u00e8nements","item":"https:\/\/www.visitamalfi.info\/fr\/eventi\/"},{"@type":"ListItem","position":3,"name":"70e r\u00e9gate des anciennes r\u00e9publiques maritimes"}]},{"@type":"WebSite","@id":"https:\/\/www.visitamalfi.info\/fr\/#website","url":"https:\/\/www.visitamalfi.info\/fr\/","name":"Visit Amalfi","description":"Amalfi Destination Official Website","publisher":{"@id":"https:\/\/www.visitamalfi.info\/fr\/#organization"},"potentialAction":[{"@type":"SearchAction","target":{"@type":"EntryPoint","urlTemplate":"https:\/\/www.visitamalfi.info\/fr\/?s={search_term_string}"},"query-input":{"@type":"PropertyValueSpecification","valueRequired":true,"valueName":"search_term_string"}}],"inLanguage":"fr-FR"},{"@type":"Organization","@id":"https:\/\/www.visitamalfi.info\/fr\/#organization","name":"Visit Amalfi","url":"https:\/\/www.visitamalfi.info\/fr\/","logo":{"@type":"ImageObject","inLanguage":"fr-FR","@id":"https:\/\/www.visitamalfi.info\/fr\/#\/schema\/logo\/image\/","url":"https:\/\/www.visitamalfi.info\/wp-content\/uploads\/2023\/04\/visit-amalfi-logo-web.png","contentUrl":"https:\/\/www.visitamalfi.info\/wp-content\/uploads\/2023\/04\/visit-amalfi-logo-web.png","width":800,"height":870,"caption":"Visit Amalfi"},"image":{"@id":"https:\/\/www.visitamalfi.info\/fr\/#\/schema\/logo\/image\/"},"sameAs":["https:\/\/www.facebook.com\/visitamalfiofficial","https:\/\/www.instagram.com\/visitamalfiofficial\/"]}]}},"_links":{"self":[{"href":"https:\/\/www.visitamalfi.info\/fr\/wp-json\/wp\/v2\/tribe_events\/21420","targetHints":{"allow":["GET"]}}],"collection":[{"href":"https:\/\/www.visitamalfi.info\/fr\/wp-json\/wp\/v2\/tribe_events"}],"about":[{"href":"https:\/\/www.visitamalfi.info\/fr\/wp-json\/wp\/v2\/types\/tribe_events"}],"author":[{"embeddable":true,"href":"https:\/\/www.visitamalfi.info\/fr\/wp-json\/wp\/v2\/users\/7"}],"version-history":[{"count":0,"href":"https:\/\/www.visitamalfi.info\/fr\/wp-json\/wp\/v2\/tribe_events\/21420\/revisions"}],"wp:attachment":[{"href":"https:\/\/www.visitamalfi.info\/fr\/wp-json\/wp\/v2\/media?parent=21420"}],"wp:term":[{"taxonomy":"post_tag","embeddable":true,"href":"https:\/\/www.visitamalfi.info\/fr\/wp-json\/wp\/v2\/tags?post=21420"},{"taxonomy":"tribe_events_cat","embeddable":true,"href":"https:\/\/www.visitamalfi.info\/fr\/wp-json\/wp\/v2\/tribe_events_cat?post=21420"}],"curies":[{"name":"wp","href":"https:\/\/api.w.org\/{rel}","templated":true}]}}

https://www.visitamalfi.info/fr/événement/70e-regate-des-anciennes-republiques-maritimes/

70e régate des anciennes républiques maritimes

<p class="" data-start="234" data-end="479">L&#8217;excitation grandit de jour en jour, bientôt la ville portera les couleurs de la régate. L&#8217;histoire revient sur la mer d&#8217;Amalfi. La 70e édition <strong data-start="328" data-end="373">des Régates des Anciennes Républiques Maritimes</strong> approche à grands pas, une expérience unique impliquant l&#8217;ensemble de la population et des visiteurs.</p>
<p class="" data-start="481" data-end="728">Les quatre glorieuses cités-États &#8211; <strong data-start="515" data-end="549">Amalfi, Pise, Gênes et Venise</strong> &#8211; s&#8217;affronteront dans une course d&#8217;aviron passionnante, accompagnées d&#8217;une foule de supporters prêts à les acclamer. Au milieu des costumes d&#8217;époque, des drapeaux et des tambours rappelant la fierté maritime du passé, la régate promet d&#8217;être passionnante.</p>
<p class="" data-start="730" data-end="1002">Un événement qui n&#8217;est pas seulement du sport, mais une célébration de la culture et du partage. Il y aura des événements parallèles, des spectacles, de la musique en direct et des saveurs locales dans une atmosphère vibrante et engageante.</p>
<p class="" data-start="730" data-end="1002">Restez à l&#8217;écoute !</p>

<p>L&#8217;histoire revient sur la mer d&#8217;Amalfi. La 70e édition des Régates des Anciennes Républiques Maritimes approche à grands pas, une expérience unique impliquant l&#8217;ensemble de la population et des visiteurs. </p>

<!-- This site is optimized with the Yoast SEO plugin v27.3 - https://yoast.com/product/yoast-seo-wordpress/ -->
<title>70e régate des anciennes républiques maritimes - Visit Amalfi</title>
<meta name="robots" content="index, follow, max-snippet:-1, max-image-preview:large, max-video-preview:-1" />
<link rel="canonical" href="https://www.visitamalfi.info/fr/événement/70e-regate-des-anciennes-republiques-maritimes/" />
<meta property="og:locale" content="fr_FR" />
<meta property="og:type" content="article" />
<meta property="og:title" content="70e régate des anciennes républiques maritimes - Visit Amalfi" />
<meta property="og:description" content="L&#039;histoire revient sur la mer d&#039;Amalfi. La 70e édition des Régates des Anciennes Républiques Maritimes approche à grands pas, une expérience unique impliquant l&#039;ensemble de la population et des visiteurs." />
<meta property="og:url" content="https://www.visitamalfi.info/fr/événement/70e-regate-des-anciennes-republiques-maritimes/" />
<meta property="og:site_name" content="Visit Amalfi" />
<meta property="article:publisher" content="https://www.facebook.com/visitamalfiofficial" />
<meta name="twitter:card" content="summary_large_image" />
<meta name="twitter:label1" content="Durée de lecture estimée" />
	<meta name="twitter:data1" content="1 minute" />
<script type="application/ld+json" class="yoast-schema-graph">{"@context":"https:\/\/schema.org","@graph":[{"@type":"WebPage","@id":"https:\/\/www.visitamalfi.info\/fr\/événement\/70e-regate-des-anciennes-republiques-maritimes\/","url":"https:\/\/www.visitamalfi.info\/fr\/événement\/70e-regate-des-anciennes-republiques-maritimes\/","name":"70e régate des anciennes républiques maritimes - Visit Amalfi","isPartOf":{"@id":"https:\/\/www.visitamalfi.info\/fr\/#website"},"datePublished":"2025-04-29T12:51:08+00:00","breadcrumb":{"@id":"https:\/\/www.visitamalfi.info\/fr\/événement\/70e-regate-des-anciennes-republiques-maritimes\/#breadcrumb"},"inLanguage":"fr-FR","potentialAction":[{"@type":"ReadAction","target":["https:\/\/www.visitamalfi.info\/fr\/événement\/70e-regate-des-anciennes-republiques-maritimes\/"]}]},{"@type":"BreadcrumbList","@id":"https:\/\/www.visitamalfi.info\/fr\/événement\/70e-regate-des-anciennes-republiques-maritimes\/#breadcrumb","itemListElement":[{"@type":"ListItem","position":1,"name":"Home","item":"https:\/\/www.visitamalfi.info\/fr\/"},{"@type":"ListItem","position":2,"name":"Évènements","item":"https:\/\/www.visitamalfi.info\/fr\/eventi\/"},{"@type":"ListItem","position":3,"name":"70e régate des anciennes républiques maritimes"}]},{"@type":"WebSite","@id":"https:\/\/www.visitamalfi.info\/fr\/#website","url":"https:\/\/www.visitamalfi.info\/fr\/","name":"Visit Amalfi","description":"Amalfi Destination Official Website","publisher":{"@id":"https:\/\/www.visitamalfi.info\/fr\/#organization"},"potentialAction":[{"@type":"SearchAction","target":{"@type":"EntryPoint","urlTemplate":"https:\/\/www.visitamalfi.info\/fr\/?s={search_term_string}"},"query-input":{"@type":"PropertyValueSpecification","valueRequired":true,"valueName":"search_term_string"}}],"inLanguage":"fr-FR"},{"@type":"Organization","@id":"https:\/\/www.visitamalfi.info\/fr\/#organization","name":"Visit Amalfi","url":"https:\/\/www.visitamalfi.info\/fr\/","logo":{"@type":"ImageObject","inLanguage":"fr-FR","@id":"https:\/\/www.visitamalfi.info\/fr\/#\/schema\/logo\/image\/","url":"https:\/\/www.visitamalfi.info\/wp-content\/uploads\/2023\/04\/visit-amalfi-logo-web.png","contentUrl":"https:\/\/www.visitamalfi.info\/wp-content\/uploads\/2023\/04\/visit-amalfi-logo-web.png","width":800,"height":870,"caption":"Visit Amalfi"},"image":{"@id":"https:\/\/www.visitamalfi.info\/fr\/#\/schema\/logo\/image\/"},"sameAs":["https:\/\/www.facebook.com\/visitamalfiofficial","https:\/\/www.instagram.com\/visitamalfiofficial\/"]}]}</script>
<!-- / Yoast SEO plugin. -->

70e régate des anciennes républiques maritimes - Visit Amalfi

L'histoire revient sur la mer d'Amalfi. La 70e édition des Régates des Anciennes Républiques Maritimes approche à grands pas, une expérience unique impliquant l'ensemble de la population et des visiteurs.

https://www.visitamalfi.info/fr/événement/70e-regate-des-anciennes-republiques-maritimes/#breadcrumb

Évènements
