{"id":20257,"date":"2024-11-12T19:35:50","date_gmt":"2024-11-12T18:35:50","guid":{"rendered":"https:\/\/www.visitamalfi.info\/evento\/lillumination-de-larbre-de-noel-a-lanantara-convento-di-amalfi\/"},"modified":"2024-11-12T19:35:50","modified_gmt":"2024-11-12T18:35:50","slug":"lillumination-de-larbre-de-noel-a-lanantara-convento-di-amalfi","status":"publish","type":"tribe_events","link":"https:\/\/www.visitamalfi.info\/fr\/\u00e9v\u00e9nement\/lillumination-de-larbre-de-noel-a-lanantara-convento-di-amalfi\/","title":{"rendered":"L&#8217;illumination de l&#8217;arbre de No\u00ebl \u00e0 l&#8217;Anantara Convento di Amalfi"},"content":{"rendered":"<p>VENDREDI 6 D\u00c9CEMBRE 2024 18:30 &#8221;<\/p>\n<p><em>Rejoignez-nous pour l&#8217;ouverture officielle des festivit\u00e9s de No\u00ebl, dans notre clo\u00eetre ancien et atmosph\u00e9rique. Fr\u00e8re Marcus dirige la c\u00e9l\u00e9bration tandis que l&#8217;arbre de No\u00ebl s&#8217;anime de lumi\u00e8res et de couleurs&#8221;. <\/em><\/p>\n<p>POUR DES INFORMATIONS ET DES R\u00c9SERVATIONS :<\/p>\n<p><a href=\"https:\/\/www.visitamalfi.info\/amw-accommodation\/anantara-convento-di-amalfi\/\">Anantara Convento di Amalfi Grand Hotel<\/a><\/p>\n","protected":false},"excerpt":{"rendered":"<p>&#8220;Rejoignez-nous pour ouvrir officiellement les festivit\u00e9s de No\u00ebl, dans notre clo\u00eetre ancien et atmosph\u00e9rique. Le fr\u00e8re Marcus dirige la c\u00e9l\u00e9bration tandis que l&#8217;arbre de No\u00ebl s&#8217;anime de lumi\u00e8res et de couleurs.&#8221;<\/p>\n","protected":false},"author":7,"featured_media":0,"template":"","meta":{"inline_featured_image":false,"_tribe_events_status":"","_tribe_events_status_reason":"","footnotes":""},"tags":[],"tribe_events_cat":[],"class_list":["post-20257","tribe_events","type-tribe_events","status-publish","hentry"],"yoast_head":"<!-- This site is optimized with the Yoast SEO plugin v27.3 - https:\/\/yoast.com\/product\/yoast-seo-wordpress\/ -->\n<title>L&#039;illumination de l&#039;arbre de No\u00ebl \u00e0 l&#039;Anantara Convento di Amalfi - Visit Amalfi<\/title>\n<meta name=\"robots\" content=\"index, follow, max-snippet:-1, max-image-preview:large, max-video-preview:-1\" \/>\n<link rel=\"canonical\" href=\"https:\/\/www.visitamalfi.info\/fr\/\u00e9v\u00e9nement\/lillumination-de-larbre-de-noel-a-lanantara-convento-di-amalfi\/\" \/>\n<meta property=\"og:locale\" content=\"fr_FR\" \/>\n<meta property=\"og:type\" content=\"article\" \/>\n<meta property=\"og:title\" content=\"L&#039;illumination de l&#039;arbre de No\u00ebl \u00e0 l&#039;Anantara Convento di Amalfi - Visit Amalfi\" \/>\n<meta property=\"og:description\" content=\"&quot;Rejoignez-nous pour ouvrir officiellement les festivit\u00e9s de No\u00ebl, dans notre clo\u00eetre ancien et atmosph\u00e9rique. Le fr\u00e8re Marcus dirige la c\u00e9l\u00e9bration tandis que l&#039;arbre de No\u00ebl s&#039;anime de lumi\u00e8res et de couleurs.&quot;\" \/>\n<meta property=\"og:url\" content=\"https:\/\/www.visitamalfi.info\/fr\/\u00e9v\u00e9nement\/lillumination-de-larbre-de-noel-a-lanantara-convento-di-amalfi\/\" \/>\n<meta property=\"og:site_name\" content=\"Visit Amalfi\" \/>\n<meta property=\"article:publisher\" content=\"https:\/\/www.facebook.com\/visitamalfiofficial\" \/>\n<meta name=\"twitter:card\" content=\"summary_large_image\" \/>\n<script type=\"application\/ld+json\" class=\"yoast-schema-graph\">{\"@context\":\"https:\\\/\\\/schema.org\",\"@graph\":[{\"@type\":\"WebPage\",\"@id\":\"https:\\\/\\\/www.visitamalfi.info\\\/fr\\\/\u00e9v\u00e9nement\\\/lillumination-de-larbre-de-noel-a-lanantara-convento-di-amalfi\\\/\",\"url\":\"https:\\\/\\\/www.visitamalfi.info\\\/fr\\\/\u00e9v\u00e9nement\\\/lillumination-de-larbre-de-noel-a-lanantara-convento-di-amalfi\\\/\",\"name\":\"L'illumination de l'arbre de No\u00ebl \u00e0 l'Anantara Convento di Amalfi - Visit Amalfi\",\"isPartOf\":{\"@id\":\"https:\\\/\\\/www.visitamalfi.info\\\/fr\\\/#website\"},\"datePublished\":\"2024-11-12T18:35:50+00:00\",\"breadcrumb\":{\"@id\":\"https:\\\/\\\/www.visitamalfi.info\\\/fr\\\/\u00e9v\u00e9nement\\\/lillumination-de-larbre-de-noel-a-lanantara-convento-di-amalfi\\\/#breadcrumb\"},\"inLanguage\":\"fr-FR\",\"potentialAction\":[{\"@type\":\"ReadAction\",\"target\":[\"https:\\\/\\\/www.visitamalfi.info\\\/fr\\\/\u00e9v\u00e9nement\\\/lillumination-de-larbre-de-noel-a-lanantara-convento-di-amalfi\\\/\"]}]},{\"@type\":\"BreadcrumbList\",\"@id\":\"https:\\\/\\\/www.visitamalfi.info\\\/fr\\\/\u00e9v\u00e9nement\\\/lillumination-de-larbre-de-noel-a-lanantara-convento-di-amalfi\\\/#breadcrumb\",\"itemListElement\":[{\"@type\":\"ListItem\",\"position\":1,\"name\":\"Home\",\"item\":\"https:\\\/\\\/www.visitamalfi.info\\\/fr\\\/\"},{\"@type\":\"ListItem\",\"position\":2,\"name\":\"\u00c9v\u00e8nements\",\"item\":\"https:\\\/\\\/www.visitamalfi.info\\\/fr\\\/eventi\\\/\"},{\"@type\":\"ListItem\",\"position\":3,\"name\":\"L&#8217;illumination de l&#8217;arbre de No\u00ebl \u00e0 l&#8217;Anantara Convento di Amalfi\"}]},{\"@type\":\"WebSite\",\"@id\":\"https:\\\/\\\/www.visitamalfi.info\\\/fr\\\/#website\",\"url\":\"https:\\\/\\\/www.visitamalfi.info\\\/fr\\\/\",\"name\":\"Visit Amalfi\",\"description\":\"Amalfi Destination Official Website\",\"publisher\":{\"@id\":\"https:\\\/\\\/www.visitamalfi.info\\\/fr\\\/#organization\"},\"potentialAction\":[{\"@type\":\"SearchAction\",\"target\":{\"@type\":\"EntryPoint\",\"urlTemplate\":\"https:\\\/\\\/www.visitamalfi.info\\\/fr\\\/?s={search_term_string}\"},\"query-input\":{\"@type\":\"PropertyValueSpecification\",\"valueRequired\":true,\"valueName\":\"search_term_string\"}}],\"inLanguage\":\"fr-FR\"},{\"@type\":\"Organization\",\"@id\":\"https:\\\/\\\/www.visitamalfi.info\\\/fr\\\/#organization\",\"name\":\"Visit Amalfi\",\"url\":\"https:\\\/\\\/www.visitamalfi.info\\\/fr\\\/\",\"logo\":{\"@type\":\"ImageObject\",\"inLanguage\":\"fr-FR\",\"@id\":\"https:\\\/\\\/www.visitamalfi.info\\\/fr\\\/#\\\/schema\\\/logo\\\/image\\\/\",\"url\":\"https:\\\/\\\/www.visitamalfi.info\\\/wp-content\\\/uploads\\\/2023\\\/04\\\/visit-amalfi-logo-web.png\",\"contentUrl\":\"https:\\\/\\\/www.visitamalfi.info\\\/wp-content\\\/uploads\\\/2023\\\/04\\\/visit-amalfi-logo-web.png\",\"width\":800,\"height\":870,\"caption\":\"Visit Amalfi\"},\"image\":{\"@id\":\"https:\\\/\\\/www.visitamalfi.info\\\/fr\\\/#\\\/schema\\\/logo\\\/image\\\/\"},\"sameAs\":[\"https:\\\/\\\/www.facebook.com\\\/visitamalfiofficial\",\"https:\\\/\\\/www.instagram.com\\\/visitamalfiofficial\\\/\"]}]}<\/script>\n<!-- \/ Yoast SEO plugin. -->","yoast_head_json":{"title":"L'illumination de l'arbre de No\u00ebl \u00e0 l'Anantara Convento di Amalfi - Visit Amalfi","robots":{"index":"index","follow":"follow","max-snippet":"max-snippet:-1","max-image-preview":"max-image-preview:large","max-video-preview":"max-video-preview:-1"},"canonical":"https:\/\/www.visitamalfi.info\/fr\/\u00e9v\u00e9nement\/lillumination-de-larbre-de-noel-a-lanantara-convento-di-amalfi\/","og_locale":"fr_FR","og_type":"article","og_title":"L'illumination de l'arbre de No\u00ebl \u00e0 l'Anantara Convento di Amalfi - Visit Amalfi","og_description":"\"Rejoignez-nous pour ouvrir officiellement les festivit\u00e9s de No\u00ebl, dans notre clo\u00eetre ancien et atmosph\u00e9rique. Le fr\u00e8re Marcus dirige la c\u00e9l\u00e9bration tandis que l'arbre de No\u00ebl s'anime de lumi\u00e8res et de couleurs.\"","og_url":"https:\/\/www.visitamalfi.info\/fr\/\u00e9v\u00e9nement\/lillumination-de-larbre-de-noel-a-lanantara-convento-di-amalfi\/","og_site_name":"Visit Amalfi","article_publisher":"https:\/\/www.facebook.com\/visitamalfiofficial","twitter_card":"summary_large_image","schema":{"@context":"https:\/\/schema.org","@graph":[{"@type":"WebPage","@id":"https:\/\/www.visitamalfi.info\/fr\/\u00e9v\u00e9nement\/lillumination-de-larbre-de-noel-a-lanantara-convento-di-amalfi\/","url":"https:\/\/www.visitamalfi.info\/fr\/\u00e9v\u00e9nement\/lillumination-de-larbre-de-noel-a-lanantara-convento-di-amalfi\/","name":"L'illumination de l'arbre de No\u00ebl \u00e0 l'Anantara Convento di Amalfi - Visit Amalfi","isPartOf":{"@id":"https:\/\/www.visitamalfi.info\/fr\/#website"},"datePublished":"2024-11-12T18:35:50+00:00","breadcrumb":{"@id":"https:\/\/www.visitamalfi.info\/fr\/\u00e9v\u00e9nement\/lillumination-de-larbre-de-noel-a-lanantara-convento-di-amalfi\/#breadcrumb"},"inLanguage":"fr-FR","potentialAction":[{"@type":"ReadAction","target":["https:\/\/www.visitamalfi.info\/fr\/\u00e9v\u00e9nement\/lillumination-de-larbre-de-noel-a-lanantara-convento-di-amalfi\/"]}]},{"@type":"BreadcrumbList","@id":"https:\/\/www.visitamalfi.info\/fr\/\u00e9v\u00e9nement\/lillumination-de-larbre-de-noel-a-lanantara-convento-di-amalfi\/#breadcrumb","itemListElement":[{"@type":"ListItem","position":1,"name":"Home","item":"https:\/\/www.visitamalfi.info\/fr\/"},{"@type":"ListItem","position":2,"name":"\u00c9v\u00e8nements","item":"https:\/\/www.visitamalfi.info\/fr\/eventi\/"},{"@type":"ListItem","position":3,"name":"L&#8217;illumination de l&#8217;arbre de No\u00ebl \u00e0 l&#8217;Anantara Convento di Amalfi"}]},{"@type":"WebSite","@id":"https:\/\/www.visitamalfi.info\/fr\/#website","url":"https:\/\/www.visitamalfi.info\/fr\/","name":"Visit Amalfi","description":"Amalfi Destination Official Website","publisher":{"@id":"https:\/\/www.visitamalfi.info\/fr\/#organization"},"potentialAction":[{"@type":"SearchAction","target":{"@type":"EntryPoint","urlTemplate":"https:\/\/www.visitamalfi.info\/fr\/?s={search_term_string}"},"query-input":{"@type":"PropertyValueSpecification","valueRequired":true,"valueName":"search_term_string"}}],"inLanguage":"fr-FR"},{"@type":"Organization","@id":"https:\/\/www.visitamalfi.info\/fr\/#organization","name":"Visit Amalfi","url":"https:\/\/www.visitamalfi.info\/fr\/","logo":{"@type":"ImageObject","inLanguage":"fr-FR","@id":"https:\/\/www.visitamalfi.info\/fr\/#\/schema\/logo\/image\/","url":"https:\/\/www.visitamalfi.info\/wp-content\/uploads\/2023\/04\/visit-amalfi-logo-web.png","contentUrl":"https:\/\/www.visitamalfi.info\/wp-content\/uploads\/2023\/04\/visit-amalfi-logo-web.png","width":800,"height":870,"caption":"Visit Amalfi"},"image":{"@id":"https:\/\/www.visitamalfi.info\/fr\/#\/schema\/logo\/image\/"},"sameAs":["https:\/\/www.facebook.com\/visitamalfiofficial","https:\/\/www.instagram.com\/visitamalfiofficial\/"]}]}},"_links":{"self":[{"href":"https:\/\/www.visitamalfi.info\/fr\/wp-json\/wp\/v2\/tribe_events\/20257","targetHints":{"allow":["GET"]}}],"collection":[{"href":"https:\/\/www.visitamalfi.info\/fr\/wp-json\/wp\/v2\/tribe_events"}],"about":[{"href":"https:\/\/www.visitamalfi.info\/fr\/wp-json\/wp\/v2\/types\/tribe_events"}],"author":[{"embeddable":true,"href":"https:\/\/www.visitamalfi.info\/fr\/wp-json\/wp\/v2\/users\/7"}],"version-history":[{"count":0,"href":"https:\/\/www.visitamalfi.info\/fr\/wp-json\/wp\/v2\/tribe_events\/20257\/revisions"}],"wp:attachment":[{"href":"https:\/\/www.visitamalfi.info\/fr\/wp-json\/wp\/v2\/media?parent=20257"}],"wp:term":[{"taxonomy":"post_tag","embeddable":true,"href":"https:\/\/www.visitamalfi.info\/fr\/wp-json\/wp\/v2\/tags?post=20257"},{"taxonomy":"tribe_events_cat","embeddable":true,"href":"https:\/\/www.visitamalfi.info\/fr\/wp-json\/wp\/v2\/tribe_events_cat?post=20257"}],"curies":[{"name":"wp","href":"https:\/\/api.w.org\/{rel}","templated":true}]}}

https://www.visitamalfi.info/fr/événement/lillumination-de-larbre-de-noel-a-lanantara-convento-di-amalfi/

L&#8217;illumination de l&#8217;arbre de Noël à l&#8217;Anantara Convento di Amalfi

<p>VENDREDI 6 DÉCEMBRE 2024 18:30 &#8221;</p>
<p><em>Rejoignez-nous pour l&#8217;ouverture officielle des festivités de Noël, dans notre cloître ancien et atmosphérique. Frère Marcus dirige la célébration tandis que l&#8217;arbre de Noël s&#8217;anime de lumières et de couleurs&#8221;. </em></p>
<p>POUR DES INFORMATIONS ET DES RÉSERVATIONS :</p>
<p><a href="https://www.visitamalfi.info/amw-accommodation/anantara-convento-di-amalfi/">Anantara Convento di Amalfi Grand Hotel</a></p>

<p>&#8220;Rejoignez-nous pour ouvrir officiellement les festivités de Noël, dans notre cloître ancien et atmosphérique. Le frère Marcus dirige la célébration tandis que l&#8217;arbre de Noël s&#8217;anime de lumières et de couleurs.&#8221;</p>

<!-- This site is optimized with the Yoast SEO plugin v27.3 - https://yoast.com/product/yoast-seo-wordpress/ -->
<title>L&#039;illumination de l&#039;arbre de Noël à l&#039;Anantara Convento di Amalfi - Visit Amalfi</title>
<meta name="robots" content="index, follow, max-snippet:-1, max-image-preview:large, max-video-preview:-1" />
<link rel="canonical" href="https://www.visitamalfi.info/fr/événement/lillumination-de-larbre-de-noel-a-lanantara-convento-di-amalfi/" />
<meta property="og:locale" content="fr_FR" />
<meta property="og:type" content="article" />
<meta property="og:title" content="L&#039;illumination de l&#039;arbre de Noël à l&#039;Anantara Convento di Amalfi - Visit Amalfi" />
<meta property="og:description" content="&quot;Rejoignez-nous pour ouvrir officiellement les festivités de Noël, dans notre cloître ancien et atmosphérique. Le frère Marcus dirige la célébration tandis que l&#039;arbre de Noël s&#039;anime de lumières et de couleurs.&quot;" />
<meta property="og:url" content="https://www.visitamalfi.info/fr/événement/lillumination-de-larbre-de-noel-a-lanantara-convento-di-amalfi/" />
<meta property="og:site_name" content="Visit Amalfi" />
<meta property="article:publisher" content="https://www.facebook.com/visitamalfiofficial" />
<meta name="twitter:card" content="summary_large_image" />
<script type="application/ld+json" class="yoast-schema-graph">{"@context":"https:\/\/schema.org","@graph":[{"@type":"WebPage","@id":"https:\/\/www.visitamalfi.info\/fr\/événement\/lillumination-de-larbre-de-noel-a-lanantara-convento-di-amalfi\/","url":"https:\/\/www.visitamalfi.info\/fr\/événement\/lillumination-de-larbre-de-noel-a-lanantara-convento-di-amalfi\/","name":"L'illumination de l'arbre de Noël à l'Anantara Convento di Amalfi - Visit Amalfi","isPartOf":{"@id":"https:\/\/www.visitamalfi.info\/fr\/#website"},"datePublished":"2024-11-12T18:35:50+00:00","breadcrumb":{"@id":"https:\/\/www.visitamalfi.info\/fr\/événement\/lillumination-de-larbre-de-noel-a-lanantara-convento-di-amalfi\/#breadcrumb"},"inLanguage":"fr-FR","potentialAction":[{"@type":"ReadAction","target":["https:\/\/www.visitamalfi.info\/fr\/événement\/lillumination-de-larbre-de-noel-a-lanantara-convento-di-amalfi\/"]}]},{"@type":"BreadcrumbList","@id":"https:\/\/www.visitamalfi.info\/fr\/événement\/lillumination-de-larbre-de-noel-a-lanantara-convento-di-amalfi\/#breadcrumb","itemListElement":[{"@type":"ListItem","position":1,"name":"Home","item":"https:\/\/www.visitamalfi.info\/fr\/"},{"@type":"ListItem","position":2,"name":"Évènements","item":"https:\/\/www.visitamalfi.info\/fr\/eventi\/"},{"@type":"ListItem","position":3,"name":"L&#8217;illumination de l&#8217;arbre de Noël à l&#8217;Anantara Convento di Amalfi"}]},{"@type":"WebSite","@id":"https:\/\/www.visitamalfi.info\/fr\/#website","url":"https:\/\/www.visitamalfi.info\/fr\/","name":"Visit Amalfi","description":"Amalfi Destination Official Website","publisher":{"@id":"https:\/\/www.visitamalfi.info\/fr\/#organization"},"potentialAction":[{"@type":"SearchAction","target":{"@type":"EntryPoint","urlTemplate":"https:\/\/www.visitamalfi.info\/fr\/?s={search_term_string}"},"query-input":{"@type":"PropertyValueSpecification","valueRequired":true,"valueName":"search_term_string"}}],"inLanguage":"fr-FR"},{"@type":"Organization","@id":"https:\/\/www.visitamalfi.info\/fr\/#organization","name":"Visit Amalfi","url":"https:\/\/www.visitamalfi.info\/fr\/","logo":{"@type":"ImageObject","inLanguage":"fr-FR","@id":"https:\/\/www.visitamalfi.info\/fr\/#\/schema\/logo\/image\/","url":"https:\/\/www.visitamalfi.info\/wp-content\/uploads\/2023\/04\/visit-amalfi-logo-web.png","contentUrl":"https:\/\/www.visitamalfi.info\/wp-content\/uploads\/2023\/04\/visit-amalfi-logo-web.png","width":800,"height":870,"caption":"Visit Amalfi"},"image":{"@id":"https:\/\/www.visitamalfi.info\/fr\/#\/schema\/logo\/image\/"},"sameAs":["https:\/\/www.facebook.com\/visitamalfiofficial","https:\/\/www.instagram.com\/visitamalfiofficial\/"]}]}</script>
<!-- / Yoast SEO plugin. -->

L'illumination de l'arbre de Noël à l'Anantara Convento di Amalfi - Visit Amalfi

"Rejoignez-nous pour ouvrir officiellement les festivités de Noël, dans notre cloître ancien et atmosphérique. Le frère Marcus dirige la célébration tandis que l'arbre de Noël s'anime de lumières et de couleurs."

https://www.visitamalfi.info/fr/événement/lillumination-de-larbre-de-noel-a-lanantara-convento-di-amalfi/#breadcrumb

Évènements
