{"id":19905,"date":"2024-08-26T16:05:12","date_gmt":"2024-08-26T14:05:12","guid":{"rendered":"https:\/\/www.visitamalfi.info\/evento\/arisa-en-concert\/"},"modified":"2024-08-26T16:05:12","modified_gmt":"2024-08-26T14:05:12","slug":"arisa-en-concert","status":"publish","type":"tribe_events","link":"https:\/\/www.visitamalfi.info\/fr\/\u00e9v\u00e9nement\/arisa-en-concert\/","title":{"rendered":"Arisa en concert"},"content":{"rendered":"<p>En apoth\u00e9ose du <a href=\"https:\/\/www.visitamalfi.info\/evento\/capodanno-bizantino\/\">r\u00e9veillon byzantin<\/a> 2024, Arisa en concert sur la Piazza Duomo d&#8217;Amalfi pr\u00e9vu \u00e0 21h30. Pour l&#8217;occasion, l&#8217;artiste pr\u00e9sentera un spectacle in\u00e9dit compos\u00e9 uniquement de voix et de piano : \u00e9motions garanties ! Du talent, de la bonne musique et un cadre de r\u00eave, la ville d&#8217;Amalfi, feront de cette soir\u00e9e un moment unique ! L&#8217;extraordinaire artiste, chanteuse et personnalit\u00e9 de la t\u00e9l\u00e9vision pr\u00e9sentera un set acoustique piano-voix dans une atmosph\u00e8re unique. &#8220;Artiste sophistiqu\u00e9e, Arisa revient cet \u00e9t\u00e9 avec le single -Baciami Stupido-. Une chanson aux sonorit\u00e9s estivales et entra\u00eenantes qui veut c\u00e9l\u00e9brer l&#8217;amour universel sous toutes ses formes : \u00e0 l&#8217;int\u00e9rieur, en effet, il y a tout le symbolisme du geste intemporel du baiser, qui, pour Arisa, devient -un puissant symbole de consentement, un moment de vuln\u00e9rabilit\u00e9 et d&#8217;intimit\u00e9, dans lequel deux amants partagent volontairement une profonde expression d&#8217;affection-&#8220;.      &nbsp;<\/p>\n","protected":false},"excerpt":{"rendered":"<p>Pour terminer en beaut\u00e9 le r\u00e9veillon byzantin 2024, Arisa en concert sur la Piazza Duomo d&#8217;Amalfi \u00e0 21h30 &#8211; entr\u00e9e libre.<\/p>\n","protected":false},"author":7,"featured_media":0,"template":"","meta":{"inline_featured_image":false,"_tribe_events_status":"","_tribe_events_status_reason":"","footnotes":""},"tags":[1840,1839,1333,706],"tribe_events_cat":[317,396,623],"class_list":["post-19905","tribe_events","type-tribe_events","status-publish","hentry","tag-amalfisummerfest-fr","tag-arisa-fr","tag-concert-fr","tag-nouvel-an-byzantin","tribe_events_cat-musica-dal-vivo-fr","tribe_events_cat-musica-italiana-fr","tribe_events_cat-musique","cat_musica-dal-vivo-fr","cat_musica-italiana-fr","cat_musique"],"yoast_head":"<!-- This site is optimized with the Yoast SEO plugin v27.3 - https:\/\/yoast.com\/product\/yoast-seo-wordpress\/ -->\n<title>Arisa en concert - Visit Amalfi<\/title>\n<meta name=\"robots\" content=\"index, follow, max-snippet:-1, max-image-preview:large, max-video-preview:-1\" \/>\n<link rel=\"canonical\" href=\"https:\/\/www.visitamalfi.info\/fr\/\u00e9v\u00e9nement\/arisa-en-concert\/\" \/>\n<meta property=\"og:locale\" content=\"fr_FR\" \/>\n<meta property=\"og:type\" content=\"article\" \/>\n<meta property=\"og:title\" content=\"Arisa en concert - Visit Amalfi\" \/>\n<meta property=\"og:description\" content=\"Pour terminer en beaut\u00e9 le r\u00e9veillon byzantin 2024, Arisa en concert sur la Piazza Duomo d&#039;Amalfi \u00e0 21h30 - entr\u00e9e libre.\" \/>\n<meta property=\"og:url\" content=\"https:\/\/www.visitamalfi.info\/fr\/\u00e9v\u00e9nement\/arisa-en-concert\/\" \/>\n<meta property=\"og:site_name\" content=\"Visit Amalfi\" \/>\n<meta property=\"article:publisher\" content=\"https:\/\/www.facebook.com\/visitamalfiofficial\" \/>\n<meta name=\"twitter:card\" content=\"summary_large_image\" \/>\n<meta name=\"twitter:label1\" content=\"Dur\u00e9e de lecture estim\u00e9e\" \/>\n\t<meta name=\"twitter:data1\" content=\"1 minute\" \/>\n<script type=\"application\/ld+json\" class=\"yoast-schema-graph\">{\"@context\":\"https:\\\/\\\/schema.org\",\"@graph\":[{\"@type\":\"WebPage\",\"@id\":\"https:\\\/\\\/www.visitamalfi.info\\\/fr\\\/\u00e9v\u00e9nement\\\/arisa-en-concert\\\/\",\"url\":\"https:\\\/\\\/www.visitamalfi.info\\\/fr\\\/\u00e9v\u00e9nement\\\/arisa-en-concert\\\/\",\"name\":\"Arisa en concert - Visit Amalfi\",\"isPartOf\":{\"@id\":\"https:\\\/\\\/www.visitamalfi.info\\\/fr\\\/#website\"},\"datePublished\":\"2024-08-26T14:05:12+00:00\",\"breadcrumb\":{\"@id\":\"https:\\\/\\\/www.visitamalfi.info\\\/fr\\\/\u00e9v\u00e9nement\\\/arisa-en-concert\\\/#breadcrumb\"},\"inLanguage\":\"fr-FR\",\"potentialAction\":[{\"@type\":\"ReadAction\",\"target\":[\"https:\\\/\\\/www.visitamalfi.info\\\/fr\\\/\u00e9v\u00e9nement\\\/arisa-en-concert\\\/\"]}]},{\"@type\":\"BreadcrumbList\",\"@id\":\"https:\\\/\\\/www.visitamalfi.info\\\/fr\\\/\u00e9v\u00e9nement\\\/arisa-en-concert\\\/#breadcrumb\",\"itemListElement\":[{\"@type\":\"ListItem\",\"position\":1,\"name\":\"Home\",\"item\":\"https:\\\/\\\/www.visitamalfi.info\\\/fr\\\/\"},{\"@type\":\"ListItem\",\"position\":2,\"name\":\"\u00c9v\u00e8nements\",\"item\":\"https:\\\/\\\/www.visitamalfi.info\\\/fr\\\/eventi\\\/\"},{\"@type\":\"ListItem\",\"position\":3,\"name\":\"Arisa en concert\"}]},{\"@type\":\"WebSite\",\"@id\":\"https:\\\/\\\/www.visitamalfi.info\\\/fr\\\/#website\",\"url\":\"https:\\\/\\\/www.visitamalfi.info\\\/fr\\\/\",\"name\":\"Visit Amalfi\",\"description\":\"Amalfi Destination Official Website\",\"publisher\":{\"@id\":\"https:\\\/\\\/www.visitamalfi.info\\\/fr\\\/#organization\"},\"potentialAction\":[{\"@type\":\"SearchAction\",\"target\":{\"@type\":\"EntryPoint\",\"urlTemplate\":\"https:\\\/\\\/www.visitamalfi.info\\\/fr\\\/?s={search_term_string}\"},\"query-input\":{\"@type\":\"PropertyValueSpecification\",\"valueRequired\":true,\"valueName\":\"search_term_string\"}}],\"inLanguage\":\"fr-FR\"},{\"@type\":\"Organization\",\"@id\":\"https:\\\/\\\/www.visitamalfi.info\\\/fr\\\/#organization\",\"name\":\"Visit Amalfi\",\"url\":\"https:\\\/\\\/www.visitamalfi.info\\\/fr\\\/\",\"logo\":{\"@type\":\"ImageObject\",\"inLanguage\":\"fr-FR\",\"@id\":\"https:\\\/\\\/www.visitamalfi.info\\\/fr\\\/#\\\/schema\\\/logo\\\/image\\\/\",\"url\":\"https:\\\/\\\/www.visitamalfi.info\\\/wp-content\\\/uploads\\\/2023\\\/04\\\/visit-amalfi-logo-web.png\",\"contentUrl\":\"https:\\\/\\\/www.visitamalfi.info\\\/wp-content\\\/uploads\\\/2023\\\/04\\\/visit-amalfi-logo-web.png\",\"width\":800,\"height\":870,\"caption\":\"Visit Amalfi\"},\"image\":{\"@id\":\"https:\\\/\\\/www.visitamalfi.info\\\/fr\\\/#\\\/schema\\\/logo\\\/image\\\/\"},\"sameAs\":[\"https:\\\/\\\/www.facebook.com\\\/visitamalfiofficial\",\"https:\\\/\\\/www.instagram.com\\\/visitamalfiofficial\\\/\"]}]}<\/script>\n<!-- \/ Yoast SEO plugin. -->","yoast_head_json":{"title":"Arisa en concert - Visit Amalfi","robots":{"index":"index","follow":"follow","max-snippet":"max-snippet:-1","max-image-preview":"max-image-preview:large","max-video-preview":"max-video-preview:-1"},"canonical":"https:\/\/www.visitamalfi.info\/fr\/\u00e9v\u00e9nement\/arisa-en-concert\/","og_locale":"fr_FR","og_type":"article","og_title":"Arisa en concert - Visit Amalfi","og_description":"Pour terminer en beaut\u00e9 le r\u00e9veillon byzantin 2024, Arisa en concert sur la Piazza Duomo d'Amalfi \u00e0 21h30 - entr\u00e9e libre.","og_url":"https:\/\/www.visitamalfi.info\/fr\/\u00e9v\u00e9nement\/arisa-en-concert\/","og_site_name":"Visit Amalfi","article_publisher":"https:\/\/www.facebook.com\/visitamalfiofficial","twitter_card":"summary_large_image","twitter_misc":{"Dur\u00e9e de lecture estim\u00e9e":"1 minute"},"schema":{"@context":"https:\/\/schema.org","@graph":[{"@type":"WebPage","@id":"https:\/\/www.visitamalfi.info\/fr\/\u00e9v\u00e9nement\/arisa-en-concert\/","url":"https:\/\/www.visitamalfi.info\/fr\/\u00e9v\u00e9nement\/arisa-en-concert\/","name":"Arisa en concert - Visit Amalfi","isPartOf":{"@id":"https:\/\/www.visitamalfi.info\/fr\/#website"},"datePublished":"2024-08-26T14:05:12+00:00","breadcrumb":{"@id":"https:\/\/www.visitamalfi.info\/fr\/\u00e9v\u00e9nement\/arisa-en-concert\/#breadcrumb"},"inLanguage":"fr-FR","potentialAction":[{"@type":"ReadAction","target":["https:\/\/www.visitamalfi.info\/fr\/\u00e9v\u00e9nement\/arisa-en-concert\/"]}]},{"@type":"BreadcrumbList","@id":"https:\/\/www.visitamalfi.info\/fr\/\u00e9v\u00e9nement\/arisa-en-concert\/#breadcrumb","itemListElement":[{"@type":"ListItem","position":1,"name":"Home","item":"https:\/\/www.visitamalfi.info\/fr\/"},{"@type":"ListItem","position":2,"name":"\u00c9v\u00e8nements","item":"https:\/\/www.visitamalfi.info\/fr\/eventi\/"},{"@type":"ListItem","position":3,"name":"Arisa en concert"}]},{"@type":"WebSite","@id":"https:\/\/www.visitamalfi.info\/fr\/#website","url":"https:\/\/www.visitamalfi.info\/fr\/","name":"Visit Amalfi","description":"Amalfi Destination Official Website","publisher":{"@id":"https:\/\/www.visitamalfi.info\/fr\/#organization"},"potentialAction":[{"@type":"SearchAction","target":{"@type":"EntryPoint","urlTemplate":"https:\/\/www.visitamalfi.info\/fr\/?s={search_term_string}"},"query-input":{"@type":"PropertyValueSpecification","valueRequired":true,"valueName":"search_term_string"}}],"inLanguage":"fr-FR"},{"@type":"Organization","@id":"https:\/\/www.visitamalfi.info\/fr\/#organization","name":"Visit Amalfi","url":"https:\/\/www.visitamalfi.info\/fr\/","logo":{"@type":"ImageObject","inLanguage":"fr-FR","@id":"https:\/\/www.visitamalfi.info\/fr\/#\/schema\/logo\/image\/","url":"https:\/\/www.visitamalfi.info\/wp-content\/uploads\/2023\/04\/visit-amalfi-logo-web.png","contentUrl":"https:\/\/www.visitamalfi.info\/wp-content\/uploads\/2023\/04\/visit-amalfi-logo-web.png","width":800,"height":870,"caption":"Visit Amalfi"},"image":{"@id":"https:\/\/www.visitamalfi.info\/fr\/#\/schema\/logo\/image\/"},"sameAs":["https:\/\/www.facebook.com\/visitamalfiofficial","https:\/\/www.instagram.com\/visitamalfiofficial\/"]}]}},"_links":{"self":[{"href":"https:\/\/www.visitamalfi.info\/fr\/wp-json\/wp\/v2\/tribe_events\/19905","targetHints":{"allow":["GET"]}}],"collection":[{"href":"https:\/\/www.visitamalfi.info\/fr\/wp-json\/wp\/v2\/tribe_events"}],"about":[{"href":"https:\/\/www.visitamalfi.info\/fr\/wp-json\/wp\/v2\/types\/tribe_events"}],"author":[{"embeddable":true,"href":"https:\/\/www.visitamalfi.info\/fr\/wp-json\/wp\/v2\/users\/7"}],"version-history":[{"count":0,"href":"https:\/\/www.visitamalfi.info\/fr\/wp-json\/wp\/v2\/tribe_events\/19905\/revisions"}],"wp:attachment":[{"href":"https:\/\/www.visitamalfi.info\/fr\/wp-json\/wp\/v2\/media?parent=19905"}],"wp:term":[{"taxonomy":"post_tag","embeddable":true,"href":"https:\/\/www.visitamalfi.info\/fr\/wp-json\/wp\/v2\/tags?post=19905"},{"taxonomy":"tribe_events_cat","embeddable":true,"href":"https:\/\/www.visitamalfi.info\/fr\/wp-json\/wp\/v2\/tribe_events_cat?post=19905"}],"curies":[{"name":"wp","href":"https:\/\/api.w.org\/{rel}","templated":true}]}}

https://www.visitamalfi.info/fr/événement/arisa-en-concert/

<p>En apothéose du <a href="https://www.visitamalfi.info/evento/capodanno-bizantino/">réveillon byzantin</a> 2024, Arisa en concert sur la Piazza Duomo d&#8217;Amalfi prévu à 21h30. Pour l&#8217;occasion, l&#8217;artiste présentera un spectacle inédit composé uniquement de voix et de piano : émotions garanties ! Du talent, de la bonne musique et un cadre de rêve, la ville d&#8217;Amalfi, feront de cette soirée un moment unique ! L&#8217;extraordinaire artiste, chanteuse et personnalité de la télévision présentera un set acoustique piano-voix dans une atmosphère unique. &#8220;Artiste sophistiquée, Arisa revient cet été avec le single -Baciami Stupido-. Une chanson aux sonorités estivales et entraînantes qui veut célébrer l&#8217;amour universel sous toutes ses formes : à l&#8217;intérieur, en effet, il y a tout le symbolisme du geste intemporel du baiser, qui, pour Arisa, devient -un puissant symbole de consentement, un moment de vulnérabilité et d&#8217;intimité, dans lequel deux amants partagent volontairement une profonde expression d&#8217;affection-&#8220;.      &nbsp;</p>

<p>Pour terminer en beauté le réveillon byzantin 2024, Arisa en concert sur la Piazza Duomo d&#8217;Amalfi à 21h30 &#8211; entrée libre.</p>

<!-- This site is optimized with the Yoast SEO plugin v27.3 - https://yoast.com/product/yoast-seo-wordpress/ -->
<title>Arisa en concert - Visit Amalfi</title>
<meta name="robots" content="index, follow, max-snippet:-1, max-image-preview:large, max-video-preview:-1" />
<link rel="canonical" href="https://www.visitamalfi.info/fr/événement/arisa-en-concert/" />
<meta property="og:locale" content="fr_FR" />
<meta property="og:type" content="article" />
<meta property="og:title" content="Arisa en concert - Visit Amalfi" />
<meta property="og:description" content="Pour terminer en beauté le réveillon byzantin 2024, Arisa en concert sur la Piazza Duomo d&#039;Amalfi à 21h30 - entrée libre." />
<meta property="og:url" content="https://www.visitamalfi.info/fr/événement/arisa-en-concert/" />
<meta property="og:site_name" content="Visit Amalfi" />
<meta property="article:publisher" content="https://www.facebook.com/visitamalfiofficial" />
<meta name="twitter:card" content="summary_large_image" />
<meta name="twitter:label1" content="Durée de lecture estimée" />
	<meta name="twitter:data1" content="1 minute" />
<script type="application/ld+json" class="yoast-schema-graph">{"@context":"https:\/\/schema.org","@graph":[{"@type":"WebPage","@id":"https:\/\/www.visitamalfi.info\/fr\/événement\/arisa-en-concert\/","url":"https:\/\/www.visitamalfi.info\/fr\/événement\/arisa-en-concert\/","name":"Arisa en concert - Visit Amalfi","isPartOf":{"@id":"https:\/\/www.visitamalfi.info\/fr\/#website"},"datePublished":"2024-08-26T14:05:12+00:00","breadcrumb":{"@id":"https:\/\/www.visitamalfi.info\/fr\/événement\/arisa-en-concert\/#breadcrumb"},"inLanguage":"fr-FR","potentialAction":[{"@type":"ReadAction","target":["https:\/\/www.visitamalfi.info\/fr\/événement\/arisa-en-concert\/"]}]},{"@type":"BreadcrumbList","@id":"https:\/\/www.visitamalfi.info\/fr\/événement\/arisa-en-concert\/#breadcrumb","itemListElement":[{"@type":"ListItem","position":1,"name":"Home","item":"https:\/\/www.visitamalfi.info\/fr\/"},{"@type":"ListItem","position":2,"name":"Évènements","item":"https:\/\/www.visitamalfi.info\/fr\/eventi\/"},{"@type":"ListItem","position":3,"name":"Arisa en concert"}]},{"@type":"WebSite","@id":"https:\/\/www.visitamalfi.info\/fr\/#website","url":"https:\/\/www.visitamalfi.info\/fr\/","name":"Visit Amalfi","description":"Amalfi Destination Official Website","publisher":{"@id":"https:\/\/www.visitamalfi.info\/fr\/#organization"},"potentialAction":[{"@type":"SearchAction","target":{"@type":"EntryPoint","urlTemplate":"https:\/\/www.visitamalfi.info\/fr\/?s={search_term_string}"},"query-input":{"@type":"PropertyValueSpecification","valueRequired":true,"valueName":"search_term_string"}}],"inLanguage":"fr-FR"},{"@type":"Organization","@id":"https:\/\/www.visitamalfi.info\/fr\/#organization","name":"Visit Amalfi","url":"https:\/\/www.visitamalfi.info\/fr\/","logo":{"@type":"ImageObject","inLanguage":"fr-FR","@id":"https:\/\/www.visitamalfi.info\/fr\/#\/schema\/logo\/image\/","url":"https:\/\/www.visitamalfi.info\/wp-content\/uploads\/2023\/04\/visit-amalfi-logo-web.png","contentUrl":"https:\/\/www.visitamalfi.info\/wp-content\/uploads\/2023\/04\/visit-amalfi-logo-web.png","width":800,"height":870,"caption":"Visit Amalfi"},"image":{"@id":"https:\/\/www.visitamalfi.info\/fr\/#\/schema\/logo\/image\/"},"sameAs":["https:\/\/www.facebook.com\/visitamalfiofficial","https:\/\/www.instagram.com\/visitamalfiofficial\/"]}]}</script>
<!-- / Yoast SEO plugin. -->

Pour terminer en beauté le réveillon byzantin 2024, Arisa en concert sur la Piazza Duomo d'Amalfi à 21h30 - entrée libre.

https://www.visitamalfi.info/fr/événement/arisa-en-concert/#breadcrumb

Évènements
