{"id":19130,"date":"2024-06-07T17:28:56","date_gmt":"2024-06-07T15:28:56","guid":{"rendered":"https:\/\/www.visitamalfi.info\/evento\/paolo-belli-et-le-big-band\/"},"modified":"2024-06-07T17:28:56","modified_gmt":"2024-06-07T15:28:56","slug":"paolo-belli-et-le-big-band","status":"publish","type":"tribe_events","link":"https:\/\/www.visitamalfi.info\/fr\/\u00e9v\u00e9nement\/paolo-belli-et-le-big-band\/","title":{"rendered":"Paolo Belli et le Big Band"},"content":{"rendered":"<p>Peu d&#8217;artistes en Italie peuvent se targuer d&#8217;avoir une carri\u00e8re artistique comme celle de Paolo Belli. Un artiste polyvalent et attachant qui, avec son groupe, parcourt les places et les th\u00e9\u00e2tres du monde entier depuis plus de vingt ans avec un spectacle unique. Un spectacle amusant, ensoleill\u00e9, au rythme entra\u00eenant, dans un crescendo de notes et d&#8217;\u00e9motions capable de faire du public le protagoniste et une partie int\u00e9grante du spectacle lui-m\u00eame. Il ne s&#8217;agit pas d&#8217;un simple concert, mais d&#8217;un v\u00e9ritable spectacle, m\u00fbri gr\u00e2ce \u00e0 la grande exp\u00e9rience t\u00e9l\u00e9visuelle de Paolo et de son groupe. Ses plus grands succ\u00e8s figurent sur la liste, en alternance avec des hommages aux ma\u00eetres qui ont influenc\u00e9 sa carri\u00e8re depuis le d\u00e9but, tels que Carosone, Jannacci et Conte. <strong>Paolo Belli <\/strong>est accompagn\u00e9 sur sc\u00e8ne par le Big Band qui l&#8217;a toujours accompagn\u00e9 \u00e0 la t\u00e9l\u00e9vision, au th\u00e9\u00e2tre et lors de concerts de rue en Italie et \u00e0 l&#8217;\u00e9tranger.<\/p>\n","protected":false},"excerpt":{"rendered":"<p>Un artiste polyvalent et attachant qui, avec son groupe, parcourt les places et les th\u00e9\u00e2tres du monde entier depuis plus de vingt ans avec un spectacle unique.<\/p>\n","protected":false},"author":7,"featured_media":0,"template":"","meta":{"inline_featured_image":false,"_tribe_events_status":"","_tribe_events_status_reason":"","footnotes":""},"tags":[],"tribe_events_cat":[317,623],"class_list":["post-19130","tribe_events","type-tribe_events","status-publish","hentry","tribe_events_cat-musica-dal-vivo-fr","tribe_events_cat-musique","cat_musica-dal-vivo-fr","cat_musique"],"yoast_head":"<!-- This site is optimized with the Yoast SEO plugin v27.3 - https:\/\/yoast.com\/product\/yoast-seo-wordpress\/ -->\n<title>Paolo Belli et le Big Band - Visit Amalfi<\/title>\n<meta name=\"robots\" content=\"index, follow, max-snippet:-1, max-image-preview:large, max-video-preview:-1\" \/>\n<link rel=\"canonical\" href=\"https:\/\/www.visitamalfi.info\/fr\/\u00e9v\u00e9nement\/paolo-belli-et-le-big-band\/\" \/>\n<meta property=\"og:locale\" content=\"fr_FR\" \/>\n<meta property=\"og:type\" content=\"article\" \/>\n<meta property=\"og:title\" content=\"Paolo Belli et le Big Band - Visit Amalfi\" \/>\n<meta property=\"og:description\" content=\"Un artiste polyvalent et attachant qui, avec son groupe, parcourt les places et les th\u00e9\u00e2tres du monde entier depuis plus de vingt ans avec un spectacle unique.\" \/>\n<meta property=\"og:url\" content=\"https:\/\/www.visitamalfi.info\/fr\/\u00e9v\u00e9nement\/paolo-belli-et-le-big-band\/\" \/>\n<meta property=\"og:site_name\" content=\"Visit Amalfi\" \/>\n<meta property=\"article:publisher\" content=\"https:\/\/www.facebook.com\/visitamalfiofficial\" \/>\n<meta name=\"twitter:card\" content=\"summary_large_image\" \/>\n<meta name=\"twitter:label1\" content=\"Dur\u00e9e de lecture estim\u00e9e\" \/>\n\t<meta name=\"twitter:data1\" content=\"1 minute\" \/>\n<script type=\"application\/ld+json\" class=\"yoast-schema-graph\">{\"@context\":\"https:\\\/\\\/schema.org\",\"@graph\":[{\"@type\":\"WebPage\",\"@id\":\"https:\\\/\\\/www.visitamalfi.info\\\/fr\\\/\u00e9v\u00e9nement\\\/paolo-belli-et-le-big-band\\\/\",\"url\":\"https:\\\/\\\/www.visitamalfi.info\\\/fr\\\/\u00e9v\u00e9nement\\\/paolo-belli-et-le-big-band\\\/\",\"name\":\"Paolo Belli et le Big Band - Visit Amalfi\",\"isPartOf\":{\"@id\":\"https:\\\/\\\/www.visitamalfi.info\\\/fr\\\/#website\"},\"datePublished\":\"2024-06-07T15:28:56+00:00\",\"breadcrumb\":{\"@id\":\"https:\\\/\\\/www.visitamalfi.info\\\/fr\\\/\u00e9v\u00e9nement\\\/paolo-belli-et-le-big-band\\\/#breadcrumb\"},\"inLanguage\":\"fr-FR\",\"potentialAction\":[{\"@type\":\"ReadAction\",\"target\":[\"https:\\\/\\\/www.visitamalfi.info\\\/fr\\\/\u00e9v\u00e9nement\\\/paolo-belli-et-le-big-band\\\/\"]}]},{\"@type\":\"BreadcrumbList\",\"@id\":\"https:\\\/\\\/www.visitamalfi.info\\\/fr\\\/\u00e9v\u00e9nement\\\/paolo-belli-et-le-big-band\\\/#breadcrumb\",\"itemListElement\":[{\"@type\":\"ListItem\",\"position\":1,\"name\":\"Home\",\"item\":\"https:\\\/\\\/www.visitamalfi.info\\\/fr\\\/\"},{\"@type\":\"ListItem\",\"position\":2,\"name\":\"\u00c9v\u00e8nements\",\"item\":\"https:\\\/\\\/www.visitamalfi.info\\\/fr\\\/eventi\\\/\"},{\"@type\":\"ListItem\",\"position\":3,\"name\":\"Paolo Belli et le Big Band\"}]},{\"@type\":\"WebSite\",\"@id\":\"https:\\\/\\\/www.visitamalfi.info\\\/fr\\\/#website\",\"url\":\"https:\\\/\\\/www.visitamalfi.info\\\/fr\\\/\",\"name\":\"Visit Amalfi\",\"description\":\"Amalfi Destination Official Website\",\"publisher\":{\"@id\":\"https:\\\/\\\/www.visitamalfi.info\\\/fr\\\/#organization\"},\"potentialAction\":[{\"@type\":\"SearchAction\",\"target\":{\"@type\":\"EntryPoint\",\"urlTemplate\":\"https:\\\/\\\/www.visitamalfi.info\\\/fr\\\/?s={search_term_string}\"},\"query-input\":{\"@type\":\"PropertyValueSpecification\",\"valueRequired\":true,\"valueName\":\"search_term_string\"}}],\"inLanguage\":\"fr-FR\"},{\"@type\":\"Organization\",\"@id\":\"https:\\\/\\\/www.visitamalfi.info\\\/fr\\\/#organization\",\"name\":\"Visit Amalfi\",\"url\":\"https:\\\/\\\/www.visitamalfi.info\\\/fr\\\/\",\"logo\":{\"@type\":\"ImageObject\",\"inLanguage\":\"fr-FR\",\"@id\":\"https:\\\/\\\/www.visitamalfi.info\\\/fr\\\/#\\\/schema\\\/logo\\\/image\\\/\",\"url\":\"https:\\\/\\\/www.visitamalfi.info\\\/wp-content\\\/uploads\\\/2023\\\/04\\\/visit-amalfi-logo-web.png\",\"contentUrl\":\"https:\\\/\\\/www.visitamalfi.info\\\/wp-content\\\/uploads\\\/2023\\\/04\\\/visit-amalfi-logo-web.png\",\"width\":800,\"height\":870,\"caption\":\"Visit Amalfi\"},\"image\":{\"@id\":\"https:\\\/\\\/www.visitamalfi.info\\\/fr\\\/#\\\/schema\\\/logo\\\/image\\\/\"},\"sameAs\":[\"https:\\\/\\\/www.facebook.com\\\/visitamalfiofficial\",\"https:\\\/\\\/www.instagram.com\\\/visitamalfiofficial\\\/\"]}]}<\/script>\n<!-- \/ Yoast SEO plugin. -->","yoast_head_json":{"title":"Paolo Belli et le Big Band - Visit Amalfi","robots":{"index":"index","follow":"follow","max-snippet":"max-snippet:-1","max-image-preview":"max-image-preview:large","max-video-preview":"max-video-preview:-1"},"canonical":"https:\/\/www.visitamalfi.info\/fr\/\u00e9v\u00e9nement\/paolo-belli-et-le-big-band\/","og_locale":"fr_FR","og_type":"article","og_title":"Paolo Belli et le Big Band - Visit Amalfi","og_description":"Un artiste polyvalent et attachant qui, avec son groupe, parcourt les places et les th\u00e9\u00e2tres du monde entier depuis plus de vingt ans avec un spectacle unique.","og_url":"https:\/\/www.visitamalfi.info\/fr\/\u00e9v\u00e9nement\/paolo-belli-et-le-big-band\/","og_site_name":"Visit Amalfi","article_publisher":"https:\/\/www.facebook.com\/visitamalfiofficial","twitter_card":"summary_large_image","twitter_misc":{"Dur\u00e9e de lecture estim\u00e9e":"1 minute"},"schema":{"@context":"https:\/\/schema.org","@graph":[{"@type":"WebPage","@id":"https:\/\/www.visitamalfi.info\/fr\/\u00e9v\u00e9nement\/paolo-belli-et-le-big-band\/","url":"https:\/\/www.visitamalfi.info\/fr\/\u00e9v\u00e9nement\/paolo-belli-et-le-big-band\/","name":"Paolo Belli et le Big Band - Visit Amalfi","isPartOf":{"@id":"https:\/\/www.visitamalfi.info\/fr\/#website"},"datePublished":"2024-06-07T15:28:56+00:00","breadcrumb":{"@id":"https:\/\/www.visitamalfi.info\/fr\/\u00e9v\u00e9nement\/paolo-belli-et-le-big-band\/#breadcrumb"},"inLanguage":"fr-FR","potentialAction":[{"@type":"ReadAction","target":["https:\/\/www.visitamalfi.info\/fr\/\u00e9v\u00e9nement\/paolo-belli-et-le-big-band\/"]}]},{"@type":"BreadcrumbList","@id":"https:\/\/www.visitamalfi.info\/fr\/\u00e9v\u00e9nement\/paolo-belli-et-le-big-band\/#breadcrumb","itemListElement":[{"@type":"ListItem","position":1,"name":"Home","item":"https:\/\/www.visitamalfi.info\/fr\/"},{"@type":"ListItem","position":2,"name":"\u00c9v\u00e8nements","item":"https:\/\/www.visitamalfi.info\/fr\/eventi\/"},{"@type":"ListItem","position":3,"name":"Paolo Belli et le Big Band"}]},{"@type":"WebSite","@id":"https:\/\/www.visitamalfi.info\/fr\/#website","url":"https:\/\/www.visitamalfi.info\/fr\/","name":"Visit Amalfi","description":"Amalfi Destination Official Website","publisher":{"@id":"https:\/\/www.visitamalfi.info\/fr\/#organization"},"potentialAction":[{"@type":"SearchAction","target":{"@type":"EntryPoint","urlTemplate":"https:\/\/www.visitamalfi.info\/fr\/?s={search_term_string}"},"query-input":{"@type":"PropertyValueSpecification","valueRequired":true,"valueName":"search_term_string"}}],"inLanguage":"fr-FR"},{"@type":"Organization","@id":"https:\/\/www.visitamalfi.info\/fr\/#organization","name":"Visit Amalfi","url":"https:\/\/www.visitamalfi.info\/fr\/","logo":{"@type":"ImageObject","inLanguage":"fr-FR","@id":"https:\/\/www.visitamalfi.info\/fr\/#\/schema\/logo\/image\/","url":"https:\/\/www.visitamalfi.info\/wp-content\/uploads\/2023\/04\/visit-amalfi-logo-web.png","contentUrl":"https:\/\/www.visitamalfi.info\/wp-content\/uploads\/2023\/04\/visit-amalfi-logo-web.png","width":800,"height":870,"caption":"Visit Amalfi"},"image":{"@id":"https:\/\/www.visitamalfi.info\/fr\/#\/schema\/logo\/image\/"},"sameAs":["https:\/\/www.facebook.com\/visitamalfiofficial","https:\/\/www.instagram.com\/visitamalfiofficial\/"]}]}},"_links":{"self":[{"href":"https:\/\/www.visitamalfi.info\/fr\/wp-json\/wp\/v2\/tribe_events\/19130","targetHints":{"allow":["GET"]}}],"collection":[{"href":"https:\/\/www.visitamalfi.info\/fr\/wp-json\/wp\/v2\/tribe_events"}],"about":[{"href":"https:\/\/www.visitamalfi.info\/fr\/wp-json\/wp\/v2\/types\/tribe_events"}],"author":[{"embeddable":true,"href":"https:\/\/www.visitamalfi.info\/fr\/wp-json\/wp\/v2\/users\/7"}],"version-history":[{"count":0,"href":"https:\/\/www.visitamalfi.info\/fr\/wp-json\/wp\/v2\/tribe_events\/19130\/revisions"}],"wp:attachment":[{"href":"https:\/\/www.visitamalfi.info\/fr\/wp-json\/wp\/v2\/media?parent=19130"}],"wp:term":[{"taxonomy":"post_tag","embeddable":true,"href":"https:\/\/www.visitamalfi.info\/fr\/wp-json\/wp\/v2\/tags?post=19130"},{"taxonomy":"tribe_events_cat","embeddable":true,"href":"https:\/\/www.visitamalfi.info\/fr\/wp-json\/wp\/v2\/tribe_events_cat?post=19130"}],"curies":[{"name":"wp","href":"https:\/\/api.w.org\/{rel}","templated":true}]}}

https://www.visitamalfi.info/fr/événement/paolo-belli-et-le-big-band/

<p>Peu d&#8217;artistes en Italie peuvent se targuer d&#8217;avoir une carrière artistique comme celle de Paolo Belli. Un artiste polyvalent et attachant qui, avec son groupe, parcourt les places et les théâtres du monde entier depuis plus de vingt ans avec un spectacle unique. Un spectacle amusant, ensoleillé, au rythme entraînant, dans un crescendo de notes et d&#8217;émotions capable de faire du public le protagoniste et une partie intégrante du spectacle lui-même. Il ne s&#8217;agit pas d&#8217;un simple concert, mais d&#8217;un véritable spectacle, mûri grâce à la grande expérience télévisuelle de Paolo et de son groupe. Ses plus grands succès figurent sur la liste, en alternance avec des hommages aux maîtres qui ont influencé sa carrière depuis le début, tels que Carosone, Jannacci et Conte. <strong>Paolo Belli </strong>est accompagné sur scène par le Big Band qui l&#8217;a toujours accompagné à la télévision, au théâtre et lors de concerts de rue en Italie et à l&#8217;étranger.</p>

<p>Un artiste polyvalent et attachant qui, avec son groupe, parcourt les places et les théâtres du monde entier depuis plus de vingt ans avec un spectacle unique.</p>

<!-- This site is optimized with the Yoast SEO plugin v27.3 - https://yoast.com/product/yoast-seo-wordpress/ -->
<title>Paolo Belli et le Big Band - Visit Amalfi</title>
<meta name="robots" content="index, follow, max-snippet:-1, max-image-preview:large, max-video-preview:-1" />
<link rel="canonical" href="https://www.visitamalfi.info/fr/événement/paolo-belli-et-le-big-band/" />
<meta property="og:locale" content="fr_FR" />
<meta property="og:type" content="article" />
<meta property="og:title" content="Paolo Belli et le Big Band - Visit Amalfi" />
<meta property="og:description" content="Un artiste polyvalent et attachant qui, avec son groupe, parcourt les places et les théâtres du monde entier depuis plus de vingt ans avec un spectacle unique." />
<meta property="og:url" content="https://www.visitamalfi.info/fr/événement/paolo-belli-et-le-big-band/" />
<meta property="og:site_name" content="Visit Amalfi" />
<meta property="article:publisher" content="https://www.facebook.com/visitamalfiofficial" />
<meta name="twitter:card" content="summary_large_image" />
<meta name="twitter:label1" content="Durée de lecture estimée" />
	<meta name="twitter:data1" content="1 minute" />
<script type="application/ld+json" class="yoast-schema-graph">{"@context":"https:\/\/schema.org","@graph":[{"@type":"WebPage","@id":"https:\/\/www.visitamalfi.info\/fr\/événement\/paolo-belli-et-le-big-band\/","url":"https:\/\/www.visitamalfi.info\/fr\/événement\/paolo-belli-et-le-big-band\/","name":"Paolo Belli et le Big Band - Visit Amalfi","isPartOf":{"@id":"https:\/\/www.visitamalfi.info\/fr\/#website"},"datePublished":"2024-06-07T15:28:56+00:00","breadcrumb":{"@id":"https:\/\/www.visitamalfi.info\/fr\/événement\/paolo-belli-et-le-big-band\/#breadcrumb"},"inLanguage":"fr-FR","potentialAction":[{"@type":"ReadAction","target":["https:\/\/www.visitamalfi.info\/fr\/événement\/paolo-belli-et-le-big-band\/"]}]},{"@type":"BreadcrumbList","@id":"https:\/\/www.visitamalfi.info\/fr\/événement\/paolo-belli-et-le-big-band\/#breadcrumb","itemListElement":[{"@type":"ListItem","position":1,"name":"Home","item":"https:\/\/www.visitamalfi.info\/fr\/"},{"@type":"ListItem","position":2,"name":"Évènements","item":"https:\/\/www.visitamalfi.info\/fr\/eventi\/"},{"@type":"ListItem","position":3,"name":"Paolo Belli et le Big Band"}]},{"@type":"WebSite","@id":"https:\/\/www.visitamalfi.info\/fr\/#website","url":"https:\/\/www.visitamalfi.info\/fr\/","name":"Visit Amalfi","description":"Amalfi Destination Official Website","publisher":{"@id":"https:\/\/www.visitamalfi.info\/fr\/#organization"},"potentialAction":[{"@type":"SearchAction","target":{"@type":"EntryPoint","urlTemplate":"https:\/\/www.visitamalfi.info\/fr\/?s={search_term_string}"},"query-input":{"@type":"PropertyValueSpecification","valueRequired":true,"valueName":"search_term_string"}}],"inLanguage":"fr-FR"},{"@type":"Organization","@id":"https:\/\/www.visitamalfi.info\/fr\/#organization","name":"Visit Amalfi","url":"https:\/\/www.visitamalfi.info\/fr\/","logo":{"@type":"ImageObject","inLanguage":"fr-FR","@id":"https:\/\/www.visitamalfi.info\/fr\/#\/schema\/logo\/image\/","url":"https:\/\/www.visitamalfi.info\/wp-content\/uploads\/2023\/04\/visit-amalfi-logo-web.png","contentUrl":"https:\/\/www.visitamalfi.info\/wp-content\/uploads\/2023\/04\/visit-amalfi-logo-web.png","width":800,"height":870,"caption":"Visit Amalfi"},"image":{"@id":"https:\/\/www.visitamalfi.info\/fr\/#\/schema\/logo\/image\/"},"sameAs":["https:\/\/www.facebook.com\/visitamalfiofficial","https:\/\/www.instagram.com\/visitamalfiofficial\/"]}]}</script>
<!-- / Yoast SEO plugin. -->

Un artiste polyvalent et attachant qui, avec son groupe, parcourt les places et les théâtres du monde entier depuis plus de vingt ans avec un spectacle unique.

https://www.visitamalfi.info/fr/événement/paolo-belli-et-le-big-band/#breadcrumb

Évènements
