{"id":19109,"date":"2024-06-07T17:20:01","date_gmt":"2024-06-07T15:20:01","guid":{"rendered":"https:\/\/www.visitamalfi.info\/evento\/amalfi-in-jazz-ana-carla-maza-quartet\/"},"modified":"2024-06-07T17:20:01","modified_gmt":"2024-06-07T15:20:01","slug":"amalfi-in-jazz-ana-carla-maza-quartet","status":"publish","type":"tribe_events","link":"https:\/\/www.visitamalfi.info\/fr\/\u00e9v\u00e9nement\/amalfi-in-jazz-ana-carla-maza-quartet\/","title":{"rendered":"Amalfi in Jazz &#8211; Ana Carla Maza Quartet"},"content":{"rendered":"<p><strong>Ana Carla Maza<\/strong> est n\u00e9e au moment o\u00f9 Wim Wenders commen\u00e7ait le tournage de <strong><em>Buena Vista Social Club <\/em><\/strong>\u00e0 La Havane. C&#8217;est \u00e0 l&#8217;\u00e2ge de huit ans qu&#8217;elle a commenc\u00e9 \u00e0 jouer du violoncelle, un instrument qui allait devenir intimement li\u00e9 \u00e0 son \u00e2me, et c&#8217;est \u00e0 dix ans qu&#8217;elle est mont\u00e9e sur sc\u00e8ne. \u00c0 l&#8217;\u00e2ge de seize ans, elle s&#8217;installe \u00e0 Paris pour \u00e9tudier au Conservatoire de musique et c&#8217;est en se produisant dans les clubs de jazz et les caf\u00e9s parisiens qu&#8217;elle commence sa carri\u00e8re. La jeune interpr\u00e8te cubaine oscille avec dext\u00e9rit\u00e9 entre rythmes latins, sonorit\u00e9s pop, harmonies jazz et technique classique, et alterne les idiomes fran\u00e7ais et espagnol dans l&#8217;\u00e9criture de ses textes. Avec <strong>Ana Carla Maza<\/strong> au violoncelle et au chant, <strong>Norman Peplow <\/strong>au piano, <strong>Marc Ayza<\/strong> \u00e0 la batterie et <strong>Luis Guerra<\/strong> aux percussions.<\/p>\n","protected":false},"excerpt":{"rendered":"<p>Ana Carla Maza est n\u00e9e au moment o\u00f9 Wim Wenders commen\u00e7ait le tournage de Buena Vista Social Club \u00e0 La Havane.<\/p>\n","protected":false},"author":7,"featured_media":0,"template":"","meta":{"inline_featured_image":false,"_tribe_events_status":"","_tribe_events_status_reason":"","footnotes":""},"tags":[],"tribe_events_cat":[318,317,623],"class_list":["post-19109","tribe_events","type-tribe_events","status-publish","hentry","tribe_events_cat-jazz-fr","tribe_events_cat-musica-dal-vivo-fr","tribe_events_cat-musique","cat_jazz-fr","cat_musica-dal-vivo-fr","cat_musique"],"yoast_head":"<!-- This site is optimized with the Yoast SEO plugin v27.3 - https:\/\/yoast.com\/product\/yoast-seo-wordpress\/ -->\n<title>Amalfi in Jazz - Ana Carla Maza Quartet - Visit Amalfi<\/title>\n<meta name=\"robots\" content=\"index, follow, max-snippet:-1, max-image-preview:large, max-video-preview:-1\" \/>\n<link rel=\"canonical\" href=\"https:\/\/www.visitamalfi.info\/fr\/\u00e9v\u00e9nement\/amalfi-in-jazz-ana-carla-maza-quartet\/\" \/>\n<meta property=\"og:locale\" content=\"fr_FR\" \/>\n<meta property=\"og:type\" content=\"article\" \/>\n<meta property=\"og:title\" content=\"Amalfi in Jazz - Ana Carla Maza Quartet - Visit Amalfi\" \/>\n<meta property=\"og:description\" content=\"Ana Carla Maza est n\u00e9e au moment o\u00f9 Wim Wenders commen\u00e7ait le tournage de Buena Vista Social Club \u00e0 La Havane.\" \/>\n<meta property=\"og:url\" content=\"https:\/\/www.visitamalfi.info\/fr\/\u00e9v\u00e9nement\/amalfi-in-jazz-ana-carla-maza-quartet\/\" \/>\n<meta property=\"og:site_name\" content=\"Visit Amalfi\" \/>\n<meta property=\"article:publisher\" content=\"https:\/\/www.facebook.com\/visitamalfiofficial\" \/>\n<meta name=\"twitter:card\" content=\"summary_large_image\" \/>\n<meta name=\"twitter:label1\" content=\"Dur\u00e9e de lecture estim\u00e9e\" \/>\n\t<meta name=\"twitter:data1\" content=\"1 minute\" \/>\n<script type=\"application\/ld+json\" class=\"yoast-schema-graph\">{\"@context\":\"https:\\\/\\\/schema.org\",\"@graph\":[{\"@type\":\"WebPage\",\"@id\":\"https:\\\/\\\/www.visitamalfi.info\\\/fr\\\/\u00e9v\u00e9nement\\\/amalfi-in-jazz-ana-carla-maza-quartet\\\/\",\"url\":\"https:\\\/\\\/www.visitamalfi.info\\\/fr\\\/\u00e9v\u00e9nement\\\/amalfi-in-jazz-ana-carla-maza-quartet\\\/\",\"name\":\"Amalfi in Jazz - Ana Carla Maza Quartet - Visit Amalfi\",\"isPartOf\":{\"@id\":\"https:\\\/\\\/www.visitamalfi.info\\\/fr\\\/#website\"},\"datePublished\":\"2024-06-07T15:20:01+00:00\",\"breadcrumb\":{\"@id\":\"https:\\\/\\\/www.visitamalfi.info\\\/fr\\\/\u00e9v\u00e9nement\\\/amalfi-in-jazz-ana-carla-maza-quartet\\\/#breadcrumb\"},\"inLanguage\":\"fr-FR\",\"potentialAction\":[{\"@type\":\"ReadAction\",\"target\":[\"https:\\\/\\\/www.visitamalfi.info\\\/fr\\\/\u00e9v\u00e9nement\\\/amalfi-in-jazz-ana-carla-maza-quartet\\\/\"]}]},{\"@type\":\"BreadcrumbList\",\"@id\":\"https:\\\/\\\/www.visitamalfi.info\\\/fr\\\/\u00e9v\u00e9nement\\\/amalfi-in-jazz-ana-carla-maza-quartet\\\/#breadcrumb\",\"itemListElement\":[{\"@type\":\"ListItem\",\"position\":1,\"name\":\"Home\",\"item\":\"https:\\\/\\\/www.visitamalfi.info\\\/fr\\\/\"},{\"@type\":\"ListItem\",\"position\":2,\"name\":\"\u00c9v\u00e8nements\",\"item\":\"https:\\\/\\\/www.visitamalfi.info\\\/fr\\\/eventi\\\/\"},{\"@type\":\"ListItem\",\"position\":3,\"name\":\"Amalfi in Jazz &#8211; Ana Carla Maza Quartet\"}]},{\"@type\":\"WebSite\",\"@id\":\"https:\\\/\\\/www.visitamalfi.info\\\/fr\\\/#website\",\"url\":\"https:\\\/\\\/www.visitamalfi.info\\\/fr\\\/\",\"name\":\"Visit Amalfi\",\"description\":\"Amalfi Destination Official Website\",\"publisher\":{\"@id\":\"https:\\\/\\\/www.visitamalfi.info\\\/fr\\\/#organization\"},\"potentialAction\":[{\"@type\":\"SearchAction\",\"target\":{\"@type\":\"EntryPoint\",\"urlTemplate\":\"https:\\\/\\\/www.visitamalfi.info\\\/fr\\\/?s={search_term_string}\"},\"query-input\":{\"@type\":\"PropertyValueSpecification\",\"valueRequired\":true,\"valueName\":\"search_term_string\"}}],\"inLanguage\":\"fr-FR\"},{\"@type\":\"Organization\",\"@id\":\"https:\\\/\\\/www.visitamalfi.info\\\/fr\\\/#organization\",\"name\":\"Visit Amalfi\",\"url\":\"https:\\\/\\\/www.visitamalfi.info\\\/fr\\\/\",\"logo\":{\"@type\":\"ImageObject\",\"inLanguage\":\"fr-FR\",\"@id\":\"https:\\\/\\\/www.visitamalfi.info\\\/fr\\\/#\\\/schema\\\/logo\\\/image\\\/\",\"url\":\"https:\\\/\\\/www.visitamalfi.info\\\/wp-content\\\/uploads\\\/2023\\\/04\\\/visit-amalfi-logo-web.png\",\"contentUrl\":\"https:\\\/\\\/www.visitamalfi.info\\\/wp-content\\\/uploads\\\/2023\\\/04\\\/visit-amalfi-logo-web.png\",\"width\":800,\"height\":870,\"caption\":\"Visit Amalfi\"},\"image\":{\"@id\":\"https:\\\/\\\/www.visitamalfi.info\\\/fr\\\/#\\\/schema\\\/logo\\\/image\\\/\"},\"sameAs\":[\"https:\\\/\\\/www.facebook.com\\\/visitamalfiofficial\",\"https:\\\/\\\/www.instagram.com\\\/visitamalfiofficial\\\/\"]}]}<\/script>\n<!-- \/ Yoast SEO plugin. -->","yoast_head_json":{"title":"Amalfi in Jazz - Ana Carla Maza Quartet - Visit Amalfi","robots":{"index":"index","follow":"follow","max-snippet":"max-snippet:-1","max-image-preview":"max-image-preview:large","max-video-preview":"max-video-preview:-1"},"canonical":"https:\/\/www.visitamalfi.info\/fr\/\u00e9v\u00e9nement\/amalfi-in-jazz-ana-carla-maza-quartet\/","og_locale":"fr_FR","og_type":"article","og_title":"Amalfi in Jazz - Ana Carla Maza Quartet - Visit Amalfi","og_description":"Ana Carla Maza est n\u00e9e au moment o\u00f9 Wim Wenders commen\u00e7ait le tournage de Buena Vista Social Club \u00e0 La Havane.","og_url":"https:\/\/www.visitamalfi.info\/fr\/\u00e9v\u00e9nement\/amalfi-in-jazz-ana-carla-maza-quartet\/","og_site_name":"Visit Amalfi","article_publisher":"https:\/\/www.facebook.com\/visitamalfiofficial","twitter_card":"summary_large_image","twitter_misc":{"Dur\u00e9e de lecture estim\u00e9e":"1 minute"},"schema":{"@context":"https:\/\/schema.org","@graph":[{"@type":"WebPage","@id":"https:\/\/www.visitamalfi.info\/fr\/\u00e9v\u00e9nement\/amalfi-in-jazz-ana-carla-maza-quartet\/","url":"https:\/\/www.visitamalfi.info\/fr\/\u00e9v\u00e9nement\/amalfi-in-jazz-ana-carla-maza-quartet\/","name":"Amalfi in Jazz - Ana Carla Maza Quartet - Visit Amalfi","isPartOf":{"@id":"https:\/\/www.visitamalfi.info\/fr\/#website"},"datePublished":"2024-06-07T15:20:01+00:00","breadcrumb":{"@id":"https:\/\/www.visitamalfi.info\/fr\/\u00e9v\u00e9nement\/amalfi-in-jazz-ana-carla-maza-quartet\/#breadcrumb"},"inLanguage":"fr-FR","potentialAction":[{"@type":"ReadAction","target":["https:\/\/www.visitamalfi.info\/fr\/\u00e9v\u00e9nement\/amalfi-in-jazz-ana-carla-maza-quartet\/"]}]},{"@type":"BreadcrumbList","@id":"https:\/\/www.visitamalfi.info\/fr\/\u00e9v\u00e9nement\/amalfi-in-jazz-ana-carla-maza-quartet\/#breadcrumb","itemListElement":[{"@type":"ListItem","position":1,"name":"Home","item":"https:\/\/www.visitamalfi.info\/fr\/"},{"@type":"ListItem","position":2,"name":"\u00c9v\u00e8nements","item":"https:\/\/www.visitamalfi.info\/fr\/eventi\/"},{"@type":"ListItem","position":3,"name":"Amalfi in Jazz &#8211; Ana Carla Maza Quartet"}]},{"@type":"WebSite","@id":"https:\/\/www.visitamalfi.info\/fr\/#website","url":"https:\/\/www.visitamalfi.info\/fr\/","name":"Visit Amalfi","description":"Amalfi Destination Official Website","publisher":{"@id":"https:\/\/www.visitamalfi.info\/fr\/#organization"},"potentialAction":[{"@type":"SearchAction","target":{"@type":"EntryPoint","urlTemplate":"https:\/\/www.visitamalfi.info\/fr\/?s={search_term_string}"},"query-input":{"@type":"PropertyValueSpecification","valueRequired":true,"valueName":"search_term_string"}}],"inLanguage":"fr-FR"},{"@type":"Organization","@id":"https:\/\/www.visitamalfi.info\/fr\/#organization","name":"Visit Amalfi","url":"https:\/\/www.visitamalfi.info\/fr\/","logo":{"@type":"ImageObject","inLanguage":"fr-FR","@id":"https:\/\/www.visitamalfi.info\/fr\/#\/schema\/logo\/image\/","url":"https:\/\/www.visitamalfi.info\/wp-content\/uploads\/2023\/04\/visit-amalfi-logo-web.png","contentUrl":"https:\/\/www.visitamalfi.info\/wp-content\/uploads\/2023\/04\/visit-amalfi-logo-web.png","width":800,"height":870,"caption":"Visit Amalfi"},"image":{"@id":"https:\/\/www.visitamalfi.info\/fr\/#\/schema\/logo\/image\/"},"sameAs":["https:\/\/www.facebook.com\/visitamalfiofficial","https:\/\/www.instagram.com\/visitamalfiofficial\/"]}]}},"_links":{"self":[{"href":"https:\/\/www.visitamalfi.info\/fr\/wp-json\/wp\/v2\/tribe_events\/19109","targetHints":{"allow":["GET"]}}],"collection":[{"href":"https:\/\/www.visitamalfi.info\/fr\/wp-json\/wp\/v2\/tribe_events"}],"about":[{"href":"https:\/\/www.visitamalfi.info\/fr\/wp-json\/wp\/v2\/types\/tribe_events"}],"author":[{"embeddable":true,"href":"https:\/\/www.visitamalfi.info\/fr\/wp-json\/wp\/v2\/users\/7"}],"version-history":[{"count":0,"href":"https:\/\/www.visitamalfi.info\/fr\/wp-json\/wp\/v2\/tribe_events\/19109\/revisions"}],"wp:attachment":[{"href":"https:\/\/www.visitamalfi.info\/fr\/wp-json\/wp\/v2\/media?parent=19109"}],"wp:term":[{"taxonomy":"post_tag","embeddable":true,"href":"https:\/\/www.visitamalfi.info\/fr\/wp-json\/wp\/v2\/tags?post=19109"},{"taxonomy":"tribe_events_cat","embeddable":true,"href":"https:\/\/www.visitamalfi.info\/fr\/wp-json\/wp\/v2\/tribe_events_cat?post=19109"}],"curies":[{"name":"wp","href":"https:\/\/api.w.org\/{rel}","templated":true}]}}

https://www.visitamalfi.info/fr/événement/amalfi-in-jazz-ana-carla-maza-quartet/

<p><strong>Ana Carla Maza</strong> est née au moment où Wim Wenders commençait le tournage de <strong><em>Buena Vista Social Club </em></strong>à La Havane. C&#8217;est à l&#8217;âge de huit ans qu&#8217;elle a commencé à jouer du violoncelle, un instrument qui allait devenir intimement lié à son âme, et c&#8217;est à dix ans qu&#8217;elle est montée sur scène. À l&#8217;âge de seize ans, elle s&#8217;installe à Paris pour étudier au Conservatoire de musique et c&#8217;est en se produisant dans les clubs de jazz et les cafés parisiens qu&#8217;elle commence sa carrière. La jeune interprète cubaine oscille avec dextérité entre rythmes latins, sonorités pop, harmonies jazz et technique classique, et alterne les idiomes français et espagnol dans l&#8217;écriture de ses textes. Avec <strong>Ana Carla Maza</strong> au violoncelle et au chant, <strong>Norman Peplow </strong>au piano, <strong>Marc Ayza</strong> à la batterie et <strong>Luis Guerra</strong> aux percussions.</p>

<p>Ana Carla Maza est née au moment où Wim Wenders commençait le tournage de Buena Vista Social Club à La Havane.</p>

<!-- This site is optimized with the Yoast SEO plugin v27.3 - https://yoast.com/product/yoast-seo-wordpress/ -->
<title>Amalfi in Jazz - Ana Carla Maza Quartet - Visit Amalfi</title>
<meta name="robots" content="index, follow, max-snippet:-1, max-image-preview:large, max-video-preview:-1" />
<link rel="canonical" href="https://www.visitamalfi.info/fr/événement/amalfi-in-jazz-ana-carla-maza-quartet/" />
<meta property="og:locale" content="fr_FR" />
<meta property="og:type" content="article" />
<meta property="og:title" content="Amalfi in Jazz - Ana Carla Maza Quartet - Visit Amalfi" />
<meta property="og:description" content="Ana Carla Maza est née au moment où Wim Wenders commençait le tournage de Buena Vista Social Club à La Havane." />
<meta property="og:url" content="https://www.visitamalfi.info/fr/événement/amalfi-in-jazz-ana-carla-maza-quartet/" />
<meta property="og:site_name" content="Visit Amalfi" />
<meta property="article:publisher" content="https://www.facebook.com/visitamalfiofficial" />
<meta name="twitter:card" content="summary_large_image" />
<meta name="twitter:label1" content="Durée de lecture estimée" />
	<meta name="twitter:data1" content="1 minute" />
<script type="application/ld+json" class="yoast-schema-graph">{"@context":"https:\/\/schema.org","@graph":[{"@type":"WebPage","@id":"https:\/\/www.visitamalfi.info\/fr\/événement\/amalfi-in-jazz-ana-carla-maza-quartet\/","url":"https:\/\/www.visitamalfi.info\/fr\/événement\/amalfi-in-jazz-ana-carla-maza-quartet\/","name":"Amalfi in Jazz - Ana Carla Maza Quartet - Visit Amalfi","isPartOf":{"@id":"https:\/\/www.visitamalfi.info\/fr\/#website"},"datePublished":"2024-06-07T15:20:01+00:00","breadcrumb":{"@id":"https:\/\/www.visitamalfi.info\/fr\/événement\/amalfi-in-jazz-ana-carla-maza-quartet\/#breadcrumb"},"inLanguage":"fr-FR","potentialAction":[{"@type":"ReadAction","target":["https:\/\/www.visitamalfi.info\/fr\/événement\/amalfi-in-jazz-ana-carla-maza-quartet\/"]}]},{"@type":"BreadcrumbList","@id":"https:\/\/www.visitamalfi.info\/fr\/événement\/amalfi-in-jazz-ana-carla-maza-quartet\/#breadcrumb","itemListElement":[{"@type":"ListItem","position":1,"name":"Home","item":"https:\/\/www.visitamalfi.info\/fr\/"},{"@type":"ListItem","position":2,"name":"Évènements","item":"https:\/\/www.visitamalfi.info\/fr\/eventi\/"},{"@type":"ListItem","position":3,"name":"Amalfi in Jazz &#8211; Ana Carla Maza Quartet"}]},{"@type":"WebSite","@id":"https:\/\/www.visitamalfi.info\/fr\/#website","url":"https:\/\/www.visitamalfi.info\/fr\/","name":"Visit Amalfi","description":"Amalfi Destination Official Website","publisher":{"@id":"https:\/\/www.visitamalfi.info\/fr\/#organization"},"potentialAction":[{"@type":"SearchAction","target":{"@type":"EntryPoint","urlTemplate":"https:\/\/www.visitamalfi.info\/fr\/?s={search_term_string}"},"query-input":{"@type":"PropertyValueSpecification","valueRequired":true,"valueName":"search_term_string"}}],"inLanguage":"fr-FR"},{"@type":"Organization","@id":"https:\/\/www.visitamalfi.info\/fr\/#organization","name":"Visit Amalfi","url":"https:\/\/www.visitamalfi.info\/fr\/","logo":{"@type":"ImageObject","inLanguage":"fr-FR","@id":"https:\/\/www.visitamalfi.info\/fr\/#\/schema\/logo\/image\/","url":"https:\/\/www.visitamalfi.info\/wp-content\/uploads\/2023\/04\/visit-amalfi-logo-web.png","contentUrl":"https:\/\/www.visitamalfi.info\/wp-content\/uploads\/2023\/04\/visit-amalfi-logo-web.png","width":800,"height":870,"caption":"Visit Amalfi"},"image":{"@id":"https:\/\/www.visitamalfi.info\/fr\/#\/schema\/logo\/image\/"},"sameAs":["https:\/\/www.facebook.com\/visitamalfiofficial","https:\/\/www.instagram.com\/visitamalfiofficial\/"]}]}</script>
<!-- / Yoast SEO plugin. -->

Ana Carla Maza est née au moment où Wim Wenders commençait le tournage de Buena Vista Social Club à La Havane.

https://www.visitamalfi.info/fr/événement/amalfi-in-jazz-ana-carla-maza-quartet/#breadcrumb

Évènements
