{"id":19105,"date":"2024-06-07T17:48:38","date_gmt":"2024-06-07T15:48:38","guid":{"rendered":"https:\/\/www.visitamalfi.info\/evento\/le-chant-de-la-mer-representation-theatrale\/"},"modified":"2024-06-07T17:48:38","modified_gmt":"2024-06-07T15:48:38","slug":"le-chant-de-la-mer-representation-theatrale","status":"publish","type":"tribe_events","link":"https:\/\/www.visitamalfi.info\/fr\/\u00e9v\u00e9nement\/le-chant-de-la-mer-representation-theatrale\/","title":{"rendered":"Le chant de la mer &#8211; Repr\u00e9sentation th\u00e9\u00e2trale"},"content":{"rendered":"<p><span style=\"font-weight: 400;\">Les sir\u00e8nes ne sont pas des poissons avec du rouge \u00e0 l\u00e8vres. Ce sont des femmes terriblement s\u00e9duisantes. Ils vivent parmi les hommes.<\/span><\/p>\n<p><span style=\"font-weight: 400;\">Ils habitent les m\u00eames lieux, mais ne vivent pas en m\u00eame temps. Ils proviennent d&#8217;une profondeur mill\u00e9naire,<\/span><\/p>\n<p><span style=\"font-weight: 400;\">sont au-dessus de la vie et de la mort. Ils ont une longue vision du pass\u00e9. Et ils n&#8217;ont pas oubli\u00e9 le d\u00e9lit d&#8217;Ulysse. Elles sont des vestales et des victimes de leur secret. Les sir\u00e8nes ne sont pas des poissons, elles sont<\/span><\/p>\n<p><span style=\"font-weight: 400;\">Les femmes de la mer et la mer ont la voix et l&#8217;immensit\u00e9. Les sir\u00e8nes sont des femmes de la mer qui connaissent les<\/span><\/p>\n<p><span style=\"font-weight: 400;\">sont les heures o\u00f9 c&#8217;est la mer qui gouverne et rend aux pierres leur parole refus\u00e9e. Avec <\/span><b>Maurizio de Giovanni Paolo Cresta, Antonella Morea<\/b><span style=\"font-weight: 400;\">. Musique live avec <\/span><b>Marco Zurzolo<\/b><span style=\"font-weight: 400;\"> au saxophone, <\/span><b>Carlo Fimiani <\/b><span style=\"font-weight: 400;\">\u00e0 la guitare et la voix de<\/span><b> Marianita Carfora<\/b><span style=\"font-weight: 400;\">. Adaptation et mise en sc\u00e8ne : <\/span><b>Annamaria Russo.<\/b><\/p>\n<p><i><span style=\"font-weight: 400;\">\u00c9dit\u00e9 par <\/span><\/i><b><i>Le puits et le pendule<\/i><\/b><\/p>\n","protected":false},"excerpt":{"rendered":"<p>Le jeudi 25 juillet \u00e0 21 heures, sur la Piazza Municipio, le festival &#8220;Scene d&#8217;aMare&#8221;, organis\u00e9 par Il Pozzo e il Pendolo, fera ses d\u00e9buts. <\/p>\n","protected":false},"author":7,"featured_media":0,"template":"","meta":{"inline_featured_image":false,"_tribe_events_status":"","_tribe_events_status_reason":"","footnotes":""},"tags":[],"tribe_events_cat":[],"class_list":["post-19105","tribe_events","type-tribe_events","status-publish","hentry"],"yoast_head":"<!-- This site is optimized with the Yoast SEO plugin v27.3 - https:\/\/yoast.com\/product\/yoast-seo-wordpress\/ -->\n<title>Le chant de la mer - Repr\u00e9sentation th\u00e9\u00e2trale - Visit Amalfi<\/title>\n<meta name=\"robots\" content=\"index, follow, max-snippet:-1, max-image-preview:large, max-video-preview:-1\" \/>\n<link rel=\"canonical\" href=\"https:\/\/www.visitamalfi.info\/fr\/\u00e9v\u00e9nement\/le-chant-de-la-mer-representation-theatrale\/\" \/>\n<meta property=\"og:locale\" content=\"fr_FR\" \/>\n<meta property=\"og:type\" content=\"article\" \/>\n<meta property=\"og:title\" content=\"Le chant de la mer - Repr\u00e9sentation th\u00e9\u00e2trale - Visit Amalfi\" \/>\n<meta property=\"og:description\" content=\"Le jeudi 25 juillet \u00e0 21 heures, sur la Piazza Municipio, le festival &quot;Scene d&#039;aMare&quot;, organis\u00e9 par Il Pozzo e il Pendolo, fera ses d\u00e9buts.\" \/>\n<meta property=\"og:url\" content=\"https:\/\/www.visitamalfi.info\/fr\/\u00e9v\u00e9nement\/le-chant-de-la-mer-representation-theatrale\/\" \/>\n<meta property=\"og:site_name\" content=\"Visit Amalfi\" \/>\n<meta property=\"article:publisher\" content=\"https:\/\/www.facebook.com\/visitamalfiofficial\" \/>\n<meta name=\"twitter:card\" content=\"summary_large_image\" \/>\n<meta name=\"twitter:label1\" content=\"Dur\u00e9e de lecture estim\u00e9e\" \/>\n\t<meta name=\"twitter:data1\" content=\"1 minute\" \/>\n<script type=\"application\/ld+json\" class=\"yoast-schema-graph\">{\"@context\":\"https:\\\/\\\/schema.org\",\"@graph\":[{\"@type\":\"WebPage\",\"@id\":\"https:\\\/\\\/www.visitamalfi.info\\\/fr\\\/\u00e9v\u00e9nement\\\/le-chant-de-la-mer-representation-theatrale\\\/\",\"url\":\"https:\\\/\\\/www.visitamalfi.info\\\/fr\\\/\u00e9v\u00e9nement\\\/le-chant-de-la-mer-representation-theatrale\\\/\",\"name\":\"Le chant de la mer - Repr\u00e9sentation th\u00e9\u00e2trale - Visit Amalfi\",\"isPartOf\":{\"@id\":\"https:\\\/\\\/www.visitamalfi.info\\\/fr\\\/#website\"},\"datePublished\":\"2024-06-07T15:48:38+00:00\",\"breadcrumb\":{\"@id\":\"https:\\\/\\\/www.visitamalfi.info\\\/fr\\\/\u00e9v\u00e9nement\\\/le-chant-de-la-mer-representation-theatrale\\\/#breadcrumb\"},\"inLanguage\":\"fr-FR\",\"potentialAction\":[{\"@type\":\"ReadAction\",\"target\":[\"https:\\\/\\\/www.visitamalfi.info\\\/fr\\\/\u00e9v\u00e9nement\\\/le-chant-de-la-mer-representation-theatrale\\\/\"]}]},{\"@type\":\"BreadcrumbList\",\"@id\":\"https:\\\/\\\/www.visitamalfi.info\\\/fr\\\/\u00e9v\u00e9nement\\\/le-chant-de-la-mer-representation-theatrale\\\/#breadcrumb\",\"itemListElement\":[{\"@type\":\"ListItem\",\"position\":1,\"name\":\"Home\",\"item\":\"https:\\\/\\\/www.visitamalfi.info\\\/fr\\\/\"},{\"@type\":\"ListItem\",\"position\":2,\"name\":\"\u00c9v\u00e8nements\",\"item\":\"https:\\\/\\\/www.visitamalfi.info\\\/fr\\\/eventi\\\/\"},{\"@type\":\"ListItem\",\"position\":3,\"name\":\"Le chant de la mer &#8211; Repr\u00e9sentation th\u00e9\u00e2trale\"}]},{\"@type\":\"WebSite\",\"@id\":\"https:\\\/\\\/www.visitamalfi.info\\\/fr\\\/#website\",\"url\":\"https:\\\/\\\/www.visitamalfi.info\\\/fr\\\/\",\"name\":\"Visit Amalfi\",\"description\":\"Amalfi Destination Official Website\",\"publisher\":{\"@id\":\"https:\\\/\\\/www.visitamalfi.info\\\/fr\\\/#organization\"},\"potentialAction\":[{\"@type\":\"SearchAction\",\"target\":{\"@type\":\"EntryPoint\",\"urlTemplate\":\"https:\\\/\\\/www.visitamalfi.info\\\/fr\\\/?s={search_term_string}\"},\"query-input\":{\"@type\":\"PropertyValueSpecification\",\"valueRequired\":true,\"valueName\":\"search_term_string\"}}],\"inLanguage\":\"fr-FR\"},{\"@type\":\"Organization\",\"@id\":\"https:\\\/\\\/www.visitamalfi.info\\\/fr\\\/#organization\",\"name\":\"Visit Amalfi\",\"url\":\"https:\\\/\\\/www.visitamalfi.info\\\/fr\\\/\",\"logo\":{\"@type\":\"ImageObject\",\"inLanguage\":\"fr-FR\",\"@id\":\"https:\\\/\\\/www.visitamalfi.info\\\/fr\\\/#\\\/schema\\\/logo\\\/image\\\/\",\"url\":\"https:\\\/\\\/www.visitamalfi.info\\\/wp-content\\\/uploads\\\/2023\\\/04\\\/visit-amalfi-logo-web.png\",\"contentUrl\":\"https:\\\/\\\/www.visitamalfi.info\\\/wp-content\\\/uploads\\\/2023\\\/04\\\/visit-amalfi-logo-web.png\",\"width\":800,\"height\":870,\"caption\":\"Visit Amalfi\"},\"image\":{\"@id\":\"https:\\\/\\\/www.visitamalfi.info\\\/fr\\\/#\\\/schema\\\/logo\\\/image\\\/\"},\"sameAs\":[\"https:\\\/\\\/www.facebook.com\\\/visitamalfiofficial\",\"https:\\\/\\\/www.instagram.com\\\/visitamalfiofficial\\\/\"]}]}<\/script>\n<!-- \/ Yoast SEO plugin. -->","yoast_head_json":{"title":"Le chant de la mer - Repr\u00e9sentation th\u00e9\u00e2trale - Visit Amalfi","robots":{"index":"index","follow":"follow","max-snippet":"max-snippet:-1","max-image-preview":"max-image-preview:large","max-video-preview":"max-video-preview:-1"},"canonical":"https:\/\/www.visitamalfi.info\/fr\/\u00e9v\u00e9nement\/le-chant-de-la-mer-representation-theatrale\/","og_locale":"fr_FR","og_type":"article","og_title":"Le chant de la mer - Repr\u00e9sentation th\u00e9\u00e2trale - Visit Amalfi","og_description":"Le jeudi 25 juillet \u00e0 21 heures, sur la Piazza Municipio, le festival \"Scene d'aMare\", organis\u00e9 par Il Pozzo e il Pendolo, fera ses d\u00e9buts.","og_url":"https:\/\/www.visitamalfi.info\/fr\/\u00e9v\u00e9nement\/le-chant-de-la-mer-representation-theatrale\/","og_site_name":"Visit Amalfi","article_publisher":"https:\/\/www.facebook.com\/visitamalfiofficial","twitter_card":"summary_large_image","twitter_misc":{"Dur\u00e9e de lecture estim\u00e9e":"1 minute"},"schema":{"@context":"https:\/\/schema.org","@graph":[{"@type":"WebPage","@id":"https:\/\/www.visitamalfi.info\/fr\/\u00e9v\u00e9nement\/le-chant-de-la-mer-representation-theatrale\/","url":"https:\/\/www.visitamalfi.info\/fr\/\u00e9v\u00e9nement\/le-chant-de-la-mer-representation-theatrale\/","name":"Le chant de la mer - Repr\u00e9sentation th\u00e9\u00e2trale - Visit Amalfi","isPartOf":{"@id":"https:\/\/www.visitamalfi.info\/fr\/#website"},"datePublished":"2024-06-07T15:48:38+00:00","breadcrumb":{"@id":"https:\/\/www.visitamalfi.info\/fr\/\u00e9v\u00e9nement\/le-chant-de-la-mer-representation-theatrale\/#breadcrumb"},"inLanguage":"fr-FR","potentialAction":[{"@type":"ReadAction","target":["https:\/\/www.visitamalfi.info\/fr\/\u00e9v\u00e9nement\/le-chant-de-la-mer-representation-theatrale\/"]}]},{"@type":"BreadcrumbList","@id":"https:\/\/www.visitamalfi.info\/fr\/\u00e9v\u00e9nement\/le-chant-de-la-mer-representation-theatrale\/#breadcrumb","itemListElement":[{"@type":"ListItem","position":1,"name":"Home","item":"https:\/\/www.visitamalfi.info\/fr\/"},{"@type":"ListItem","position":2,"name":"\u00c9v\u00e8nements","item":"https:\/\/www.visitamalfi.info\/fr\/eventi\/"},{"@type":"ListItem","position":3,"name":"Le chant de la mer &#8211; Repr\u00e9sentation th\u00e9\u00e2trale"}]},{"@type":"WebSite","@id":"https:\/\/www.visitamalfi.info\/fr\/#website","url":"https:\/\/www.visitamalfi.info\/fr\/","name":"Visit Amalfi","description":"Amalfi Destination Official Website","publisher":{"@id":"https:\/\/www.visitamalfi.info\/fr\/#organization"},"potentialAction":[{"@type":"SearchAction","target":{"@type":"EntryPoint","urlTemplate":"https:\/\/www.visitamalfi.info\/fr\/?s={search_term_string}"},"query-input":{"@type":"PropertyValueSpecification","valueRequired":true,"valueName":"search_term_string"}}],"inLanguage":"fr-FR"},{"@type":"Organization","@id":"https:\/\/www.visitamalfi.info\/fr\/#organization","name":"Visit Amalfi","url":"https:\/\/www.visitamalfi.info\/fr\/","logo":{"@type":"ImageObject","inLanguage":"fr-FR","@id":"https:\/\/www.visitamalfi.info\/fr\/#\/schema\/logo\/image\/","url":"https:\/\/www.visitamalfi.info\/wp-content\/uploads\/2023\/04\/visit-amalfi-logo-web.png","contentUrl":"https:\/\/www.visitamalfi.info\/wp-content\/uploads\/2023\/04\/visit-amalfi-logo-web.png","width":800,"height":870,"caption":"Visit Amalfi"},"image":{"@id":"https:\/\/www.visitamalfi.info\/fr\/#\/schema\/logo\/image\/"},"sameAs":["https:\/\/www.facebook.com\/visitamalfiofficial","https:\/\/www.instagram.com\/visitamalfiofficial\/"]}]}},"_links":{"self":[{"href":"https:\/\/www.visitamalfi.info\/fr\/wp-json\/wp\/v2\/tribe_events\/19105","targetHints":{"allow":["GET"]}}],"collection":[{"href":"https:\/\/www.visitamalfi.info\/fr\/wp-json\/wp\/v2\/tribe_events"}],"about":[{"href":"https:\/\/www.visitamalfi.info\/fr\/wp-json\/wp\/v2\/types\/tribe_events"}],"author":[{"embeddable":true,"href":"https:\/\/www.visitamalfi.info\/fr\/wp-json\/wp\/v2\/users\/7"}],"version-history":[{"count":0,"href":"https:\/\/www.visitamalfi.info\/fr\/wp-json\/wp\/v2\/tribe_events\/19105\/revisions"}],"wp:attachment":[{"href":"https:\/\/www.visitamalfi.info\/fr\/wp-json\/wp\/v2\/media?parent=19105"}],"wp:term":[{"taxonomy":"post_tag","embeddable":true,"href":"https:\/\/www.visitamalfi.info\/fr\/wp-json\/wp\/v2\/tags?post=19105"},{"taxonomy":"tribe_events_cat","embeddable":true,"href":"https:\/\/www.visitamalfi.info\/fr\/wp-json\/wp\/v2\/tribe_events_cat?post=19105"}],"curies":[{"name":"wp","href":"https:\/\/api.w.org\/{rel}","templated":true}]}}

https://www.visitamalfi.info/fr/événement/le-chant-de-la-mer-representation-theatrale/

Le chant de la mer &#8211; Représentation théâtrale

<p><span style="font-weight: 400;">Les sirènes ne sont pas des poissons avec du rouge à lèvres. Ce sont des femmes terriblement séduisantes. Ils vivent parmi les hommes.</span></p>
<p><span style="font-weight: 400;">Ils habitent les mêmes lieux, mais ne vivent pas en même temps. Ils proviennent d&#8217;une profondeur millénaire,</span></p>
<p><span style="font-weight: 400;">sont au-dessus de la vie et de la mort. Ils ont une longue vision du passé. Et ils n&#8217;ont pas oublié le délit d&#8217;Ulysse. Elles sont des vestales et des victimes de leur secret. Les sirènes ne sont pas des poissons, elles sont</span></p>
<p><span style="font-weight: 400;">Les femmes de la mer et la mer ont la voix et l&#8217;immensité. Les sirènes sont des femmes de la mer qui connaissent les</span></p>
<p><span style="font-weight: 400;">sont les heures où c&#8217;est la mer qui gouverne et rend aux pierres leur parole refusée. Avec </span><b>Maurizio de Giovanni Paolo Cresta, Antonella Morea</b><span style="font-weight: 400;">. Musique live avec </span><b>Marco Zurzolo</b><span style="font-weight: 400;"> au saxophone, </span><b>Carlo Fimiani </b><span style="font-weight: 400;">à la guitare et la voix de</span><b> Marianita Carfora</b><span style="font-weight: 400;">. Adaptation et mise en scène : </span><b>Annamaria Russo.</b></p>
<p><i><span style="font-weight: 400;">Édité par </span></i><b><i>Le puits et le pendule</i></b></p>

<p>Le jeudi 25 juillet à 21 heures, sur la Piazza Municipio, le festival &#8220;Scene d&#8217;aMare&#8221;, organisé par Il Pozzo e il Pendolo, fera ses débuts. </p>

<!-- This site is optimized with the Yoast SEO plugin v27.3 - https://yoast.com/product/yoast-seo-wordpress/ -->
<title>Le chant de la mer - Représentation théâtrale - Visit Amalfi</title>
<meta name="robots" content="index, follow, max-snippet:-1, max-image-preview:large, max-video-preview:-1" />
<link rel="canonical" href="https://www.visitamalfi.info/fr/événement/le-chant-de-la-mer-representation-theatrale/" />
<meta property="og:locale" content="fr_FR" />
<meta property="og:type" content="article" />
<meta property="og:title" content="Le chant de la mer - Représentation théâtrale - Visit Amalfi" />
<meta property="og:description" content="Le jeudi 25 juillet à 21 heures, sur la Piazza Municipio, le festival &quot;Scene d&#039;aMare&quot;, organisé par Il Pozzo e il Pendolo, fera ses débuts." />
<meta property="og:url" content="https://www.visitamalfi.info/fr/événement/le-chant-de-la-mer-representation-theatrale/" />
<meta property="og:site_name" content="Visit Amalfi" />
<meta property="article:publisher" content="https://www.facebook.com/visitamalfiofficial" />
<meta name="twitter:card" content="summary_large_image" />
<meta name="twitter:label1" content="Durée de lecture estimée" />
	<meta name="twitter:data1" content="1 minute" />
<script type="application/ld+json" class="yoast-schema-graph">{"@context":"https:\/\/schema.org","@graph":[{"@type":"WebPage","@id":"https:\/\/www.visitamalfi.info\/fr\/événement\/le-chant-de-la-mer-representation-theatrale\/","url":"https:\/\/www.visitamalfi.info\/fr\/événement\/le-chant-de-la-mer-representation-theatrale\/","name":"Le chant de la mer - Représentation théâtrale - Visit Amalfi","isPartOf":{"@id":"https:\/\/www.visitamalfi.info\/fr\/#website"},"datePublished":"2024-06-07T15:48:38+00:00","breadcrumb":{"@id":"https:\/\/www.visitamalfi.info\/fr\/événement\/le-chant-de-la-mer-representation-theatrale\/#breadcrumb"},"inLanguage":"fr-FR","potentialAction":[{"@type":"ReadAction","target":["https:\/\/www.visitamalfi.info\/fr\/événement\/le-chant-de-la-mer-representation-theatrale\/"]}]},{"@type":"BreadcrumbList","@id":"https:\/\/www.visitamalfi.info\/fr\/événement\/le-chant-de-la-mer-representation-theatrale\/#breadcrumb","itemListElement":[{"@type":"ListItem","position":1,"name":"Home","item":"https:\/\/www.visitamalfi.info\/fr\/"},{"@type":"ListItem","position":2,"name":"Évènements","item":"https:\/\/www.visitamalfi.info\/fr\/eventi\/"},{"@type":"ListItem","position":3,"name":"Le chant de la mer &#8211; Représentation théâtrale"}]},{"@type":"WebSite","@id":"https:\/\/www.visitamalfi.info\/fr\/#website","url":"https:\/\/www.visitamalfi.info\/fr\/","name":"Visit Amalfi","description":"Amalfi Destination Official Website","publisher":{"@id":"https:\/\/www.visitamalfi.info\/fr\/#organization"},"potentialAction":[{"@type":"SearchAction","target":{"@type":"EntryPoint","urlTemplate":"https:\/\/www.visitamalfi.info\/fr\/?s={search_term_string}"},"query-input":{"@type":"PropertyValueSpecification","valueRequired":true,"valueName":"search_term_string"}}],"inLanguage":"fr-FR"},{"@type":"Organization","@id":"https:\/\/www.visitamalfi.info\/fr\/#organization","name":"Visit Amalfi","url":"https:\/\/www.visitamalfi.info\/fr\/","logo":{"@type":"ImageObject","inLanguage":"fr-FR","@id":"https:\/\/www.visitamalfi.info\/fr\/#\/schema\/logo\/image\/","url":"https:\/\/www.visitamalfi.info\/wp-content\/uploads\/2023\/04\/visit-amalfi-logo-web.png","contentUrl":"https:\/\/www.visitamalfi.info\/wp-content\/uploads\/2023\/04\/visit-amalfi-logo-web.png","width":800,"height":870,"caption":"Visit Amalfi"},"image":{"@id":"https:\/\/www.visitamalfi.info\/fr\/#\/schema\/logo\/image\/"},"sameAs":["https:\/\/www.facebook.com\/visitamalfiofficial","https:\/\/www.instagram.com\/visitamalfiofficial\/"]}]}</script>
<!-- / Yoast SEO plugin. -->

Le chant de la mer - Représentation théâtrale - Visit Amalfi

Le jeudi 25 juillet à 21 heures, sur la Piazza Municipio, le festival "Scene d'aMare", organisé par Il Pozzo e il Pendolo, fera ses débuts.

https://www.visitamalfi.info/fr/événement/le-chant-de-la-mer-representation-theatrale/#breadcrumb

Évènements
