{"id":13369,"date":"2023-12-09T18:08:15","date_gmt":"2023-12-09T17:08:15","guid":{"rendered":"https:\/\/www.visitamalfi.info\/evento\/nyeamalfi-le-reveillon-de-la-cote-amalfitaine\/"},"modified":"2023-12-09T18:08:15","modified_gmt":"2023-12-09T17:08:15","slug":"nyeamalfi-le-reveillon-de-la-cote-amalfitaine","status":"publish","type":"tribe_events","link":"https:\/\/www.visitamalfi.info\/fr\/\u00e9v\u00e9nement\/nyeamalfi-le-reveillon-de-la-cote-amalfitaine\/","title":{"rendered":"#NYEAMALFI \/ LE R\u00c9VEILLON DE LA C\u00d4TE AMALFITAINE"},"content":{"rendered":"<p><em><strong>Bonne ann\u00e9e \u00e0 Amalfi<\/strong> <\/em>&#8211; C&#8217;est la f\u00eate tous ensemble sur la Piazza pour le compte \u00e0 rebours du minuit le plus long de l&#8217;ann\u00e9e. Deux jours d&#8217;\u00e9v\u00e9nements et d&#8217;initiatives \u00e9tonnants, entre le 31 d\u00e9cembre et le 1er janvier, mais surtout de nombreuses surprises qui seront d\u00e9voil\u00e9es prochainement, dont la nouvelle \u00e9dition de<strong>Architectural Mapping 3D<\/strong>.<\/p>\n","protected":false},"excerpt":{"rendered":"<p>En attendant la nouvelle ann\u00e9e, de la musique, de nombreuses surprises et une merveilleuse cartographie architecturale en 3D.  <\/p>\n","protected":false},"author":7,"featured_media":0,"template":"","meta":{"inline_featured_image":false,"_tribe_events_status":"","_tribe_events_status_reason":"","footnotes":""},"tags":[1335,259,1336,1334,1333,1332,1331],"tribe_events_cat":[317,623,1228,397],"class_list":["post-13369","tribe_events","type-tribe_events","status-publish","hentry","tag-2024-fr","tag-amalfi-fr","tag-cartographie-architecturale-en-3d","tag-compte-a-rebours","tag-concert-fr","tag-parti","tag-reveillon-du-nouvel-an","tribe_events_cat-musica-dal-vivo-fr","tribe_events_cat-musique","tribe_events_cat-noel","tribe_events_cat-tradizione-fr","cat_musica-dal-vivo-fr","cat_musique","cat_noel","cat_tradizione-fr"],"yoast_head":"<!-- This site is optimized with the Yoast SEO plugin v27.3 - https:\/\/yoast.com\/product\/yoast-seo-wordpress\/ -->\n<title>#NYEAMALFI \/ LE R\u00c9VEILLON DE LA C\u00d4TE AMALFITAINE - Visit Amalfi<\/title>\n<meta name=\"robots\" content=\"index, follow, max-snippet:-1, max-image-preview:large, max-video-preview:-1\" \/>\n<link rel=\"canonical\" href=\"https:\/\/www.visitamalfi.info\/fr\/\u00e9v\u00e9nement\/nyeamalfi-le-reveillon-de-la-cote-amalfitaine\/\" \/>\n<meta property=\"og:locale\" content=\"fr_FR\" \/>\n<meta property=\"og:type\" content=\"article\" \/>\n<meta property=\"og:title\" content=\"#NYEAMALFI \/ LE R\u00c9VEILLON DE LA C\u00d4TE AMALFITAINE - Visit Amalfi\" \/>\n<meta property=\"og:description\" content=\"En attendant la nouvelle ann\u00e9e, de la musique, de nombreuses surprises et une merveilleuse cartographie architecturale en 3D.\" \/>\n<meta property=\"og:url\" content=\"https:\/\/www.visitamalfi.info\/fr\/\u00e9v\u00e9nement\/nyeamalfi-le-reveillon-de-la-cote-amalfitaine\/\" \/>\n<meta property=\"og:site_name\" content=\"Visit Amalfi\" \/>\n<meta property=\"article:publisher\" content=\"https:\/\/www.facebook.com\/visitamalfiofficial\" \/>\n<meta name=\"twitter:card\" content=\"summary_large_image\" \/>\n<script type=\"application\/ld+json\" class=\"yoast-schema-graph\">{\"@context\":\"https:\\\/\\\/schema.org\",\"@graph\":[{\"@type\":\"WebPage\",\"@id\":\"https:\\\/\\\/www.visitamalfi.info\\\/fr\\\/\u00e9v\u00e9nement\\\/nyeamalfi-le-reveillon-de-la-cote-amalfitaine\\\/\",\"url\":\"https:\\\/\\\/www.visitamalfi.info\\\/fr\\\/\u00e9v\u00e9nement\\\/nyeamalfi-le-reveillon-de-la-cote-amalfitaine\\\/\",\"name\":\"#NYEAMALFI \\\/ LE R\u00c9VEILLON DE LA C\u00d4TE AMALFITAINE - Visit Amalfi\",\"isPartOf\":{\"@id\":\"https:\\\/\\\/www.visitamalfi.info\\\/fr\\\/#website\"},\"datePublished\":\"2023-12-09T17:08:15+00:00\",\"breadcrumb\":{\"@id\":\"https:\\\/\\\/www.visitamalfi.info\\\/fr\\\/\u00e9v\u00e9nement\\\/nyeamalfi-le-reveillon-de-la-cote-amalfitaine\\\/#breadcrumb\"},\"inLanguage\":\"fr-FR\",\"potentialAction\":[{\"@type\":\"ReadAction\",\"target\":[\"https:\\\/\\\/www.visitamalfi.info\\\/fr\\\/\u00e9v\u00e9nement\\\/nyeamalfi-le-reveillon-de-la-cote-amalfitaine\\\/\"]}]},{\"@type\":\"BreadcrumbList\",\"@id\":\"https:\\\/\\\/www.visitamalfi.info\\\/fr\\\/\u00e9v\u00e9nement\\\/nyeamalfi-le-reveillon-de-la-cote-amalfitaine\\\/#breadcrumb\",\"itemListElement\":[{\"@type\":\"ListItem\",\"position\":1,\"name\":\"Home\",\"item\":\"https:\\\/\\\/www.visitamalfi.info\\\/fr\\\/\"},{\"@type\":\"ListItem\",\"position\":2,\"name\":\"\u00c9v\u00e8nements\",\"item\":\"https:\\\/\\\/www.visitamalfi.info\\\/fr\\\/eventi\\\/\"},{\"@type\":\"ListItem\",\"position\":3,\"name\":\"#NYEAMALFI \\\/ LE R\u00c9VEILLON DE LA C\u00d4TE AMALFITAINE\"}]},{\"@type\":\"WebSite\",\"@id\":\"https:\\\/\\\/www.visitamalfi.info\\\/fr\\\/#website\",\"url\":\"https:\\\/\\\/www.visitamalfi.info\\\/fr\\\/\",\"name\":\"Visit Amalfi\",\"description\":\"Amalfi Destination Official Website\",\"publisher\":{\"@id\":\"https:\\\/\\\/www.visitamalfi.info\\\/fr\\\/#organization\"},\"potentialAction\":[{\"@type\":\"SearchAction\",\"target\":{\"@type\":\"EntryPoint\",\"urlTemplate\":\"https:\\\/\\\/www.visitamalfi.info\\\/fr\\\/?s={search_term_string}\"},\"query-input\":{\"@type\":\"PropertyValueSpecification\",\"valueRequired\":true,\"valueName\":\"search_term_string\"}}],\"inLanguage\":\"fr-FR\"},{\"@type\":\"Organization\",\"@id\":\"https:\\\/\\\/www.visitamalfi.info\\\/fr\\\/#organization\",\"name\":\"Visit Amalfi\",\"url\":\"https:\\\/\\\/www.visitamalfi.info\\\/fr\\\/\",\"logo\":{\"@type\":\"ImageObject\",\"inLanguage\":\"fr-FR\",\"@id\":\"https:\\\/\\\/www.visitamalfi.info\\\/fr\\\/#\\\/schema\\\/logo\\\/image\\\/\",\"url\":\"https:\\\/\\\/www.visitamalfi.info\\\/wp-content\\\/uploads\\\/2023\\\/04\\\/visit-amalfi-logo-web.png\",\"contentUrl\":\"https:\\\/\\\/www.visitamalfi.info\\\/wp-content\\\/uploads\\\/2023\\\/04\\\/visit-amalfi-logo-web.png\",\"width\":800,\"height\":870,\"caption\":\"Visit Amalfi\"},\"image\":{\"@id\":\"https:\\\/\\\/www.visitamalfi.info\\\/fr\\\/#\\\/schema\\\/logo\\\/image\\\/\"},\"sameAs\":[\"https:\\\/\\\/www.facebook.com\\\/visitamalfiofficial\",\"https:\\\/\\\/www.instagram.com\\\/visitamalfiofficial\\\/\"]}]}<\/script>\n<!-- \/ Yoast SEO plugin. -->","yoast_head_json":{"title":"#NYEAMALFI \/ LE R\u00c9VEILLON DE LA C\u00d4TE AMALFITAINE - Visit Amalfi","robots":{"index":"index","follow":"follow","max-snippet":"max-snippet:-1","max-image-preview":"max-image-preview:large","max-video-preview":"max-video-preview:-1"},"canonical":"https:\/\/www.visitamalfi.info\/fr\/\u00e9v\u00e9nement\/nyeamalfi-le-reveillon-de-la-cote-amalfitaine\/","og_locale":"fr_FR","og_type":"article","og_title":"#NYEAMALFI \/ LE R\u00c9VEILLON DE LA C\u00d4TE AMALFITAINE - Visit Amalfi","og_description":"En attendant la nouvelle ann\u00e9e, de la musique, de nombreuses surprises et une merveilleuse cartographie architecturale en 3D.","og_url":"https:\/\/www.visitamalfi.info\/fr\/\u00e9v\u00e9nement\/nyeamalfi-le-reveillon-de-la-cote-amalfitaine\/","og_site_name":"Visit Amalfi","article_publisher":"https:\/\/www.facebook.com\/visitamalfiofficial","twitter_card":"summary_large_image","schema":{"@context":"https:\/\/schema.org","@graph":[{"@type":"WebPage","@id":"https:\/\/www.visitamalfi.info\/fr\/\u00e9v\u00e9nement\/nyeamalfi-le-reveillon-de-la-cote-amalfitaine\/","url":"https:\/\/www.visitamalfi.info\/fr\/\u00e9v\u00e9nement\/nyeamalfi-le-reveillon-de-la-cote-amalfitaine\/","name":"#NYEAMALFI \/ LE R\u00c9VEILLON DE LA C\u00d4TE AMALFITAINE - Visit Amalfi","isPartOf":{"@id":"https:\/\/www.visitamalfi.info\/fr\/#website"},"datePublished":"2023-12-09T17:08:15+00:00","breadcrumb":{"@id":"https:\/\/www.visitamalfi.info\/fr\/\u00e9v\u00e9nement\/nyeamalfi-le-reveillon-de-la-cote-amalfitaine\/#breadcrumb"},"inLanguage":"fr-FR","potentialAction":[{"@type":"ReadAction","target":["https:\/\/www.visitamalfi.info\/fr\/\u00e9v\u00e9nement\/nyeamalfi-le-reveillon-de-la-cote-amalfitaine\/"]}]},{"@type":"BreadcrumbList","@id":"https:\/\/www.visitamalfi.info\/fr\/\u00e9v\u00e9nement\/nyeamalfi-le-reveillon-de-la-cote-amalfitaine\/#breadcrumb","itemListElement":[{"@type":"ListItem","position":1,"name":"Home","item":"https:\/\/www.visitamalfi.info\/fr\/"},{"@type":"ListItem","position":2,"name":"\u00c9v\u00e8nements","item":"https:\/\/www.visitamalfi.info\/fr\/eventi\/"},{"@type":"ListItem","position":3,"name":"#NYEAMALFI \/ LE R\u00c9VEILLON DE LA C\u00d4TE AMALFITAINE"}]},{"@type":"WebSite","@id":"https:\/\/www.visitamalfi.info\/fr\/#website","url":"https:\/\/www.visitamalfi.info\/fr\/","name":"Visit Amalfi","description":"Amalfi Destination Official Website","publisher":{"@id":"https:\/\/www.visitamalfi.info\/fr\/#organization"},"potentialAction":[{"@type":"SearchAction","target":{"@type":"EntryPoint","urlTemplate":"https:\/\/www.visitamalfi.info\/fr\/?s={search_term_string}"},"query-input":{"@type":"PropertyValueSpecification","valueRequired":true,"valueName":"search_term_string"}}],"inLanguage":"fr-FR"},{"@type":"Organization","@id":"https:\/\/www.visitamalfi.info\/fr\/#organization","name":"Visit Amalfi","url":"https:\/\/www.visitamalfi.info\/fr\/","logo":{"@type":"ImageObject","inLanguage":"fr-FR","@id":"https:\/\/www.visitamalfi.info\/fr\/#\/schema\/logo\/image\/","url":"https:\/\/www.visitamalfi.info\/wp-content\/uploads\/2023\/04\/visit-amalfi-logo-web.png","contentUrl":"https:\/\/www.visitamalfi.info\/wp-content\/uploads\/2023\/04\/visit-amalfi-logo-web.png","width":800,"height":870,"caption":"Visit Amalfi"},"image":{"@id":"https:\/\/www.visitamalfi.info\/fr\/#\/schema\/logo\/image\/"},"sameAs":["https:\/\/www.facebook.com\/visitamalfiofficial","https:\/\/www.instagram.com\/visitamalfiofficial\/"]}]}},"_links":{"self":[{"href":"https:\/\/www.visitamalfi.info\/fr\/wp-json\/wp\/v2\/tribe_events\/13369","targetHints":{"allow":["GET"]}}],"collection":[{"href":"https:\/\/www.visitamalfi.info\/fr\/wp-json\/wp\/v2\/tribe_events"}],"about":[{"href":"https:\/\/www.visitamalfi.info\/fr\/wp-json\/wp\/v2\/types\/tribe_events"}],"author":[{"embeddable":true,"href":"https:\/\/www.visitamalfi.info\/fr\/wp-json\/wp\/v2\/users\/7"}],"version-history":[{"count":0,"href":"https:\/\/www.visitamalfi.info\/fr\/wp-json\/wp\/v2\/tribe_events\/13369\/revisions"}],"wp:attachment":[{"href":"https:\/\/www.visitamalfi.info\/fr\/wp-json\/wp\/v2\/media?parent=13369"}],"wp:term":[{"taxonomy":"post_tag","embeddable":true,"href":"https:\/\/www.visitamalfi.info\/fr\/wp-json\/wp\/v2\/tags?post=13369"},{"taxonomy":"tribe_events_cat","embeddable":true,"href":"https:\/\/www.visitamalfi.info\/fr\/wp-json\/wp\/v2\/tribe_events_cat?post=13369"}],"curies":[{"name":"wp","href":"https:\/\/api.w.org\/{rel}","templated":true}]}}

https://www.visitamalfi.info/fr/événement/nyeamalfi-le-reveillon-de-la-cote-amalfitaine/

#NYEAMALFI / LE RÉVEILLON DE LA CÔTE AMALFITAINE

<p><em><strong>Bonne année à Amalfi</strong> </em>&#8211; C&#8217;est la fête tous ensemble sur la Piazza pour le compte à rebours du minuit le plus long de l&#8217;année. Deux jours d&#8217;événements et d&#8217;initiatives étonnants, entre le 31 décembre et le 1er janvier, mais surtout de nombreuses surprises qui seront dévoilées prochainement, dont la nouvelle édition de<strong>Architectural Mapping 3D</strong>.</p>

<p>En attendant la nouvelle année, de la musique, de nombreuses surprises et une merveilleuse cartographie architecturale en 3D.  </p>

<!-- This site is optimized with the Yoast SEO plugin v27.3 - https://yoast.com/product/yoast-seo-wordpress/ -->
<title>#NYEAMALFI / LE RÉVEILLON DE LA CÔTE AMALFITAINE - Visit Amalfi</title>
<meta name="robots" content="index, follow, max-snippet:-1, max-image-preview:large, max-video-preview:-1" />
<link rel="canonical" href="https://www.visitamalfi.info/fr/événement/nyeamalfi-le-reveillon-de-la-cote-amalfitaine/" />
<meta property="og:locale" content="fr_FR" />
<meta property="og:type" content="article" />
<meta property="og:title" content="#NYEAMALFI / LE RÉVEILLON DE LA CÔTE AMALFITAINE - Visit Amalfi" />
<meta property="og:description" content="En attendant la nouvelle année, de la musique, de nombreuses surprises et une merveilleuse cartographie architecturale en 3D." />
<meta property="og:url" content="https://www.visitamalfi.info/fr/événement/nyeamalfi-le-reveillon-de-la-cote-amalfitaine/" />
<meta property="og:site_name" content="Visit Amalfi" />
<meta property="article:publisher" content="https://www.facebook.com/visitamalfiofficial" />
<meta name="twitter:card" content="summary_large_image" />
<script type="application/ld+json" class="yoast-schema-graph">{"@context":"https:\/\/schema.org","@graph":[{"@type":"WebPage","@id":"https:\/\/www.visitamalfi.info\/fr\/événement\/nyeamalfi-le-reveillon-de-la-cote-amalfitaine\/","url":"https:\/\/www.visitamalfi.info\/fr\/événement\/nyeamalfi-le-reveillon-de-la-cote-amalfitaine\/","name":"#NYEAMALFI \/ LE RÉVEILLON DE LA CÔTE AMALFITAINE - Visit Amalfi","isPartOf":{"@id":"https:\/\/www.visitamalfi.info\/fr\/#website"},"datePublished":"2023-12-09T17:08:15+00:00","breadcrumb":{"@id":"https:\/\/www.visitamalfi.info\/fr\/événement\/nyeamalfi-le-reveillon-de-la-cote-amalfitaine\/#breadcrumb"},"inLanguage":"fr-FR","potentialAction":[{"@type":"ReadAction","target":["https:\/\/www.visitamalfi.info\/fr\/événement\/nyeamalfi-le-reveillon-de-la-cote-amalfitaine\/"]}]},{"@type":"BreadcrumbList","@id":"https:\/\/www.visitamalfi.info\/fr\/événement\/nyeamalfi-le-reveillon-de-la-cote-amalfitaine\/#breadcrumb","itemListElement":[{"@type":"ListItem","position":1,"name":"Home","item":"https:\/\/www.visitamalfi.info\/fr\/"},{"@type":"ListItem","position":2,"name":"Évènements","item":"https:\/\/www.visitamalfi.info\/fr\/eventi\/"},{"@type":"ListItem","position":3,"name":"#NYEAMALFI \/ LE RÉVEILLON DE LA CÔTE AMALFITAINE"}]},{"@type":"WebSite","@id":"https:\/\/www.visitamalfi.info\/fr\/#website","url":"https:\/\/www.visitamalfi.info\/fr\/","name":"Visit Amalfi","description":"Amalfi Destination Official Website","publisher":{"@id":"https:\/\/www.visitamalfi.info\/fr\/#organization"},"potentialAction":[{"@type":"SearchAction","target":{"@type":"EntryPoint","urlTemplate":"https:\/\/www.visitamalfi.info\/fr\/?s={search_term_string}"},"query-input":{"@type":"PropertyValueSpecification","valueRequired":true,"valueName":"search_term_string"}}],"inLanguage":"fr-FR"},{"@type":"Organization","@id":"https:\/\/www.visitamalfi.info\/fr\/#organization","name":"Visit Amalfi","url":"https:\/\/www.visitamalfi.info\/fr\/","logo":{"@type":"ImageObject","inLanguage":"fr-FR","@id":"https:\/\/www.visitamalfi.info\/fr\/#\/schema\/logo\/image\/","url":"https:\/\/www.visitamalfi.info\/wp-content\/uploads\/2023\/04\/visit-amalfi-logo-web.png","contentUrl":"https:\/\/www.visitamalfi.info\/wp-content\/uploads\/2023\/04\/visit-amalfi-logo-web.png","width":800,"height":870,"caption":"Visit Amalfi"},"image":{"@id":"https:\/\/www.visitamalfi.info\/fr\/#\/schema\/logo\/image\/"},"sameAs":["https:\/\/www.facebook.com\/visitamalfiofficial","https:\/\/www.instagram.com\/visitamalfiofficial\/"]}]}</script>
<!-- / Yoast SEO plugin. -->

#NYEAMALFI / LE RÉVEILLON DE LA CÔTE AMALFITAINE - Visit Amalfi

En attendant la nouvelle année, de la musique, de nombreuses surprises et une merveilleuse cartographie architecturale en 3D.

https://www.visitamalfi.info/fr/événement/nyeamalfi-le-reveillon-de-la-cote-amalfitaine/#breadcrumb

Évènements
