{"id":13335,"date":"2023-12-09T19:10:39","date_gmt":"2023-12-09T18:10:39","guid":{"rendered":"https:\/\/www.visitamalfi.info\/evento\/inauguration-de-lexposition-iconographique-documentaire-silvestr-scedrin-le-peintre-de-la-lumiere-entre-amalfi-et-sorrente\/"},"modified":"2023-12-09T19:10:39","modified_gmt":"2023-12-09T18:10:39","slug":"inauguration-de-lexposition-iconographique-documentaire-silvestr-scedrin-le-peintre-de-la-lumiere-entre-amalfi-et-sorrente","status":"publish","type":"tribe_events","link":"https:\/\/www.visitamalfi.info\/fr\/\u00e9v\u00e9nement\/inauguration-de-lexposition-iconographique-documentaire-silvestr-scedrin-le-peintre-de-la-lumiere-entre-amalfi-et-sorrente\/","title":{"rendered":"Inauguration de l&#8217;exposition iconographique-documentaire Silvestr \u0160\u010dedrin : le &#8221; peintre de la lumi\u00e8re &#8221; entre Amalfi et Sorrente."},"content":{"rendered":"<p>Inauguration de l&#8217;exposition iconographique-documentaire <strong>Silvestr \u0160\u010dedrin : le &#8221; peintre de la lumi\u00e8re &#8221; entre Amalfi et Sorrente<\/strong>. Les passerelles interculturelles de l&#8217;art pour la solidarit\u00e9 et l&#8217;amiti\u00e9 entre les peuples. A suivre Pr\u00e9sentation du volume par Michail Ju. Evsev&#8217;ev Lettres du Sud par Sil&#8217;vestr \u0160\u010dedrin. Un peintre russe amoureux de la lumi\u00e8re du Sud. Rencontre et d\u00e9bat sur le th\u00e8me Tra due coste e due mondi : Otto e Novecento in pittura : il territorio del sud, le &#8216;luci&#8217;, la gente.<\/p>\n<p>\u00c9dit\u00e9 par le Centre de culture et d&#8217;histoire amalfitaine<\/p>\n","protected":false},"excerpt":{"rendered":"<p>Inauguration de l&#8217;exposition iconographique-documentaire Silvestr \u0160\u010dedrin : le &#8221; peintre de la lumi\u00e8re &#8221; entre Amalfi et Sorrente et pr\u00e9sentation du volume de Michail Ju. Evsev&#8217;ev Lettres du Sud par Sil&#8217;vestr \u0160\u010dedrin.<\/p>\n","protected":false},"author":7,"featured_media":0,"template":"","meta":{"inline_featured_image":false,"_tribe_events_status":"","_tribe_events_status_reason":"","footnotes":""},"tags":[259,815,1263,1172,1264],"tribe_events_cat":[],"class_list":["post-13335","tribe_events","type-tribe_events","status-publish","hentry","tag-amalfi-fr","tag-evenements","tag-exposition-fr","tag-noel","tag-silvestr-scedrin-fr"],"yoast_head":"<!-- This site is optimized with the Yoast SEO plugin v27.3 - https:\/\/yoast.com\/product\/yoast-seo-wordpress\/ -->\n<title>Inauguration de l&#039;exposition iconographique-documentaire Silvestr \u0160\u010dedrin : le &quot; peintre de la lumi\u00e8re &quot; entre Amalfi et Sorrente. - Visit Amalfi<\/title>\n<meta name=\"robots\" content=\"index, follow, max-snippet:-1, max-image-preview:large, max-video-preview:-1\" \/>\n<link rel=\"canonical\" href=\"https:\/\/www.visitamalfi.info\/fr\/\u00e9v\u00e9nement\/inauguration-de-lexposition-iconographique-documentaire-silvestr-scedrin-le-peintre-de-la-lumiere-entre-amalfi-et-sorrente\/\" \/>\n<meta property=\"og:locale\" content=\"fr_FR\" \/>\n<meta property=\"og:type\" content=\"article\" \/>\n<meta property=\"og:title\" content=\"Inauguration de l&#039;exposition iconographique-documentaire Silvestr \u0160\u010dedrin : le &quot; peintre de la lumi\u00e8re &quot; entre Amalfi et Sorrente. - Visit Amalfi\" \/>\n<meta property=\"og:description\" content=\"Inauguration de l&#039;exposition iconographique-documentaire Silvestr \u0160\u010dedrin : le &quot; peintre de la lumi\u00e8re &quot; entre Amalfi et Sorrente et pr\u00e9sentation du volume de Michail Ju. Evsev&#039;ev Lettres du Sud par Sil&#039;vestr \u0160\u010dedrin.\" \/>\n<meta property=\"og:url\" content=\"https:\/\/www.visitamalfi.info\/fr\/\u00e9v\u00e9nement\/inauguration-de-lexposition-iconographique-documentaire-silvestr-scedrin-le-peintre-de-la-lumiere-entre-amalfi-et-sorrente\/\" \/>\n<meta property=\"og:site_name\" content=\"Visit Amalfi\" \/>\n<meta property=\"article:publisher\" content=\"https:\/\/www.facebook.com\/visitamalfiofficial\" \/>\n<meta name=\"twitter:card\" content=\"summary_large_image\" \/>\n<script type=\"application\/ld+json\" class=\"yoast-schema-graph\">{\"@context\":\"https:\\\/\\\/schema.org\",\"@graph\":[{\"@type\":\"WebPage\",\"@id\":\"https:\\\/\\\/www.visitamalfi.info\\\/fr\\\/\u00e9v\u00e9nement\\\/inauguration-de-lexposition-iconographique-documentaire-silvestr-scedrin-le-peintre-de-la-lumiere-entre-amalfi-et-sorrente\\\/\",\"url\":\"https:\\\/\\\/www.visitamalfi.info\\\/fr\\\/\u00e9v\u00e9nement\\\/inauguration-de-lexposition-iconographique-documentaire-silvestr-scedrin-le-peintre-de-la-lumiere-entre-amalfi-et-sorrente\\\/\",\"name\":\"Inauguration de l'exposition iconographique-documentaire Silvestr \u0160\u010dedrin : le \\\" peintre de la lumi\u00e8re \\\" entre Amalfi et Sorrente. - Visit Amalfi\",\"isPartOf\":{\"@id\":\"https:\\\/\\\/www.visitamalfi.info\\\/fr\\\/#website\"},\"datePublished\":\"2023-12-09T18:10:39+00:00\",\"breadcrumb\":{\"@id\":\"https:\\\/\\\/www.visitamalfi.info\\\/fr\\\/\u00e9v\u00e9nement\\\/inauguration-de-lexposition-iconographique-documentaire-silvestr-scedrin-le-peintre-de-la-lumiere-entre-amalfi-et-sorrente\\\/#breadcrumb\"},\"inLanguage\":\"fr-FR\",\"potentialAction\":[{\"@type\":\"ReadAction\",\"target\":[\"https:\\\/\\\/www.visitamalfi.info\\\/fr\\\/\u00e9v\u00e9nement\\\/inauguration-de-lexposition-iconographique-documentaire-silvestr-scedrin-le-peintre-de-la-lumiere-entre-amalfi-et-sorrente\\\/\"]}]},{\"@type\":\"BreadcrumbList\",\"@id\":\"https:\\\/\\\/www.visitamalfi.info\\\/fr\\\/\u00e9v\u00e9nement\\\/inauguration-de-lexposition-iconographique-documentaire-silvestr-scedrin-le-peintre-de-la-lumiere-entre-amalfi-et-sorrente\\\/#breadcrumb\",\"itemListElement\":[{\"@type\":\"ListItem\",\"position\":1,\"name\":\"Home\",\"item\":\"https:\\\/\\\/www.visitamalfi.info\\\/fr\\\/\"},{\"@type\":\"ListItem\",\"position\":2,\"name\":\"\u00c9v\u00e8nements\",\"item\":\"https:\\\/\\\/www.visitamalfi.info\\\/fr\\\/eventi\\\/\"},{\"@type\":\"ListItem\",\"position\":3,\"name\":\"Inauguration de l&#8217;exposition iconographique-documentaire Silvestr \u0160\u010dedrin : le &#8221; peintre de la lumi\u00e8re &#8221; entre Amalfi et Sorrente.\"}]},{\"@type\":\"WebSite\",\"@id\":\"https:\\\/\\\/www.visitamalfi.info\\\/fr\\\/#website\",\"url\":\"https:\\\/\\\/www.visitamalfi.info\\\/fr\\\/\",\"name\":\"Visit Amalfi\",\"description\":\"Amalfi Destination Official Website\",\"publisher\":{\"@id\":\"https:\\\/\\\/www.visitamalfi.info\\\/fr\\\/#organization\"},\"potentialAction\":[{\"@type\":\"SearchAction\",\"target\":{\"@type\":\"EntryPoint\",\"urlTemplate\":\"https:\\\/\\\/www.visitamalfi.info\\\/fr\\\/?s={search_term_string}\"},\"query-input\":{\"@type\":\"PropertyValueSpecification\",\"valueRequired\":true,\"valueName\":\"search_term_string\"}}],\"inLanguage\":\"fr-FR\"},{\"@type\":\"Organization\",\"@id\":\"https:\\\/\\\/www.visitamalfi.info\\\/fr\\\/#organization\",\"name\":\"Visit Amalfi\",\"url\":\"https:\\\/\\\/www.visitamalfi.info\\\/fr\\\/\",\"logo\":{\"@type\":\"ImageObject\",\"inLanguage\":\"fr-FR\",\"@id\":\"https:\\\/\\\/www.visitamalfi.info\\\/fr\\\/#\\\/schema\\\/logo\\\/image\\\/\",\"url\":\"https:\\\/\\\/www.visitamalfi.info\\\/wp-content\\\/uploads\\\/2023\\\/04\\\/visit-amalfi-logo-web.png\",\"contentUrl\":\"https:\\\/\\\/www.visitamalfi.info\\\/wp-content\\\/uploads\\\/2023\\\/04\\\/visit-amalfi-logo-web.png\",\"width\":800,\"height\":870,\"caption\":\"Visit Amalfi\"},\"image\":{\"@id\":\"https:\\\/\\\/www.visitamalfi.info\\\/fr\\\/#\\\/schema\\\/logo\\\/image\\\/\"},\"sameAs\":[\"https:\\\/\\\/www.facebook.com\\\/visitamalfiofficial\",\"https:\\\/\\\/www.instagram.com\\\/visitamalfiofficial\\\/\"]}]}<\/script>\n<!-- \/ Yoast SEO plugin. -->","yoast_head_json":{"title":"Inauguration de l'exposition iconographique-documentaire Silvestr \u0160\u010dedrin : le \" peintre de la lumi\u00e8re \" entre Amalfi et Sorrente. - Visit Amalfi","robots":{"index":"index","follow":"follow","max-snippet":"max-snippet:-1","max-image-preview":"max-image-preview:large","max-video-preview":"max-video-preview:-1"},"canonical":"https:\/\/www.visitamalfi.info\/fr\/\u00e9v\u00e9nement\/inauguration-de-lexposition-iconographique-documentaire-silvestr-scedrin-le-peintre-de-la-lumiere-entre-amalfi-et-sorrente\/","og_locale":"fr_FR","og_type":"article","og_title":"Inauguration de l'exposition iconographique-documentaire Silvestr \u0160\u010dedrin : le \" peintre de la lumi\u00e8re \" entre Amalfi et Sorrente. - Visit Amalfi","og_description":"Inauguration de l'exposition iconographique-documentaire Silvestr \u0160\u010dedrin : le \" peintre de la lumi\u00e8re \" entre Amalfi et Sorrente et pr\u00e9sentation du volume de Michail Ju. Evsev'ev Lettres du Sud par Sil'vestr \u0160\u010dedrin.","og_url":"https:\/\/www.visitamalfi.info\/fr\/\u00e9v\u00e9nement\/inauguration-de-lexposition-iconographique-documentaire-silvestr-scedrin-le-peintre-de-la-lumiere-entre-amalfi-et-sorrente\/","og_site_name":"Visit Amalfi","article_publisher":"https:\/\/www.facebook.com\/visitamalfiofficial","twitter_card":"summary_large_image","schema":{"@context":"https:\/\/schema.org","@graph":[{"@type":"WebPage","@id":"https:\/\/www.visitamalfi.info\/fr\/\u00e9v\u00e9nement\/inauguration-de-lexposition-iconographique-documentaire-silvestr-scedrin-le-peintre-de-la-lumiere-entre-amalfi-et-sorrente\/","url":"https:\/\/www.visitamalfi.info\/fr\/\u00e9v\u00e9nement\/inauguration-de-lexposition-iconographique-documentaire-silvestr-scedrin-le-peintre-de-la-lumiere-entre-amalfi-et-sorrente\/","name":"Inauguration de l'exposition iconographique-documentaire Silvestr \u0160\u010dedrin : le \" peintre de la lumi\u00e8re \" entre Amalfi et Sorrente. - Visit Amalfi","isPartOf":{"@id":"https:\/\/www.visitamalfi.info\/fr\/#website"},"datePublished":"2023-12-09T18:10:39+00:00","breadcrumb":{"@id":"https:\/\/www.visitamalfi.info\/fr\/\u00e9v\u00e9nement\/inauguration-de-lexposition-iconographique-documentaire-silvestr-scedrin-le-peintre-de-la-lumiere-entre-amalfi-et-sorrente\/#breadcrumb"},"inLanguage":"fr-FR","potentialAction":[{"@type":"ReadAction","target":["https:\/\/www.visitamalfi.info\/fr\/\u00e9v\u00e9nement\/inauguration-de-lexposition-iconographique-documentaire-silvestr-scedrin-le-peintre-de-la-lumiere-entre-amalfi-et-sorrente\/"]}]},{"@type":"BreadcrumbList","@id":"https:\/\/www.visitamalfi.info\/fr\/\u00e9v\u00e9nement\/inauguration-de-lexposition-iconographique-documentaire-silvestr-scedrin-le-peintre-de-la-lumiere-entre-amalfi-et-sorrente\/#breadcrumb","itemListElement":[{"@type":"ListItem","position":1,"name":"Home","item":"https:\/\/www.visitamalfi.info\/fr\/"},{"@type":"ListItem","position":2,"name":"\u00c9v\u00e8nements","item":"https:\/\/www.visitamalfi.info\/fr\/eventi\/"},{"@type":"ListItem","position":3,"name":"Inauguration de l&#8217;exposition iconographique-documentaire Silvestr \u0160\u010dedrin : le &#8221; peintre de la lumi\u00e8re &#8221; entre Amalfi et Sorrente."}]},{"@type":"WebSite","@id":"https:\/\/www.visitamalfi.info\/fr\/#website","url":"https:\/\/www.visitamalfi.info\/fr\/","name":"Visit Amalfi","description":"Amalfi Destination Official Website","publisher":{"@id":"https:\/\/www.visitamalfi.info\/fr\/#organization"},"potentialAction":[{"@type":"SearchAction","target":{"@type":"EntryPoint","urlTemplate":"https:\/\/www.visitamalfi.info\/fr\/?s={search_term_string}"},"query-input":{"@type":"PropertyValueSpecification","valueRequired":true,"valueName":"search_term_string"}}],"inLanguage":"fr-FR"},{"@type":"Organization","@id":"https:\/\/www.visitamalfi.info\/fr\/#organization","name":"Visit Amalfi","url":"https:\/\/www.visitamalfi.info\/fr\/","logo":{"@type":"ImageObject","inLanguage":"fr-FR","@id":"https:\/\/www.visitamalfi.info\/fr\/#\/schema\/logo\/image\/","url":"https:\/\/www.visitamalfi.info\/wp-content\/uploads\/2023\/04\/visit-amalfi-logo-web.png","contentUrl":"https:\/\/www.visitamalfi.info\/wp-content\/uploads\/2023\/04\/visit-amalfi-logo-web.png","width":800,"height":870,"caption":"Visit Amalfi"},"image":{"@id":"https:\/\/www.visitamalfi.info\/fr\/#\/schema\/logo\/image\/"},"sameAs":["https:\/\/www.facebook.com\/visitamalfiofficial","https:\/\/www.instagram.com\/visitamalfiofficial\/"]}]}},"_links":{"self":[{"href":"https:\/\/www.visitamalfi.info\/fr\/wp-json\/wp\/v2\/tribe_events\/13335","targetHints":{"allow":["GET"]}}],"collection":[{"href":"https:\/\/www.visitamalfi.info\/fr\/wp-json\/wp\/v2\/tribe_events"}],"about":[{"href":"https:\/\/www.visitamalfi.info\/fr\/wp-json\/wp\/v2\/types\/tribe_events"}],"author":[{"embeddable":true,"href":"https:\/\/www.visitamalfi.info\/fr\/wp-json\/wp\/v2\/users\/7"}],"version-history":[{"count":0,"href":"https:\/\/www.visitamalfi.info\/fr\/wp-json\/wp\/v2\/tribe_events\/13335\/revisions"}],"wp:attachment":[{"href":"https:\/\/www.visitamalfi.info\/fr\/wp-json\/wp\/v2\/media?parent=13335"}],"wp:term":[{"taxonomy":"post_tag","embeddable":true,"href":"https:\/\/www.visitamalfi.info\/fr\/wp-json\/wp\/v2\/tags?post=13335"},{"taxonomy":"tribe_events_cat","embeddable":true,"href":"https:\/\/www.visitamalfi.info\/fr\/wp-json\/wp\/v2\/tribe_events_cat?post=13335"}],"curies":[{"name":"wp","href":"https:\/\/api.w.org\/{rel}","templated":true}]}}

https://www.visitamalfi.info/fr/événement/inauguration-de-lexposition-iconographique-documentaire-silvestr-scedrin-le-peintre-de-la-lumiere-entre-amalfi-et-sorrente/

Inauguration de l&#8217;exposition iconographique-documentaire Silvestr Ščedrin : le &#8221; peintre de la lumière &#8221; entre Amalfi et Sorrente.

<p>Inauguration de l&#8217;exposition iconographique-documentaire <strong>Silvestr Ščedrin : le &#8221; peintre de la lumière &#8221; entre Amalfi et Sorrente</strong>. Les passerelles interculturelles de l&#8217;art pour la solidarité et l&#8217;amitié entre les peuples. A suivre Présentation du volume par Michail Ju. Evsev&#8217;ev Lettres du Sud par Sil&#8217;vestr Ščedrin. Un peintre russe amoureux de la lumière du Sud. Rencontre et débat sur le thème Tra due coste e due mondi : Otto e Novecento in pittura : il territorio del sud, le &#8216;luci&#8217;, la gente.</p>
<p>Édité par le Centre de culture et d&#8217;histoire amalfitaine</p>

<p>Inauguration de l&#8217;exposition iconographique-documentaire Silvestr Ščedrin : le &#8221; peintre de la lumière &#8221; entre Amalfi et Sorrente et présentation du volume de Michail Ju. Evsev&#8217;ev Lettres du Sud par Sil&#8217;vestr Ščedrin.</p>

<!-- This site is optimized with the Yoast SEO plugin v27.3 - https://yoast.com/product/yoast-seo-wordpress/ -->
<title>Inauguration de l&#039;exposition iconographique-documentaire Silvestr Ščedrin : le &quot; peintre de la lumière &quot; entre Amalfi et Sorrente. - Visit Amalfi</title>
<meta name="robots" content="index, follow, max-snippet:-1, max-image-preview:large, max-video-preview:-1" />
<link rel="canonical" href="https://www.visitamalfi.info/fr/événement/inauguration-de-lexposition-iconographique-documentaire-silvestr-scedrin-le-peintre-de-la-lumiere-entre-amalfi-et-sorrente/" />
<meta property="og:locale" content="fr_FR" />
<meta property="og:type" content="article" />
<meta property="og:title" content="Inauguration de l&#039;exposition iconographique-documentaire Silvestr Ščedrin : le &quot; peintre de la lumière &quot; entre Amalfi et Sorrente. - Visit Amalfi" />
<meta property="og:description" content="Inauguration de l&#039;exposition iconographique-documentaire Silvestr Ščedrin : le &quot; peintre de la lumière &quot; entre Amalfi et Sorrente et présentation du volume de Michail Ju. Evsev&#039;ev Lettres du Sud par Sil&#039;vestr Ščedrin." />
<meta property="og:url" content="https://www.visitamalfi.info/fr/événement/inauguration-de-lexposition-iconographique-documentaire-silvestr-scedrin-le-peintre-de-la-lumiere-entre-amalfi-et-sorrente/" />
<meta property="og:site_name" content="Visit Amalfi" />
<meta property="article:publisher" content="https://www.facebook.com/visitamalfiofficial" />
<meta name="twitter:card" content="summary_large_image" />
<script type="application/ld+json" class="yoast-schema-graph">{"@context":"https:\/\/schema.org","@graph":[{"@type":"WebPage","@id":"https:\/\/www.visitamalfi.info\/fr\/événement\/inauguration-de-lexposition-iconographique-documentaire-silvestr-scedrin-le-peintre-de-la-lumiere-entre-amalfi-et-sorrente\/","url":"https:\/\/www.visitamalfi.info\/fr\/événement\/inauguration-de-lexposition-iconographique-documentaire-silvestr-scedrin-le-peintre-de-la-lumiere-entre-amalfi-et-sorrente\/","name":"Inauguration de l'exposition iconographique-documentaire Silvestr Ščedrin : le \" peintre de la lumière \" entre Amalfi et Sorrente. - Visit Amalfi","isPartOf":{"@id":"https:\/\/www.visitamalfi.info\/fr\/#website"},"datePublished":"2023-12-09T18:10:39+00:00","breadcrumb":{"@id":"https:\/\/www.visitamalfi.info\/fr\/événement\/inauguration-de-lexposition-iconographique-documentaire-silvestr-scedrin-le-peintre-de-la-lumiere-entre-amalfi-et-sorrente\/#breadcrumb"},"inLanguage":"fr-FR","potentialAction":[{"@type":"ReadAction","target":["https:\/\/www.visitamalfi.info\/fr\/événement\/inauguration-de-lexposition-iconographique-documentaire-silvestr-scedrin-le-peintre-de-la-lumiere-entre-amalfi-et-sorrente\/"]}]},{"@type":"BreadcrumbList","@id":"https:\/\/www.visitamalfi.info\/fr\/événement\/inauguration-de-lexposition-iconographique-documentaire-silvestr-scedrin-le-peintre-de-la-lumiere-entre-amalfi-et-sorrente\/#breadcrumb","itemListElement":[{"@type":"ListItem","position":1,"name":"Home","item":"https:\/\/www.visitamalfi.info\/fr\/"},{"@type":"ListItem","position":2,"name":"Évènements","item":"https:\/\/www.visitamalfi.info\/fr\/eventi\/"},{"@type":"ListItem","position":3,"name":"Inauguration de l&#8217;exposition iconographique-documentaire Silvestr Ščedrin : le &#8221; peintre de la lumière &#8221; entre Amalfi et Sorrente."}]},{"@type":"WebSite","@id":"https:\/\/www.visitamalfi.info\/fr\/#website","url":"https:\/\/www.visitamalfi.info\/fr\/","name":"Visit Amalfi","description":"Amalfi Destination Official Website","publisher":{"@id":"https:\/\/www.visitamalfi.info\/fr\/#organization"},"potentialAction":[{"@type":"SearchAction","target":{"@type":"EntryPoint","urlTemplate":"https:\/\/www.visitamalfi.info\/fr\/?s={search_term_string}"},"query-input":{"@type":"PropertyValueSpecification","valueRequired":true,"valueName":"search_term_string"}}],"inLanguage":"fr-FR"},{"@type":"Organization","@id":"https:\/\/www.visitamalfi.info\/fr\/#organization","name":"Visit Amalfi","url":"https:\/\/www.visitamalfi.info\/fr\/","logo":{"@type":"ImageObject","inLanguage":"fr-FR","@id":"https:\/\/www.visitamalfi.info\/fr\/#\/schema\/logo\/image\/","url":"https:\/\/www.visitamalfi.info\/wp-content\/uploads\/2023\/04\/visit-amalfi-logo-web.png","contentUrl":"https:\/\/www.visitamalfi.info\/wp-content\/uploads\/2023\/04\/visit-amalfi-logo-web.png","width":800,"height":870,"caption":"Visit Amalfi"},"image":{"@id":"https:\/\/www.visitamalfi.info\/fr\/#\/schema\/logo\/image\/"},"sameAs":["https:\/\/www.facebook.com\/visitamalfiofficial","https:\/\/www.instagram.com\/visitamalfiofficial\/"]}]}</script>
<!-- / Yoast SEO plugin. -->

Inauguration de l'exposition iconographique-documentaire Silvestr Ščedrin : le " peintre de la lumière " entre Amalfi et Sorrente. - Visit Amalfi

Inauguration de l'exposition iconographique-documentaire Silvestr Ščedrin : le " peintre de la lumière " entre Amalfi et Sorrente et présentation du volume de Michail Ju. Evsev'ev Lettres du Sud par Sil'vestr Ščedrin.

https://www.visitamalfi.info/fr/événement/inauguration-de-lexposition-iconographique-documentaire-silvestr-scedrin-le-peintre-de-la-lumiere-entre-amalfi-et-sorrente/#breadcrumb

Évènements
