{"id":13325,"date":"2023-12-09T18:03:41","date_gmt":"2023-12-09T17:03:41","guid":{"rendered":"https:\/\/www.visitamalfi.info\/evento\/presentation-du-livre-il-tari-moneta-del-mediterraneo-actes-de-la-conference-detude-amalfi-20-21-mai-2022\/"},"modified":"2023-12-09T19:43:01","modified_gmt":"2023-12-09T18:43:01","slug":"presentation-du-livre-il-tari-moneta-del-mediterraneo-actes-de-la-conference-detude-amalfi-20-21-mai-2022","status":"publish","type":"tribe_events","link":"https:\/\/www.visitamalfi.info\/fr\/\u00e9v\u00e9nement\/presentation-du-livre-il-tari-moneta-del-mediterraneo-actes-de-la-conference-detude-amalfi-20-21-mai-2022\/","title":{"rendered":"Pr\u00e9sentation du livre Il Tar\u00ec moneta del Mediterraneo. Actes de la conf\u00e9rence d&#8217;\u00e9tude. Amalfi, 20-21 mai 2022."},"content":{"rendered":"<p>Pr\u00e9sentation du livre Il Tar\u00ec moneta del Mediterraneo. Actes de la conf\u00e9rence d&#8217;\u00e9tude. Amalfi, 20-21 mai 2022.<\/p>\n<p>Rencontre et d\u00e9bat sur le th\u00e8me des nouvelles pistes d&#8217;\u00e9tude sur la numismatique et l&#8217;histoire de l&#8217;Amalfi m\u00e9di\u00e9val.<\/p>\n<p>\u00c9dit\u00e9 par le Centro di Cultura e Storia Amalfitana.<\/p>\n","protected":false},"excerpt":{"rendered":"<p>Pr\u00e9sentation du livre Il Tar\u00ec moneta del Mediterraneo. Actes de la conf\u00e9rence d&#8217;\u00e9tude. Amalfi, 20-21 mai 2022. Rencontre et d\u00e9bat sur le th\u00e8me des nouvelles pistes d&#8217;\u00e9tude sur la numismatique [&hellip;]<\/p>\n","protected":false},"author":7,"featured_media":0,"template":"","meta":{"inline_featured_image":false,"_tribe_events_status":"","_tribe_events_status_reason":"","footnotes":""},"tags":[259,1246,1244,1172,1245],"tribe_events_cat":[586,587],"class_list":["post-13325","tribe_events","type-tribe_events","status-publish","hentry","tag-amalfi-fr","tag-evenement","tag-iltari-fr","tag-noel","tag-presentation-fr","tribe_events_cat-conference","tribe_events_cat-culture","cat_conference","cat_culture"],"yoast_head":"<!-- This site is optimized with the Yoast SEO plugin v27.3 - https:\/\/yoast.com\/product\/yoast-seo-wordpress\/ -->\n<title>Pr\u00e9sentation du livre Il Tar\u00ec moneta del Mediterraneo. Actes de la conf\u00e9rence d&#039;\u00e9tude. Amalfi, 20-21 mai 2022. - Visit Amalfi<\/title>\n<meta name=\"robots\" content=\"index, follow, max-snippet:-1, max-image-preview:large, max-video-preview:-1\" \/>\n<link rel=\"canonical\" href=\"https:\/\/www.visitamalfi.info\/fr\/\u00e9v\u00e9nement\/presentation-du-livre-il-tari-moneta-del-mediterraneo-actes-de-la-conference-detude-amalfi-20-21-mai-2022\/\" \/>\n<meta property=\"og:locale\" content=\"fr_FR\" \/>\n<meta property=\"og:type\" content=\"article\" \/>\n<meta property=\"og:title\" content=\"Pr\u00e9sentation du livre Il Tar\u00ec moneta del Mediterraneo. Actes de la conf\u00e9rence d&#039;\u00e9tude. Amalfi, 20-21 mai 2022. - Visit Amalfi\" \/>\n<meta property=\"og:description\" content=\"Pr\u00e9sentation du livre Il Tar\u00ec moneta del Mediterraneo. Actes de la conf\u00e9rence d&#8217;\u00e9tude. Amalfi, 20-21 mai 2022. Rencontre et d\u00e9bat sur le th\u00e8me des nouvelles pistes d&#8217;\u00e9tude sur la numismatique [&hellip;]\" \/>\n<meta property=\"og:url\" content=\"https:\/\/www.visitamalfi.info\/fr\/\u00e9v\u00e9nement\/presentation-du-livre-il-tari-moneta-del-mediterraneo-actes-de-la-conference-detude-amalfi-20-21-mai-2022\/\" \/>\n<meta property=\"og:site_name\" content=\"Visit Amalfi\" \/>\n<meta property=\"article:publisher\" content=\"https:\/\/www.facebook.com\/visitamalfiofficial\" \/>\n<meta property=\"article:modified_time\" content=\"2023-12-09T18:43:01+00:00\" \/>\n<meta name=\"twitter:card\" content=\"summary_large_image\" \/>\n<script type=\"application\/ld+json\" class=\"yoast-schema-graph\">{\"@context\":\"https:\\\/\\\/schema.org\",\"@graph\":[{\"@type\":\"WebPage\",\"@id\":\"https:\\\/\\\/www.visitamalfi.info\\\/fr\\\/\u00e9v\u00e9nement\\\/presentation-du-livre-il-tari-moneta-del-mediterraneo-actes-de-la-conference-detude-amalfi-20-21-mai-2022\\\/\",\"url\":\"https:\\\/\\\/www.visitamalfi.info\\\/fr\\\/\u00e9v\u00e9nement\\\/presentation-du-livre-il-tari-moneta-del-mediterraneo-actes-de-la-conference-detude-amalfi-20-21-mai-2022\\\/\",\"name\":\"Pr\u00e9sentation du livre Il Tar\u00ec moneta del Mediterraneo. Actes de la conf\u00e9rence d'\u00e9tude. Amalfi, 20-21 mai 2022. - Visit Amalfi\",\"isPartOf\":{\"@id\":\"https:\\\/\\\/www.visitamalfi.info\\\/fr\\\/#website\"},\"datePublished\":\"2023-12-09T17:03:41+00:00\",\"dateModified\":\"2023-12-09T18:43:01+00:00\",\"breadcrumb\":{\"@id\":\"https:\\\/\\\/www.visitamalfi.info\\\/fr\\\/\u00e9v\u00e9nement\\\/presentation-du-livre-il-tari-moneta-del-mediterraneo-actes-de-la-conference-detude-amalfi-20-21-mai-2022\\\/#breadcrumb\"},\"inLanguage\":\"fr-FR\",\"potentialAction\":[{\"@type\":\"ReadAction\",\"target\":[\"https:\\\/\\\/www.visitamalfi.info\\\/fr\\\/\u00e9v\u00e9nement\\\/presentation-du-livre-il-tari-moneta-del-mediterraneo-actes-de-la-conference-detude-amalfi-20-21-mai-2022\\\/\"]}]},{\"@type\":\"BreadcrumbList\",\"@id\":\"https:\\\/\\\/www.visitamalfi.info\\\/fr\\\/\u00e9v\u00e9nement\\\/presentation-du-livre-il-tari-moneta-del-mediterraneo-actes-de-la-conference-detude-amalfi-20-21-mai-2022\\\/#breadcrumb\",\"itemListElement\":[{\"@type\":\"ListItem\",\"position\":1,\"name\":\"Home\",\"item\":\"https:\\\/\\\/www.visitamalfi.info\\\/fr\\\/\"},{\"@type\":\"ListItem\",\"position\":2,\"name\":\"\u00c9v\u00e8nements\",\"item\":\"https:\\\/\\\/www.visitamalfi.info\\\/fr\\\/eventi\\\/\"},{\"@type\":\"ListItem\",\"position\":3,\"name\":\"Pr\u00e9sentation du livre Il Tar\u00ec moneta del Mediterraneo. Actes de la conf\u00e9rence d&#8217;\u00e9tude. Amalfi, 20-21 mai 2022.\"}]},{\"@type\":\"WebSite\",\"@id\":\"https:\\\/\\\/www.visitamalfi.info\\\/fr\\\/#website\",\"url\":\"https:\\\/\\\/www.visitamalfi.info\\\/fr\\\/\",\"name\":\"Visit Amalfi\",\"description\":\"Amalfi Destination Official Website\",\"publisher\":{\"@id\":\"https:\\\/\\\/www.visitamalfi.info\\\/fr\\\/#organization\"},\"potentialAction\":[{\"@type\":\"SearchAction\",\"target\":{\"@type\":\"EntryPoint\",\"urlTemplate\":\"https:\\\/\\\/www.visitamalfi.info\\\/fr\\\/?s={search_term_string}\"},\"query-input\":{\"@type\":\"PropertyValueSpecification\",\"valueRequired\":true,\"valueName\":\"search_term_string\"}}],\"inLanguage\":\"fr-FR\"},{\"@type\":\"Organization\",\"@id\":\"https:\\\/\\\/www.visitamalfi.info\\\/fr\\\/#organization\",\"name\":\"Visit Amalfi\",\"url\":\"https:\\\/\\\/www.visitamalfi.info\\\/fr\\\/\",\"logo\":{\"@type\":\"ImageObject\",\"inLanguage\":\"fr-FR\",\"@id\":\"https:\\\/\\\/www.visitamalfi.info\\\/fr\\\/#\\\/schema\\\/logo\\\/image\\\/\",\"url\":\"https:\\\/\\\/www.visitamalfi.info\\\/wp-content\\\/uploads\\\/2023\\\/04\\\/visit-amalfi-logo-web.png\",\"contentUrl\":\"https:\\\/\\\/www.visitamalfi.info\\\/wp-content\\\/uploads\\\/2023\\\/04\\\/visit-amalfi-logo-web.png\",\"width\":800,\"height\":870,\"caption\":\"Visit Amalfi\"},\"image\":{\"@id\":\"https:\\\/\\\/www.visitamalfi.info\\\/fr\\\/#\\\/schema\\\/logo\\\/image\\\/\"},\"sameAs\":[\"https:\\\/\\\/www.facebook.com\\\/visitamalfiofficial\",\"https:\\\/\\\/www.instagram.com\\\/visitamalfiofficial\\\/\"]}]}<\/script>\n<!-- \/ Yoast SEO plugin. -->","yoast_head_json":{"title":"Pr\u00e9sentation du livre Il Tar\u00ec moneta del Mediterraneo. Actes de la conf\u00e9rence d'\u00e9tude. Amalfi, 20-21 mai 2022. - Visit Amalfi","robots":{"index":"index","follow":"follow","max-snippet":"max-snippet:-1","max-image-preview":"max-image-preview:large","max-video-preview":"max-video-preview:-1"},"canonical":"https:\/\/www.visitamalfi.info\/fr\/\u00e9v\u00e9nement\/presentation-du-livre-il-tari-moneta-del-mediterraneo-actes-de-la-conference-detude-amalfi-20-21-mai-2022\/","og_locale":"fr_FR","og_type":"article","og_title":"Pr\u00e9sentation du livre Il Tar\u00ec moneta del Mediterraneo. Actes de la conf\u00e9rence d'\u00e9tude. Amalfi, 20-21 mai 2022. - Visit Amalfi","og_description":"Pr\u00e9sentation du livre Il Tar\u00ec moneta del Mediterraneo. Actes de la conf\u00e9rence d&#8217;\u00e9tude. Amalfi, 20-21 mai 2022. Rencontre et d\u00e9bat sur le th\u00e8me des nouvelles pistes d&#8217;\u00e9tude sur la numismatique [&hellip;]","og_url":"https:\/\/www.visitamalfi.info\/fr\/\u00e9v\u00e9nement\/presentation-du-livre-il-tari-moneta-del-mediterraneo-actes-de-la-conference-detude-amalfi-20-21-mai-2022\/","og_site_name":"Visit Amalfi","article_publisher":"https:\/\/www.facebook.com\/visitamalfiofficial","article_modified_time":"2023-12-09T18:43:01+00:00","twitter_card":"summary_large_image","schema":{"@context":"https:\/\/schema.org","@graph":[{"@type":"WebPage","@id":"https:\/\/www.visitamalfi.info\/fr\/\u00e9v\u00e9nement\/presentation-du-livre-il-tari-moneta-del-mediterraneo-actes-de-la-conference-detude-amalfi-20-21-mai-2022\/","url":"https:\/\/www.visitamalfi.info\/fr\/\u00e9v\u00e9nement\/presentation-du-livre-il-tari-moneta-del-mediterraneo-actes-de-la-conference-detude-amalfi-20-21-mai-2022\/","name":"Pr\u00e9sentation du livre Il Tar\u00ec moneta del Mediterraneo. Actes de la conf\u00e9rence d'\u00e9tude. Amalfi, 20-21 mai 2022. - Visit Amalfi","isPartOf":{"@id":"https:\/\/www.visitamalfi.info\/fr\/#website"},"datePublished":"2023-12-09T17:03:41+00:00","dateModified":"2023-12-09T18:43:01+00:00","breadcrumb":{"@id":"https:\/\/www.visitamalfi.info\/fr\/\u00e9v\u00e9nement\/presentation-du-livre-il-tari-moneta-del-mediterraneo-actes-de-la-conference-detude-amalfi-20-21-mai-2022\/#breadcrumb"},"inLanguage":"fr-FR","potentialAction":[{"@type":"ReadAction","target":["https:\/\/www.visitamalfi.info\/fr\/\u00e9v\u00e9nement\/presentation-du-livre-il-tari-moneta-del-mediterraneo-actes-de-la-conference-detude-amalfi-20-21-mai-2022\/"]}]},{"@type":"BreadcrumbList","@id":"https:\/\/www.visitamalfi.info\/fr\/\u00e9v\u00e9nement\/presentation-du-livre-il-tari-moneta-del-mediterraneo-actes-de-la-conference-detude-amalfi-20-21-mai-2022\/#breadcrumb","itemListElement":[{"@type":"ListItem","position":1,"name":"Home","item":"https:\/\/www.visitamalfi.info\/fr\/"},{"@type":"ListItem","position":2,"name":"\u00c9v\u00e8nements","item":"https:\/\/www.visitamalfi.info\/fr\/eventi\/"},{"@type":"ListItem","position":3,"name":"Pr\u00e9sentation du livre Il Tar\u00ec moneta del Mediterraneo. Actes de la conf\u00e9rence d&#8217;\u00e9tude. Amalfi, 20-21 mai 2022."}]},{"@type":"WebSite","@id":"https:\/\/www.visitamalfi.info\/fr\/#website","url":"https:\/\/www.visitamalfi.info\/fr\/","name":"Visit Amalfi","description":"Amalfi Destination Official Website","publisher":{"@id":"https:\/\/www.visitamalfi.info\/fr\/#organization"},"potentialAction":[{"@type":"SearchAction","target":{"@type":"EntryPoint","urlTemplate":"https:\/\/www.visitamalfi.info\/fr\/?s={search_term_string}"},"query-input":{"@type":"PropertyValueSpecification","valueRequired":true,"valueName":"search_term_string"}}],"inLanguage":"fr-FR"},{"@type":"Organization","@id":"https:\/\/www.visitamalfi.info\/fr\/#organization","name":"Visit Amalfi","url":"https:\/\/www.visitamalfi.info\/fr\/","logo":{"@type":"ImageObject","inLanguage":"fr-FR","@id":"https:\/\/www.visitamalfi.info\/fr\/#\/schema\/logo\/image\/","url":"https:\/\/www.visitamalfi.info\/wp-content\/uploads\/2023\/04\/visit-amalfi-logo-web.png","contentUrl":"https:\/\/www.visitamalfi.info\/wp-content\/uploads\/2023\/04\/visit-amalfi-logo-web.png","width":800,"height":870,"caption":"Visit Amalfi"},"image":{"@id":"https:\/\/www.visitamalfi.info\/fr\/#\/schema\/logo\/image\/"},"sameAs":["https:\/\/www.facebook.com\/visitamalfiofficial","https:\/\/www.instagram.com\/visitamalfiofficial\/"]}]}},"_links":{"self":[{"href":"https:\/\/www.visitamalfi.info\/fr\/wp-json\/wp\/v2\/tribe_events\/13325","targetHints":{"allow":["GET"]}}],"collection":[{"href":"https:\/\/www.visitamalfi.info\/fr\/wp-json\/wp\/v2\/tribe_events"}],"about":[{"href":"https:\/\/www.visitamalfi.info\/fr\/wp-json\/wp\/v2\/types\/tribe_events"}],"author":[{"embeddable":true,"href":"https:\/\/www.visitamalfi.info\/fr\/wp-json\/wp\/v2\/users\/7"}],"version-history":[{"count":1,"href":"https:\/\/www.visitamalfi.info\/fr\/wp-json\/wp\/v2\/tribe_events\/13325\/revisions"}],"predecessor-version":[{"id":13326,"href":"https:\/\/www.visitamalfi.info\/fr\/wp-json\/wp\/v2\/tribe_events\/13325\/revisions\/13326"}],"wp:attachment":[{"href":"https:\/\/www.visitamalfi.info\/fr\/wp-json\/wp\/v2\/media?parent=13325"}],"wp:term":[{"taxonomy":"post_tag","embeddable":true,"href":"https:\/\/www.visitamalfi.info\/fr\/wp-json\/wp\/v2\/tags?post=13325"},{"taxonomy":"tribe_events_cat","embeddable":true,"href":"https:\/\/www.visitamalfi.info\/fr\/wp-json\/wp\/v2\/tribe_events_cat?post=13325"}],"curies":[{"name":"wp","href":"https:\/\/api.w.org\/{rel}","templated":true}]}}

https://www.visitamalfi.info/fr/événement/presentation-du-livre-il-tari-moneta-del-mediterraneo-actes-de-la-conference-detude-amalfi-20-21-mai-2022/

Présentation du livre Il Tarì moneta del Mediterraneo. Actes de la conférence d&#8217;étude. Amalfi, 20-21 mai 2022.

<p>Présentation du livre Il Tarì moneta del Mediterraneo. Actes de la conférence d&#8217;étude. Amalfi, 20-21 mai 2022.</p>
<p>Rencontre et débat sur le thème des nouvelles pistes d&#8217;étude sur la numismatique et l&#8217;histoire de l&#8217;Amalfi médiéval.</p>
<p>Édité par le Centro di Cultura e Storia Amalfitana.</p>

<p>Présentation du livre Il Tarì moneta del Mediterraneo. Actes de la conférence d&#8217;étude. Amalfi, 20-21 mai 2022. Rencontre et débat sur le thème des nouvelles pistes d&#8217;étude sur la numismatique [&hellip;]</p>

<!-- This site is optimized with the Yoast SEO plugin v27.3 - https://yoast.com/product/yoast-seo-wordpress/ -->
<title>Présentation du livre Il Tarì moneta del Mediterraneo. Actes de la conférence d&#039;étude. Amalfi, 20-21 mai 2022. - Visit Amalfi</title>
<meta name="robots" content="index, follow, max-snippet:-1, max-image-preview:large, max-video-preview:-1" />
<link rel="canonical" href="https://www.visitamalfi.info/fr/événement/presentation-du-livre-il-tari-moneta-del-mediterraneo-actes-de-la-conference-detude-amalfi-20-21-mai-2022/" />
<meta property="og:locale" content="fr_FR" />
<meta property="og:type" content="article" />
<meta property="og:title" content="Présentation du livre Il Tarì moneta del Mediterraneo. Actes de la conférence d&#039;étude. Amalfi, 20-21 mai 2022. - Visit Amalfi" />
<meta property="og:description" content="Présentation du livre Il Tarì moneta del Mediterraneo. Actes de la conférence d&#8217;étude. Amalfi, 20-21 mai 2022. Rencontre et débat sur le thème des nouvelles pistes d&#8217;étude sur la numismatique [&hellip;]" />
<meta property="og:url" content="https://www.visitamalfi.info/fr/événement/presentation-du-livre-il-tari-moneta-del-mediterraneo-actes-de-la-conference-detude-amalfi-20-21-mai-2022/" />
<meta property="og:site_name" content="Visit Amalfi" />
<meta property="article:publisher" content="https://www.facebook.com/visitamalfiofficial" />
<meta property="article:modified_time" content="2023-12-09T18:43:01+00:00" />
<meta name="twitter:card" content="summary_large_image" />
<script type="application/ld+json" class="yoast-schema-graph">{"@context":"https:\/\/schema.org","@graph":[{"@type":"WebPage","@id":"https:\/\/www.visitamalfi.info\/fr\/événement\/presentation-du-livre-il-tari-moneta-del-mediterraneo-actes-de-la-conference-detude-amalfi-20-21-mai-2022\/","url":"https:\/\/www.visitamalfi.info\/fr\/événement\/presentation-du-livre-il-tari-moneta-del-mediterraneo-actes-de-la-conference-detude-amalfi-20-21-mai-2022\/","name":"Présentation du livre Il Tarì moneta del Mediterraneo. Actes de la conférence d'étude. Amalfi, 20-21 mai 2022. - Visit Amalfi","isPartOf":{"@id":"https:\/\/www.visitamalfi.info\/fr\/#website"},"datePublished":"2023-12-09T17:03:41+00:00","dateModified":"2023-12-09T18:43:01+00:00","breadcrumb":{"@id":"https:\/\/www.visitamalfi.info\/fr\/événement\/presentation-du-livre-il-tari-moneta-del-mediterraneo-actes-de-la-conference-detude-amalfi-20-21-mai-2022\/#breadcrumb"},"inLanguage":"fr-FR","potentialAction":[{"@type":"ReadAction","target":["https:\/\/www.visitamalfi.info\/fr\/événement\/presentation-du-livre-il-tari-moneta-del-mediterraneo-actes-de-la-conference-detude-amalfi-20-21-mai-2022\/"]}]},{"@type":"BreadcrumbList","@id":"https:\/\/www.visitamalfi.info\/fr\/événement\/presentation-du-livre-il-tari-moneta-del-mediterraneo-actes-de-la-conference-detude-amalfi-20-21-mai-2022\/#breadcrumb","itemListElement":[{"@type":"ListItem","position":1,"name":"Home","item":"https:\/\/www.visitamalfi.info\/fr\/"},{"@type":"ListItem","position":2,"name":"Évènements","item":"https:\/\/www.visitamalfi.info\/fr\/eventi\/"},{"@type":"ListItem","position":3,"name":"Présentation du livre Il Tarì moneta del Mediterraneo. Actes de la conférence d&#8217;étude. Amalfi, 20-21 mai 2022."}]},{"@type":"WebSite","@id":"https:\/\/www.visitamalfi.info\/fr\/#website","url":"https:\/\/www.visitamalfi.info\/fr\/","name":"Visit Amalfi","description":"Amalfi Destination Official Website","publisher":{"@id":"https:\/\/www.visitamalfi.info\/fr\/#organization"},"potentialAction":[{"@type":"SearchAction","target":{"@type":"EntryPoint","urlTemplate":"https:\/\/www.visitamalfi.info\/fr\/?s={search_term_string}"},"query-input":{"@type":"PropertyValueSpecification","valueRequired":true,"valueName":"search_term_string"}}],"inLanguage":"fr-FR"},{"@type":"Organization","@id":"https:\/\/www.visitamalfi.info\/fr\/#organization","name":"Visit Amalfi","url":"https:\/\/www.visitamalfi.info\/fr\/","logo":{"@type":"ImageObject","inLanguage":"fr-FR","@id":"https:\/\/www.visitamalfi.info\/fr\/#\/schema\/logo\/image\/","url":"https:\/\/www.visitamalfi.info\/wp-content\/uploads\/2023\/04\/visit-amalfi-logo-web.png","contentUrl":"https:\/\/www.visitamalfi.info\/wp-content\/uploads\/2023\/04\/visit-amalfi-logo-web.png","width":800,"height":870,"caption":"Visit Amalfi"},"image":{"@id":"https:\/\/www.visitamalfi.info\/fr\/#\/schema\/logo\/image\/"},"sameAs":["https:\/\/www.facebook.com\/visitamalfiofficial","https:\/\/www.instagram.com\/visitamalfiofficial\/"]}]}</script>
<!-- / Yoast SEO plugin. -->

Présentation du livre Il Tarì moneta del Mediterraneo. Actes de la conférence d'étude. Amalfi, 20-21 mai 2022. - Visit Amalfi

Présentation du livre Il Tarì moneta del Mediterraneo. Actes de la conférence d&#8217;étude. Amalfi, 20-21 mai 2022. Rencontre et débat sur le thème des nouvelles pistes d&#8217;étude sur la numismatique [&hellip;]

https://www.visitamalfi.info/fr/événement/presentation-du-livre-il-tari-moneta-del-mediterraneo-actes-de-la-conference-detude-amalfi-20-21-mai-2022/#breadcrumb

Évènements
