{"id":10273,"date":"2023-06-07T18:50:48","date_gmt":"2023-06-07T16:50:48","guid":{"rendered":"https:\/\/www.visitamalfi.info\/evento\/borghi-in-festa-vettica\/"},"modified":"2023-06-07T18:50:48","modified_gmt":"2023-06-07T16:50:48","slug":"borghi-in-festa-vettica","status":"publish","type":"tribe_events","link":"https:\/\/www.visitamalfi.info\/fr\/\u00e9v\u00e9nement\/borghi-in-festa-vettica\/","title":{"rendered":"Borghi in Festa-Vettica"},"content":{"rendered":"<p><strong><em>Concert de La Piccola Orchestra Popolare C.O. Panzillo<\/em><\/strong><\/p>\n<p>Le <em>Piccola Orchestra Popolare C.O. Panzillo <\/em>a \u00e9t\u00e9 fond\u00e9 en 2001 par des passionn\u00e9s de musique et de po\u00e9sie, \u00e0 la fois cultiv\u00e9s et traditionnels, de la r\u00e9gion de Campanie. La diversit\u00e9 des go\u00fbts musicaux des membres du groupe a donn\u00e9 naissance \u00e0 un r\u00e9pertoire vari\u00e9, tant vocal qu&#8217;instrumental, qui allie des morceaux connus \u00e0 d&#8217;autres de valeur. L\u2019idea che anima le esibizioni del settetto musicale \u00e8 quella di rappresentare le forme composite ed articolate della musica napoletana offrendo allo spettatore la possibilit\u00e0 di ascoltarla sotto forma di breve compendio. L&#8217;orientation artistique pr\u00e9cise, vers un parcours \u00e9galement de nature philologique, fait que chaque pi\u00e8ce est interpr\u00e9t\u00e9e dans la rigueur des styles et des intentions originales de l&#8217;\u00e9poque, sans renoncer \u00e0 des interpr\u00e9tations personnelles mais respectueuses. Avec <strong>Nuccia Paolillo, Antonio Marasca, Massimiliano D&#8217;Alessandro, Bruno Paura, Luca Di Muzio, Simone Cretella<\/strong> et <strong>Rosanna Fanzo<\/strong>.<\/p>\n","protected":false},"excerpt":{"rendered":"<p>Una serata caratterizzata dalle forme composite ed articolate della musica napoletana, un repertorio unico che trasporta lo spettatore in un mix di tradizione e buona musica. <\/p>\n","protected":false},"author":7,"featured_media":0,"template":"","meta":{"inline_featured_image":false,"_tribe_events_status":"","_tribe_events_status_reason":"","footnotes":""},"tags":[259,580,390,392,797,798,393,391,389,388,395,394,314],"tribe_events_cat":[317,396,397],"class_list":["post-10273","tribe_events","type-tribe_events","status-publish","hentry","tag-amalfi-fr","tag-amalficoast-fr","tag-antonio-marasca-fr","tag-bruno-paura-fr","tag-concerto-de-la-piccola-orchestra-popolare-fr","tag-eventiinamalfi-fr","tag-luca-di-muzio-fr","tag-massimiliano-dalessandro-fr","tag-nuccia-paolillo-fr","tag-panzillo-fr","tag-rosanna-fanzo-fr","tag-simone-cretella-fr","tag-summer2023-fr","tribe_events_cat-musica-dal-vivo-fr","tribe_events_cat-musica-italiana-fr","tribe_events_cat-tradizione-fr","cat_musica-dal-vivo-fr","cat_musica-italiana-fr","cat_tradizione-fr"],"yoast_head":"<!-- This site is optimized with the Yoast SEO plugin v27.3 - https:\/\/yoast.com\/product\/yoast-seo-wordpress\/ -->\n<title>Borghi in Festa-Vettica - Visit Amalfi<\/title>\n<meta name=\"robots\" content=\"index, follow, max-snippet:-1, max-image-preview:large, max-video-preview:-1\" \/>\n<link rel=\"canonical\" href=\"https:\/\/www.visitamalfi.info\/fr\/\u00e9v\u00e9nement\/borghi-in-festa-vettica\/\" \/>\n<meta property=\"og:locale\" content=\"fr_FR\" \/>\n<meta property=\"og:type\" content=\"article\" \/>\n<meta property=\"og:title\" content=\"Borghi in Festa-Vettica - Visit Amalfi\" \/>\n<meta property=\"og:description\" content=\"Una serata caratterizzata dalle forme composite ed articolate della musica napoletana, un repertorio unico che trasporta lo spettatore in un mix di tradizione e buona musica.\" \/>\n<meta property=\"og:url\" content=\"https:\/\/www.visitamalfi.info\/fr\/\u00e9v\u00e9nement\/borghi-in-festa-vettica\/\" \/>\n<meta property=\"og:site_name\" content=\"Visit Amalfi\" \/>\n<meta property=\"article:publisher\" content=\"https:\/\/www.facebook.com\/visitamalfiofficial\" \/>\n<meta name=\"twitter:card\" content=\"summary_large_image\" \/>\n<meta name=\"twitter:label1\" content=\"Dur\u00e9e de lecture estim\u00e9e\" \/>\n\t<meta name=\"twitter:data1\" content=\"1 minute\" \/>\n<script type=\"application\/ld+json\" class=\"yoast-schema-graph\">{\"@context\":\"https:\\\/\\\/schema.org\",\"@graph\":[{\"@type\":\"WebPage\",\"@id\":\"https:\\\/\\\/www.visitamalfi.info\\\/fr\\\/\u00e9v\u00e9nement\\\/borghi-in-festa-vettica\\\/\",\"url\":\"https:\\\/\\\/www.visitamalfi.info\\\/fr\\\/\u00e9v\u00e9nement\\\/borghi-in-festa-vettica\\\/\",\"name\":\"Borghi in Festa-Vettica - Visit Amalfi\",\"isPartOf\":{\"@id\":\"https:\\\/\\\/www.visitamalfi.info\\\/fr\\\/#website\"},\"datePublished\":\"2023-06-07T16:50:48+00:00\",\"breadcrumb\":{\"@id\":\"https:\\\/\\\/www.visitamalfi.info\\\/fr\\\/\u00e9v\u00e9nement\\\/borghi-in-festa-vettica\\\/#breadcrumb\"},\"inLanguage\":\"fr-FR\",\"potentialAction\":[{\"@type\":\"ReadAction\",\"target\":[\"https:\\\/\\\/www.visitamalfi.info\\\/fr\\\/\u00e9v\u00e9nement\\\/borghi-in-festa-vettica\\\/\"]}]},{\"@type\":\"BreadcrumbList\",\"@id\":\"https:\\\/\\\/www.visitamalfi.info\\\/fr\\\/\u00e9v\u00e9nement\\\/borghi-in-festa-vettica\\\/#breadcrumb\",\"itemListElement\":[{\"@type\":\"ListItem\",\"position\":1,\"name\":\"Home\",\"item\":\"https:\\\/\\\/www.visitamalfi.info\\\/fr\\\/\"},{\"@type\":\"ListItem\",\"position\":2,\"name\":\"\u00c9v\u00e8nements\",\"item\":\"https:\\\/\\\/www.visitamalfi.info\\\/fr\\\/eventi\\\/\"},{\"@type\":\"ListItem\",\"position\":3,\"name\":\"Borghi in Festa-Vettica\"}]},{\"@type\":\"WebSite\",\"@id\":\"https:\\\/\\\/www.visitamalfi.info\\\/fr\\\/#website\",\"url\":\"https:\\\/\\\/www.visitamalfi.info\\\/fr\\\/\",\"name\":\"Visit Amalfi\",\"description\":\"Amalfi Destination Official Website\",\"publisher\":{\"@id\":\"https:\\\/\\\/www.visitamalfi.info\\\/fr\\\/#organization\"},\"potentialAction\":[{\"@type\":\"SearchAction\",\"target\":{\"@type\":\"EntryPoint\",\"urlTemplate\":\"https:\\\/\\\/www.visitamalfi.info\\\/fr\\\/?s={search_term_string}\"},\"query-input\":{\"@type\":\"PropertyValueSpecification\",\"valueRequired\":true,\"valueName\":\"search_term_string\"}}],\"inLanguage\":\"fr-FR\"},{\"@type\":\"Organization\",\"@id\":\"https:\\\/\\\/www.visitamalfi.info\\\/fr\\\/#organization\",\"name\":\"Visit Amalfi\",\"url\":\"https:\\\/\\\/www.visitamalfi.info\\\/fr\\\/\",\"logo\":{\"@type\":\"ImageObject\",\"inLanguage\":\"fr-FR\",\"@id\":\"https:\\\/\\\/www.visitamalfi.info\\\/fr\\\/#\\\/schema\\\/logo\\\/image\\\/\",\"url\":\"https:\\\/\\\/www.visitamalfi.info\\\/wp-content\\\/uploads\\\/2023\\\/04\\\/visit-amalfi-logo-web.png\",\"contentUrl\":\"https:\\\/\\\/www.visitamalfi.info\\\/wp-content\\\/uploads\\\/2023\\\/04\\\/visit-amalfi-logo-web.png\",\"width\":800,\"height\":870,\"caption\":\"Visit Amalfi\"},\"image\":{\"@id\":\"https:\\\/\\\/www.visitamalfi.info\\\/fr\\\/#\\\/schema\\\/logo\\\/image\\\/\"},\"sameAs\":[\"https:\\\/\\\/www.facebook.com\\\/visitamalfiofficial\",\"https:\\\/\\\/www.instagram.com\\\/visitamalfiofficial\\\/\"]}]}<\/script>\n<!-- \/ Yoast SEO plugin. -->","yoast_head_json":{"title":"Borghi in Festa-Vettica - Visit Amalfi","robots":{"index":"index","follow":"follow","max-snippet":"max-snippet:-1","max-image-preview":"max-image-preview:large","max-video-preview":"max-video-preview:-1"},"canonical":"https:\/\/www.visitamalfi.info\/fr\/\u00e9v\u00e9nement\/borghi-in-festa-vettica\/","og_locale":"fr_FR","og_type":"article","og_title":"Borghi in Festa-Vettica - Visit Amalfi","og_description":"Una serata caratterizzata dalle forme composite ed articolate della musica napoletana, un repertorio unico che trasporta lo spettatore in un mix di tradizione e buona musica.","og_url":"https:\/\/www.visitamalfi.info\/fr\/\u00e9v\u00e9nement\/borghi-in-festa-vettica\/","og_site_name":"Visit Amalfi","article_publisher":"https:\/\/www.facebook.com\/visitamalfiofficial","twitter_card":"summary_large_image","twitter_misc":{"Dur\u00e9e de lecture estim\u00e9e":"1 minute"},"schema":{"@context":"https:\/\/schema.org","@graph":[{"@type":"WebPage","@id":"https:\/\/www.visitamalfi.info\/fr\/\u00e9v\u00e9nement\/borghi-in-festa-vettica\/","url":"https:\/\/www.visitamalfi.info\/fr\/\u00e9v\u00e9nement\/borghi-in-festa-vettica\/","name":"Borghi in Festa-Vettica - Visit Amalfi","isPartOf":{"@id":"https:\/\/www.visitamalfi.info\/fr\/#website"},"datePublished":"2023-06-07T16:50:48+00:00","breadcrumb":{"@id":"https:\/\/www.visitamalfi.info\/fr\/\u00e9v\u00e9nement\/borghi-in-festa-vettica\/#breadcrumb"},"inLanguage":"fr-FR","potentialAction":[{"@type":"ReadAction","target":["https:\/\/www.visitamalfi.info\/fr\/\u00e9v\u00e9nement\/borghi-in-festa-vettica\/"]}]},{"@type":"BreadcrumbList","@id":"https:\/\/www.visitamalfi.info\/fr\/\u00e9v\u00e9nement\/borghi-in-festa-vettica\/#breadcrumb","itemListElement":[{"@type":"ListItem","position":1,"name":"Home","item":"https:\/\/www.visitamalfi.info\/fr\/"},{"@type":"ListItem","position":2,"name":"\u00c9v\u00e8nements","item":"https:\/\/www.visitamalfi.info\/fr\/eventi\/"},{"@type":"ListItem","position":3,"name":"Borghi in Festa-Vettica"}]},{"@type":"WebSite","@id":"https:\/\/www.visitamalfi.info\/fr\/#website","url":"https:\/\/www.visitamalfi.info\/fr\/","name":"Visit Amalfi","description":"Amalfi Destination Official Website","publisher":{"@id":"https:\/\/www.visitamalfi.info\/fr\/#organization"},"potentialAction":[{"@type":"SearchAction","target":{"@type":"EntryPoint","urlTemplate":"https:\/\/www.visitamalfi.info\/fr\/?s={search_term_string}"},"query-input":{"@type":"PropertyValueSpecification","valueRequired":true,"valueName":"search_term_string"}}],"inLanguage":"fr-FR"},{"@type":"Organization","@id":"https:\/\/www.visitamalfi.info\/fr\/#organization","name":"Visit Amalfi","url":"https:\/\/www.visitamalfi.info\/fr\/","logo":{"@type":"ImageObject","inLanguage":"fr-FR","@id":"https:\/\/www.visitamalfi.info\/fr\/#\/schema\/logo\/image\/","url":"https:\/\/www.visitamalfi.info\/wp-content\/uploads\/2023\/04\/visit-amalfi-logo-web.png","contentUrl":"https:\/\/www.visitamalfi.info\/wp-content\/uploads\/2023\/04\/visit-amalfi-logo-web.png","width":800,"height":870,"caption":"Visit Amalfi"},"image":{"@id":"https:\/\/www.visitamalfi.info\/fr\/#\/schema\/logo\/image\/"},"sameAs":["https:\/\/www.facebook.com\/visitamalfiofficial","https:\/\/www.instagram.com\/visitamalfiofficial\/"]}]}},"_links":{"self":[{"href":"https:\/\/www.visitamalfi.info\/fr\/wp-json\/wp\/v2\/tribe_events\/10273","targetHints":{"allow":["GET"]}}],"collection":[{"href":"https:\/\/www.visitamalfi.info\/fr\/wp-json\/wp\/v2\/tribe_events"}],"about":[{"href":"https:\/\/www.visitamalfi.info\/fr\/wp-json\/wp\/v2\/types\/tribe_events"}],"author":[{"embeddable":true,"href":"https:\/\/www.visitamalfi.info\/fr\/wp-json\/wp\/v2\/users\/7"}],"version-history":[{"count":0,"href":"https:\/\/www.visitamalfi.info\/fr\/wp-json\/wp\/v2\/tribe_events\/10273\/revisions"}],"wp:attachment":[{"href":"https:\/\/www.visitamalfi.info\/fr\/wp-json\/wp\/v2\/media?parent=10273"}],"wp:term":[{"taxonomy":"post_tag","embeddable":true,"href":"https:\/\/www.visitamalfi.info\/fr\/wp-json\/wp\/v2\/tags?post=10273"},{"taxonomy":"tribe_events_cat","embeddable":true,"href":"https:\/\/www.visitamalfi.info\/fr\/wp-json\/wp\/v2\/tribe_events_cat?post=10273"}],"curies":[{"name":"wp","href":"https:\/\/api.w.org\/{rel}","templated":true}]}}

https://www.visitamalfi.info/fr/événement/borghi-in-festa-vettica/

<p><strong><em>Concert de La Piccola Orchestra Popolare C.O. Panzillo</em></strong></p>
<p>Le <em>Piccola Orchestra Popolare C.O. Panzillo </em>a été fondé en 2001 par des passionnés de musique et de poésie, à la fois cultivés et traditionnels, de la région de Campanie. La diversité des goûts musicaux des membres du groupe a donné naissance à un répertoire varié, tant vocal qu&#8217;instrumental, qui allie des morceaux connus à d&#8217;autres de valeur. L’idea che anima le esibizioni del settetto musicale è quella di rappresentare le forme composite ed articolate della musica napoletana offrendo allo spettatore la possibilità di ascoltarla sotto forma di breve compendio. L&#8217;orientation artistique précise, vers un parcours également de nature philologique, fait que chaque pièce est interprétée dans la rigueur des styles et des intentions originales de l&#8217;époque, sans renoncer à des interprétations personnelles mais respectueuses. Avec <strong>Nuccia Paolillo, Antonio Marasca, Massimiliano D&#8217;Alessandro, Bruno Paura, Luca Di Muzio, Simone Cretella</strong> et <strong>Rosanna Fanzo</strong>.</p>

<!-- This site is optimized with the Yoast SEO plugin v27.3 - https://yoast.com/product/yoast-seo-wordpress/ -->
<title>Borghi in Festa-Vettica - Visit Amalfi</title>
<meta name="robots" content="index, follow, max-snippet:-1, max-image-preview:large, max-video-preview:-1" />
<link rel="canonical" href="https://www.visitamalfi.info/fr/événement/borghi-in-festa-vettica/" />
<meta property="og:locale" content="fr_FR" />
<meta property="og:type" content="article" />
<meta property="og:title" content="Borghi in Festa-Vettica - Visit Amalfi" />
<meta property="og:description" content="Una serata caratterizzata dalle forme composite ed articolate della musica napoletana, un repertorio unico che trasporta lo spettatore in un mix di tradizione e buona musica." />
<meta property="og:url" content="https://www.visitamalfi.info/fr/événement/borghi-in-festa-vettica/" />
<meta property="og:site_name" content="Visit Amalfi" />
<meta property="article:publisher" content="https://www.facebook.com/visitamalfiofficial" />
<meta name="twitter:card" content="summary_large_image" />
<meta name="twitter:label1" content="Durée de lecture estimée" />
	<meta name="twitter:data1" content="1 minute" />
<script type="application/ld+json" class="yoast-schema-graph">{"@context":"https:\/\/schema.org","@graph":[{"@type":"WebPage","@id":"https:\/\/www.visitamalfi.info\/fr\/événement\/borghi-in-festa-vettica\/","url":"https:\/\/www.visitamalfi.info\/fr\/événement\/borghi-in-festa-vettica\/","name":"Borghi in Festa-Vettica - Visit Amalfi","isPartOf":{"@id":"https:\/\/www.visitamalfi.info\/fr\/#website"},"datePublished":"2023-06-07T16:50:48+00:00","breadcrumb":{"@id":"https:\/\/www.visitamalfi.info\/fr\/événement\/borghi-in-festa-vettica\/#breadcrumb"},"inLanguage":"fr-FR","potentialAction":[{"@type":"ReadAction","target":["https:\/\/www.visitamalfi.info\/fr\/événement\/borghi-in-festa-vettica\/"]}]},{"@type":"BreadcrumbList","@id":"https:\/\/www.visitamalfi.info\/fr\/événement\/borghi-in-festa-vettica\/#breadcrumb","itemListElement":[{"@type":"ListItem","position":1,"name":"Home","item":"https:\/\/www.visitamalfi.info\/fr\/"},{"@type":"ListItem","position":2,"name":"Évènements","item":"https:\/\/www.visitamalfi.info\/fr\/eventi\/"},{"@type":"ListItem","position":3,"name":"Borghi in Festa-Vettica"}]},{"@type":"WebSite","@id":"https:\/\/www.visitamalfi.info\/fr\/#website","url":"https:\/\/www.visitamalfi.info\/fr\/","name":"Visit Amalfi","description":"Amalfi Destination Official Website","publisher":{"@id":"https:\/\/www.visitamalfi.info\/fr\/#organization"},"potentialAction":[{"@type":"SearchAction","target":{"@type":"EntryPoint","urlTemplate":"https:\/\/www.visitamalfi.info\/fr\/?s={search_term_string}"},"query-input":{"@type":"PropertyValueSpecification","valueRequired":true,"valueName":"search_term_string"}}],"inLanguage":"fr-FR"},{"@type":"Organization","@id":"https:\/\/www.visitamalfi.info\/fr\/#organization","name":"Visit Amalfi","url":"https:\/\/www.visitamalfi.info\/fr\/","logo":{"@type":"ImageObject","inLanguage":"fr-FR","@id":"https:\/\/www.visitamalfi.info\/fr\/#\/schema\/logo\/image\/","url":"https:\/\/www.visitamalfi.info\/wp-content\/uploads\/2023\/04\/visit-amalfi-logo-web.png","contentUrl":"https:\/\/www.visitamalfi.info\/wp-content\/uploads\/2023\/04\/visit-amalfi-logo-web.png","width":800,"height":870,"caption":"Visit Amalfi"},"image":{"@id":"https:\/\/www.visitamalfi.info\/fr\/#\/schema\/logo\/image\/"},"sameAs":["https:\/\/www.facebook.com\/visitamalfiofficial","https:\/\/www.instagram.com\/visitamalfiofficial\/"]}]}</script>
<!-- / Yoast SEO plugin. -->

https://www.visitamalfi.info/fr/événement/borghi-in-festa-vettica/#breadcrumb

Évènements
