{"id":16208,"date":"2025-09-03T09:27:45","date_gmt":"2025-09-03T07:27:45","guid":{"rendered":"https:\/\/www.visitamalfi.info\/poi\/palazzo-san-benedetto\/"},"modified":"2024-07-16T12:33:21","modified_gmt":"2024-07-16T10:33:21","slug":"palazzo-san-benedetto","status":"publish","type":"amw_poi","link":"https:\/\/www.visitamalfi.info\/fr\/poi\/palazzo-san-benedetto\/","title":{"rendered":"Palazzo San Benedetto"},"content":{"rendered":"<p>Le Palazzo San Benedetto est le si\u00e8ge principal de l\u2019H\u00f4tel de Ville d&#8217;Amalfi dont il abrite les bureaux, et la biblioth\u00e8que.<\/p>\n<p>Les bureaux sont r\u00e9partis dans les trois \u00e9tages du b\u00e2timent ; le rez-de-chauss\u00e9e est accessible depuis le Corso delle Repubbliche Marinare, les premier et deuxi\u00e8me \u00e9tages depuis le Largo Francesco Amodio, tandis qu\u2019on acc\u00e8de \u00e0 la Biblioteca Comunale, situ\u00e9e au premier \u00e9tage, depuis le Supportico S. Andrea.<\/p>\n<p>Le b\u00e2timent de l\u2019h\u00f4tel de ville d&#8217;Amalfi a une histoire tr\u00e8s ancienne : \u00e9difi\u00e9 en 1579 comme si\u00e8ge du monast\u00e8re b\u00e9n\u00e9dictin f\u00e9minin Santissima Trinit\u00e0, il abrite \u00e9galement une \u00e9glise. La structure a \u00e9galement englob\u00e9 les locaux d&#8217;une autre \u00e9glise, l&#8217;\u00e9glise m\u00e9di\u00e9vale S. Marco <em>de lo scario<\/em>, document\u00e9e en 1308, et aujourd&#8217;hui si\u00e8ge de Poste Italiane. Le nom actuel de Palazzo San Benedetto est une \u00e9volution directe de celui du monast\u00e8re b\u00e9n\u00e9dictin f\u00e9minin et de l&#8217;\u00e9glise qui est aujourd&#8217;hui d\u00e9di\u00e9e \u00e0 Saint Beno\u00eet.<\/p>\n<p>Derri\u00e8re le portique qui pr\u00e9c\u00e8de l&#8217;entr\u00e9e se trouve, au deuxi\u00e8me \u00e9tage, la salle du Conseil, d\u00e9di\u00e9e \u00e0 l&#8217;artiste Domenico Morelli.<\/p>\n<p>L&#8217;immeuble s&#8217;\u00e9tend jusqu&#8217;\u00e0 la route qui longe le Corso delle Repubbliche Marinare; de ce c\u00f4t\u00e9 se trouve \u00e9galement le panneau en c\u00e9ramique r\u00e9alis\u00e9 en 1968 par Diodoro Cossa, \u00e9l\u00e8ve du ma\u00eetre c\u00e9ramiste Renato Rossi, qui raconte l&#8217;histoire d&#8217;Amalfi.<\/p>\n","protected":false},"excerpt":{"rendered":"<p>Le Palazzo San Benedetto est le si\u00e8ge principal de l\u2019H\u00f4tel de Ville d&#8217;Amalfi dont il abrite les bureaux, et la biblioth\u00e8que. Les bureaux sont r\u00e9partis dans les trois \u00e9tages du [&hellip;]<\/p>\n","protected":false},"featured_media":22814,"comment_status":"open","ping_status":"closed","template":"","categoria_poi":[1771,1547],"class_list":["post-16208","amw_poi","type-amw_poi","status-publish","has-post-thumbnail","hentry","categoria_poi-amalfi-centre","categoria_poi-cultura-fr"],"yoast_head":"<!-- This site is optimized with the Yoast SEO plugin v27.3 - https:\/\/yoast.com\/product\/yoast-seo-wordpress\/ -->\n<title>Palazzo San Benedetto - Visit Amalfi<\/title>\n<meta name=\"robots\" content=\"index, follow, max-snippet:-1, max-image-preview:large, max-video-preview:-1\" \/>\n<link rel=\"canonical\" href=\"https:\/\/www.visitamalfi.info\/fr\/poi\/palazzo-san-benedetto\/\" \/>\n<meta property=\"og:locale\" content=\"fr_FR\" \/>\n<meta property=\"og:type\" content=\"article\" \/>\n<meta property=\"og:title\" content=\"Palazzo San Benedetto - Visit Amalfi\" \/>\n<meta property=\"og:description\" content=\"Le Palazzo San Benedetto est le si\u00e8ge principal de l\u2019H\u00f4tel de Ville d&#8217;Amalfi dont il abrite les bureaux, et la biblioth\u00e8que. Les bureaux sont r\u00e9partis dans les trois \u00e9tages du [&hellip;]\" \/>\n<meta property=\"og:url\" content=\"https:\/\/www.visitamalfi.info\/fr\/poi\/palazzo-san-benedetto\/\" \/>\n<meta property=\"og:site_name\" content=\"Visit Amalfi\" \/>\n<meta property=\"article:publisher\" content=\"https:\/\/www.facebook.com\/visitamalfiofficial\" \/>\n<meta property=\"og:image\" content=\"https:\/\/www.visitamalfi.info\/wp-content\/uploads\/2024\/03\/DSC02555.jpg\" \/>\n\t<meta property=\"og:image:width\" content=\"1920\" \/>\n\t<meta property=\"og:image:height\" content=\"1280\" \/>\n\t<meta property=\"og:image:type\" content=\"image\/jpeg\" \/>\n<meta name=\"twitter:card\" content=\"summary_large_image\" \/>\n<meta name=\"twitter:label1\" content=\"Dur\u00e9e de lecture estim\u00e9e\" \/>\n\t<meta name=\"twitter:data1\" content=\"2 minutes\" \/>\n<script type=\"application\/ld+json\" class=\"yoast-schema-graph\">{\"@context\":\"https:\\\/\\\/schema.org\",\"@graph\":[{\"@type\":\"WebPage\",\"@id\":\"https:\\\/\\\/www.visitamalfi.info\\\/fr\\\/poi\\\/palazzo-san-benedetto\\\/\",\"url\":\"https:\\\/\\\/www.visitamalfi.info\\\/fr\\\/poi\\\/palazzo-san-benedetto\\\/\",\"name\":\"Palazzo San Benedetto - Visit Amalfi\",\"isPartOf\":{\"@id\":\"https:\\\/\\\/www.visitamalfi.info\\\/fr\\\/#website\"},\"primaryImageOfPage\":{\"@id\":\"https:\\\/\\\/www.visitamalfi.info\\\/fr\\\/poi\\\/palazzo-san-benedetto\\\/#primaryimage\"},\"image\":{\"@id\":\"https:\\\/\\\/www.visitamalfi.info\\\/fr\\\/poi\\\/palazzo-san-benedetto\\\/#primaryimage\"},\"thumbnailUrl\":\"https:\\\/\\\/www.visitamalfi.info\\\/wp-content\\\/uploads\\\/2025\\\/09\\\/Facciata-4.jpg\",\"datePublished\":\"2025-09-03T07:27:45+00:00\",\"breadcrumb\":{\"@id\":\"https:\\\/\\\/www.visitamalfi.info\\\/fr\\\/poi\\\/palazzo-san-benedetto\\\/#breadcrumb\"},\"inLanguage\":\"fr-FR\",\"potentialAction\":[{\"@type\":\"ReadAction\",\"target\":[\"https:\\\/\\\/www.visitamalfi.info\\\/fr\\\/poi\\\/palazzo-san-benedetto\\\/\"]}]},{\"@type\":\"ImageObject\",\"inLanguage\":\"fr-FR\",\"@id\":\"https:\\\/\\\/www.visitamalfi.info\\\/fr\\\/poi\\\/palazzo-san-benedetto\\\/#primaryimage\",\"url\":\"https:\\\/\\\/www.visitamalfi.info\\\/wp-content\\\/uploads\\\/2025\\\/09\\\/Facciata-4.jpg\",\"contentUrl\":\"https:\\\/\\\/www.visitamalfi.info\\\/wp-content\\\/uploads\\\/2025\\\/09\\\/Facciata-4.jpg\",\"width\":1897,\"height\":1266,\"caption\":\"Palazzo S.Benedetto_Amalfi\"},{\"@type\":\"BreadcrumbList\",\"@id\":\"https:\\\/\\\/www.visitamalfi.info\\\/fr\\\/poi\\\/palazzo-san-benedetto\\\/#breadcrumb\",\"itemListElement\":[{\"@type\":\"ListItem\",\"position\":1,\"name\":\"Home\",\"item\":\"https:\\\/\\\/www.visitamalfi.info\\\/fr\\\/\"},{\"@type\":\"ListItem\",\"position\":2,\"name\":\"Palazzo San Benedetto\"}]},{\"@type\":\"WebSite\",\"@id\":\"https:\\\/\\\/www.visitamalfi.info\\\/fr\\\/#website\",\"url\":\"https:\\\/\\\/www.visitamalfi.info\\\/fr\\\/\",\"name\":\"Visit Amalfi\",\"description\":\"Amalfi Destination Official Website\",\"publisher\":{\"@id\":\"https:\\\/\\\/www.visitamalfi.info\\\/fr\\\/#organization\"},\"potentialAction\":[{\"@type\":\"SearchAction\",\"target\":{\"@type\":\"EntryPoint\",\"urlTemplate\":\"https:\\\/\\\/www.visitamalfi.info\\\/fr\\\/?s={search_term_string}\"},\"query-input\":{\"@type\":\"PropertyValueSpecification\",\"valueRequired\":true,\"valueName\":\"search_term_string\"}}],\"inLanguage\":\"fr-FR\"},{\"@type\":\"Organization\",\"@id\":\"https:\\\/\\\/www.visitamalfi.info\\\/fr\\\/#organization\",\"name\":\"Visit Amalfi\",\"url\":\"https:\\\/\\\/www.visitamalfi.info\\\/fr\\\/\",\"logo\":{\"@type\":\"ImageObject\",\"inLanguage\":\"fr-FR\",\"@id\":\"https:\\\/\\\/www.visitamalfi.info\\\/fr\\\/#\\\/schema\\\/logo\\\/image\\\/\",\"url\":\"https:\\\/\\\/www.visitamalfi.info\\\/wp-content\\\/uploads\\\/2023\\\/04\\\/visit-amalfi-logo-web.png\",\"contentUrl\":\"https:\\\/\\\/www.visitamalfi.info\\\/wp-content\\\/uploads\\\/2023\\\/04\\\/visit-amalfi-logo-web.png\",\"width\":800,\"height\":870,\"caption\":\"Visit Amalfi\"},\"image\":{\"@id\":\"https:\\\/\\\/www.visitamalfi.info\\\/fr\\\/#\\\/schema\\\/logo\\\/image\\\/\"},\"sameAs\":[\"https:\\\/\\\/www.facebook.com\\\/visitamalfiofficial\",\"https:\\\/\\\/www.instagram.com\\\/visitamalfiofficial\\\/\"]}]}<\/script>\n<!-- \/ Yoast SEO plugin. -->","yoast_head_json":{"title":"Palazzo San Benedetto - Visit Amalfi","robots":{"index":"index","follow":"follow","max-snippet":"max-snippet:-1","max-image-preview":"max-image-preview:large","max-video-preview":"max-video-preview:-1"},"canonical":"https:\/\/www.visitamalfi.info\/fr\/poi\/palazzo-san-benedetto\/","og_locale":"fr_FR","og_type":"article","og_title":"Palazzo San Benedetto - Visit Amalfi","og_description":"Le Palazzo San Benedetto est le si\u00e8ge principal de l\u2019H\u00f4tel de Ville d&#8217;Amalfi dont il abrite les bureaux, et la biblioth\u00e8que. Les bureaux sont r\u00e9partis dans les trois \u00e9tages du [&hellip;]","og_url":"https:\/\/www.visitamalfi.info\/fr\/poi\/palazzo-san-benedetto\/","og_site_name":"Visit Amalfi","article_publisher":"https:\/\/www.facebook.com\/visitamalfiofficial","og_image":[{"width":1920,"height":1280,"url":"https:\/\/www.visitamalfi.info\/wp-content\/uploads\/2024\/03\/DSC02555.jpg","type":"image\/jpeg"}],"twitter_card":"summary_large_image","twitter_misc":{"Dur\u00e9e de lecture estim\u00e9e":"2 minutes"},"schema":{"@context":"https:\/\/schema.org","@graph":[{"@type":"WebPage","@id":"https:\/\/www.visitamalfi.info\/fr\/poi\/palazzo-san-benedetto\/","url":"https:\/\/www.visitamalfi.info\/fr\/poi\/palazzo-san-benedetto\/","name":"Palazzo San Benedetto - Visit Amalfi","isPartOf":{"@id":"https:\/\/www.visitamalfi.info\/fr\/#website"},"primaryImageOfPage":{"@id":"https:\/\/www.visitamalfi.info\/fr\/poi\/palazzo-san-benedetto\/#primaryimage"},"image":{"@id":"https:\/\/www.visitamalfi.info\/fr\/poi\/palazzo-san-benedetto\/#primaryimage"},"thumbnailUrl":"https:\/\/www.visitamalfi.info\/wp-content\/uploads\/2025\/09\/Facciata-4.jpg","datePublished":"2025-09-03T07:27:45+00:00","breadcrumb":{"@id":"https:\/\/www.visitamalfi.info\/fr\/poi\/palazzo-san-benedetto\/#breadcrumb"},"inLanguage":"fr-FR","potentialAction":[{"@type":"ReadAction","target":["https:\/\/www.visitamalfi.info\/fr\/poi\/palazzo-san-benedetto\/"]}]},{"@type":"ImageObject","inLanguage":"fr-FR","@id":"https:\/\/www.visitamalfi.info\/fr\/poi\/palazzo-san-benedetto\/#primaryimage","url":"https:\/\/www.visitamalfi.info\/wp-content\/uploads\/2025\/09\/Facciata-4.jpg","contentUrl":"https:\/\/www.visitamalfi.info\/wp-content\/uploads\/2025\/09\/Facciata-4.jpg","width":1897,"height":1266,"caption":"Palazzo S.Benedetto_Amalfi"},{"@type":"BreadcrumbList","@id":"https:\/\/www.visitamalfi.info\/fr\/poi\/palazzo-san-benedetto\/#breadcrumb","itemListElement":[{"@type":"ListItem","position":1,"name":"Home","item":"https:\/\/www.visitamalfi.info\/fr\/"},{"@type":"ListItem","position":2,"name":"Palazzo San Benedetto"}]},{"@type":"WebSite","@id":"https:\/\/www.visitamalfi.info\/fr\/#website","url":"https:\/\/www.visitamalfi.info\/fr\/","name":"Visit Amalfi","description":"Amalfi Destination Official Website","publisher":{"@id":"https:\/\/www.visitamalfi.info\/fr\/#organization"},"potentialAction":[{"@type":"SearchAction","target":{"@type":"EntryPoint","urlTemplate":"https:\/\/www.visitamalfi.info\/fr\/?s={search_term_string}"},"query-input":{"@type":"PropertyValueSpecification","valueRequired":true,"valueName":"search_term_string"}}],"inLanguage":"fr-FR"},{"@type":"Organization","@id":"https:\/\/www.visitamalfi.info\/fr\/#organization","name":"Visit Amalfi","url":"https:\/\/www.visitamalfi.info\/fr\/","logo":{"@type":"ImageObject","inLanguage":"fr-FR","@id":"https:\/\/www.visitamalfi.info\/fr\/#\/schema\/logo\/image\/","url":"https:\/\/www.visitamalfi.info\/wp-content\/uploads\/2023\/04\/visit-amalfi-logo-web.png","contentUrl":"https:\/\/www.visitamalfi.info\/wp-content\/uploads\/2023\/04\/visit-amalfi-logo-web.png","width":800,"height":870,"caption":"Visit Amalfi"},"image":{"@id":"https:\/\/www.visitamalfi.info\/fr\/#\/schema\/logo\/image\/"},"sameAs":["https:\/\/www.facebook.com\/visitamalfiofficial","https:\/\/www.instagram.com\/visitamalfiofficial\/"]}]}},"_links":{"self":[{"href":"https:\/\/www.visitamalfi.info\/fr\/wp-json\/wp\/v2\/amw_poi\/16208","targetHints":{"allow":["GET"]}}],"collection":[{"href":"https:\/\/www.visitamalfi.info\/fr\/wp-json\/wp\/v2\/amw_poi"}],"about":[{"href":"https:\/\/www.visitamalfi.info\/fr\/wp-json\/wp\/v2\/types\/amw_poi"}],"replies":[{"embeddable":true,"href":"https:\/\/www.visitamalfi.info\/fr\/wp-json\/wp\/v2\/comments?post=16208"}],"version-history":[{"count":1,"href":"https:\/\/www.visitamalfi.info\/fr\/wp-json\/wp\/v2\/amw_poi\/16208\/revisions"}],"predecessor-version":[{"id":19488,"href":"https:\/\/www.visitamalfi.info\/fr\/wp-json\/wp\/v2\/amw_poi\/16208\/revisions\/19488"}],"wp:featuredmedia":[{"embeddable":true,"href":"https:\/\/www.visitamalfi.info\/fr\/wp-json\/wp\/v2\/media\/22814"}],"wp:attachment":[{"href":"https:\/\/www.visitamalfi.info\/fr\/wp-json\/wp\/v2\/media?parent=16208"}],"wp:term":[{"taxonomy":"categoria_poi","embeddable":true,"href":"https:\/\/www.visitamalfi.info\/fr\/wp-json\/wp\/v2\/categoria_poi?post=16208"}],"curies":[{"name":"wp","href":"https:\/\/api.w.org\/{rel}","templated":true}]}}

<p>Le Palazzo San Benedetto est le siège principal de l’Hôtel de Ville d&#8217;Amalfi dont il abrite les bureaux, et la bibliothèque.</p>
<p>Les bureaux sont répartis dans les trois étages du bâtiment ; le rez-de-chaussée est accessible depuis le Corso delle Repubbliche Marinare, les premier et deuxième étages depuis le Largo Francesco Amodio, tandis qu’on accède à la Biblioteca Comunale, située au premier étage, depuis le Supportico S. Andrea.</p>
<p>Le bâtiment de l’hôtel de ville d&#8217;Amalfi a une histoire très ancienne : édifié en 1579 comme siège du monastère bénédictin féminin Santissima Trinità, il abrite également une église. La structure a également englobé les locaux d&#8217;une autre église, l&#8217;église médiévale S. Marco <em>de lo scario</em>, documentée en 1308, et aujourd&#8217;hui siège de Poste Italiane. Le nom actuel de Palazzo San Benedetto est une évolution directe de celui du monastère bénédictin féminin et de l&#8217;église qui est aujourd&#8217;hui dédiée à Saint Benoît.</p>
<p>Derrière le portique qui précède l&#8217;entrée se trouve, au deuxième étage, la salle du Conseil, dédiée à l&#8217;artiste Domenico Morelli.</p>
<p>L&#8217;immeuble s&#8217;étend jusqu&#8217;à la route qui longe le Corso delle Repubbliche Marinare; de ce côté se trouve également le panneau en céramique réalisé en 1968 par Diodoro Cossa, élève du maître céramiste Renato Rossi, qui raconte l&#8217;histoire d&#8217;Amalfi.</p>

<p>Le Palazzo San Benedetto est le siège principal de l’Hôtel de Ville d&#8217;Amalfi dont il abrite les bureaux, et la bibliothèque. Les bureaux sont répartis dans les trois étages du [&hellip;]</p>

<!-- This site is optimized with the Yoast SEO plugin v27.3 - https://yoast.com/product/yoast-seo-wordpress/ -->
<title>Palazzo San Benedetto - Visit Amalfi</title>
<meta name="robots" content="index, follow, max-snippet:-1, max-image-preview:large, max-video-preview:-1" />
<link rel="canonical" href="https://www.visitamalfi.info/fr/poi/palazzo-san-benedetto/" />
<meta property="og:locale" content="fr_FR" />
<meta property="og:type" content="article" />
<meta property="og:title" content="Palazzo San Benedetto - Visit Amalfi" />
<meta property="og:description" content="Le Palazzo San Benedetto est le siège principal de l’Hôtel de Ville d&#8217;Amalfi dont il abrite les bureaux, et la bibliothèque. Les bureaux sont répartis dans les trois étages du [&hellip;]" />
<meta property="og:url" content="https://www.visitamalfi.info/fr/poi/palazzo-san-benedetto/" />
<meta property="og:site_name" content="Visit Amalfi" />
<meta property="article:publisher" content="https://www.facebook.com/visitamalfiofficial" />
<meta property="og:image" content="https://www.visitamalfi.info/wp-content/uploads/2024/03/DSC02555.jpg" />
	<meta property="og:image:width" content="1920" />
	<meta property="og:image:height" content="1280" />
	<meta property="og:image:type" content="image/jpeg" />
<meta name="twitter:card" content="summary_large_image" />
<meta name="twitter:label1" content="Durée de lecture estimée" />
	<meta name="twitter:data1" content="2 minutes" />
<script type="application/ld+json" class="yoast-schema-graph">{"@context":"https:\/\/schema.org","@graph":[{"@type":"WebPage","@id":"https:\/\/www.visitamalfi.info\/fr\/poi\/palazzo-san-benedetto\/","url":"https:\/\/www.visitamalfi.info\/fr\/poi\/palazzo-san-benedetto\/","name":"Palazzo San Benedetto - Visit Amalfi","isPartOf":{"@id":"https:\/\/www.visitamalfi.info\/fr\/#website"},"primaryImageOfPage":{"@id":"https:\/\/www.visitamalfi.info\/fr\/poi\/palazzo-san-benedetto\/#primaryimage"},"image":{"@id":"https:\/\/www.visitamalfi.info\/fr\/poi\/palazzo-san-benedetto\/#primaryimage"},"thumbnailUrl":"https:\/\/www.visitamalfi.info\/wp-content\/uploads\/2025\/09\/Facciata-4.jpg","datePublished":"2025-09-03T07:27:45+00:00","breadcrumb":{"@id":"https:\/\/www.visitamalfi.info\/fr\/poi\/palazzo-san-benedetto\/#breadcrumb"},"inLanguage":"fr-FR","potentialAction":[{"@type":"ReadAction","target":["https:\/\/www.visitamalfi.info\/fr\/poi\/palazzo-san-benedetto\/"]}]},{"@type":"ImageObject","inLanguage":"fr-FR","@id":"https:\/\/www.visitamalfi.info\/fr\/poi\/palazzo-san-benedetto\/#primaryimage","url":"https:\/\/www.visitamalfi.info\/wp-content\/uploads\/2025\/09\/Facciata-4.jpg","contentUrl":"https:\/\/www.visitamalfi.info\/wp-content\/uploads\/2025\/09\/Facciata-4.jpg","width":1897,"height":1266,"caption":"Palazzo S.Benedetto_Amalfi"},{"@type":"BreadcrumbList","@id":"https:\/\/www.visitamalfi.info\/fr\/poi\/palazzo-san-benedetto\/#breadcrumb","itemListElement":[{"@type":"ListItem","position":1,"name":"Home","item":"https:\/\/www.visitamalfi.info\/fr\/"},{"@type":"ListItem","position":2,"name":"Palazzo San Benedetto"}]},{"@type":"WebSite","@id":"https:\/\/www.visitamalfi.info\/fr\/#website","url":"https:\/\/www.visitamalfi.info\/fr\/","name":"Visit Amalfi","description":"Amalfi Destination Official Website","publisher":{"@id":"https:\/\/www.visitamalfi.info\/fr\/#organization"},"potentialAction":[{"@type":"SearchAction","target":{"@type":"EntryPoint","urlTemplate":"https:\/\/www.visitamalfi.info\/fr\/?s={search_term_string}"},"query-input":{"@type":"PropertyValueSpecification","valueRequired":true,"valueName":"search_term_string"}}],"inLanguage":"fr-FR"},{"@type":"Organization","@id":"https:\/\/www.visitamalfi.info\/fr\/#organization","name":"Visit Amalfi","url":"https:\/\/www.visitamalfi.info\/fr\/","logo":{"@type":"ImageObject","inLanguage":"fr-FR","@id":"https:\/\/www.visitamalfi.info\/fr\/#\/schema\/logo\/image\/","url":"https:\/\/www.visitamalfi.info\/wp-content\/uploads\/2023\/04\/visit-amalfi-logo-web.png","contentUrl":"https:\/\/www.visitamalfi.info\/wp-content\/uploads\/2023\/04\/visit-amalfi-logo-web.png","width":800,"height":870,"caption":"Visit Amalfi"},"image":{"@id":"https:\/\/www.visitamalfi.info\/fr\/#\/schema\/logo\/image\/"},"sameAs":["https:\/\/www.facebook.com\/visitamalfiofficial","https:\/\/www.instagram.com\/visitamalfiofficial\/"]}]}</script>
<!-- / Yoast SEO plugin. -->

Le Palazzo San Benedetto est le siège principal de l’Hôtel de Ville d&#8217;Amalfi dont il abrite les bureaux, et la bibliothèque. Les bureaux sont répartis dans les trois étages du [&hellip;]
