{"id":16203,"date":"2025-09-03T09:24:41","date_gmt":"2025-09-03T07:24:41","guid":{"rendered":"https:\/\/www.visitamalfi.info\/poi\/porta-della-marina\/"},"modified":"2024-07-16T12:37:22","modified_gmt":"2024-07-16T10:37:22","slug":"porta-della-marina","status":"publish","type":"amw_poi","link":"https:\/\/www.visitamalfi.info\/fr\/poi\/porta-della-marina\/","title":{"rendered":"Porta della Marina"},"content":{"rendered":"<p>La Porta della Marina, ancienne <em>Porta de Sandala<\/em>, document\u00e9e pour la premi\u00e8re fois en 1179, est l&#8217;une des entr\u00e9es m\u00e9di\u00e9vales de la cit\u00e9 du c\u00f4t\u00e9 du Lungomare dei Cavalieri. Restaur\u00e9e en 2023, elle pr\u00e9sente un portique \u00e0 vo\u00fbtes sur crois\u00e9e d\u2019ogives tandis qu&#8217;\u00e0 l&#8217;ext\u00e9rieur, au niveau de la rue, on aper\u00e7oit deux fragments d&#8217;entablement datant de l&#8217;\u00e9poque romaine.<\/p>\n<p>Sur le c\u00f4t\u00e9 gauche, le panneau en c\u00e9ramique r\u00e9alis\u00e9 par Renato Rossi en 1937 illustre les colonies d&#8217;outre-mer et les \u00e9changes commerciaux par les mers qui firent d&#8217;Amalfi une puissance \u00e9conomique et militaire qui domina le trafic international entre l&#8217;Orient et l&#8217;Occident du Xe au XIIe si\u00e8cle.<\/p>\n<p>Le sens commercial des Amalfitains n\u2019avait en effet d\u2019\u00e9gal que celui de la politique. Au cours d&#8217;une p\u00e9riode historique tr\u00e8s mouvement\u00e9e du Moyen \u00c2ge, les Amalfitains parvinrent \u00e0 conclure des accords avec diff\u00e9rents peuples, dont les redoutables Sarrasins.<\/p>\n<p>Le cartouche en haut \u00e0 droite du panneau r\u00e9cite les vers de la \u00ab Canzone del Sacramento \u00bb de Gabriele D&#8217;Annunzio (1911). Dans la partie inf\u00e9rieure, des vers latins du po\u00e8te Tortelli \u00e9voquent la c\u00e9l\u00e8bre bataille d&#8217;Ostie de 849, remport\u00e9e par les flottes d&#8217;Amalfi, Naples, Sorrente et Ga\u00e8te qui vainquient ensemble les navires sarrasins dans la mer Tyrrh\u00e9nienne.<\/p>\n","protected":false},"excerpt":{"rendered":"<p>La Porta della Marina, ancienne Porta de Sandala, document\u00e9e pour la premi\u00e8re fois en 1179, est l&#8217;une des entr\u00e9es m\u00e9di\u00e9vales de la cit\u00e9 du c\u00f4t\u00e9 du Lungomare dei Cavalieri. Restaur\u00e9e [&hellip;]<\/p>\n","protected":false},"featured_media":15026,"comment_status":"open","ping_status":"closed","template":"","categoria_poi":[1771,1547],"class_list":["post-16203","amw_poi","type-amw_poi","status-publish","has-post-thumbnail","hentry","categoria_poi-amalfi-centre","categoria_poi-cultura-fr"],"yoast_head":"<!-- This site is optimized with the Yoast SEO plugin v27.3 - https:\/\/yoast.com\/product\/yoast-seo-wordpress\/ -->\n<title>Porta della Marina - Visit Amalfi<\/title>\n<meta name=\"robots\" content=\"index, follow, max-snippet:-1, max-image-preview:large, max-video-preview:-1\" \/>\n<link rel=\"canonical\" href=\"https:\/\/www.visitamalfi.info\/fr\/poi\/porta-della-marina\/\" \/>\n<meta property=\"og:locale\" content=\"fr_FR\" \/>\n<meta property=\"og:type\" content=\"article\" \/>\n<meta property=\"og:title\" content=\"Porta della Marina - Visit Amalfi\" \/>\n<meta property=\"og:description\" content=\"La Porta della Marina, ancienne Porta de Sandala, document\u00e9e pour la premi\u00e8re fois en 1179, est l&#8217;une des entr\u00e9es m\u00e9di\u00e9vales de la cit\u00e9 du c\u00f4t\u00e9 du Lungomare dei Cavalieri. Restaur\u00e9e [&hellip;]\" \/>\n<meta property=\"og:url\" content=\"https:\/\/www.visitamalfi.info\/fr\/poi\/porta-della-marina\/\" \/>\n<meta property=\"og:site_name\" content=\"Visit Amalfi\" \/>\n<meta property=\"article:publisher\" content=\"https:\/\/www.facebook.com\/visitamalfiofficial\" \/>\n<meta property=\"og:image\" content=\"https:\/\/www.visitamalfi.info\/wp-content\/uploads\/2024\/03\/DSC02919.jpg\" \/>\n\t<meta property=\"og:image:width\" content=\"1920\" \/>\n\t<meta property=\"og:image:height\" content=\"1280\" \/>\n\t<meta property=\"og:image:type\" content=\"image\/jpeg\" \/>\n<meta name=\"twitter:card\" content=\"summary_large_image\" \/>\n<meta name=\"twitter:label1\" content=\"Dur\u00e9e de lecture estim\u00e9e\" \/>\n\t<meta name=\"twitter:data1\" content=\"2 minutes\" \/>\n<script type=\"application\/ld+json\" class=\"yoast-schema-graph\">{\"@context\":\"https:\\\/\\\/schema.org\",\"@graph\":[{\"@type\":\"WebPage\",\"@id\":\"https:\\\/\\\/www.visitamalfi.info\\\/fr\\\/poi\\\/porta-della-marina\\\/\",\"url\":\"https:\\\/\\\/www.visitamalfi.info\\\/fr\\\/poi\\\/porta-della-marina\\\/\",\"name\":\"Porta della Marina - Visit Amalfi\",\"isPartOf\":{\"@id\":\"https:\\\/\\\/www.visitamalfi.info\\\/fr\\\/#website\"},\"primaryImageOfPage\":{\"@id\":\"https:\\\/\\\/www.visitamalfi.info\\\/fr\\\/poi\\\/porta-della-marina\\\/#primaryimage\"},\"image\":{\"@id\":\"https:\\\/\\\/www.visitamalfi.info\\\/fr\\\/poi\\\/porta-della-marina\\\/#primaryimage\"},\"thumbnailUrl\":\"https:\\\/\\\/www.visitamalfi.info\\\/wp-content\\\/uploads\\\/2024\\\/03\\\/DSC02919.jpg\",\"datePublished\":\"2025-09-03T07:24:41+00:00\",\"breadcrumb\":{\"@id\":\"https:\\\/\\\/www.visitamalfi.info\\\/fr\\\/poi\\\/porta-della-marina\\\/#breadcrumb\"},\"inLanguage\":\"fr-FR\",\"potentialAction\":[{\"@type\":\"ReadAction\",\"target\":[\"https:\\\/\\\/www.visitamalfi.info\\\/fr\\\/poi\\\/porta-della-marina\\\/\"]}]},{\"@type\":\"ImageObject\",\"inLanguage\":\"fr-FR\",\"@id\":\"https:\\\/\\\/www.visitamalfi.info\\\/fr\\\/poi\\\/porta-della-marina\\\/#primaryimage\",\"url\":\"https:\\\/\\\/www.visitamalfi.info\\\/wp-content\\\/uploads\\\/2024\\\/03\\\/DSC02919.jpg\",\"contentUrl\":\"https:\\\/\\\/www.visitamalfi.info\\\/wp-content\\\/uploads\\\/2024\\\/03\\\/DSC02919.jpg\",\"width\":1920,\"height\":1280,\"caption\":\"Amalfi_Porta della Marina\"},{\"@type\":\"BreadcrumbList\",\"@id\":\"https:\\\/\\\/www.visitamalfi.info\\\/fr\\\/poi\\\/porta-della-marina\\\/#breadcrumb\",\"itemListElement\":[{\"@type\":\"ListItem\",\"position\":1,\"name\":\"Home\",\"item\":\"https:\\\/\\\/www.visitamalfi.info\\\/fr\\\/\"},{\"@type\":\"ListItem\",\"position\":2,\"name\":\"Porta della Marina\"}]},{\"@type\":\"WebSite\",\"@id\":\"https:\\\/\\\/www.visitamalfi.info\\\/fr\\\/#website\",\"url\":\"https:\\\/\\\/www.visitamalfi.info\\\/fr\\\/\",\"name\":\"Visit Amalfi\",\"description\":\"Amalfi Destination Official Website\",\"publisher\":{\"@id\":\"https:\\\/\\\/www.visitamalfi.info\\\/fr\\\/#organization\"},\"potentialAction\":[{\"@type\":\"SearchAction\",\"target\":{\"@type\":\"EntryPoint\",\"urlTemplate\":\"https:\\\/\\\/www.visitamalfi.info\\\/fr\\\/?s={search_term_string}\"},\"query-input\":{\"@type\":\"PropertyValueSpecification\",\"valueRequired\":true,\"valueName\":\"search_term_string\"}}],\"inLanguage\":\"fr-FR\"},{\"@type\":\"Organization\",\"@id\":\"https:\\\/\\\/www.visitamalfi.info\\\/fr\\\/#organization\",\"name\":\"Visit Amalfi\",\"url\":\"https:\\\/\\\/www.visitamalfi.info\\\/fr\\\/\",\"logo\":{\"@type\":\"ImageObject\",\"inLanguage\":\"fr-FR\",\"@id\":\"https:\\\/\\\/www.visitamalfi.info\\\/fr\\\/#\\\/schema\\\/logo\\\/image\\\/\",\"url\":\"https:\\\/\\\/www.visitamalfi.info\\\/wp-content\\\/uploads\\\/2023\\\/04\\\/visit-amalfi-logo-web.png\",\"contentUrl\":\"https:\\\/\\\/www.visitamalfi.info\\\/wp-content\\\/uploads\\\/2023\\\/04\\\/visit-amalfi-logo-web.png\",\"width\":800,\"height\":870,\"caption\":\"Visit Amalfi\"},\"image\":{\"@id\":\"https:\\\/\\\/www.visitamalfi.info\\\/fr\\\/#\\\/schema\\\/logo\\\/image\\\/\"},\"sameAs\":[\"https:\\\/\\\/www.facebook.com\\\/visitamalfiofficial\",\"https:\\\/\\\/www.instagram.com\\\/visitamalfiofficial\\\/\"]}]}<\/script>\n<!-- \/ Yoast SEO plugin. -->","yoast_head_json":{"title":"Porta della Marina - Visit Amalfi","robots":{"index":"index","follow":"follow","max-snippet":"max-snippet:-1","max-image-preview":"max-image-preview:large","max-video-preview":"max-video-preview:-1"},"canonical":"https:\/\/www.visitamalfi.info\/fr\/poi\/porta-della-marina\/","og_locale":"fr_FR","og_type":"article","og_title":"Porta della Marina - Visit Amalfi","og_description":"La Porta della Marina, ancienne Porta de Sandala, document\u00e9e pour la premi\u00e8re fois en 1179, est l&#8217;une des entr\u00e9es m\u00e9di\u00e9vales de la cit\u00e9 du c\u00f4t\u00e9 du Lungomare dei Cavalieri. Restaur\u00e9e [&hellip;]","og_url":"https:\/\/www.visitamalfi.info\/fr\/poi\/porta-della-marina\/","og_site_name":"Visit Amalfi","article_publisher":"https:\/\/www.facebook.com\/visitamalfiofficial","og_image":[{"width":1920,"height":1280,"url":"https:\/\/www.visitamalfi.info\/wp-content\/uploads\/2024\/03\/DSC02919.jpg","type":"image\/jpeg"}],"twitter_card":"summary_large_image","twitter_misc":{"Dur\u00e9e de lecture estim\u00e9e":"2 minutes"},"schema":{"@context":"https:\/\/schema.org","@graph":[{"@type":"WebPage","@id":"https:\/\/www.visitamalfi.info\/fr\/poi\/porta-della-marina\/","url":"https:\/\/www.visitamalfi.info\/fr\/poi\/porta-della-marina\/","name":"Porta della Marina - Visit Amalfi","isPartOf":{"@id":"https:\/\/www.visitamalfi.info\/fr\/#website"},"primaryImageOfPage":{"@id":"https:\/\/www.visitamalfi.info\/fr\/poi\/porta-della-marina\/#primaryimage"},"image":{"@id":"https:\/\/www.visitamalfi.info\/fr\/poi\/porta-della-marina\/#primaryimage"},"thumbnailUrl":"https:\/\/www.visitamalfi.info\/wp-content\/uploads\/2024\/03\/DSC02919.jpg","datePublished":"2025-09-03T07:24:41+00:00","breadcrumb":{"@id":"https:\/\/www.visitamalfi.info\/fr\/poi\/porta-della-marina\/#breadcrumb"},"inLanguage":"fr-FR","potentialAction":[{"@type":"ReadAction","target":["https:\/\/www.visitamalfi.info\/fr\/poi\/porta-della-marina\/"]}]},{"@type":"ImageObject","inLanguage":"fr-FR","@id":"https:\/\/www.visitamalfi.info\/fr\/poi\/porta-della-marina\/#primaryimage","url":"https:\/\/www.visitamalfi.info\/wp-content\/uploads\/2024\/03\/DSC02919.jpg","contentUrl":"https:\/\/www.visitamalfi.info\/wp-content\/uploads\/2024\/03\/DSC02919.jpg","width":1920,"height":1280,"caption":"Amalfi_Porta della Marina"},{"@type":"BreadcrumbList","@id":"https:\/\/www.visitamalfi.info\/fr\/poi\/porta-della-marina\/#breadcrumb","itemListElement":[{"@type":"ListItem","position":1,"name":"Home","item":"https:\/\/www.visitamalfi.info\/fr\/"},{"@type":"ListItem","position":2,"name":"Porta della Marina"}]},{"@type":"WebSite","@id":"https:\/\/www.visitamalfi.info\/fr\/#website","url":"https:\/\/www.visitamalfi.info\/fr\/","name":"Visit Amalfi","description":"Amalfi Destination Official Website","publisher":{"@id":"https:\/\/www.visitamalfi.info\/fr\/#organization"},"potentialAction":[{"@type":"SearchAction","target":{"@type":"EntryPoint","urlTemplate":"https:\/\/www.visitamalfi.info\/fr\/?s={search_term_string}"},"query-input":{"@type":"PropertyValueSpecification","valueRequired":true,"valueName":"search_term_string"}}],"inLanguage":"fr-FR"},{"@type":"Organization","@id":"https:\/\/www.visitamalfi.info\/fr\/#organization","name":"Visit Amalfi","url":"https:\/\/www.visitamalfi.info\/fr\/","logo":{"@type":"ImageObject","inLanguage":"fr-FR","@id":"https:\/\/www.visitamalfi.info\/fr\/#\/schema\/logo\/image\/","url":"https:\/\/www.visitamalfi.info\/wp-content\/uploads\/2023\/04\/visit-amalfi-logo-web.png","contentUrl":"https:\/\/www.visitamalfi.info\/wp-content\/uploads\/2023\/04\/visit-amalfi-logo-web.png","width":800,"height":870,"caption":"Visit Amalfi"},"image":{"@id":"https:\/\/www.visitamalfi.info\/fr\/#\/schema\/logo\/image\/"},"sameAs":["https:\/\/www.facebook.com\/visitamalfiofficial","https:\/\/www.instagram.com\/visitamalfiofficial\/"]}]}},"_links":{"self":[{"href":"https:\/\/www.visitamalfi.info\/fr\/wp-json\/wp\/v2\/amw_poi\/16203","targetHints":{"allow":["GET"]}}],"collection":[{"href":"https:\/\/www.visitamalfi.info\/fr\/wp-json\/wp\/v2\/amw_poi"}],"about":[{"href":"https:\/\/www.visitamalfi.info\/fr\/wp-json\/wp\/v2\/types\/amw_poi"}],"replies":[{"embeddable":true,"href":"https:\/\/www.visitamalfi.info\/fr\/wp-json\/wp\/v2\/comments?post=16203"}],"version-history":[{"count":1,"href":"https:\/\/www.visitamalfi.info\/fr\/wp-json\/wp\/v2\/amw_poi\/16203\/revisions"}],"predecessor-version":[{"id":19507,"href":"https:\/\/www.visitamalfi.info\/fr\/wp-json\/wp\/v2\/amw_poi\/16203\/revisions\/19507"}],"wp:featuredmedia":[{"embeddable":true,"href":"https:\/\/www.visitamalfi.info\/fr\/wp-json\/wp\/v2\/media\/15026"}],"wp:attachment":[{"href":"https:\/\/www.visitamalfi.info\/fr\/wp-json\/wp\/v2\/media?parent=16203"}],"wp:term":[{"taxonomy":"categoria_poi","embeddable":true,"href":"https:\/\/www.visitamalfi.info\/fr\/wp-json\/wp\/v2\/categoria_poi?post=16203"}],"curies":[{"name":"wp","href":"https:\/\/api.w.org\/{rel}","templated":true}]}}

<p>La Porta della Marina, ancienne <em>Porta de Sandala</em>, documentée pour la première fois en 1179, est l&#8217;une des entrées médiévales de la cité du côté du Lungomare dei Cavalieri. Restaurée en 2023, elle présente un portique à voûtes sur croisée d’ogives tandis qu&#8217;à l&#8217;extérieur, au niveau de la rue, on aperçoit deux fragments d&#8217;entablement datant de l&#8217;époque romaine.</p>
<p>Sur le côté gauche, le panneau en céramique réalisé par Renato Rossi en 1937 illustre les colonies d&#8217;outre-mer et les échanges commerciaux par les mers qui firent d&#8217;Amalfi une puissance économique et militaire qui domina le trafic international entre l&#8217;Orient et l&#8217;Occident du Xe au XIIe siècle.</p>
<p>Le sens commercial des Amalfitains n’avait en effet d’égal que celui de la politique. Au cours d&#8217;une période historique très mouvementée du Moyen Âge, les Amalfitains parvinrent à conclure des accords avec différents peuples, dont les redoutables Sarrasins.</p>
<p>Le cartouche en haut à droite du panneau récite les vers de la « Canzone del Sacramento » de Gabriele D&#8217;Annunzio (1911). Dans la partie inférieure, des vers latins du poète Tortelli évoquent la célèbre bataille d&#8217;Ostie de 849, remportée par les flottes d&#8217;Amalfi, Naples, Sorrente et Gaète qui vainquient ensemble les navires sarrasins dans la mer Tyrrhénienne.</p>

<p>La Porta della Marina, ancienne Porta de Sandala, documentée pour la première fois en 1179, est l&#8217;une des entrées médiévales de la cité du côté du Lungomare dei Cavalieri. Restaurée [&hellip;]</p>

<!-- This site is optimized with the Yoast SEO plugin v27.3 - https://yoast.com/product/yoast-seo-wordpress/ -->
<title>Porta della Marina - Visit Amalfi</title>
<meta name="robots" content="index, follow, max-snippet:-1, max-image-preview:large, max-video-preview:-1" />
<link rel="canonical" href="https://www.visitamalfi.info/fr/poi/porta-della-marina/" />
<meta property="og:locale" content="fr_FR" />
<meta property="og:type" content="article" />
<meta property="og:title" content="Porta della Marina - Visit Amalfi" />
<meta property="og:description" content="La Porta della Marina, ancienne Porta de Sandala, documentée pour la première fois en 1179, est l&#8217;une des entrées médiévales de la cité du côté du Lungomare dei Cavalieri. Restaurée [&hellip;]" />
<meta property="og:url" content="https://www.visitamalfi.info/fr/poi/porta-della-marina/" />
<meta property="og:site_name" content="Visit Amalfi" />
<meta property="article:publisher" content="https://www.facebook.com/visitamalfiofficial" />
<meta property="og:image" content="https://www.visitamalfi.info/wp-content/uploads/2024/03/DSC02919.jpg" />
	<meta property="og:image:width" content="1920" />
	<meta property="og:image:height" content="1280" />
	<meta property="og:image:type" content="image/jpeg" />
<meta name="twitter:card" content="summary_large_image" />
<meta name="twitter:label1" content="Durée de lecture estimée" />
	<meta name="twitter:data1" content="2 minutes" />
<script type="application/ld+json" class="yoast-schema-graph">{"@context":"https:\/\/schema.org","@graph":[{"@type":"WebPage","@id":"https:\/\/www.visitamalfi.info\/fr\/poi\/porta-della-marina\/","url":"https:\/\/www.visitamalfi.info\/fr\/poi\/porta-della-marina\/","name":"Porta della Marina - Visit Amalfi","isPartOf":{"@id":"https:\/\/www.visitamalfi.info\/fr\/#website"},"primaryImageOfPage":{"@id":"https:\/\/www.visitamalfi.info\/fr\/poi\/porta-della-marina\/#primaryimage"},"image":{"@id":"https:\/\/www.visitamalfi.info\/fr\/poi\/porta-della-marina\/#primaryimage"},"thumbnailUrl":"https:\/\/www.visitamalfi.info\/wp-content\/uploads\/2024\/03\/DSC02919.jpg","datePublished":"2025-09-03T07:24:41+00:00","breadcrumb":{"@id":"https:\/\/www.visitamalfi.info\/fr\/poi\/porta-della-marina\/#breadcrumb"},"inLanguage":"fr-FR","potentialAction":[{"@type":"ReadAction","target":["https:\/\/www.visitamalfi.info\/fr\/poi\/porta-della-marina\/"]}]},{"@type":"ImageObject","inLanguage":"fr-FR","@id":"https:\/\/www.visitamalfi.info\/fr\/poi\/porta-della-marina\/#primaryimage","url":"https:\/\/www.visitamalfi.info\/wp-content\/uploads\/2024\/03\/DSC02919.jpg","contentUrl":"https:\/\/www.visitamalfi.info\/wp-content\/uploads\/2024\/03\/DSC02919.jpg","width":1920,"height":1280,"caption":"Amalfi_Porta della Marina"},{"@type":"BreadcrumbList","@id":"https:\/\/www.visitamalfi.info\/fr\/poi\/porta-della-marina\/#breadcrumb","itemListElement":[{"@type":"ListItem","position":1,"name":"Home","item":"https:\/\/www.visitamalfi.info\/fr\/"},{"@type":"ListItem","position":2,"name":"Porta della Marina"}]},{"@type":"WebSite","@id":"https:\/\/www.visitamalfi.info\/fr\/#website","url":"https:\/\/www.visitamalfi.info\/fr\/","name":"Visit Amalfi","description":"Amalfi Destination Official Website","publisher":{"@id":"https:\/\/www.visitamalfi.info\/fr\/#organization"},"potentialAction":[{"@type":"SearchAction","target":{"@type":"EntryPoint","urlTemplate":"https:\/\/www.visitamalfi.info\/fr\/?s={search_term_string}"},"query-input":{"@type":"PropertyValueSpecification","valueRequired":true,"valueName":"search_term_string"}}],"inLanguage":"fr-FR"},{"@type":"Organization","@id":"https:\/\/www.visitamalfi.info\/fr\/#organization","name":"Visit Amalfi","url":"https:\/\/www.visitamalfi.info\/fr\/","logo":{"@type":"ImageObject","inLanguage":"fr-FR","@id":"https:\/\/www.visitamalfi.info\/fr\/#\/schema\/logo\/image\/","url":"https:\/\/www.visitamalfi.info\/wp-content\/uploads\/2023\/04\/visit-amalfi-logo-web.png","contentUrl":"https:\/\/www.visitamalfi.info\/wp-content\/uploads\/2023\/04\/visit-amalfi-logo-web.png","width":800,"height":870,"caption":"Visit Amalfi"},"image":{"@id":"https:\/\/www.visitamalfi.info\/fr\/#\/schema\/logo\/image\/"},"sameAs":["https:\/\/www.facebook.com\/visitamalfiofficial","https:\/\/www.instagram.com\/visitamalfiofficial\/"]}]}</script>
<!-- / Yoast SEO plugin. -->

La Porta della Marina, ancienne Porta de Sandala, documentée pour la première fois en 1179, est l&#8217;une des entrées médiévales de la cité du côté du Lungomare dei Cavalieri. Restaurée [&hellip;]
