{"id":16194,"date":"2025-09-03T09:52:16","date_gmt":"2025-09-03T07:52:16","guid":{"rendered":"https:\/\/www.visitamalfi.info\/poi\/domus-vagliendola\/"},"modified":"2024-07-16T12:45:15","modified_gmt":"2024-07-16T10:45:15","slug":"domus-vagliendola","status":"publish","type":"amw_poi","link":"https:\/\/www.visitamalfi.info\/fr\/poi\/domus-vagliendola\/","title":{"rendered":"Domus Vagliendola"},"content":{"rendered":"<p>La <em>Domus<\/em> (\u00ab maison aristocratique \u00bb) Vagliendola, de la fin du XIe si\u00e8cle, pr\u00e9sente au rez-de-chauss\u00e9e l\u2019<em>atrium<\/em> flanqu\u00e9 d\u2019une colonnade et de chapiteaux m\u00e9di\u00e9vaux et, aux \u00e9tages sup\u00e9rieurs, des fen\u00eatres \u00e0 meneaux et des crois\u00e9es d&#8217;ogives. Le dernier \u00e9tage abrite toujours la chapelle du b\u00e2timent. Les diff\u00e9rents \u00e9tages sont reli\u00e9s par un escalier en colima\u00e7on couvert de petites vo\u00fbtes. \u00c0 l\u2019\u00e9poque, les demeures de l&#8217;aristocratie amalfitaine atteignaient g\u00e9n\u00e9ralement une hauteur de cinq \u00e9tages. Au rez-de-chauss\u00e9e se trouvaient les entrep\u00f4ts appel\u00e9s \u00ab catodei \u00bb. L&#8217;entr\u00e9e principale \u00e9tait compos\u00e9e d\u2019un couloir souvent flanqu\u00e9 d\u2019une petite colonnade, comme dans la <em>Domus<\/em> Vagliendola. Les murs ext\u00e9rieurs comportaient quelques fen\u00eatres en arc bris\u00e9 et quelques embrasures. La cuisine \u00e9tait situ\u00e9e au dernier \u00e9tage pour faciliter la dispersion des odeurs et \u00e9tait reli\u00e9e au potager ou au jardin.<\/p>\n<p>Dans les \u00e9tages inf\u00e9rieurs se trouvaient la \u00ab camminata \u00bb, une salle \u00e0 manger avec une chemin\u00e9e, et les filatures dans lesquelles les femmes tissaient principalement de la laine. Construites en encorbellement sur les murs ext\u00e9rieurs, les latrines d\u00e9versaient leurs d\u00e9jections directement dans la rivi\u00e8re, la mer ou les jardins potagers. La toiture de la <em>domus<\/em> pouvait \u00eatre couverte comme un toit ou avec des dalles. Des goutti\u00e8res \u00e9taient positionn\u00e9es en saillie sur les loggias sup\u00e9rieures.<\/p>\n","protected":false},"excerpt":{"rendered":"<p>La Domus (\u00ab maison aristocratique \u00bb) Vagliendola, de la fin du XIe si\u00e8cle, pr\u00e9sente au rez-de-chauss\u00e9e l\u2019atrium flanqu\u00e9 d\u2019une colonnade et de chapiteaux m\u00e9di\u00e9vaux et, aux \u00e9tages sup\u00e9rieurs, des fen\u00eatres [&hellip;]<\/p>\n","protected":false},"featured_media":15250,"comment_status":"open","ping_status":"closed","template":"","categoria_poi":[1771,1547],"class_list":["post-16194","amw_poi","type-amw_poi","status-publish","has-post-thumbnail","hentry","categoria_poi-amalfi-centre","categoria_poi-cultura-fr"],"yoast_head":"<!-- This site is optimized with the Yoast SEO plugin v27.3 - https:\/\/yoast.com\/product\/yoast-seo-wordpress\/ -->\n<title>Domus Vagliendola - Visit Amalfi<\/title>\n<meta name=\"robots\" content=\"index, follow, max-snippet:-1, max-image-preview:large, max-video-preview:-1\" \/>\n<link rel=\"canonical\" href=\"https:\/\/www.visitamalfi.info\/fr\/poi\/domus-vagliendola\/\" \/>\n<meta property=\"og:locale\" content=\"fr_FR\" \/>\n<meta property=\"og:type\" content=\"article\" \/>\n<meta property=\"og:title\" content=\"Domus Vagliendola - Visit Amalfi\" \/>\n<meta property=\"og:description\" content=\"La Domus (\u00ab maison aristocratique \u00bb) Vagliendola, de la fin du XIe si\u00e8cle, pr\u00e9sente au rez-de-chauss\u00e9e l\u2019atrium flanqu\u00e9 d\u2019une colonnade et de chapiteaux m\u00e9di\u00e9vaux et, aux \u00e9tages sup\u00e9rieurs, des fen\u00eatres [&hellip;]\" \/>\n<meta property=\"og:url\" content=\"https:\/\/www.visitamalfi.info\/fr\/poi\/domus-vagliendola\/\" \/>\n<meta property=\"og:site_name\" content=\"Visit Amalfi\" \/>\n<meta property=\"article:publisher\" content=\"https:\/\/www.facebook.com\/visitamalfiofficial\" \/>\n<meta property=\"og:image\" content=\"https:\/\/www.visitamalfi.info\/wp-content\/uploads\/2024\/03\/DOMUS-VAGLIENDOLA-SENZA-MODELLI-M.ABBAGNARA-7.jpg\" \/>\n\t<meta property=\"og:image:width\" content=\"1920\" \/>\n\t<meta property=\"og:image:height\" content=\"1280\" \/>\n\t<meta property=\"og:image:type\" content=\"image\/jpeg\" \/>\n<meta name=\"twitter:card\" content=\"summary_large_image\" \/>\n<meta name=\"twitter:label1\" content=\"Dur\u00e9e de lecture estim\u00e9e\" \/>\n\t<meta name=\"twitter:data1\" content=\"2 minutes\" \/>\n<script type=\"application\/ld+json\" class=\"yoast-schema-graph\">{\"@context\":\"https:\\\/\\\/schema.org\",\"@graph\":[{\"@type\":\"WebPage\",\"@id\":\"https:\\\/\\\/www.visitamalfi.info\\\/fr\\\/poi\\\/domus-vagliendola\\\/\",\"url\":\"https:\\\/\\\/www.visitamalfi.info\\\/fr\\\/poi\\\/domus-vagliendola\\\/\",\"name\":\"Domus Vagliendola - Visit Amalfi\",\"isPartOf\":{\"@id\":\"https:\\\/\\\/www.visitamalfi.info\\\/fr\\\/#website\"},\"primaryImageOfPage\":{\"@id\":\"https:\\\/\\\/www.visitamalfi.info\\\/fr\\\/poi\\\/domus-vagliendola\\\/#primaryimage\"},\"image\":{\"@id\":\"https:\\\/\\\/www.visitamalfi.info\\\/fr\\\/poi\\\/domus-vagliendola\\\/#primaryimage\"},\"thumbnailUrl\":\"https:\\\/\\\/www.visitamalfi.info\\\/wp-content\\\/uploads\\\/2024\\\/03\\\/DOMUS-VAGLIENDOLA-SENZA-MODELLI-M.ABBAGNARA-7.jpg\",\"datePublished\":\"2025-09-03T07:52:16+00:00\",\"breadcrumb\":{\"@id\":\"https:\\\/\\\/www.visitamalfi.info\\\/fr\\\/poi\\\/domus-vagliendola\\\/#breadcrumb\"},\"inLanguage\":\"fr-FR\",\"potentialAction\":[{\"@type\":\"ReadAction\",\"target\":[\"https:\\\/\\\/www.visitamalfi.info\\\/fr\\\/poi\\\/domus-vagliendola\\\/\"]}]},{\"@type\":\"ImageObject\",\"inLanguage\":\"fr-FR\",\"@id\":\"https:\\\/\\\/www.visitamalfi.info\\\/fr\\\/poi\\\/domus-vagliendola\\\/#primaryimage\",\"url\":\"https:\\\/\\\/www.visitamalfi.info\\\/wp-content\\\/uploads\\\/2024\\\/03\\\/DOMUS-VAGLIENDOLA-SENZA-MODELLI-M.ABBAGNARA-7.jpg\",\"contentUrl\":\"https:\\\/\\\/www.visitamalfi.info\\\/wp-content\\\/uploads\\\/2024\\\/03\\\/DOMUS-VAGLIENDOLA-SENZA-MODELLI-M.ABBAGNARA-7.jpg\",\"width\":1920,\"height\":1280,\"caption\":\"Amalfi_Domus Vagliendola\"},{\"@type\":\"BreadcrumbList\",\"@id\":\"https:\\\/\\\/www.visitamalfi.info\\\/fr\\\/poi\\\/domus-vagliendola\\\/#breadcrumb\",\"itemListElement\":[{\"@type\":\"ListItem\",\"position\":1,\"name\":\"Home\",\"item\":\"https:\\\/\\\/www.visitamalfi.info\\\/fr\\\/\"},{\"@type\":\"ListItem\",\"position\":2,\"name\":\"Domus Vagliendola\"}]},{\"@type\":\"WebSite\",\"@id\":\"https:\\\/\\\/www.visitamalfi.info\\\/fr\\\/#website\",\"url\":\"https:\\\/\\\/www.visitamalfi.info\\\/fr\\\/\",\"name\":\"Visit Amalfi\",\"description\":\"Amalfi Destination Official Website\",\"publisher\":{\"@id\":\"https:\\\/\\\/www.visitamalfi.info\\\/fr\\\/#organization\"},\"potentialAction\":[{\"@type\":\"SearchAction\",\"target\":{\"@type\":\"EntryPoint\",\"urlTemplate\":\"https:\\\/\\\/www.visitamalfi.info\\\/fr\\\/?s={search_term_string}\"},\"query-input\":{\"@type\":\"PropertyValueSpecification\",\"valueRequired\":true,\"valueName\":\"search_term_string\"}}],\"inLanguage\":\"fr-FR\"},{\"@type\":\"Organization\",\"@id\":\"https:\\\/\\\/www.visitamalfi.info\\\/fr\\\/#organization\",\"name\":\"Visit Amalfi\",\"url\":\"https:\\\/\\\/www.visitamalfi.info\\\/fr\\\/\",\"logo\":{\"@type\":\"ImageObject\",\"inLanguage\":\"fr-FR\",\"@id\":\"https:\\\/\\\/www.visitamalfi.info\\\/fr\\\/#\\\/schema\\\/logo\\\/image\\\/\",\"url\":\"https:\\\/\\\/www.visitamalfi.info\\\/wp-content\\\/uploads\\\/2023\\\/04\\\/visit-amalfi-logo-web.png\",\"contentUrl\":\"https:\\\/\\\/www.visitamalfi.info\\\/wp-content\\\/uploads\\\/2023\\\/04\\\/visit-amalfi-logo-web.png\",\"width\":800,\"height\":870,\"caption\":\"Visit Amalfi\"},\"image\":{\"@id\":\"https:\\\/\\\/www.visitamalfi.info\\\/fr\\\/#\\\/schema\\\/logo\\\/image\\\/\"},\"sameAs\":[\"https:\\\/\\\/www.facebook.com\\\/visitamalfiofficial\",\"https:\\\/\\\/www.instagram.com\\\/visitamalfiofficial\\\/\"]}]}<\/script>\n<!-- \/ Yoast SEO plugin. -->","yoast_head_json":{"title":"Domus Vagliendola - Visit Amalfi","robots":{"index":"index","follow":"follow","max-snippet":"max-snippet:-1","max-image-preview":"max-image-preview:large","max-video-preview":"max-video-preview:-1"},"canonical":"https:\/\/www.visitamalfi.info\/fr\/poi\/domus-vagliendola\/","og_locale":"fr_FR","og_type":"article","og_title":"Domus Vagliendola - Visit Amalfi","og_description":"La Domus (\u00ab maison aristocratique \u00bb) Vagliendola, de la fin du XIe si\u00e8cle, pr\u00e9sente au rez-de-chauss\u00e9e l\u2019atrium flanqu\u00e9 d\u2019une colonnade et de chapiteaux m\u00e9di\u00e9vaux et, aux \u00e9tages sup\u00e9rieurs, des fen\u00eatres [&hellip;]","og_url":"https:\/\/www.visitamalfi.info\/fr\/poi\/domus-vagliendola\/","og_site_name":"Visit Amalfi","article_publisher":"https:\/\/www.facebook.com\/visitamalfiofficial","og_image":[{"width":1920,"height":1280,"url":"https:\/\/www.visitamalfi.info\/wp-content\/uploads\/2024\/03\/DOMUS-VAGLIENDOLA-SENZA-MODELLI-M.ABBAGNARA-7.jpg","type":"image\/jpeg"}],"twitter_card":"summary_large_image","twitter_misc":{"Dur\u00e9e de lecture estim\u00e9e":"2 minutes"},"schema":{"@context":"https:\/\/schema.org","@graph":[{"@type":"WebPage","@id":"https:\/\/www.visitamalfi.info\/fr\/poi\/domus-vagliendola\/","url":"https:\/\/www.visitamalfi.info\/fr\/poi\/domus-vagliendola\/","name":"Domus Vagliendola - Visit Amalfi","isPartOf":{"@id":"https:\/\/www.visitamalfi.info\/fr\/#website"},"primaryImageOfPage":{"@id":"https:\/\/www.visitamalfi.info\/fr\/poi\/domus-vagliendola\/#primaryimage"},"image":{"@id":"https:\/\/www.visitamalfi.info\/fr\/poi\/domus-vagliendola\/#primaryimage"},"thumbnailUrl":"https:\/\/www.visitamalfi.info\/wp-content\/uploads\/2024\/03\/DOMUS-VAGLIENDOLA-SENZA-MODELLI-M.ABBAGNARA-7.jpg","datePublished":"2025-09-03T07:52:16+00:00","breadcrumb":{"@id":"https:\/\/www.visitamalfi.info\/fr\/poi\/domus-vagliendola\/#breadcrumb"},"inLanguage":"fr-FR","potentialAction":[{"@type":"ReadAction","target":["https:\/\/www.visitamalfi.info\/fr\/poi\/domus-vagliendola\/"]}]},{"@type":"ImageObject","inLanguage":"fr-FR","@id":"https:\/\/www.visitamalfi.info\/fr\/poi\/domus-vagliendola\/#primaryimage","url":"https:\/\/www.visitamalfi.info\/wp-content\/uploads\/2024\/03\/DOMUS-VAGLIENDOLA-SENZA-MODELLI-M.ABBAGNARA-7.jpg","contentUrl":"https:\/\/www.visitamalfi.info\/wp-content\/uploads\/2024\/03\/DOMUS-VAGLIENDOLA-SENZA-MODELLI-M.ABBAGNARA-7.jpg","width":1920,"height":1280,"caption":"Amalfi_Domus Vagliendola"},{"@type":"BreadcrumbList","@id":"https:\/\/www.visitamalfi.info\/fr\/poi\/domus-vagliendola\/#breadcrumb","itemListElement":[{"@type":"ListItem","position":1,"name":"Home","item":"https:\/\/www.visitamalfi.info\/fr\/"},{"@type":"ListItem","position":2,"name":"Domus Vagliendola"}]},{"@type":"WebSite","@id":"https:\/\/www.visitamalfi.info\/fr\/#website","url":"https:\/\/www.visitamalfi.info\/fr\/","name":"Visit Amalfi","description":"Amalfi Destination Official Website","publisher":{"@id":"https:\/\/www.visitamalfi.info\/fr\/#organization"},"potentialAction":[{"@type":"SearchAction","target":{"@type":"EntryPoint","urlTemplate":"https:\/\/www.visitamalfi.info\/fr\/?s={search_term_string}"},"query-input":{"@type":"PropertyValueSpecification","valueRequired":true,"valueName":"search_term_string"}}],"inLanguage":"fr-FR"},{"@type":"Organization","@id":"https:\/\/www.visitamalfi.info\/fr\/#organization","name":"Visit Amalfi","url":"https:\/\/www.visitamalfi.info\/fr\/","logo":{"@type":"ImageObject","inLanguage":"fr-FR","@id":"https:\/\/www.visitamalfi.info\/fr\/#\/schema\/logo\/image\/","url":"https:\/\/www.visitamalfi.info\/wp-content\/uploads\/2023\/04\/visit-amalfi-logo-web.png","contentUrl":"https:\/\/www.visitamalfi.info\/wp-content\/uploads\/2023\/04\/visit-amalfi-logo-web.png","width":800,"height":870,"caption":"Visit Amalfi"},"image":{"@id":"https:\/\/www.visitamalfi.info\/fr\/#\/schema\/logo\/image\/"},"sameAs":["https:\/\/www.facebook.com\/visitamalfiofficial","https:\/\/www.instagram.com\/visitamalfiofficial\/"]}]}},"_links":{"self":[{"href":"https:\/\/www.visitamalfi.info\/fr\/wp-json\/wp\/v2\/amw_poi\/16194","targetHints":{"allow":["GET"]}}],"collection":[{"href":"https:\/\/www.visitamalfi.info\/fr\/wp-json\/wp\/v2\/amw_poi"}],"about":[{"href":"https:\/\/www.visitamalfi.info\/fr\/wp-json\/wp\/v2\/types\/amw_poi"}],"replies":[{"embeddable":true,"href":"https:\/\/www.visitamalfi.info\/fr\/wp-json\/wp\/v2\/comments?post=16194"}],"version-history":[{"count":1,"href":"https:\/\/www.visitamalfi.info\/fr\/wp-json\/wp\/v2\/amw_poi\/16194\/revisions"}],"predecessor-version":[{"id":19542,"href":"https:\/\/www.visitamalfi.info\/fr\/wp-json\/wp\/v2\/amw_poi\/16194\/revisions\/19542"}],"wp:featuredmedia":[{"embeddable":true,"href":"https:\/\/www.visitamalfi.info\/fr\/wp-json\/wp\/v2\/media\/15250"}],"wp:attachment":[{"href":"https:\/\/www.visitamalfi.info\/fr\/wp-json\/wp\/v2\/media?parent=16194"}],"wp:term":[{"taxonomy":"categoria_poi","embeddable":true,"href":"https:\/\/www.visitamalfi.info\/fr\/wp-json\/wp\/v2\/categoria_poi?post=16194"}],"curies":[{"name":"wp","href":"https:\/\/api.w.org\/{rel}","templated":true}]}}

<p>La <em>Domus</em> (« maison aristocratique ») Vagliendola, de la fin du XIe siècle, présente au rez-de-chaussée l’<em>atrium</em> flanqué d’une colonnade et de chapiteaux médiévaux et, aux étages supérieurs, des fenêtres à meneaux et des croisées d&#8217;ogives. Le dernier étage abrite toujours la chapelle du bâtiment. Les différents étages sont reliés par un escalier en colimaçon couvert de petites voûtes. À l’époque, les demeures de l&#8217;aristocratie amalfitaine atteignaient généralement une hauteur de cinq étages. Au rez-de-chaussée se trouvaient les entrepôts appelés « catodei ». L&#8217;entrée principale était composée d’un couloir souvent flanqué d’une petite colonnade, comme dans la <em>Domus</em> Vagliendola. Les murs extérieurs comportaient quelques fenêtres en arc brisé et quelques embrasures. La cuisine était située au dernier étage pour faciliter la dispersion des odeurs et était reliée au potager ou au jardin.</p>
<p>Dans les étages inférieurs se trouvaient la « camminata », une salle à manger avec une cheminée, et les filatures dans lesquelles les femmes tissaient principalement de la laine. Construites en encorbellement sur les murs extérieurs, les latrines déversaient leurs déjections directement dans la rivière, la mer ou les jardins potagers. La toiture de la <em>domus</em> pouvait être couverte comme un toit ou avec des dalles. Des gouttières étaient positionnées en saillie sur les loggias supérieures.</p>

<p>La Domus (« maison aristocratique ») Vagliendola, de la fin du XIe siècle, présente au rez-de-chaussée l’atrium flanqué d’une colonnade et de chapiteaux médiévaux et, aux étages supérieurs, des fenêtres [&hellip;]</p>

<!-- This site is optimized with the Yoast SEO plugin v27.3 - https://yoast.com/product/yoast-seo-wordpress/ -->
<title>Domus Vagliendola - Visit Amalfi</title>
<meta name="robots" content="index, follow, max-snippet:-1, max-image-preview:large, max-video-preview:-1" />
<link rel="canonical" href="https://www.visitamalfi.info/fr/poi/domus-vagliendola/" />
<meta property="og:locale" content="fr_FR" />
<meta property="og:type" content="article" />
<meta property="og:title" content="Domus Vagliendola - Visit Amalfi" />
<meta property="og:description" content="La Domus (« maison aristocratique ») Vagliendola, de la fin du XIe siècle, présente au rez-de-chaussée l’atrium flanqué d’une colonnade et de chapiteaux médiévaux et, aux étages supérieurs, des fenêtres [&hellip;]" />
<meta property="og:url" content="https://www.visitamalfi.info/fr/poi/domus-vagliendola/" />
<meta property="og:site_name" content="Visit Amalfi" />
<meta property="article:publisher" content="https://www.facebook.com/visitamalfiofficial" />
<meta property="og:image" content="https://www.visitamalfi.info/wp-content/uploads/2024/03/DOMUS-VAGLIENDOLA-SENZA-MODELLI-M.ABBAGNARA-7.jpg" />
	<meta property="og:image:width" content="1920" />
	<meta property="og:image:height" content="1280" />
	<meta property="og:image:type" content="image/jpeg" />
<meta name="twitter:card" content="summary_large_image" />
<meta name="twitter:label1" content="Durée de lecture estimée" />
	<meta name="twitter:data1" content="2 minutes" />
<script type="application/ld+json" class="yoast-schema-graph">{"@context":"https:\/\/schema.org","@graph":[{"@type":"WebPage","@id":"https:\/\/www.visitamalfi.info\/fr\/poi\/domus-vagliendola\/","url":"https:\/\/www.visitamalfi.info\/fr\/poi\/domus-vagliendola\/","name":"Domus Vagliendola - Visit Amalfi","isPartOf":{"@id":"https:\/\/www.visitamalfi.info\/fr\/#website"},"primaryImageOfPage":{"@id":"https:\/\/www.visitamalfi.info\/fr\/poi\/domus-vagliendola\/#primaryimage"},"image":{"@id":"https:\/\/www.visitamalfi.info\/fr\/poi\/domus-vagliendola\/#primaryimage"},"thumbnailUrl":"https:\/\/www.visitamalfi.info\/wp-content\/uploads\/2024\/03\/DOMUS-VAGLIENDOLA-SENZA-MODELLI-M.ABBAGNARA-7.jpg","datePublished":"2025-09-03T07:52:16+00:00","breadcrumb":{"@id":"https:\/\/www.visitamalfi.info\/fr\/poi\/domus-vagliendola\/#breadcrumb"},"inLanguage":"fr-FR","potentialAction":[{"@type":"ReadAction","target":["https:\/\/www.visitamalfi.info\/fr\/poi\/domus-vagliendola\/"]}]},{"@type":"ImageObject","inLanguage":"fr-FR","@id":"https:\/\/www.visitamalfi.info\/fr\/poi\/domus-vagliendola\/#primaryimage","url":"https:\/\/www.visitamalfi.info\/wp-content\/uploads\/2024\/03\/DOMUS-VAGLIENDOLA-SENZA-MODELLI-M.ABBAGNARA-7.jpg","contentUrl":"https:\/\/www.visitamalfi.info\/wp-content\/uploads\/2024\/03\/DOMUS-VAGLIENDOLA-SENZA-MODELLI-M.ABBAGNARA-7.jpg","width":1920,"height":1280,"caption":"Amalfi_Domus Vagliendola"},{"@type":"BreadcrumbList","@id":"https:\/\/www.visitamalfi.info\/fr\/poi\/domus-vagliendola\/#breadcrumb","itemListElement":[{"@type":"ListItem","position":1,"name":"Home","item":"https:\/\/www.visitamalfi.info\/fr\/"},{"@type":"ListItem","position":2,"name":"Domus Vagliendola"}]},{"@type":"WebSite","@id":"https:\/\/www.visitamalfi.info\/fr\/#website","url":"https:\/\/www.visitamalfi.info\/fr\/","name":"Visit Amalfi","description":"Amalfi Destination Official Website","publisher":{"@id":"https:\/\/www.visitamalfi.info\/fr\/#organization"},"potentialAction":[{"@type":"SearchAction","target":{"@type":"EntryPoint","urlTemplate":"https:\/\/www.visitamalfi.info\/fr\/?s={search_term_string}"},"query-input":{"@type":"PropertyValueSpecification","valueRequired":true,"valueName":"search_term_string"}}],"inLanguage":"fr-FR"},{"@type":"Organization","@id":"https:\/\/www.visitamalfi.info\/fr\/#organization","name":"Visit Amalfi","url":"https:\/\/www.visitamalfi.info\/fr\/","logo":{"@type":"ImageObject","inLanguage":"fr-FR","@id":"https:\/\/www.visitamalfi.info\/fr\/#\/schema\/logo\/image\/","url":"https:\/\/www.visitamalfi.info\/wp-content\/uploads\/2023\/04\/visit-amalfi-logo-web.png","contentUrl":"https:\/\/www.visitamalfi.info\/wp-content\/uploads\/2023\/04\/visit-amalfi-logo-web.png","width":800,"height":870,"caption":"Visit Amalfi"},"image":{"@id":"https:\/\/www.visitamalfi.info\/fr\/#\/schema\/logo\/image\/"},"sameAs":["https:\/\/www.facebook.com\/visitamalfiofficial","https:\/\/www.instagram.com\/visitamalfiofficial\/"]}]}</script>
<!-- / Yoast SEO plugin. -->

La Domus (« maison aristocratique ») Vagliendola, de la fin du XIe siècle, présente au rez-de-chaussée l’atrium flanqué d’une colonnade et de chapiteaux médiévaux et, aux étages supérieurs, des fenêtres [&hellip;]
