{"id":16193,"date":"2025-09-03T09:53:54","date_gmt":"2025-09-03T07:53:54","guid":{"rendered":"https:\/\/www.visitamalfi.info\/poi\/largo-duchi-piccolomini\/"},"modified":"2024-07-16T12:46:02","modified_gmt":"2024-07-16T10:46:02","slug":"largo-duchi-piccolomini","status":"publish","type":"amw_poi","link":"https:\/\/www.visitamalfi.info\/fr\/poi\/largo-duchi-piccolomini\/","title":{"rendered":"Largo Duchi Piccolomini"},"content":{"rendered":"<p>La place est appel\u00e9e couramment Largo Piccolomini, car elle est d\u00e9limit\u00e9e \u00e0 l&#8217;est par un palais qui, d\u00e8s 1461, fut la r\u00e9sidence de la famille aragonaise Piccolomini, nobles seigneurs f\u00e9odaux d&#8217;Amalfi.<\/p>\n<p>La place est \u00e9galement connue sous le nom de \u00ab Lastricato \u00bb, du latin <em>astracum,<\/em> en raison du pavage de pierre et de mortier qui recouvre les Arsenaux situ\u00e9s en contrebas. Sur le c\u00f4t\u00e9 nord de la place, on trouve la petite chapelle de la Madonna delle Grazie, datant de 1699.<\/p>\n","protected":false},"excerpt":{"rendered":"<p>La place est appel\u00e9e couramment Largo Piccolomini, car elle est d\u00e9limit\u00e9e \u00e0 l&#8217;est par un palais qui, d\u00e8s 1461, fut la r\u00e9sidence de la famille aragonaise Piccolomini, nobles seigneurs f\u00e9odaux [&hellip;]<\/p>\n","protected":false},"featured_media":15282,"comment_status":"open","ping_status":"closed","template":"","categoria_poi":[1771,1547],"class_list":["post-16193","amw_poi","type-amw_poi","status-publish","has-post-thumbnail","hentry","categoria_poi-amalfi-centre","categoria_poi-cultura-fr"],"yoast_head":"<!-- This site is optimized with the Yoast SEO plugin v27.3 - https:\/\/yoast.com\/product\/yoast-seo-wordpress\/ -->\n<title>Largo Duchi Piccolomini - Visit Amalfi<\/title>\n<meta name=\"robots\" content=\"index, follow, max-snippet:-1, max-image-preview:large, max-video-preview:-1\" \/>\n<link rel=\"canonical\" href=\"https:\/\/www.visitamalfi.info\/fr\/poi\/largo-duchi-piccolomini\/\" \/>\n<meta property=\"og:locale\" content=\"fr_FR\" \/>\n<meta property=\"og:type\" content=\"article\" \/>\n<meta property=\"og:title\" content=\"Largo Duchi Piccolomini - Visit Amalfi\" \/>\n<meta property=\"og:description\" content=\"La place est appel\u00e9e couramment Largo Piccolomini, car elle est d\u00e9limit\u00e9e \u00e0 l&#8217;est par un palais qui, d\u00e8s 1461, fut la r\u00e9sidence de la famille aragonaise Piccolomini, nobles seigneurs f\u00e9odaux [&hellip;]\" \/>\n<meta property=\"og:url\" content=\"https:\/\/www.visitamalfi.info\/fr\/poi\/largo-duchi-piccolomini\/\" \/>\n<meta property=\"og:site_name\" content=\"Visit Amalfi\" \/>\n<meta property=\"article:publisher\" content=\"https:\/\/www.facebook.com\/visitamalfiofficial\" \/>\n<meta property=\"og:image\" content=\"https:\/\/www.visitamalfi.info\/wp-content\/uploads\/2024\/03\/LARGO-DUCA-PICCOLOMINI-SENZA-MODELLI-M.ABBAGNARA-12.jpg\" \/>\n\t<meta property=\"og:image:width\" content=\"1920\" \/>\n\t<meta property=\"og:image:height\" content=\"1280\" \/>\n\t<meta property=\"og:image:type\" content=\"image\/jpeg\" \/>\n<meta name=\"twitter:card\" content=\"summary_large_image\" \/>\n<meta name=\"twitter:label1\" content=\"Dur\u00e9e de lecture estim\u00e9e\" \/>\n\t<meta name=\"twitter:data1\" content=\"1 minute\" \/>\n<script type=\"application\/ld+json\" class=\"yoast-schema-graph\">{\"@context\":\"https:\\\/\\\/schema.org\",\"@graph\":[{\"@type\":\"WebPage\",\"@id\":\"https:\\\/\\\/www.visitamalfi.info\\\/fr\\\/poi\\\/largo-duchi-piccolomini\\\/\",\"url\":\"https:\\\/\\\/www.visitamalfi.info\\\/fr\\\/poi\\\/largo-duchi-piccolomini\\\/\",\"name\":\"Largo Duchi Piccolomini - Visit Amalfi\",\"isPartOf\":{\"@id\":\"https:\\\/\\\/www.visitamalfi.info\\\/fr\\\/#website\"},\"primaryImageOfPage\":{\"@id\":\"https:\\\/\\\/www.visitamalfi.info\\\/fr\\\/poi\\\/largo-duchi-piccolomini\\\/#primaryimage\"},\"image\":{\"@id\":\"https:\\\/\\\/www.visitamalfi.info\\\/fr\\\/poi\\\/largo-duchi-piccolomini\\\/#primaryimage\"},\"thumbnailUrl\":\"https:\\\/\\\/www.visitamalfi.info\\\/wp-content\\\/uploads\\\/2024\\\/03\\\/LARGO-DUCA-PICCOLOMINI-SENZA-MODELLI-M.ABBAGNARA-12.jpg\",\"datePublished\":\"2025-09-03T07:53:54+00:00\",\"breadcrumb\":{\"@id\":\"https:\\\/\\\/www.visitamalfi.info\\\/fr\\\/poi\\\/largo-duchi-piccolomini\\\/#breadcrumb\"},\"inLanguage\":\"fr-FR\",\"potentialAction\":[{\"@type\":\"ReadAction\",\"target\":[\"https:\\\/\\\/www.visitamalfi.info\\\/fr\\\/poi\\\/largo-duchi-piccolomini\\\/\"]}]},{\"@type\":\"ImageObject\",\"inLanguage\":\"fr-FR\",\"@id\":\"https:\\\/\\\/www.visitamalfi.info\\\/fr\\\/poi\\\/largo-duchi-piccolomini\\\/#primaryimage\",\"url\":\"https:\\\/\\\/www.visitamalfi.info\\\/wp-content\\\/uploads\\\/2024\\\/03\\\/LARGO-DUCA-PICCOLOMINI-SENZA-MODELLI-M.ABBAGNARA-12.jpg\",\"contentUrl\":\"https:\\\/\\\/www.visitamalfi.info\\\/wp-content\\\/uploads\\\/2024\\\/03\\\/LARGO-DUCA-PICCOLOMINI-SENZA-MODELLI-M.ABBAGNARA-12.jpg\",\"width\":1920,\"height\":1280,\"caption\":\"Amalfi_Largo Duchi Piccolomini\"},{\"@type\":\"BreadcrumbList\",\"@id\":\"https:\\\/\\\/www.visitamalfi.info\\\/fr\\\/poi\\\/largo-duchi-piccolomini\\\/#breadcrumb\",\"itemListElement\":[{\"@type\":\"ListItem\",\"position\":1,\"name\":\"Home\",\"item\":\"https:\\\/\\\/www.visitamalfi.info\\\/fr\\\/\"},{\"@type\":\"ListItem\",\"position\":2,\"name\":\"Largo Duchi Piccolomini\"}]},{\"@type\":\"WebSite\",\"@id\":\"https:\\\/\\\/www.visitamalfi.info\\\/fr\\\/#website\",\"url\":\"https:\\\/\\\/www.visitamalfi.info\\\/fr\\\/\",\"name\":\"Visit Amalfi\",\"description\":\"Amalfi Destination Official Website\",\"publisher\":{\"@id\":\"https:\\\/\\\/www.visitamalfi.info\\\/fr\\\/#organization\"},\"potentialAction\":[{\"@type\":\"SearchAction\",\"target\":{\"@type\":\"EntryPoint\",\"urlTemplate\":\"https:\\\/\\\/www.visitamalfi.info\\\/fr\\\/?s={search_term_string}\"},\"query-input\":{\"@type\":\"PropertyValueSpecification\",\"valueRequired\":true,\"valueName\":\"search_term_string\"}}],\"inLanguage\":\"fr-FR\"},{\"@type\":\"Organization\",\"@id\":\"https:\\\/\\\/www.visitamalfi.info\\\/fr\\\/#organization\",\"name\":\"Visit Amalfi\",\"url\":\"https:\\\/\\\/www.visitamalfi.info\\\/fr\\\/\",\"logo\":{\"@type\":\"ImageObject\",\"inLanguage\":\"fr-FR\",\"@id\":\"https:\\\/\\\/www.visitamalfi.info\\\/fr\\\/#\\\/schema\\\/logo\\\/image\\\/\",\"url\":\"https:\\\/\\\/www.visitamalfi.info\\\/wp-content\\\/uploads\\\/2023\\\/04\\\/visit-amalfi-logo-web.png\",\"contentUrl\":\"https:\\\/\\\/www.visitamalfi.info\\\/wp-content\\\/uploads\\\/2023\\\/04\\\/visit-amalfi-logo-web.png\",\"width\":800,\"height\":870,\"caption\":\"Visit Amalfi\"},\"image\":{\"@id\":\"https:\\\/\\\/www.visitamalfi.info\\\/fr\\\/#\\\/schema\\\/logo\\\/image\\\/\"},\"sameAs\":[\"https:\\\/\\\/www.facebook.com\\\/visitamalfiofficial\",\"https:\\\/\\\/www.instagram.com\\\/visitamalfiofficial\\\/\"]}]}<\/script>\n<!-- \/ Yoast SEO plugin. -->","yoast_head_json":{"title":"Largo Duchi Piccolomini - Visit Amalfi","robots":{"index":"index","follow":"follow","max-snippet":"max-snippet:-1","max-image-preview":"max-image-preview:large","max-video-preview":"max-video-preview:-1"},"canonical":"https:\/\/www.visitamalfi.info\/fr\/poi\/largo-duchi-piccolomini\/","og_locale":"fr_FR","og_type":"article","og_title":"Largo Duchi Piccolomini - Visit Amalfi","og_description":"La place est appel\u00e9e couramment Largo Piccolomini, car elle est d\u00e9limit\u00e9e \u00e0 l&#8217;est par un palais qui, d\u00e8s 1461, fut la r\u00e9sidence de la famille aragonaise Piccolomini, nobles seigneurs f\u00e9odaux [&hellip;]","og_url":"https:\/\/www.visitamalfi.info\/fr\/poi\/largo-duchi-piccolomini\/","og_site_name":"Visit Amalfi","article_publisher":"https:\/\/www.facebook.com\/visitamalfiofficial","og_image":[{"width":1920,"height":1280,"url":"https:\/\/www.visitamalfi.info\/wp-content\/uploads\/2024\/03\/LARGO-DUCA-PICCOLOMINI-SENZA-MODELLI-M.ABBAGNARA-12.jpg","type":"image\/jpeg"}],"twitter_card":"summary_large_image","twitter_misc":{"Dur\u00e9e de lecture estim\u00e9e":"1 minute"},"schema":{"@context":"https:\/\/schema.org","@graph":[{"@type":"WebPage","@id":"https:\/\/www.visitamalfi.info\/fr\/poi\/largo-duchi-piccolomini\/","url":"https:\/\/www.visitamalfi.info\/fr\/poi\/largo-duchi-piccolomini\/","name":"Largo Duchi Piccolomini - Visit Amalfi","isPartOf":{"@id":"https:\/\/www.visitamalfi.info\/fr\/#website"},"primaryImageOfPage":{"@id":"https:\/\/www.visitamalfi.info\/fr\/poi\/largo-duchi-piccolomini\/#primaryimage"},"image":{"@id":"https:\/\/www.visitamalfi.info\/fr\/poi\/largo-duchi-piccolomini\/#primaryimage"},"thumbnailUrl":"https:\/\/www.visitamalfi.info\/wp-content\/uploads\/2024\/03\/LARGO-DUCA-PICCOLOMINI-SENZA-MODELLI-M.ABBAGNARA-12.jpg","datePublished":"2025-09-03T07:53:54+00:00","breadcrumb":{"@id":"https:\/\/www.visitamalfi.info\/fr\/poi\/largo-duchi-piccolomini\/#breadcrumb"},"inLanguage":"fr-FR","potentialAction":[{"@type":"ReadAction","target":["https:\/\/www.visitamalfi.info\/fr\/poi\/largo-duchi-piccolomini\/"]}]},{"@type":"ImageObject","inLanguage":"fr-FR","@id":"https:\/\/www.visitamalfi.info\/fr\/poi\/largo-duchi-piccolomini\/#primaryimage","url":"https:\/\/www.visitamalfi.info\/wp-content\/uploads\/2024\/03\/LARGO-DUCA-PICCOLOMINI-SENZA-MODELLI-M.ABBAGNARA-12.jpg","contentUrl":"https:\/\/www.visitamalfi.info\/wp-content\/uploads\/2024\/03\/LARGO-DUCA-PICCOLOMINI-SENZA-MODELLI-M.ABBAGNARA-12.jpg","width":1920,"height":1280,"caption":"Amalfi_Largo Duchi Piccolomini"},{"@type":"BreadcrumbList","@id":"https:\/\/www.visitamalfi.info\/fr\/poi\/largo-duchi-piccolomini\/#breadcrumb","itemListElement":[{"@type":"ListItem","position":1,"name":"Home","item":"https:\/\/www.visitamalfi.info\/fr\/"},{"@type":"ListItem","position":2,"name":"Largo Duchi Piccolomini"}]},{"@type":"WebSite","@id":"https:\/\/www.visitamalfi.info\/fr\/#website","url":"https:\/\/www.visitamalfi.info\/fr\/","name":"Visit Amalfi","description":"Amalfi Destination Official Website","publisher":{"@id":"https:\/\/www.visitamalfi.info\/fr\/#organization"},"potentialAction":[{"@type":"SearchAction","target":{"@type":"EntryPoint","urlTemplate":"https:\/\/www.visitamalfi.info\/fr\/?s={search_term_string}"},"query-input":{"@type":"PropertyValueSpecification","valueRequired":true,"valueName":"search_term_string"}}],"inLanguage":"fr-FR"},{"@type":"Organization","@id":"https:\/\/www.visitamalfi.info\/fr\/#organization","name":"Visit Amalfi","url":"https:\/\/www.visitamalfi.info\/fr\/","logo":{"@type":"ImageObject","inLanguage":"fr-FR","@id":"https:\/\/www.visitamalfi.info\/fr\/#\/schema\/logo\/image\/","url":"https:\/\/www.visitamalfi.info\/wp-content\/uploads\/2023\/04\/visit-amalfi-logo-web.png","contentUrl":"https:\/\/www.visitamalfi.info\/wp-content\/uploads\/2023\/04\/visit-amalfi-logo-web.png","width":800,"height":870,"caption":"Visit Amalfi"},"image":{"@id":"https:\/\/www.visitamalfi.info\/fr\/#\/schema\/logo\/image\/"},"sameAs":["https:\/\/www.facebook.com\/visitamalfiofficial","https:\/\/www.instagram.com\/visitamalfiofficial\/"]}]}},"_links":{"self":[{"href":"https:\/\/www.visitamalfi.info\/fr\/wp-json\/wp\/v2\/amw_poi\/16193","targetHints":{"allow":["GET"]}}],"collection":[{"href":"https:\/\/www.visitamalfi.info\/fr\/wp-json\/wp\/v2\/amw_poi"}],"about":[{"href":"https:\/\/www.visitamalfi.info\/fr\/wp-json\/wp\/v2\/types\/amw_poi"}],"replies":[{"embeddable":true,"href":"https:\/\/www.visitamalfi.info\/fr\/wp-json\/wp\/v2\/comments?post=16193"}],"version-history":[{"count":1,"href":"https:\/\/www.visitamalfi.info\/fr\/wp-json\/wp\/v2\/amw_poi\/16193\/revisions"}],"predecessor-version":[{"id":19546,"href":"https:\/\/www.visitamalfi.info\/fr\/wp-json\/wp\/v2\/amw_poi\/16193\/revisions\/19546"}],"wp:featuredmedia":[{"embeddable":true,"href":"https:\/\/www.visitamalfi.info\/fr\/wp-json\/wp\/v2\/media\/15282"}],"wp:attachment":[{"href":"https:\/\/www.visitamalfi.info\/fr\/wp-json\/wp\/v2\/media?parent=16193"}],"wp:term":[{"taxonomy":"categoria_poi","embeddable":true,"href":"https:\/\/www.visitamalfi.info\/fr\/wp-json\/wp\/v2\/categoria_poi?post=16193"}],"curies":[{"name":"wp","href":"https:\/\/api.w.org\/{rel}","templated":true}]}}

<p>La place est appelée couramment Largo Piccolomini, car elle est délimitée à l&#8217;est par un palais qui, dès 1461, fut la résidence de la famille aragonaise Piccolomini, nobles seigneurs féodaux d&#8217;Amalfi.</p>
<p>La place est également connue sous le nom de « Lastricato », du latin <em>astracum,</em> en raison du pavage de pierre et de mortier qui recouvre les Arsenaux situés en contrebas. Sur le côté nord de la place, on trouve la petite chapelle de la Madonna delle Grazie, datant de 1699.</p>

<p>La place est appelée couramment Largo Piccolomini, car elle est délimitée à l&#8217;est par un palais qui, dès 1461, fut la résidence de la famille aragonaise Piccolomini, nobles seigneurs féodaux [&hellip;]</p>

<!-- This site is optimized with the Yoast SEO plugin v27.3 - https://yoast.com/product/yoast-seo-wordpress/ -->
<title>Largo Duchi Piccolomini - Visit Amalfi</title>
<meta name="robots" content="index, follow, max-snippet:-1, max-image-preview:large, max-video-preview:-1" />
<link rel="canonical" href="https://www.visitamalfi.info/fr/poi/largo-duchi-piccolomini/" />
<meta property="og:locale" content="fr_FR" />
<meta property="og:type" content="article" />
<meta property="og:title" content="Largo Duchi Piccolomini - Visit Amalfi" />
<meta property="og:description" content="La place est appelée couramment Largo Piccolomini, car elle est délimitée à l&#8217;est par un palais qui, dès 1461, fut la résidence de la famille aragonaise Piccolomini, nobles seigneurs féodaux [&hellip;]" />
<meta property="og:url" content="https://www.visitamalfi.info/fr/poi/largo-duchi-piccolomini/" />
<meta property="og:site_name" content="Visit Amalfi" />
<meta property="article:publisher" content="https://www.facebook.com/visitamalfiofficial" />
<meta property="og:image" content="https://www.visitamalfi.info/wp-content/uploads/2024/03/LARGO-DUCA-PICCOLOMINI-SENZA-MODELLI-M.ABBAGNARA-12.jpg" />
	<meta property="og:image:width" content="1920" />
	<meta property="og:image:height" content="1280" />
	<meta property="og:image:type" content="image/jpeg" />
<meta name="twitter:card" content="summary_large_image" />
<meta name="twitter:label1" content="Durée de lecture estimée" />
	<meta name="twitter:data1" content="1 minute" />
<script type="application/ld+json" class="yoast-schema-graph">{"@context":"https:\/\/schema.org","@graph":[{"@type":"WebPage","@id":"https:\/\/www.visitamalfi.info\/fr\/poi\/largo-duchi-piccolomini\/","url":"https:\/\/www.visitamalfi.info\/fr\/poi\/largo-duchi-piccolomini\/","name":"Largo Duchi Piccolomini - Visit Amalfi","isPartOf":{"@id":"https:\/\/www.visitamalfi.info\/fr\/#website"},"primaryImageOfPage":{"@id":"https:\/\/www.visitamalfi.info\/fr\/poi\/largo-duchi-piccolomini\/#primaryimage"},"image":{"@id":"https:\/\/www.visitamalfi.info\/fr\/poi\/largo-duchi-piccolomini\/#primaryimage"},"thumbnailUrl":"https:\/\/www.visitamalfi.info\/wp-content\/uploads\/2024\/03\/LARGO-DUCA-PICCOLOMINI-SENZA-MODELLI-M.ABBAGNARA-12.jpg","datePublished":"2025-09-03T07:53:54+00:00","breadcrumb":{"@id":"https:\/\/www.visitamalfi.info\/fr\/poi\/largo-duchi-piccolomini\/#breadcrumb"},"inLanguage":"fr-FR","potentialAction":[{"@type":"ReadAction","target":["https:\/\/www.visitamalfi.info\/fr\/poi\/largo-duchi-piccolomini\/"]}]},{"@type":"ImageObject","inLanguage":"fr-FR","@id":"https:\/\/www.visitamalfi.info\/fr\/poi\/largo-duchi-piccolomini\/#primaryimage","url":"https:\/\/www.visitamalfi.info\/wp-content\/uploads\/2024\/03\/LARGO-DUCA-PICCOLOMINI-SENZA-MODELLI-M.ABBAGNARA-12.jpg","contentUrl":"https:\/\/www.visitamalfi.info\/wp-content\/uploads\/2024\/03\/LARGO-DUCA-PICCOLOMINI-SENZA-MODELLI-M.ABBAGNARA-12.jpg","width":1920,"height":1280,"caption":"Amalfi_Largo Duchi Piccolomini"},{"@type":"BreadcrumbList","@id":"https:\/\/www.visitamalfi.info\/fr\/poi\/largo-duchi-piccolomini\/#breadcrumb","itemListElement":[{"@type":"ListItem","position":1,"name":"Home","item":"https:\/\/www.visitamalfi.info\/fr\/"},{"@type":"ListItem","position":2,"name":"Largo Duchi Piccolomini"}]},{"@type":"WebSite","@id":"https:\/\/www.visitamalfi.info\/fr\/#website","url":"https:\/\/www.visitamalfi.info\/fr\/","name":"Visit Amalfi","description":"Amalfi Destination Official Website","publisher":{"@id":"https:\/\/www.visitamalfi.info\/fr\/#organization"},"potentialAction":[{"@type":"SearchAction","target":{"@type":"EntryPoint","urlTemplate":"https:\/\/www.visitamalfi.info\/fr\/?s={search_term_string}"},"query-input":{"@type":"PropertyValueSpecification","valueRequired":true,"valueName":"search_term_string"}}],"inLanguage":"fr-FR"},{"@type":"Organization","@id":"https:\/\/www.visitamalfi.info\/fr\/#organization","name":"Visit Amalfi","url":"https:\/\/www.visitamalfi.info\/fr\/","logo":{"@type":"ImageObject","inLanguage":"fr-FR","@id":"https:\/\/www.visitamalfi.info\/fr\/#\/schema\/logo\/image\/","url":"https:\/\/www.visitamalfi.info\/wp-content\/uploads\/2023\/04\/visit-amalfi-logo-web.png","contentUrl":"https:\/\/www.visitamalfi.info\/wp-content\/uploads\/2023\/04\/visit-amalfi-logo-web.png","width":800,"height":870,"caption":"Visit Amalfi"},"image":{"@id":"https:\/\/www.visitamalfi.info\/fr\/#\/schema\/logo\/image\/"},"sameAs":["https:\/\/www.facebook.com\/visitamalfiofficial","https:\/\/www.instagram.com\/visitamalfiofficial\/"]}]}</script>
<!-- / Yoast SEO plugin. -->

La place est appelée couramment Largo Piccolomini, car elle est délimitée à l&#8217;est par un palais qui, dès 1461, fut la résidence de la famille aragonaise Piccolomini, nobles seigneurs féodaux [&hellip;]
