{"id":16187,"date":"2025-09-03T09:43:08","date_gmt":"2025-09-03T07:43:08","guid":{"rendered":"https:\/\/www.visitamalfi.info\/poi\/arco-della-faenza\/"},"modified":"2024-07-16T12:18:09","modified_gmt":"2024-07-16T10:18:09","slug":"arco-della-faenza","status":"publish","type":"amw_poi","link":"https:\/\/www.visitamalfi.info\/fr\/poi\/arco-della-faenza\/","title":{"rendered":"Arco della Faenza"},"content":{"rendered":"<p>L&#8217;Arco della Faenza marque le d\u00e9but de la Valle dei Mulini, zone d&#8217;activit\u00e9s productives de la cit\u00e9 m\u00e9di\u00e9vale. Elle \u00e9tait divis\u00e9e en deux zones qui tiraient leur d\u00e9nomination de l&#8217;ancien nom de la rivi\u00e8re : Chiarito di Basso et Chiarito di Sopra. La premi\u00e8re zone partait de l&#8217;actuelle piazza dello Spirito Santo et se terminait par une autre porte de ville, construite \u00e0 la suite d&#8217;une urbanisation successive vers la fin du XIe si\u00e8cle, tandis que la deuxi\u00e8me zone correspondait \u00e0 la partie la plus recul\u00e9e de la vall\u00e9e.<\/p>\n<p>\u00c0 gauche de l&#8217;Arco della Faenza, on peut admirer une cr\u00e8che artisanale typique compos\u00e9e de petites maisons et de santons en pierre repr\u00e9sentant des sc\u00e8nes de la vie quotidienne du village. La grotte est plut\u00f4t grande et facilement reconnaissable gr\u00e2ce \u00e0 la pr\u00e9sence des anges qui marquent l&#8217;emplacement pr\u00e9cis o\u00f9 l&#8217;Enfant J\u00e9sus sera positionn\u00e9.<\/p>\n","protected":false},"excerpt":{"rendered":"<p>L&#8217;Arco della Faenza marque le d\u00e9but de la Valle dei Mulini, zone d&#8217;activit\u00e9s productives de la cit\u00e9 m\u00e9di\u00e9vale. Elle \u00e9tait divis\u00e9e en deux zones qui tiraient leur d\u00e9nomination de l&#8217;ancien [&hellip;]<\/p>\n","protected":false},"featured_media":15410,"comment_status":"open","ping_status":"closed","template":"","categoria_poi":[1771,1547],"class_list":["post-16187","amw_poi","type-amw_poi","status-publish","has-post-thumbnail","hentry","categoria_poi-amalfi-centre","categoria_poi-cultura-fr"],"yoast_head":"<!-- This site is optimized with the Yoast SEO plugin v27.3 - https:\/\/yoast.com\/product\/yoast-seo-wordpress\/ -->\n<title>Arco della Faenza - Visit Amalfi<\/title>\n<meta name=\"robots\" content=\"index, follow, max-snippet:-1, max-image-preview:large, max-video-preview:-1\" \/>\n<link rel=\"canonical\" href=\"https:\/\/www.visitamalfi.info\/fr\/poi\/arco-della-faenza\/\" \/>\n<meta property=\"og:locale\" content=\"fr_FR\" \/>\n<meta property=\"og:type\" content=\"article\" \/>\n<meta property=\"og:title\" content=\"Arco della Faenza - Visit Amalfi\" \/>\n<meta property=\"og:description\" content=\"L&#8217;Arco della Faenza marque le d\u00e9but de la Valle dei Mulini, zone d&#8217;activit\u00e9s productives de la cit\u00e9 m\u00e9di\u00e9vale. Elle \u00e9tait divis\u00e9e en deux zones qui tiraient leur d\u00e9nomination de l&#8217;ancien [&hellip;]\" \/>\n<meta property=\"og:url\" content=\"https:\/\/www.visitamalfi.info\/fr\/poi\/arco-della-faenza\/\" \/>\n<meta property=\"og:site_name\" content=\"Visit Amalfi\" \/>\n<meta property=\"article:publisher\" content=\"https:\/\/www.facebook.com\/visitamalfiofficial\" \/>\n<meta property=\"og:image\" content=\"https:\/\/www.visitamalfi.info\/wp-content\/uploads\/2024\/03\/ARCO-DELLA-FAENZA-M.ABBAGNARA-18.jpg\" \/>\n\t<meta property=\"og:image:width\" content=\"1920\" \/>\n\t<meta property=\"og:image:height\" content=\"1280\" \/>\n\t<meta property=\"og:image:type\" content=\"image\/jpeg\" \/>\n<meta name=\"twitter:card\" content=\"summary_large_image\" \/>\n<meta name=\"twitter:label1\" content=\"Dur\u00e9e de lecture estim\u00e9e\" \/>\n\t<meta name=\"twitter:data1\" content=\"1 minute\" \/>\n<script type=\"application\/ld+json\" class=\"yoast-schema-graph\">{\"@context\":\"https:\\\/\\\/schema.org\",\"@graph\":[{\"@type\":\"WebPage\",\"@id\":\"https:\\\/\\\/www.visitamalfi.info\\\/fr\\\/poi\\\/arco-della-faenza\\\/\",\"url\":\"https:\\\/\\\/www.visitamalfi.info\\\/fr\\\/poi\\\/arco-della-faenza\\\/\",\"name\":\"Arco della Faenza - Visit Amalfi\",\"isPartOf\":{\"@id\":\"https:\\\/\\\/www.visitamalfi.info\\\/fr\\\/#website\"},\"primaryImageOfPage\":{\"@id\":\"https:\\\/\\\/www.visitamalfi.info\\\/fr\\\/poi\\\/arco-della-faenza\\\/#primaryimage\"},\"image\":{\"@id\":\"https:\\\/\\\/www.visitamalfi.info\\\/fr\\\/poi\\\/arco-della-faenza\\\/#primaryimage\"},\"thumbnailUrl\":\"https:\\\/\\\/www.visitamalfi.info\\\/wp-content\\\/uploads\\\/2024\\\/03\\\/ARCO-DELLA-FAENZA-M.ABBAGNARA-18.jpg\",\"datePublished\":\"2025-09-03T07:43:08+00:00\",\"breadcrumb\":{\"@id\":\"https:\\\/\\\/www.visitamalfi.info\\\/fr\\\/poi\\\/arco-della-faenza\\\/#breadcrumb\"},\"inLanguage\":\"fr-FR\",\"potentialAction\":[{\"@type\":\"ReadAction\",\"target\":[\"https:\\\/\\\/www.visitamalfi.info\\\/fr\\\/poi\\\/arco-della-faenza\\\/\"]}]},{\"@type\":\"ImageObject\",\"inLanguage\":\"fr-FR\",\"@id\":\"https:\\\/\\\/www.visitamalfi.info\\\/fr\\\/poi\\\/arco-della-faenza\\\/#primaryimage\",\"url\":\"https:\\\/\\\/www.visitamalfi.info\\\/wp-content\\\/uploads\\\/2024\\\/03\\\/ARCO-DELLA-FAENZA-M.ABBAGNARA-18.jpg\",\"contentUrl\":\"https:\\\/\\\/www.visitamalfi.info\\\/wp-content\\\/uploads\\\/2024\\\/03\\\/ARCO-DELLA-FAENZA-M.ABBAGNARA-18.jpg\",\"width\":1920,\"height\":1280,\"caption\":\"Amalfi_Arco della Faenza\"},{\"@type\":\"BreadcrumbList\",\"@id\":\"https:\\\/\\\/www.visitamalfi.info\\\/fr\\\/poi\\\/arco-della-faenza\\\/#breadcrumb\",\"itemListElement\":[{\"@type\":\"ListItem\",\"position\":1,\"name\":\"Home\",\"item\":\"https:\\\/\\\/www.visitamalfi.info\\\/fr\\\/\"},{\"@type\":\"ListItem\",\"position\":2,\"name\":\"Arco della Faenza\"}]},{\"@type\":\"WebSite\",\"@id\":\"https:\\\/\\\/www.visitamalfi.info\\\/fr\\\/#website\",\"url\":\"https:\\\/\\\/www.visitamalfi.info\\\/fr\\\/\",\"name\":\"Visit Amalfi\",\"description\":\"Amalfi Destination Official Website\",\"publisher\":{\"@id\":\"https:\\\/\\\/www.visitamalfi.info\\\/fr\\\/#organization\"},\"potentialAction\":[{\"@type\":\"SearchAction\",\"target\":{\"@type\":\"EntryPoint\",\"urlTemplate\":\"https:\\\/\\\/www.visitamalfi.info\\\/fr\\\/?s={search_term_string}\"},\"query-input\":{\"@type\":\"PropertyValueSpecification\",\"valueRequired\":true,\"valueName\":\"search_term_string\"}}],\"inLanguage\":\"fr-FR\"},{\"@type\":\"Organization\",\"@id\":\"https:\\\/\\\/www.visitamalfi.info\\\/fr\\\/#organization\",\"name\":\"Visit Amalfi\",\"url\":\"https:\\\/\\\/www.visitamalfi.info\\\/fr\\\/\",\"logo\":{\"@type\":\"ImageObject\",\"inLanguage\":\"fr-FR\",\"@id\":\"https:\\\/\\\/www.visitamalfi.info\\\/fr\\\/#\\\/schema\\\/logo\\\/image\\\/\",\"url\":\"https:\\\/\\\/www.visitamalfi.info\\\/wp-content\\\/uploads\\\/2023\\\/04\\\/visit-amalfi-logo-web.png\",\"contentUrl\":\"https:\\\/\\\/www.visitamalfi.info\\\/wp-content\\\/uploads\\\/2023\\\/04\\\/visit-amalfi-logo-web.png\",\"width\":800,\"height\":870,\"caption\":\"Visit Amalfi\"},\"image\":{\"@id\":\"https:\\\/\\\/www.visitamalfi.info\\\/fr\\\/#\\\/schema\\\/logo\\\/image\\\/\"},\"sameAs\":[\"https:\\\/\\\/www.facebook.com\\\/visitamalfiofficial\",\"https:\\\/\\\/www.instagram.com\\\/visitamalfiofficial\\\/\"]}]}<\/script>\n<!-- \/ Yoast SEO plugin. -->","yoast_head_json":{"title":"Arco della Faenza - Visit Amalfi","robots":{"index":"index","follow":"follow","max-snippet":"max-snippet:-1","max-image-preview":"max-image-preview:large","max-video-preview":"max-video-preview:-1"},"canonical":"https:\/\/www.visitamalfi.info\/fr\/poi\/arco-della-faenza\/","og_locale":"fr_FR","og_type":"article","og_title":"Arco della Faenza - Visit Amalfi","og_description":"L&#8217;Arco della Faenza marque le d\u00e9but de la Valle dei Mulini, zone d&#8217;activit\u00e9s productives de la cit\u00e9 m\u00e9di\u00e9vale. Elle \u00e9tait divis\u00e9e en deux zones qui tiraient leur d\u00e9nomination de l&#8217;ancien [&hellip;]","og_url":"https:\/\/www.visitamalfi.info\/fr\/poi\/arco-della-faenza\/","og_site_name":"Visit Amalfi","article_publisher":"https:\/\/www.facebook.com\/visitamalfiofficial","og_image":[{"width":1920,"height":1280,"url":"https:\/\/www.visitamalfi.info\/wp-content\/uploads\/2024\/03\/ARCO-DELLA-FAENZA-M.ABBAGNARA-18.jpg","type":"image\/jpeg"}],"twitter_card":"summary_large_image","twitter_misc":{"Dur\u00e9e de lecture estim\u00e9e":"1 minute"},"schema":{"@context":"https:\/\/schema.org","@graph":[{"@type":"WebPage","@id":"https:\/\/www.visitamalfi.info\/fr\/poi\/arco-della-faenza\/","url":"https:\/\/www.visitamalfi.info\/fr\/poi\/arco-della-faenza\/","name":"Arco della Faenza - Visit Amalfi","isPartOf":{"@id":"https:\/\/www.visitamalfi.info\/fr\/#website"},"primaryImageOfPage":{"@id":"https:\/\/www.visitamalfi.info\/fr\/poi\/arco-della-faenza\/#primaryimage"},"image":{"@id":"https:\/\/www.visitamalfi.info\/fr\/poi\/arco-della-faenza\/#primaryimage"},"thumbnailUrl":"https:\/\/www.visitamalfi.info\/wp-content\/uploads\/2024\/03\/ARCO-DELLA-FAENZA-M.ABBAGNARA-18.jpg","datePublished":"2025-09-03T07:43:08+00:00","breadcrumb":{"@id":"https:\/\/www.visitamalfi.info\/fr\/poi\/arco-della-faenza\/#breadcrumb"},"inLanguage":"fr-FR","potentialAction":[{"@type":"ReadAction","target":["https:\/\/www.visitamalfi.info\/fr\/poi\/arco-della-faenza\/"]}]},{"@type":"ImageObject","inLanguage":"fr-FR","@id":"https:\/\/www.visitamalfi.info\/fr\/poi\/arco-della-faenza\/#primaryimage","url":"https:\/\/www.visitamalfi.info\/wp-content\/uploads\/2024\/03\/ARCO-DELLA-FAENZA-M.ABBAGNARA-18.jpg","contentUrl":"https:\/\/www.visitamalfi.info\/wp-content\/uploads\/2024\/03\/ARCO-DELLA-FAENZA-M.ABBAGNARA-18.jpg","width":1920,"height":1280,"caption":"Amalfi_Arco della Faenza"},{"@type":"BreadcrumbList","@id":"https:\/\/www.visitamalfi.info\/fr\/poi\/arco-della-faenza\/#breadcrumb","itemListElement":[{"@type":"ListItem","position":1,"name":"Home","item":"https:\/\/www.visitamalfi.info\/fr\/"},{"@type":"ListItem","position":2,"name":"Arco della Faenza"}]},{"@type":"WebSite","@id":"https:\/\/www.visitamalfi.info\/fr\/#website","url":"https:\/\/www.visitamalfi.info\/fr\/","name":"Visit Amalfi","description":"Amalfi Destination Official Website","publisher":{"@id":"https:\/\/www.visitamalfi.info\/fr\/#organization"},"potentialAction":[{"@type":"SearchAction","target":{"@type":"EntryPoint","urlTemplate":"https:\/\/www.visitamalfi.info\/fr\/?s={search_term_string}"},"query-input":{"@type":"PropertyValueSpecification","valueRequired":true,"valueName":"search_term_string"}}],"inLanguage":"fr-FR"},{"@type":"Organization","@id":"https:\/\/www.visitamalfi.info\/fr\/#organization","name":"Visit Amalfi","url":"https:\/\/www.visitamalfi.info\/fr\/","logo":{"@type":"ImageObject","inLanguage":"fr-FR","@id":"https:\/\/www.visitamalfi.info\/fr\/#\/schema\/logo\/image\/","url":"https:\/\/www.visitamalfi.info\/wp-content\/uploads\/2023\/04\/visit-amalfi-logo-web.png","contentUrl":"https:\/\/www.visitamalfi.info\/wp-content\/uploads\/2023\/04\/visit-amalfi-logo-web.png","width":800,"height":870,"caption":"Visit Amalfi"},"image":{"@id":"https:\/\/www.visitamalfi.info\/fr\/#\/schema\/logo\/image\/"},"sameAs":["https:\/\/www.facebook.com\/visitamalfiofficial","https:\/\/www.instagram.com\/visitamalfiofficial\/"]}]}},"_links":{"self":[{"href":"https:\/\/www.visitamalfi.info\/fr\/wp-json\/wp\/v2\/amw_poi\/16187","targetHints":{"allow":["GET"]}}],"collection":[{"href":"https:\/\/www.visitamalfi.info\/fr\/wp-json\/wp\/v2\/amw_poi"}],"about":[{"href":"https:\/\/www.visitamalfi.info\/fr\/wp-json\/wp\/v2\/types\/amw_poi"}],"replies":[{"embeddable":true,"href":"https:\/\/www.visitamalfi.info\/fr\/wp-json\/wp\/v2\/comments?post=16187"}],"version-history":[{"count":1,"href":"https:\/\/www.visitamalfi.info\/fr\/wp-json\/wp\/v2\/amw_poi\/16187\/revisions"}],"predecessor-version":[{"id":19441,"href":"https:\/\/www.visitamalfi.info\/fr\/wp-json\/wp\/v2\/amw_poi\/16187\/revisions\/19441"}],"wp:featuredmedia":[{"embeddable":true,"href":"https:\/\/www.visitamalfi.info\/fr\/wp-json\/wp\/v2\/media\/15410"}],"wp:attachment":[{"href":"https:\/\/www.visitamalfi.info\/fr\/wp-json\/wp\/v2\/media?parent=16187"}],"wp:term":[{"taxonomy":"categoria_poi","embeddable":true,"href":"https:\/\/www.visitamalfi.info\/fr\/wp-json\/wp\/v2\/categoria_poi?post=16187"}],"curies":[{"name":"wp","href":"https:\/\/api.w.org\/{rel}","templated":true}]}}

<p>L&#8217;Arco della Faenza marque le début de la Valle dei Mulini, zone d&#8217;activités productives de la cité médiévale. Elle était divisée en deux zones qui tiraient leur dénomination de l&#8217;ancien nom de la rivière : Chiarito di Basso et Chiarito di Sopra. La première zone partait de l&#8217;actuelle piazza dello Spirito Santo et se terminait par une autre porte de ville, construite à la suite d&#8217;une urbanisation successive vers la fin du XIe siècle, tandis que la deuxième zone correspondait à la partie la plus reculée de la vallée.</p>
<p>À gauche de l&#8217;Arco della Faenza, on peut admirer une crèche artisanale typique composée de petites maisons et de santons en pierre représentant des scènes de la vie quotidienne du village. La grotte est plutôt grande et facilement reconnaissable grâce à la présence des anges qui marquent l&#8217;emplacement précis où l&#8217;Enfant Jésus sera positionné.</p>

<p>L&#8217;Arco della Faenza marque le début de la Valle dei Mulini, zone d&#8217;activités productives de la cité médiévale. Elle était divisée en deux zones qui tiraient leur dénomination de l&#8217;ancien [&hellip;]</p>

<!-- This site is optimized with the Yoast SEO plugin v27.3 - https://yoast.com/product/yoast-seo-wordpress/ -->
<title>Arco della Faenza - Visit Amalfi</title>
<meta name="robots" content="index, follow, max-snippet:-1, max-image-preview:large, max-video-preview:-1" />
<link rel="canonical" href="https://www.visitamalfi.info/fr/poi/arco-della-faenza/" />
<meta property="og:locale" content="fr_FR" />
<meta property="og:type" content="article" />
<meta property="og:title" content="Arco della Faenza - Visit Amalfi" />
<meta property="og:description" content="L&#8217;Arco della Faenza marque le début de la Valle dei Mulini, zone d&#8217;activités productives de la cité médiévale. Elle était divisée en deux zones qui tiraient leur dénomination de l&#8217;ancien [&hellip;]" />
<meta property="og:url" content="https://www.visitamalfi.info/fr/poi/arco-della-faenza/" />
<meta property="og:site_name" content="Visit Amalfi" />
<meta property="article:publisher" content="https://www.facebook.com/visitamalfiofficial" />
<meta property="og:image" content="https://www.visitamalfi.info/wp-content/uploads/2024/03/ARCO-DELLA-FAENZA-M.ABBAGNARA-18.jpg" />
	<meta property="og:image:width" content="1920" />
	<meta property="og:image:height" content="1280" />
	<meta property="og:image:type" content="image/jpeg" />
<meta name="twitter:card" content="summary_large_image" />
<meta name="twitter:label1" content="Durée de lecture estimée" />
	<meta name="twitter:data1" content="1 minute" />
<script type="application/ld+json" class="yoast-schema-graph">{"@context":"https:\/\/schema.org","@graph":[{"@type":"WebPage","@id":"https:\/\/www.visitamalfi.info\/fr\/poi\/arco-della-faenza\/","url":"https:\/\/www.visitamalfi.info\/fr\/poi\/arco-della-faenza\/","name":"Arco della Faenza - Visit Amalfi","isPartOf":{"@id":"https:\/\/www.visitamalfi.info\/fr\/#website"},"primaryImageOfPage":{"@id":"https:\/\/www.visitamalfi.info\/fr\/poi\/arco-della-faenza\/#primaryimage"},"image":{"@id":"https:\/\/www.visitamalfi.info\/fr\/poi\/arco-della-faenza\/#primaryimage"},"thumbnailUrl":"https:\/\/www.visitamalfi.info\/wp-content\/uploads\/2024\/03\/ARCO-DELLA-FAENZA-M.ABBAGNARA-18.jpg","datePublished":"2025-09-03T07:43:08+00:00","breadcrumb":{"@id":"https:\/\/www.visitamalfi.info\/fr\/poi\/arco-della-faenza\/#breadcrumb"},"inLanguage":"fr-FR","potentialAction":[{"@type":"ReadAction","target":["https:\/\/www.visitamalfi.info\/fr\/poi\/arco-della-faenza\/"]}]},{"@type":"ImageObject","inLanguage":"fr-FR","@id":"https:\/\/www.visitamalfi.info\/fr\/poi\/arco-della-faenza\/#primaryimage","url":"https:\/\/www.visitamalfi.info\/wp-content\/uploads\/2024\/03\/ARCO-DELLA-FAENZA-M.ABBAGNARA-18.jpg","contentUrl":"https:\/\/www.visitamalfi.info\/wp-content\/uploads\/2024\/03\/ARCO-DELLA-FAENZA-M.ABBAGNARA-18.jpg","width":1920,"height":1280,"caption":"Amalfi_Arco della Faenza"},{"@type":"BreadcrumbList","@id":"https:\/\/www.visitamalfi.info\/fr\/poi\/arco-della-faenza\/#breadcrumb","itemListElement":[{"@type":"ListItem","position":1,"name":"Home","item":"https:\/\/www.visitamalfi.info\/fr\/"},{"@type":"ListItem","position":2,"name":"Arco della Faenza"}]},{"@type":"WebSite","@id":"https:\/\/www.visitamalfi.info\/fr\/#website","url":"https:\/\/www.visitamalfi.info\/fr\/","name":"Visit Amalfi","description":"Amalfi Destination Official Website","publisher":{"@id":"https:\/\/www.visitamalfi.info\/fr\/#organization"},"potentialAction":[{"@type":"SearchAction","target":{"@type":"EntryPoint","urlTemplate":"https:\/\/www.visitamalfi.info\/fr\/?s={search_term_string}"},"query-input":{"@type":"PropertyValueSpecification","valueRequired":true,"valueName":"search_term_string"}}],"inLanguage":"fr-FR"},{"@type":"Organization","@id":"https:\/\/www.visitamalfi.info\/fr\/#organization","name":"Visit Amalfi","url":"https:\/\/www.visitamalfi.info\/fr\/","logo":{"@type":"ImageObject","inLanguage":"fr-FR","@id":"https:\/\/www.visitamalfi.info\/fr\/#\/schema\/logo\/image\/","url":"https:\/\/www.visitamalfi.info\/wp-content\/uploads\/2023\/04\/visit-amalfi-logo-web.png","contentUrl":"https:\/\/www.visitamalfi.info\/wp-content\/uploads\/2023\/04\/visit-amalfi-logo-web.png","width":800,"height":870,"caption":"Visit Amalfi"},"image":{"@id":"https:\/\/www.visitamalfi.info\/fr\/#\/schema\/logo\/image\/"},"sameAs":["https:\/\/www.facebook.com\/visitamalfiofficial","https:\/\/www.instagram.com\/visitamalfiofficial\/"]}]}</script>
<!-- / Yoast SEO plugin. -->

L&#8217;Arco della Faenza marque le début de la Valle dei Mulini, zone d&#8217;activités productives de la cité médiévale. Elle était divisée en deux zones qui tiraient leur dénomination de l&#8217;ancien [&hellip;]
