{"id":16184,"date":"2025-09-03T09:44:55","date_gmt":"2025-09-03T07:44:55","guid":{"rendered":"https:\/\/www.visitamalfi.info\/poi\/valle-dei-mulini\/"},"modified":"2024-07-16T12:23:02","modified_gmt":"2024-07-16T10:23:02","slug":"valle-dei-mulini","status":"publish","type":"amw_poi","link":"https:\/\/www.visitamalfi.info\/fr\/poi\/valle-dei-mulini\/","title":{"rendered":"Valle dei Mulini"},"content":{"rendered":"<p>La Valle dei Mulini est une gorge qui part du centre urbain d&#8217;Amalfi et remonte le cours du torrent Canneto. Le lieu doit sa renomm\u00e9e aux nombreux artistes et \u00e9crivains \u00e9trangers qui, au cours du XIXe si\u00e8cle, c\u00e9l\u00e9br\u00e8rent la beaut\u00e9 naturelle d&#8217;un paysage agr\u00e9ment\u00e9 de vastes jardins de citronniers et rendu encore plus attrayant par la pr\u00e9sence d&#8217;anciennes fabriques pour la production du papier et du fer.<\/p>\n<p>L&#8217;implantation des moulins \u00e0 papier dans la Valle dei Mulini commence entre le XIIe et le XIIIe si\u00e8cle, p\u00e9riode durant laquelle les Amalfitains apprennent du monde arabe les proc\u00e9d\u00e9s de fabrication du papier. \u00c0 la fin du XVIIIe si\u00e8cle, 16 moulins \u00e0 papier \u00e9taient en activit\u00e9 dans la Valle dei Mulini, mais d&#8217;autres fonctionnaient le long des cours d\u2019eau Minori et Maiori. Au cours du si\u00e8cle dernier, les unes apr\u00e8s les autres, ces fabriques furent contraintes de fermer en raison des difficult\u00e9s consid\u00e9rables de transport et de l&#8217;impossibilit\u00e9 d&#8217;augmenter sensiblement la production.<\/p>\n","protected":false},"excerpt":{"rendered":"<p>La Valle dei Mulini est une gorge qui part du centre urbain d&#8217;Amalfi et remonte le cours du torrent Canneto. Le lieu doit sa renomm\u00e9e aux nombreux artistes et \u00e9crivains [&hellip;]<\/p>\n","protected":false},"featured_media":15461,"comment_status":"open","ping_status":"closed","template":"","categoria_poi":[1771,1547,1555,1551],"class_list":["post-16184","amw_poi","type-amw_poi","status-publish","has-post-thumbnail","hentry","categoria_poi-amalfi-centre","categoria_poi-cultura-fr","categoria_poi-esperienza-fr","categoria_poi-natura-fr"],"yoast_head":"<!-- This site is optimized with the Yoast SEO plugin v27.3 - https:\/\/yoast.com\/product\/yoast-seo-wordpress\/ -->\n<title>Valle dei Mulini - Visit Amalfi<\/title>\n<meta name=\"robots\" content=\"index, follow, max-snippet:-1, max-image-preview:large, max-video-preview:-1\" \/>\n<link rel=\"canonical\" href=\"https:\/\/www.visitamalfi.info\/fr\/poi\/valle-dei-mulini\/\" \/>\n<meta property=\"og:locale\" content=\"fr_FR\" \/>\n<meta property=\"og:type\" content=\"article\" \/>\n<meta property=\"og:title\" content=\"Valle dei Mulini - Visit Amalfi\" \/>\n<meta property=\"og:description\" content=\"La Valle dei Mulini est une gorge qui part du centre urbain d&#8217;Amalfi et remonte le cours du torrent Canneto. Le lieu doit sa renomm\u00e9e aux nombreux artistes et \u00e9crivains [&hellip;]\" \/>\n<meta property=\"og:url\" content=\"https:\/\/www.visitamalfi.info\/fr\/poi\/valle-dei-mulini\/\" \/>\n<meta property=\"og:site_name\" content=\"Visit Amalfi\" \/>\n<meta property=\"article:publisher\" content=\"https:\/\/www.facebook.com\/visitamalfiofficial\" \/>\n<meta property=\"og:image\" content=\"https:\/\/www.visitamalfi.info\/wp-content\/uploads\/2024\/03\/17-foto-m.abbagnara-valle-delle-ferriere-.jpg\" \/>\n\t<meta property=\"og:image:width\" content=\"1920\" \/>\n\t<meta property=\"og:image:height\" content=\"1280\" \/>\n\t<meta property=\"og:image:type\" content=\"image\/jpeg\" \/>\n<meta name=\"twitter:card\" content=\"summary_large_image\" \/>\n<meta name=\"twitter:label1\" content=\"Dur\u00e9e de lecture estim\u00e9e\" \/>\n\t<meta name=\"twitter:data1\" content=\"2 minutes\" \/>\n<script type=\"application\/ld+json\" class=\"yoast-schema-graph\">{\"@context\":\"https:\\\/\\\/schema.org\",\"@graph\":[{\"@type\":\"WebPage\",\"@id\":\"https:\\\/\\\/www.visitamalfi.info\\\/fr\\\/poi\\\/valle-dei-mulini\\\/\",\"url\":\"https:\\\/\\\/www.visitamalfi.info\\\/fr\\\/poi\\\/valle-dei-mulini\\\/\",\"name\":\"Valle dei Mulini - Visit Amalfi\",\"isPartOf\":{\"@id\":\"https:\\\/\\\/www.visitamalfi.info\\\/fr\\\/#website\"},\"primaryImageOfPage\":{\"@id\":\"https:\\\/\\\/www.visitamalfi.info\\\/fr\\\/poi\\\/valle-dei-mulini\\\/#primaryimage\"},\"image\":{\"@id\":\"https:\\\/\\\/www.visitamalfi.info\\\/fr\\\/poi\\\/valle-dei-mulini\\\/#primaryimage\"},\"thumbnailUrl\":\"https:\\\/\\\/www.visitamalfi.info\\\/wp-content\\\/uploads\\\/2024\\\/03\\\/17-foto-m.abbagnara-valle-delle-ferriere-.jpg\",\"datePublished\":\"2025-09-03T07:44:55+00:00\",\"breadcrumb\":{\"@id\":\"https:\\\/\\\/www.visitamalfi.info\\\/fr\\\/poi\\\/valle-dei-mulini\\\/#breadcrumb\"},\"inLanguage\":\"fr-FR\",\"potentialAction\":[{\"@type\":\"ReadAction\",\"target\":[\"https:\\\/\\\/www.visitamalfi.info\\\/fr\\\/poi\\\/valle-dei-mulini\\\/\"]}]},{\"@type\":\"ImageObject\",\"inLanguage\":\"fr-FR\",\"@id\":\"https:\\\/\\\/www.visitamalfi.info\\\/fr\\\/poi\\\/valle-dei-mulini\\\/#primaryimage\",\"url\":\"https:\\\/\\\/www.visitamalfi.info\\\/wp-content\\\/uploads\\\/2024\\\/03\\\/17-foto-m.abbagnara-valle-delle-ferriere-.jpg\",\"contentUrl\":\"https:\\\/\\\/www.visitamalfi.info\\\/wp-content\\\/uploads\\\/2024\\\/03\\\/17-foto-m.abbagnara-valle-delle-ferriere-.jpg\",\"width\":1920,\"height\":1280,\"caption\":\"Amalfi_Valle dei Mulini\"},{\"@type\":\"BreadcrumbList\",\"@id\":\"https:\\\/\\\/www.visitamalfi.info\\\/fr\\\/poi\\\/valle-dei-mulini\\\/#breadcrumb\",\"itemListElement\":[{\"@type\":\"ListItem\",\"position\":1,\"name\":\"Home\",\"item\":\"https:\\\/\\\/www.visitamalfi.info\\\/fr\\\/\"},{\"@type\":\"ListItem\",\"position\":2,\"name\":\"Valle dei Mulini\"}]},{\"@type\":\"WebSite\",\"@id\":\"https:\\\/\\\/www.visitamalfi.info\\\/fr\\\/#website\",\"url\":\"https:\\\/\\\/www.visitamalfi.info\\\/fr\\\/\",\"name\":\"Visit Amalfi\",\"description\":\"Amalfi Destination Official Website\",\"publisher\":{\"@id\":\"https:\\\/\\\/www.visitamalfi.info\\\/fr\\\/#organization\"},\"potentialAction\":[{\"@type\":\"SearchAction\",\"target\":{\"@type\":\"EntryPoint\",\"urlTemplate\":\"https:\\\/\\\/www.visitamalfi.info\\\/fr\\\/?s={search_term_string}\"},\"query-input\":{\"@type\":\"PropertyValueSpecification\",\"valueRequired\":true,\"valueName\":\"search_term_string\"}}],\"inLanguage\":\"fr-FR\"},{\"@type\":\"Organization\",\"@id\":\"https:\\\/\\\/www.visitamalfi.info\\\/fr\\\/#organization\",\"name\":\"Visit Amalfi\",\"url\":\"https:\\\/\\\/www.visitamalfi.info\\\/fr\\\/\",\"logo\":{\"@type\":\"ImageObject\",\"inLanguage\":\"fr-FR\",\"@id\":\"https:\\\/\\\/www.visitamalfi.info\\\/fr\\\/#\\\/schema\\\/logo\\\/image\\\/\",\"url\":\"https:\\\/\\\/www.visitamalfi.info\\\/wp-content\\\/uploads\\\/2023\\\/04\\\/visit-amalfi-logo-web.png\",\"contentUrl\":\"https:\\\/\\\/www.visitamalfi.info\\\/wp-content\\\/uploads\\\/2023\\\/04\\\/visit-amalfi-logo-web.png\",\"width\":800,\"height\":870,\"caption\":\"Visit Amalfi\"},\"image\":{\"@id\":\"https:\\\/\\\/www.visitamalfi.info\\\/fr\\\/#\\\/schema\\\/logo\\\/image\\\/\"},\"sameAs\":[\"https:\\\/\\\/www.facebook.com\\\/visitamalfiofficial\",\"https:\\\/\\\/www.instagram.com\\\/visitamalfiofficial\\\/\"]}]}<\/script>\n<!-- \/ Yoast SEO plugin. -->","yoast_head_json":{"title":"Valle dei Mulini - Visit Amalfi","robots":{"index":"index","follow":"follow","max-snippet":"max-snippet:-1","max-image-preview":"max-image-preview:large","max-video-preview":"max-video-preview:-1"},"canonical":"https:\/\/www.visitamalfi.info\/fr\/poi\/valle-dei-mulini\/","og_locale":"fr_FR","og_type":"article","og_title":"Valle dei Mulini - Visit Amalfi","og_description":"La Valle dei Mulini est une gorge qui part du centre urbain d&#8217;Amalfi et remonte le cours du torrent Canneto. Le lieu doit sa renomm\u00e9e aux nombreux artistes et \u00e9crivains [&hellip;]","og_url":"https:\/\/www.visitamalfi.info\/fr\/poi\/valle-dei-mulini\/","og_site_name":"Visit Amalfi","article_publisher":"https:\/\/www.facebook.com\/visitamalfiofficial","og_image":[{"width":1920,"height":1280,"url":"https:\/\/www.visitamalfi.info\/wp-content\/uploads\/2024\/03\/17-foto-m.abbagnara-valle-delle-ferriere-.jpg","type":"image\/jpeg"}],"twitter_card":"summary_large_image","twitter_misc":{"Dur\u00e9e de lecture estim\u00e9e":"2 minutes"},"schema":{"@context":"https:\/\/schema.org","@graph":[{"@type":"WebPage","@id":"https:\/\/www.visitamalfi.info\/fr\/poi\/valle-dei-mulini\/","url":"https:\/\/www.visitamalfi.info\/fr\/poi\/valle-dei-mulini\/","name":"Valle dei Mulini - Visit Amalfi","isPartOf":{"@id":"https:\/\/www.visitamalfi.info\/fr\/#website"},"primaryImageOfPage":{"@id":"https:\/\/www.visitamalfi.info\/fr\/poi\/valle-dei-mulini\/#primaryimage"},"image":{"@id":"https:\/\/www.visitamalfi.info\/fr\/poi\/valle-dei-mulini\/#primaryimage"},"thumbnailUrl":"https:\/\/www.visitamalfi.info\/wp-content\/uploads\/2024\/03\/17-foto-m.abbagnara-valle-delle-ferriere-.jpg","datePublished":"2025-09-03T07:44:55+00:00","breadcrumb":{"@id":"https:\/\/www.visitamalfi.info\/fr\/poi\/valle-dei-mulini\/#breadcrumb"},"inLanguage":"fr-FR","potentialAction":[{"@type":"ReadAction","target":["https:\/\/www.visitamalfi.info\/fr\/poi\/valle-dei-mulini\/"]}]},{"@type":"ImageObject","inLanguage":"fr-FR","@id":"https:\/\/www.visitamalfi.info\/fr\/poi\/valle-dei-mulini\/#primaryimage","url":"https:\/\/www.visitamalfi.info\/wp-content\/uploads\/2024\/03\/17-foto-m.abbagnara-valle-delle-ferriere-.jpg","contentUrl":"https:\/\/www.visitamalfi.info\/wp-content\/uploads\/2024\/03\/17-foto-m.abbagnara-valle-delle-ferriere-.jpg","width":1920,"height":1280,"caption":"Amalfi_Valle dei Mulini"},{"@type":"BreadcrumbList","@id":"https:\/\/www.visitamalfi.info\/fr\/poi\/valle-dei-mulini\/#breadcrumb","itemListElement":[{"@type":"ListItem","position":1,"name":"Home","item":"https:\/\/www.visitamalfi.info\/fr\/"},{"@type":"ListItem","position":2,"name":"Valle dei Mulini"}]},{"@type":"WebSite","@id":"https:\/\/www.visitamalfi.info\/fr\/#website","url":"https:\/\/www.visitamalfi.info\/fr\/","name":"Visit Amalfi","description":"Amalfi Destination Official Website","publisher":{"@id":"https:\/\/www.visitamalfi.info\/fr\/#organization"},"potentialAction":[{"@type":"SearchAction","target":{"@type":"EntryPoint","urlTemplate":"https:\/\/www.visitamalfi.info\/fr\/?s={search_term_string}"},"query-input":{"@type":"PropertyValueSpecification","valueRequired":true,"valueName":"search_term_string"}}],"inLanguage":"fr-FR"},{"@type":"Organization","@id":"https:\/\/www.visitamalfi.info\/fr\/#organization","name":"Visit Amalfi","url":"https:\/\/www.visitamalfi.info\/fr\/","logo":{"@type":"ImageObject","inLanguage":"fr-FR","@id":"https:\/\/www.visitamalfi.info\/fr\/#\/schema\/logo\/image\/","url":"https:\/\/www.visitamalfi.info\/wp-content\/uploads\/2023\/04\/visit-amalfi-logo-web.png","contentUrl":"https:\/\/www.visitamalfi.info\/wp-content\/uploads\/2023\/04\/visit-amalfi-logo-web.png","width":800,"height":870,"caption":"Visit Amalfi"},"image":{"@id":"https:\/\/www.visitamalfi.info\/fr\/#\/schema\/logo\/image\/"},"sameAs":["https:\/\/www.facebook.com\/visitamalfiofficial","https:\/\/www.instagram.com\/visitamalfiofficial\/"]}]}},"_links":{"self":[{"href":"https:\/\/www.visitamalfi.info\/fr\/wp-json\/wp\/v2\/amw_poi\/16184","targetHints":{"allow":["GET"]}}],"collection":[{"href":"https:\/\/www.visitamalfi.info\/fr\/wp-json\/wp\/v2\/amw_poi"}],"about":[{"href":"https:\/\/www.visitamalfi.info\/fr\/wp-json\/wp\/v2\/types\/amw_poi"}],"replies":[{"embeddable":true,"href":"https:\/\/www.visitamalfi.info\/fr\/wp-json\/wp\/v2\/comments?post=16184"}],"version-history":[{"count":1,"href":"https:\/\/www.visitamalfi.info\/fr\/wp-json\/wp\/v2\/amw_poi\/16184\/revisions"}],"predecessor-version":[{"id":19453,"href":"https:\/\/www.visitamalfi.info\/fr\/wp-json\/wp\/v2\/amw_poi\/16184\/revisions\/19453"}],"wp:featuredmedia":[{"embeddable":true,"href":"https:\/\/www.visitamalfi.info\/fr\/wp-json\/wp\/v2\/media\/15461"}],"wp:attachment":[{"href":"https:\/\/www.visitamalfi.info\/fr\/wp-json\/wp\/v2\/media?parent=16184"}],"wp:term":[{"taxonomy":"categoria_poi","embeddable":true,"href":"https:\/\/www.visitamalfi.info\/fr\/wp-json\/wp\/v2\/categoria_poi?post=16184"}],"curies":[{"name":"wp","href":"https:\/\/api.w.org\/{rel}","templated":true}]}}

<p>La Valle dei Mulini est une gorge qui part du centre urbain d&#8217;Amalfi et remonte le cours du torrent Canneto. Le lieu doit sa renommée aux nombreux artistes et écrivains étrangers qui, au cours du XIXe siècle, célébrèrent la beauté naturelle d&#8217;un paysage agrémenté de vastes jardins de citronniers et rendu encore plus attrayant par la présence d&#8217;anciennes fabriques pour la production du papier et du fer.</p>
<p>L&#8217;implantation des moulins à papier dans la Valle dei Mulini commence entre le XIIe et le XIIIe siècle, période durant laquelle les Amalfitains apprennent du monde arabe les procédés de fabrication du papier. À la fin du XVIIIe siècle, 16 moulins à papier étaient en activité dans la Valle dei Mulini, mais d&#8217;autres fonctionnaient le long des cours d’eau Minori et Maiori. Au cours du siècle dernier, les unes après les autres, ces fabriques furent contraintes de fermer en raison des difficultés considérables de transport et de l&#8217;impossibilité d&#8217;augmenter sensiblement la production.</p>

<p>La Valle dei Mulini est une gorge qui part du centre urbain d&#8217;Amalfi et remonte le cours du torrent Canneto. Le lieu doit sa renommée aux nombreux artistes et écrivains [&hellip;]</p>

<!-- This site is optimized with the Yoast SEO plugin v27.3 - https://yoast.com/product/yoast-seo-wordpress/ -->
<title>Valle dei Mulini - Visit Amalfi</title>
<meta name="robots" content="index, follow, max-snippet:-1, max-image-preview:large, max-video-preview:-1" />
<link rel="canonical" href="https://www.visitamalfi.info/fr/poi/valle-dei-mulini/" />
<meta property="og:locale" content="fr_FR" />
<meta property="og:type" content="article" />
<meta property="og:title" content="Valle dei Mulini - Visit Amalfi" />
<meta property="og:description" content="La Valle dei Mulini est une gorge qui part du centre urbain d&#8217;Amalfi et remonte le cours du torrent Canneto. Le lieu doit sa renommée aux nombreux artistes et écrivains [&hellip;]" />
<meta property="og:url" content="https://www.visitamalfi.info/fr/poi/valle-dei-mulini/" />
<meta property="og:site_name" content="Visit Amalfi" />
<meta property="article:publisher" content="https://www.facebook.com/visitamalfiofficial" />
<meta property="og:image" content="https://www.visitamalfi.info/wp-content/uploads/2024/03/17-foto-m.abbagnara-valle-delle-ferriere-.jpg" />
	<meta property="og:image:width" content="1920" />
	<meta property="og:image:height" content="1280" />
	<meta property="og:image:type" content="image/jpeg" />
<meta name="twitter:card" content="summary_large_image" />
<meta name="twitter:label1" content="Durée de lecture estimée" />
	<meta name="twitter:data1" content="2 minutes" />
<script type="application/ld+json" class="yoast-schema-graph">{"@context":"https:\/\/schema.org","@graph":[{"@type":"WebPage","@id":"https:\/\/www.visitamalfi.info\/fr\/poi\/valle-dei-mulini\/","url":"https:\/\/www.visitamalfi.info\/fr\/poi\/valle-dei-mulini\/","name":"Valle dei Mulini - Visit Amalfi","isPartOf":{"@id":"https:\/\/www.visitamalfi.info\/fr\/#website"},"primaryImageOfPage":{"@id":"https:\/\/www.visitamalfi.info\/fr\/poi\/valle-dei-mulini\/#primaryimage"},"image":{"@id":"https:\/\/www.visitamalfi.info\/fr\/poi\/valle-dei-mulini\/#primaryimage"},"thumbnailUrl":"https:\/\/www.visitamalfi.info\/wp-content\/uploads\/2024\/03\/17-foto-m.abbagnara-valle-delle-ferriere-.jpg","datePublished":"2025-09-03T07:44:55+00:00","breadcrumb":{"@id":"https:\/\/www.visitamalfi.info\/fr\/poi\/valle-dei-mulini\/#breadcrumb"},"inLanguage":"fr-FR","potentialAction":[{"@type":"ReadAction","target":["https:\/\/www.visitamalfi.info\/fr\/poi\/valle-dei-mulini\/"]}]},{"@type":"ImageObject","inLanguage":"fr-FR","@id":"https:\/\/www.visitamalfi.info\/fr\/poi\/valle-dei-mulini\/#primaryimage","url":"https:\/\/www.visitamalfi.info\/wp-content\/uploads\/2024\/03\/17-foto-m.abbagnara-valle-delle-ferriere-.jpg","contentUrl":"https:\/\/www.visitamalfi.info\/wp-content\/uploads\/2024\/03\/17-foto-m.abbagnara-valle-delle-ferriere-.jpg","width":1920,"height":1280,"caption":"Amalfi_Valle dei Mulini"},{"@type":"BreadcrumbList","@id":"https:\/\/www.visitamalfi.info\/fr\/poi\/valle-dei-mulini\/#breadcrumb","itemListElement":[{"@type":"ListItem","position":1,"name":"Home","item":"https:\/\/www.visitamalfi.info\/fr\/"},{"@type":"ListItem","position":2,"name":"Valle dei Mulini"}]},{"@type":"WebSite","@id":"https:\/\/www.visitamalfi.info\/fr\/#website","url":"https:\/\/www.visitamalfi.info\/fr\/","name":"Visit Amalfi","description":"Amalfi Destination Official Website","publisher":{"@id":"https:\/\/www.visitamalfi.info\/fr\/#organization"},"potentialAction":[{"@type":"SearchAction","target":{"@type":"EntryPoint","urlTemplate":"https:\/\/www.visitamalfi.info\/fr\/?s={search_term_string}"},"query-input":{"@type":"PropertyValueSpecification","valueRequired":true,"valueName":"search_term_string"}}],"inLanguage":"fr-FR"},{"@type":"Organization","@id":"https:\/\/www.visitamalfi.info\/fr\/#organization","name":"Visit Amalfi","url":"https:\/\/www.visitamalfi.info\/fr\/","logo":{"@type":"ImageObject","inLanguage":"fr-FR","@id":"https:\/\/www.visitamalfi.info\/fr\/#\/schema\/logo\/image\/","url":"https:\/\/www.visitamalfi.info\/wp-content\/uploads\/2023\/04\/visit-amalfi-logo-web.png","contentUrl":"https:\/\/www.visitamalfi.info\/wp-content\/uploads\/2023\/04\/visit-amalfi-logo-web.png","width":800,"height":870,"caption":"Visit Amalfi"},"image":{"@id":"https:\/\/www.visitamalfi.info\/fr\/#\/schema\/logo\/image\/"},"sameAs":["https:\/\/www.facebook.com\/visitamalfiofficial","https:\/\/www.instagram.com\/visitamalfiofficial\/"]}]}</script>
<!-- / Yoast SEO plugin. -->

La Valle dei Mulini est une gorge qui part du centre urbain d&#8217;Amalfi et remonte le cours du torrent Canneto. Le lieu doit sa renommée aux nombreux artistes et écrivains [&hellip;]
