{"id":16182,"date":"2025-09-03T09:46:16","date_gmt":"2025-09-03T07:46:16","guid":{"rendered":"https:\/\/www.visitamalfi.info\/poi\/valle-delle-ferriere\/"},"modified":"2024-03-23T14:27:16","modified_gmt":"2024-03-23T13:27:16","slug":"valle-delle-ferriere","status":"publish","type":"amw_poi","link":"https:\/\/www.visitamalfi.info\/fr\/poi\/valle-delle-ferriere\/","title":{"rendered":"Valle delle Ferriere"},"content":{"rendered":"<p>La R\u00e9serve naturelle occupe une vall\u00e9e profonde derri\u00e8re Amalfi. Cr\u00e9\u00e9e en 1972, et situ\u00e9e dans la Commune de Scala. La R\u00e9serve naturelle b\u00e9n\u00e9ficie d\u2019un microclimat particulier qui a permis la survie de la salamandre tachet\u00e9e, reconnaissable \u00e0 ses taches jaune vif, et de la salamandrine \u00e0 lunettes, un amphibien rare et difficile \u00e0 apercevoir en raison de sa petite taille et de ses habitudes nocturnes.<\/p>\n<p>La vall\u00e9e est sillonn\u00e9e de sentiers et de chemins forestiers qui longent le cours de la rivi\u00e8re \u00e0 l\u2019est. La v\u00e9g\u00e9tation luxuriante de cette zone prot\u00e9g\u00e9e a \u00e9t\u00e9 \u00e9tudi\u00e9e in situ en juillet 1859 par le naturaliste allemand Ernst Haeckel.<\/p>\n<p>Le territoire se caract\u00e9rise par la pr\u00e9sence de plantes tr\u00e8s rares, comme les foug\u00e8res <em>pteris aquilina<\/em> et <em>woodwardia radicans<\/em>, datant du C\u00e9nozo\u00efque (il y a 65 millions d&#8217;ann\u00e9es) et connues des botanistes d\u00e8s le XVIIIe si\u00e8cle.<\/p>\n","protected":false},"excerpt":{"rendered":"<p>La R\u00e9serve naturelle occupe une vall\u00e9e profonde derri\u00e8re Amalfi. Cr\u00e9\u00e9e en 1972, et situ\u00e9e dans la Commune de Scala. La R\u00e9serve naturelle b\u00e9n\u00e9ficie d\u2019un microclimat particulier qui a permis la [&hellip;]<\/p>\n","protected":false},"featured_media":15511,"comment_status":"open","ping_status":"closed","template":"","categoria_poi":[1547,1555,1551],"class_list":["post-16182","amw_poi","type-amw_poi","status-publish","has-post-thumbnail","hentry","categoria_poi-cultura-fr","categoria_poi-esperienza-fr","categoria_poi-natura-fr"],"yoast_head":"<!-- This site is optimized with the Yoast SEO plugin v27.3 - https:\/\/yoast.com\/product\/yoast-seo-wordpress\/ -->\n<title>Valle delle Ferriere - Visit Amalfi<\/title>\n<meta name=\"robots\" content=\"index, follow, max-snippet:-1, max-image-preview:large, max-video-preview:-1\" \/>\n<link rel=\"canonical\" href=\"https:\/\/www.visitamalfi.info\/fr\/poi\/valle-delle-ferriere\/\" \/>\n<meta property=\"og:locale\" content=\"fr_FR\" \/>\n<meta property=\"og:type\" content=\"article\" \/>\n<meta property=\"og:title\" content=\"Valle delle Ferriere - Visit Amalfi\" \/>\n<meta property=\"og:description\" content=\"La R\u00e9serve naturelle occupe une vall\u00e9e profonde derri\u00e8re Amalfi. Cr\u00e9\u00e9e en 1972, et situ\u00e9e dans la Commune de Scala. La R\u00e9serve naturelle b\u00e9n\u00e9ficie d\u2019un microclimat particulier qui a permis la [&hellip;]\" \/>\n<meta property=\"og:url\" content=\"https:\/\/www.visitamalfi.info\/fr\/poi\/valle-delle-ferriere\/\" \/>\n<meta property=\"og:site_name\" content=\"Visit Amalfi\" \/>\n<meta property=\"article:publisher\" content=\"https:\/\/www.facebook.com\/visitamalfiofficial\" \/>\n<meta name=\"twitter:card\" content=\"summary_large_image\" \/>\n<meta name=\"twitter:label1\" content=\"Dur\u00e9e de lecture estim\u00e9e\" \/>\n\t<meta name=\"twitter:data1\" content=\"1 minute\" \/>\n<script type=\"application\/ld+json\" class=\"yoast-schema-graph\">{\"@context\":\"https:\\\/\\\/schema.org\",\"@graph\":[{\"@type\":\"WebPage\",\"@id\":\"https:\\\/\\\/www.visitamalfi.info\\\/fr\\\/poi\\\/valle-delle-ferriere\\\/\",\"url\":\"https:\\\/\\\/www.visitamalfi.info\\\/fr\\\/poi\\\/valle-delle-ferriere\\\/\",\"name\":\"Valle delle Ferriere - Visit Amalfi\",\"isPartOf\":{\"@id\":\"https:\\\/\\\/www.visitamalfi.info\\\/fr\\\/#website\"},\"primaryImageOfPage\":{\"@id\":\"https:\\\/\\\/www.visitamalfi.info\\\/fr\\\/poi\\\/valle-delle-ferriere\\\/#primaryimage\"},\"image\":{\"@id\":\"https:\\\/\\\/www.visitamalfi.info\\\/fr\\\/poi\\\/valle-delle-ferriere\\\/#primaryimage\"},\"thumbnailUrl\":\"https:\\\/\\\/www.visitamalfi.info\\\/wp-content\\\/uploads\\\/2024\\\/03\\\/10-foto-m.abbagnara-valle-delle-ferriere-.jpg\",\"datePublished\":\"2025-09-03T07:46:16+00:00\",\"breadcrumb\":{\"@id\":\"https:\\\/\\\/www.visitamalfi.info\\\/fr\\\/poi\\\/valle-delle-ferriere\\\/#breadcrumb\"},\"inLanguage\":\"fr-FR\",\"potentialAction\":[{\"@type\":\"ReadAction\",\"target\":[\"https:\\\/\\\/www.visitamalfi.info\\\/fr\\\/poi\\\/valle-delle-ferriere\\\/\"]}]},{\"@type\":\"ImageObject\",\"inLanguage\":\"fr-FR\",\"@id\":\"https:\\\/\\\/www.visitamalfi.info\\\/fr\\\/poi\\\/valle-delle-ferriere\\\/#primaryimage\",\"url\":\"https:\\\/\\\/www.visitamalfi.info\\\/wp-content\\\/uploads\\\/2024\\\/03\\\/10-foto-m.abbagnara-valle-delle-ferriere-.jpg\",\"contentUrl\":\"https:\\\/\\\/www.visitamalfi.info\\\/wp-content\\\/uploads\\\/2024\\\/03\\\/10-foto-m.abbagnara-valle-delle-ferriere-.jpg\",\"width\":1920,\"height\":1280,\"caption\":\"Valle delle Ferriere\"},{\"@type\":\"BreadcrumbList\",\"@id\":\"https:\\\/\\\/www.visitamalfi.info\\\/fr\\\/poi\\\/valle-delle-ferriere\\\/#breadcrumb\",\"itemListElement\":[{\"@type\":\"ListItem\",\"position\":1,\"name\":\"Home\",\"item\":\"https:\\\/\\\/www.visitamalfi.info\\\/fr\\\/\"},{\"@type\":\"ListItem\",\"position\":2,\"name\":\"Valle delle Ferriere\"}]},{\"@type\":\"WebSite\",\"@id\":\"https:\\\/\\\/www.visitamalfi.info\\\/fr\\\/#website\",\"url\":\"https:\\\/\\\/www.visitamalfi.info\\\/fr\\\/\",\"name\":\"Visit Amalfi\",\"description\":\"Amalfi Destination Official Website\",\"publisher\":{\"@id\":\"https:\\\/\\\/www.visitamalfi.info\\\/fr\\\/#organization\"},\"potentialAction\":[{\"@type\":\"SearchAction\",\"target\":{\"@type\":\"EntryPoint\",\"urlTemplate\":\"https:\\\/\\\/www.visitamalfi.info\\\/fr\\\/?s={search_term_string}\"},\"query-input\":{\"@type\":\"PropertyValueSpecification\",\"valueRequired\":true,\"valueName\":\"search_term_string\"}}],\"inLanguage\":\"fr-FR\"},{\"@type\":\"Organization\",\"@id\":\"https:\\\/\\\/www.visitamalfi.info\\\/fr\\\/#organization\",\"name\":\"Visit Amalfi\",\"url\":\"https:\\\/\\\/www.visitamalfi.info\\\/fr\\\/\",\"logo\":{\"@type\":\"ImageObject\",\"inLanguage\":\"fr-FR\",\"@id\":\"https:\\\/\\\/www.visitamalfi.info\\\/fr\\\/#\\\/schema\\\/logo\\\/image\\\/\",\"url\":\"https:\\\/\\\/www.visitamalfi.info\\\/wp-content\\\/uploads\\\/2023\\\/04\\\/visit-amalfi-logo-web.png\",\"contentUrl\":\"https:\\\/\\\/www.visitamalfi.info\\\/wp-content\\\/uploads\\\/2023\\\/04\\\/visit-amalfi-logo-web.png\",\"width\":800,\"height\":870,\"caption\":\"Visit Amalfi\"},\"image\":{\"@id\":\"https:\\\/\\\/www.visitamalfi.info\\\/fr\\\/#\\\/schema\\\/logo\\\/image\\\/\"},\"sameAs\":[\"https:\\\/\\\/www.facebook.com\\\/visitamalfiofficial\",\"https:\\\/\\\/www.instagram.com\\\/visitamalfiofficial\\\/\"]}]}<\/script>\n<!-- \/ Yoast SEO plugin. -->","yoast_head_json":{"title":"Valle delle Ferriere - Visit Amalfi","robots":{"index":"index","follow":"follow","max-snippet":"max-snippet:-1","max-image-preview":"max-image-preview:large","max-video-preview":"max-video-preview:-1"},"canonical":"https:\/\/www.visitamalfi.info\/fr\/poi\/valle-delle-ferriere\/","og_locale":"fr_FR","og_type":"article","og_title":"Valle delle Ferriere - Visit Amalfi","og_description":"La R\u00e9serve naturelle occupe une vall\u00e9e profonde derri\u00e8re Amalfi. Cr\u00e9\u00e9e en 1972, et situ\u00e9e dans la Commune de Scala. La R\u00e9serve naturelle b\u00e9n\u00e9ficie d\u2019un microclimat particulier qui a permis la [&hellip;]","og_url":"https:\/\/www.visitamalfi.info\/fr\/poi\/valle-delle-ferriere\/","og_site_name":"Visit Amalfi","article_publisher":"https:\/\/www.facebook.com\/visitamalfiofficial","twitter_card":"summary_large_image","twitter_misc":{"Dur\u00e9e de lecture estim\u00e9e":"1 minute"},"schema":{"@context":"https:\/\/schema.org","@graph":[{"@type":"WebPage","@id":"https:\/\/www.visitamalfi.info\/fr\/poi\/valle-delle-ferriere\/","url":"https:\/\/www.visitamalfi.info\/fr\/poi\/valle-delle-ferriere\/","name":"Valle delle Ferriere - Visit Amalfi","isPartOf":{"@id":"https:\/\/www.visitamalfi.info\/fr\/#website"},"primaryImageOfPage":{"@id":"https:\/\/www.visitamalfi.info\/fr\/poi\/valle-delle-ferriere\/#primaryimage"},"image":{"@id":"https:\/\/www.visitamalfi.info\/fr\/poi\/valle-delle-ferriere\/#primaryimage"},"thumbnailUrl":"https:\/\/www.visitamalfi.info\/wp-content\/uploads\/2024\/03\/10-foto-m.abbagnara-valle-delle-ferriere-.jpg","datePublished":"2025-09-03T07:46:16+00:00","breadcrumb":{"@id":"https:\/\/www.visitamalfi.info\/fr\/poi\/valle-delle-ferriere\/#breadcrumb"},"inLanguage":"fr-FR","potentialAction":[{"@type":"ReadAction","target":["https:\/\/www.visitamalfi.info\/fr\/poi\/valle-delle-ferriere\/"]}]},{"@type":"ImageObject","inLanguage":"fr-FR","@id":"https:\/\/www.visitamalfi.info\/fr\/poi\/valle-delle-ferriere\/#primaryimage","url":"https:\/\/www.visitamalfi.info\/wp-content\/uploads\/2024\/03\/10-foto-m.abbagnara-valle-delle-ferriere-.jpg","contentUrl":"https:\/\/www.visitamalfi.info\/wp-content\/uploads\/2024\/03\/10-foto-m.abbagnara-valle-delle-ferriere-.jpg","width":1920,"height":1280,"caption":"Valle delle Ferriere"},{"@type":"BreadcrumbList","@id":"https:\/\/www.visitamalfi.info\/fr\/poi\/valle-delle-ferriere\/#breadcrumb","itemListElement":[{"@type":"ListItem","position":1,"name":"Home","item":"https:\/\/www.visitamalfi.info\/fr\/"},{"@type":"ListItem","position":2,"name":"Valle delle Ferriere"}]},{"@type":"WebSite","@id":"https:\/\/www.visitamalfi.info\/fr\/#website","url":"https:\/\/www.visitamalfi.info\/fr\/","name":"Visit Amalfi","description":"Amalfi Destination Official Website","publisher":{"@id":"https:\/\/www.visitamalfi.info\/fr\/#organization"},"potentialAction":[{"@type":"SearchAction","target":{"@type":"EntryPoint","urlTemplate":"https:\/\/www.visitamalfi.info\/fr\/?s={search_term_string}"},"query-input":{"@type":"PropertyValueSpecification","valueRequired":true,"valueName":"search_term_string"}}],"inLanguage":"fr-FR"},{"@type":"Organization","@id":"https:\/\/www.visitamalfi.info\/fr\/#organization","name":"Visit Amalfi","url":"https:\/\/www.visitamalfi.info\/fr\/","logo":{"@type":"ImageObject","inLanguage":"fr-FR","@id":"https:\/\/www.visitamalfi.info\/fr\/#\/schema\/logo\/image\/","url":"https:\/\/www.visitamalfi.info\/wp-content\/uploads\/2023\/04\/visit-amalfi-logo-web.png","contentUrl":"https:\/\/www.visitamalfi.info\/wp-content\/uploads\/2023\/04\/visit-amalfi-logo-web.png","width":800,"height":870,"caption":"Visit Amalfi"},"image":{"@id":"https:\/\/www.visitamalfi.info\/fr\/#\/schema\/logo\/image\/"},"sameAs":["https:\/\/www.facebook.com\/visitamalfiofficial","https:\/\/www.instagram.com\/visitamalfiofficial\/"]}]}},"_links":{"self":[{"href":"https:\/\/www.visitamalfi.info\/fr\/wp-json\/wp\/v2\/amw_poi\/16182","targetHints":{"allow":["GET"]}}],"collection":[{"href":"https:\/\/www.visitamalfi.info\/fr\/wp-json\/wp\/v2\/amw_poi"}],"about":[{"href":"https:\/\/www.visitamalfi.info\/fr\/wp-json\/wp\/v2\/types\/amw_poi"}],"replies":[{"embeddable":true,"href":"https:\/\/www.visitamalfi.info\/fr\/wp-json\/wp\/v2\/comments?post=16182"}],"version-history":[{"count":0,"href":"https:\/\/www.visitamalfi.info\/fr\/wp-json\/wp\/v2\/amw_poi\/16182\/revisions"}],"wp:featuredmedia":[{"embeddable":true,"href":"https:\/\/www.visitamalfi.info\/fr\/wp-json\/wp\/v2\/media\/15511"}],"wp:attachment":[{"href":"https:\/\/www.visitamalfi.info\/fr\/wp-json\/wp\/v2\/media?parent=16182"}],"wp:term":[{"taxonomy":"categoria_poi","embeddable":true,"href":"https:\/\/www.visitamalfi.info\/fr\/wp-json\/wp\/v2\/categoria_poi?post=16182"}],"curies":[{"name":"wp","href":"https:\/\/api.w.org\/{rel}","templated":true}]}}

<p>La Réserve naturelle occupe une vallée profonde derrière Amalfi. Créée en 1972, et située dans la Commune de Scala. La Réserve naturelle bénéficie d’un microclimat particulier qui a permis la survie de la salamandre tachetée, reconnaissable à ses taches jaune vif, et de la salamandrine à lunettes, un amphibien rare et difficile à apercevoir en raison de sa petite taille et de ses habitudes nocturnes.</p>
<p>La vallée est sillonnée de sentiers et de chemins forestiers qui longent le cours de la rivière à l’est. La végétation luxuriante de cette zone protégée a été étudiée in situ en juillet 1859 par le naturaliste allemand Ernst Haeckel.</p>
<p>Le territoire se caractérise par la présence de plantes très rares, comme les fougères <em>pteris aquilina</em> et <em>woodwardia radicans</em>, datant du Cénozoïque (il y a 65 millions d&#8217;années) et connues des botanistes dès le XVIIIe siècle.</p>

<p>La Réserve naturelle occupe une vallée profonde derrière Amalfi. Créée en 1972, et située dans la Commune de Scala. La Réserve naturelle bénéficie d’un microclimat particulier qui a permis la [&hellip;]</p>

<!-- This site is optimized with the Yoast SEO plugin v27.3 - https://yoast.com/product/yoast-seo-wordpress/ -->
<title>Valle delle Ferriere - Visit Amalfi</title>
<meta name="robots" content="index, follow, max-snippet:-1, max-image-preview:large, max-video-preview:-1" />
<link rel="canonical" href="https://www.visitamalfi.info/fr/poi/valle-delle-ferriere/" />
<meta property="og:locale" content="fr_FR" />
<meta property="og:type" content="article" />
<meta property="og:title" content="Valle delle Ferriere - Visit Amalfi" />
<meta property="og:description" content="La Réserve naturelle occupe une vallée profonde derrière Amalfi. Créée en 1972, et située dans la Commune de Scala. La Réserve naturelle bénéficie d’un microclimat particulier qui a permis la [&hellip;]" />
<meta property="og:url" content="https://www.visitamalfi.info/fr/poi/valle-delle-ferriere/" />
<meta property="og:site_name" content="Visit Amalfi" />
<meta property="article:publisher" content="https://www.facebook.com/visitamalfiofficial" />
<meta name="twitter:card" content="summary_large_image" />
<meta name="twitter:label1" content="Durée de lecture estimée" />
	<meta name="twitter:data1" content="1 minute" />
<script type="application/ld+json" class="yoast-schema-graph">{"@context":"https:\/\/schema.org","@graph":[{"@type":"WebPage","@id":"https:\/\/www.visitamalfi.info\/fr\/poi\/valle-delle-ferriere\/","url":"https:\/\/www.visitamalfi.info\/fr\/poi\/valle-delle-ferriere\/","name":"Valle delle Ferriere - Visit Amalfi","isPartOf":{"@id":"https:\/\/www.visitamalfi.info\/fr\/#website"},"primaryImageOfPage":{"@id":"https:\/\/www.visitamalfi.info\/fr\/poi\/valle-delle-ferriere\/#primaryimage"},"image":{"@id":"https:\/\/www.visitamalfi.info\/fr\/poi\/valle-delle-ferriere\/#primaryimage"},"thumbnailUrl":"https:\/\/www.visitamalfi.info\/wp-content\/uploads\/2024\/03\/10-foto-m.abbagnara-valle-delle-ferriere-.jpg","datePublished":"2025-09-03T07:46:16+00:00","breadcrumb":{"@id":"https:\/\/www.visitamalfi.info\/fr\/poi\/valle-delle-ferriere\/#breadcrumb"},"inLanguage":"fr-FR","potentialAction":[{"@type":"ReadAction","target":["https:\/\/www.visitamalfi.info\/fr\/poi\/valle-delle-ferriere\/"]}]},{"@type":"ImageObject","inLanguage":"fr-FR","@id":"https:\/\/www.visitamalfi.info\/fr\/poi\/valle-delle-ferriere\/#primaryimage","url":"https:\/\/www.visitamalfi.info\/wp-content\/uploads\/2024\/03\/10-foto-m.abbagnara-valle-delle-ferriere-.jpg","contentUrl":"https:\/\/www.visitamalfi.info\/wp-content\/uploads\/2024\/03\/10-foto-m.abbagnara-valle-delle-ferriere-.jpg","width":1920,"height":1280,"caption":"Valle delle Ferriere"},{"@type":"BreadcrumbList","@id":"https:\/\/www.visitamalfi.info\/fr\/poi\/valle-delle-ferriere\/#breadcrumb","itemListElement":[{"@type":"ListItem","position":1,"name":"Home","item":"https:\/\/www.visitamalfi.info\/fr\/"},{"@type":"ListItem","position":2,"name":"Valle delle Ferriere"}]},{"@type":"WebSite","@id":"https:\/\/www.visitamalfi.info\/fr\/#website","url":"https:\/\/www.visitamalfi.info\/fr\/","name":"Visit Amalfi","description":"Amalfi Destination Official Website","publisher":{"@id":"https:\/\/www.visitamalfi.info\/fr\/#organization"},"potentialAction":[{"@type":"SearchAction","target":{"@type":"EntryPoint","urlTemplate":"https:\/\/www.visitamalfi.info\/fr\/?s={search_term_string}"},"query-input":{"@type":"PropertyValueSpecification","valueRequired":true,"valueName":"search_term_string"}}],"inLanguage":"fr-FR"},{"@type":"Organization","@id":"https:\/\/www.visitamalfi.info\/fr\/#organization","name":"Visit Amalfi","url":"https:\/\/www.visitamalfi.info\/fr\/","logo":{"@type":"ImageObject","inLanguage":"fr-FR","@id":"https:\/\/www.visitamalfi.info\/fr\/#\/schema\/logo\/image\/","url":"https:\/\/www.visitamalfi.info\/wp-content\/uploads\/2023\/04\/visit-amalfi-logo-web.png","contentUrl":"https:\/\/www.visitamalfi.info\/wp-content\/uploads\/2023\/04\/visit-amalfi-logo-web.png","width":800,"height":870,"caption":"Visit Amalfi"},"image":{"@id":"https:\/\/www.visitamalfi.info\/fr\/#\/schema\/logo\/image\/"},"sameAs":["https:\/\/www.facebook.com\/visitamalfiofficial","https:\/\/www.instagram.com\/visitamalfiofficial\/"]}]}</script>
<!-- / Yoast SEO plugin. -->

La Réserve naturelle occupe une vallée profonde derrière Amalfi. Créée en 1972, et située dans la Commune de Scala. La Réserve naturelle bénéficie d’un microclimat particulier qui a permis la [&hellip;]
