{"id":16164,"date":"2025-09-03T10:12:37","date_gmt":"2025-09-03T08:12:37","guid":{"rendered":"https:\/\/www.visitamalfi.info\/poi\/chiesa-della-virgo-potens\/"},"modified":"2024-03-23T16:23:37","modified_gmt":"2024-03-23T15:23:37","slug":"chiesa-della-virgo-potens","status":"publish","type":"amw_poi","link":"https:\/\/www.visitamalfi.info\/fr\/poi\/chiesa-della-virgo-potens\/","title":{"rendered":"Chiesa della Virgo Potens"},"content":{"rendered":"<p>L&#8217;\u00e9glise <em>Vierge Potens<\/em> (<a href=\"https:\/\/www.visitamalfi.info\/poi\/vettica-minore\/\">Vettica Minore<\/a>), datant du XVe si\u00e8cle, pr\u00e9sente une seule nef couverte d&#8217;une vo\u00fbte en berceau \u00e0 lunette. Son aspect d\u00e9coratif, d\u00e9j\u00e0 r\u00e9nov\u00e9 en 1777, a subi d&#8217;autres transformations en 1893 puis en 1977.<\/p>\n<p>Le pavement en carreaux de majoliques datant de 1777 est particuli\u00e8rement remarquable. L&#8217;\u00e9glise S. Maria, dite de la <em>Virgo Potens<\/em> a eu une histoire tr\u00e8s mouvement\u00e9e. Fond\u00e9e par la famille Molegnano de Sorrente, en 1554 elle passa au pr\u00eatre Donato de Afflicto, et enfin en 1620 le patronage passa \u00e0 Vincenzo Gambardella.<\/p>\n<p>Au XIXe si\u00e8cle, cette chapelle est devenue le cimeti\u00e8re du hameau de Vettica. En 1893, en raison de la taille modeste des hypog\u00e9es souterrains, elle perdit sa fonction de cimeti\u00e8re et fut rouverte au culte.<\/p>\n","protected":false},"excerpt":{"rendered":"<p>L&#8217;\u00e9glise Vierge Potens (Vettica Minore), datant du XVe si\u00e8cle, pr\u00e9sente une seule nef couverte d&#8217;une vo\u00fbte en berceau \u00e0 lunette. Son aspect d\u00e9coratif, d\u00e9j\u00e0 r\u00e9nov\u00e9 en 1777, a subi d&#8217;autres [&hellip;]<\/p>\n","protected":false},"featured_media":15888,"comment_status":"open","ping_status":"closed","template":"","categoria_poi":[1547,1559,1579],"class_list":["post-16164","amw_poi","type-amw_poi","status-publish","has-post-thumbnail","hentry","categoria_poi-cultura-fr","categoria_poi-frazioni-fr","categoria_poi-vettica-fr"],"yoast_head":"<!-- This site is optimized with the Yoast SEO plugin v27.3 - https:\/\/yoast.com\/product\/yoast-seo-wordpress\/ -->\n<title>Chiesa della Virgo Potens - Visit Amalfi<\/title>\n<meta name=\"robots\" content=\"index, follow, max-snippet:-1, max-image-preview:large, max-video-preview:-1\" \/>\n<link rel=\"canonical\" href=\"https:\/\/www.visitamalfi.info\/fr\/poi\/chiesa-della-virgo-potens\/\" \/>\n<meta property=\"og:locale\" content=\"fr_FR\" \/>\n<meta property=\"og:type\" content=\"article\" \/>\n<meta property=\"og:title\" content=\"Chiesa della Virgo Potens - Visit Amalfi\" \/>\n<meta property=\"og:description\" content=\"L&#8217;\u00e9glise Vierge Potens (Vettica Minore), datant du XVe si\u00e8cle, pr\u00e9sente une seule nef couverte d&#8217;une vo\u00fbte en berceau \u00e0 lunette. Son aspect d\u00e9coratif, d\u00e9j\u00e0 r\u00e9nov\u00e9 en 1777, a subi d&#8217;autres [&hellip;]\" \/>\n<meta property=\"og:url\" content=\"https:\/\/www.visitamalfi.info\/fr\/poi\/chiesa-della-virgo-potens\/\" \/>\n<meta property=\"og:site_name\" content=\"Visit Amalfi\" \/>\n<meta property=\"article:publisher\" content=\"https:\/\/www.facebook.com\/visitamalfiofficial\" \/>\n<meta name=\"twitter:card\" content=\"summary_large_image\" \/>\n<meta name=\"twitter:label1\" content=\"Dur\u00e9e de lecture estim\u00e9e\" \/>\n\t<meta name=\"twitter:data1\" content=\"1 minute\" \/>\n<script type=\"application\/ld+json\" class=\"yoast-schema-graph\">{\"@context\":\"https:\\\/\\\/schema.org\",\"@graph\":[{\"@type\":\"WebPage\",\"@id\":\"https:\\\/\\\/www.visitamalfi.info\\\/fr\\\/poi\\\/chiesa-della-virgo-potens\\\/\",\"url\":\"https:\\\/\\\/www.visitamalfi.info\\\/fr\\\/poi\\\/chiesa-della-virgo-potens\\\/\",\"name\":\"Chiesa della Virgo Potens - Visit Amalfi\",\"isPartOf\":{\"@id\":\"https:\\\/\\\/www.visitamalfi.info\\\/fr\\\/#website\"},\"primaryImageOfPage\":{\"@id\":\"https:\\\/\\\/www.visitamalfi.info\\\/fr\\\/poi\\\/chiesa-della-virgo-potens\\\/#primaryimage\"},\"image\":{\"@id\":\"https:\\\/\\\/www.visitamalfi.info\\\/fr\\\/poi\\\/chiesa-della-virgo-potens\\\/#primaryimage\"},\"thumbnailUrl\":\"https:\\\/\\\/www.visitamalfi.info\\\/wp-content\\\/uploads\\\/2024\\\/03\\\/8.jpg\",\"datePublished\":\"2025-09-03T08:12:37+00:00\",\"breadcrumb\":{\"@id\":\"https:\\\/\\\/www.visitamalfi.info\\\/fr\\\/poi\\\/chiesa-della-virgo-potens\\\/#breadcrumb\"},\"inLanguage\":\"fr-FR\",\"potentialAction\":[{\"@type\":\"ReadAction\",\"target\":[\"https:\\\/\\\/www.visitamalfi.info\\\/fr\\\/poi\\\/chiesa-della-virgo-potens\\\/\"]}]},{\"@type\":\"ImageObject\",\"inLanguage\":\"fr-FR\",\"@id\":\"https:\\\/\\\/www.visitamalfi.info\\\/fr\\\/poi\\\/chiesa-della-virgo-potens\\\/#primaryimage\",\"url\":\"https:\\\/\\\/www.visitamalfi.info\\\/wp-content\\\/uploads\\\/2024\\\/03\\\/8.jpg\",\"contentUrl\":\"https:\\\/\\\/www.visitamalfi.info\\\/wp-content\\\/uploads\\\/2024\\\/03\\\/8.jpg\",\"width\":1280,\"height\":1920,\"caption\":\"Amalfi_Vettica_Chiesa della Virgo Potens\"},{\"@type\":\"BreadcrumbList\",\"@id\":\"https:\\\/\\\/www.visitamalfi.info\\\/fr\\\/poi\\\/chiesa-della-virgo-potens\\\/#breadcrumb\",\"itemListElement\":[{\"@type\":\"ListItem\",\"position\":1,\"name\":\"Home\",\"item\":\"https:\\\/\\\/www.visitamalfi.info\\\/fr\\\/\"},{\"@type\":\"ListItem\",\"position\":2,\"name\":\"Chiesa della Virgo Potens\"}]},{\"@type\":\"WebSite\",\"@id\":\"https:\\\/\\\/www.visitamalfi.info\\\/fr\\\/#website\",\"url\":\"https:\\\/\\\/www.visitamalfi.info\\\/fr\\\/\",\"name\":\"Visit Amalfi\",\"description\":\"Amalfi Destination Official Website\",\"publisher\":{\"@id\":\"https:\\\/\\\/www.visitamalfi.info\\\/fr\\\/#organization\"},\"potentialAction\":[{\"@type\":\"SearchAction\",\"target\":{\"@type\":\"EntryPoint\",\"urlTemplate\":\"https:\\\/\\\/www.visitamalfi.info\\\/fr\\\/?s={search_term_string}\"},\"query-input\":{\"@type\":\"PropertyValueSpecification\",\"valueRequired\":true,\"valueName\":\"search_term_string\"}}],\"inLanguage\":\"fr-FR\"},{\"@type\":\"Organization\",\"@id\":\"https:\\\/\\\/www.visitamalfi.info\\\/fr\\\/#organization\",\"name\":\"Visit Amalfi\",\"url\":\"https:\\\/\\\/www.visitamalfi.info\\\/fr\\\/\",\"logo\":{\"@type\":\"ImageObject\",\"inLanguage\":\"fr-FR\",\"@id\":\"https:\\\/\\\/www.visitamalfi.info\\\/fr\\\/#\\\/schema\\\/logo\\\/image\\\/\",\"url\":\"https:\\\/\\\/www.visitamalfi.info\\\/wp-content\\\/uploads\\\/2023\\\/04\\\/visit-amalfi-logo-web.png\",\"contentUrl\":\"https:\\\/\\\/www.visitamalfi.info\\\/wp-content\\\/uploads\\\/2023\\\/04\\\/visit-amalfi-logo-web.png\",\"width\":800,\"height\":870,\"caption\":\"Visit Amalfi\"},\"image\":{\"@id\":\"https:\\\/\\\/www.visitamalfi.info\\\/fr\\\/#\\\/schema\\\/logo\\\/image\\\/\"},\"sameAs\":[\"https:\\\/\\\/www.facebook.com\\\/visitamalfiofficial\",\"https:\\\/\\\/www.instagram.com\\\/visitamalfiofficial\\\/\"]}]}<\/script>\n<!-- \/ Yoast SEO plugin. -->","yoast_head_json":{"title":"Chiesa della Virgo Potens - Visit Amalfi","robots":{"index":"index","follow":"follow","max-snippet":"max-snippet:-1","max-image-preview":"max-image-preview:large","max-video-preview":"max-video-preview:-1"},"canonical":"https:\/\/www.visitamalfi.info\/fr\/poi\/chiesa-della-virgo-potens\/","og_locale":"fr_FR","og_type":"article","og_title":"Chiesa della Virgo Potens - Visit Amalfi","og_description":"L&#8217;\u00e9glise Vierge Potens (Vettica Minore), datant du XVe si\u00e8cle, pr\u00e9sente une seule nef couverte d&#8217;une vo\u00fbte en berceau \u00e0 lunette. Son aspect d\u00e9coratif, d\u00e9j\u00e0 r\u00e9nov\u00e9 en 1777, a subi d&#8217;autres [&hellip;]","og_url":"https:\/\/www.visitamalfi.info\/fr\/poi\/chiesa-della-virgo-potens\/","og_site_name":"Visit Amalfi","article_publisher":"https:\/\/www.facebook.com\/visitamalfiofficial","twitter_card":"summary_large_image","twitter_misc":{"Dur\u00e9e de lecture estim\u00e9e":"1 minute"},"schema":{"@context":"https:\/\/schema.org","@graph":[{"@type":"WebPage","@id":"https:\/\/www.visitamalfi.info\/fr\/poi\/chiesa-della-virgo-potens\/","url":"https:\/\/www.visitamalfi.info\/fr\/poi\/chiesa-della-virgo-potens\/","name":"Chiesa della Virgo Potens - Visit Amalfi","isPartOf":{"@id":"https:\/\/www.visitamalfi.info\/fr\/#website"},"primaryImageOfPage":{"@id":"https:\/\/www.visitamalfi.info\/fr\/poi\/chiesa-della-virgo-potens\/#primaryimage"},"image":{"@id":"https:\/\/www.visitamalfi.info\/fr\/poi\/chiesa-della-virgo-potens\/#primaryimage"},"thumbnailUrl":"https:\/\/www.visitamalfi.info\/wp-content\/uploads\/2024\/03\/8.jpg","datePublished":"2025-09-03T08:12:37+00:00","breadcrumb":{"@id":"https:\/\/www.visitamalfi.info\/fr\/poi\/chiesa-della-virgo-potens\/#breadcrumb"},"inLanguage":"fr-FR","potentialAction":[{"@type":"ReadAction","target":["https:\/\/www.visitamalfi.info\/fr\/poi\/chiesa-della-virgo-potens\/"]}]},{"@type":"ImageObject","inLanguage":"fr-FR","@id":"https:\/\/www.visitamalfi.info\/fr\/poi\/chiesa-della-virgo-potens\/#primaryimage","url":"https:\/\/www.visitamalfi.info\/wp-content\/uploads\/2024\/03\/8.jpg","contentUrl":"https:\/\/www.visitamalfi.info\/wp-content\/uploads\/2024\/03\/8.jpg","width":1280,"height":1920,"caption":"Amalfi_Vettica_Chiesa della Virgo Potens"},{"@type":"BreadcrumbList","@id":"https:\/\/www.visitamalfi.info\/fr\/poi\/chiesa-della-virgo-potens\/#breadcrumb","itemListElement":[{"@type":"ListItem","position":1,"name":"Home","item":"https:\/\/www.visitamalfi.info\/fr\/"},{"@type":"ListItem","position":2,"name":"Chiesa della Virgo Potens"}]},{"@type":"WebSite","@id":"https:\/\/www.visitamalfi.info\/fr\/#website","url":"https:\/\/www.visitamalfi.info\/fr\/","name":"Visit Amalfi","description":"Amalfi Destination Official Website","publisher":{"@id":"https:\/\/www.visitamalfi.info\/fr\/#organization"},"potentialAction":[{"@type":"SearchAction","target":{"@type":"EntryPoint","urlTemplate":"https:\/\/www.visitamalfi.info\/fr\/?s={search_term_string}"},"query-input":{"@type":"PropertyValueSpecification","valueRequired":true,"valueName":"search_term_string"}}],"inLanguage":"fr-FR"},{"@type":"Organization","@id":"https:\/\/www.visitamalfi.info\/fr\/#organization","name":"Visit Amalfi","url":"https:\/\/www.visitamalfi.info\/fr\/","logo":{"@type":"ImageObject","inLanguage":"fr-FR","@id":"https:\/\/www.visitamalfi.info\/fr\/#\/schema\/logo\/image\/","url":"https:\/\/www.visitamalfi.info\/wp-content\/uploads\/2023\/04\/visit-amalfi-logo-web.png","contentUrl":"https:\/\/www.visitamalfi.info\/wp-content\/uploads\/2023\/04\/visit-amalfi-logo-web.png","width":800,"height":870,"caption":"Visit Amalfi"},"image":{"@id":"https:\/\/www.visitamalfi.info\/fr\/#\/schema\/logo\/image\/"},"sameAs":["https:\/\/www.facebook.com\/visitamalfiofficial","https:\/\/www.instagram.com\/visitamalfiofficial\/"]}]}},"_links":{"self":[{"href":"https:\/\/www.visitamalfi.info\/fr\/wp-json\/wp\/v2\/amw_poi\/16164","targetHints":{"allow":["GET"]}}],"collection":[{"href":"https:\/\/www.visitamalfi.info\/fr\/wp-json\/wp\/v2\/amw_poi"}],"about":[{"href":"https:\/\/www.visitamalfi.info\/fr\/wp-json\/wp\/v2\/types\/amw_poi"}],"replies":[{"embeddable":true,"href":"https:\/\/www.visitamalfi.info\/fr\/wp-json\/wp\/v2\/comments?post=16164"}],"version-history":[{"count":0,"href":"https:\/\/www.visitamalfi.info\/fr\/wp-json\/wp\/v2\/amw_poi\/16164\/revisions"}],"wp:featuredmedia":[{"embeddable":true,"href":"https:\/\/www.visitamalfi.info\/fr\/wp-json\/wp\/v2\/media\/15888"}],"wp:attachment":[{"href":"https:\/\/www.visitamalfi.info\/fr\/wp-json\/wp\/v2\/media?parent=16164"}],"wp:term":[{"taxonomy":"categoria_poi","embeddable":true,"href":"https:\/\/www.visitamalfi.info\/fr\/wp-json\/wp\/v2\/categoria_poi?post=16164"}],"curies":[{"name":"wp","href":"https:\/\/api.w.org\/{rel}","templated":true}]}}

<p>L&#8217;église <em>Vierge Potens</em> (<a href="https://www.visitamalfi.info/poi/vettica-minore/">Vettica Minore</a>), datant du XVe siècle, présente une seule nef couverte d&#8217;une voûte en berceau à lunette. Son aspect décoratif, déjà rénové en 1777, a subi d&#8217;autres transformations en 1893 puis en 1977.</p>
<p>Le pavement en carreaux de majoliques datant de 1777 est particulièrement remarquable. L&#8217;église S. Maria, dite de la <em>Virgo Potens</em> a eu une histoire très mouvementée. Fondée par la famille Molegnano de Sorrente, en 1554 elle passa au prêtre Donato de Afflicto, et enfin en 1620 le patronage passa à Vincenzo Gambardella.</p>
<p>Au XIXe siècle, cette chapelle est devenue le cimetière du hameau de Vettica. En 1893, en raison de la taille modeste des hypogées souterrains, elle perdit sa fonction de cimetière et fut rouverte au culte.</p>

<p>L&#8217;église Vierge Potens (Vettica Minore), datant du XVe siècle, présente une seule nef couverte d&#8217;une voûte en berceau à lunette. Son aspect décoratif, déjà rénové en 1777, a subi d&#8217;autres [&hellip;]</p>

<!-- This site is optimized with the Yoast SEO plugin v27.3 - https://yoast.com/product/yoast-seo-wordpress/ -->
<title>Chiesa della Virgo Potens - Visit Amalfi</title>
<meta name="robots" content="index, follow, max-snippet:-1, max-image-preview:large, max-video-preview:-1" />
<link rel="canonical" href="https://www.visitamalfi.info/fr/poi/chiesa-della-virgo-potens/" />
<meta property="og:locale" content="fr_FR" />
<meta property="og:type" content="article" />
<meta property="og:title" content="Chiesa della Virgo Potens - Visit Amalfi" />
<meta property="og:description" content="L&#8217;église Vierge Potens (Vettica Minore), datant du XVe siècle, présente une seule nef couverte d&#8217;une voûte en berceau à lunette. Son aspect décoratif, déjà rénové en 1777, a subi d&#8217;autres [&hellip;]" />
<meta property="og:url" content="https://www.visitamalfi.info/fr/poi/chiesa-della-virgo-potens/" />
<meta property="og:site_name" content="Visit Amalfi" />
<meta property="article:publisher" content="https://www.facebook.com/visitamalfiofficial" />
<meta name="twitter:card" content="summary_large_image" />
<meta name="twitter:label1" content="Durée de lecture estimée" />
	<meta name="twitter:data1" content="1 minute" />
<script type="application/ld+json" class="yoast-schema-graph">{"@context":"https:\/\/schema.org","@graph":[{"@type":"WebPage","@id":"https:\/\/www.visitamalfi.info\/fr\/poi\/chiesa-della-virgo-potens\/","url":"https:\/\/www.visitamalfi.info\/fr\/poi\/chiesa-della-virgo-potens\/","name":"Chiesa della Virgo Potens - Visit Amalfi","isPartOf":{"@id":"https:\/\/www.visitamalfi.info\/fr\/#website"},"primaryImageOfPage":{"@id":"https:\/\/www.visitamalfi.info\/fr\/poi\/chiesa-della-virgo-potens\/#primaryimage"},"image":{"@id":"https:\/\/www.visitamalfi.info\/fr\/poi\/chiesa-della-virgo-potens\/#primaryimage"},"thumbnailUrl":"https:\/\/www.visitamalfi.info\/wp-content\/uploads\/2024\/03\/8.jpg","datePublished":"2025-09-03T08:12:37+00:00","breadcrumb":{"@id":"https:\/\/www.visitamalfi.info\/fr\/poi\/chiesa-della-virgo-potens\/#breadcrumb"},"inLanguage":"fr-FR","potentialAction":[{"@type":"ReadAction","target":["https:\/\/www.visitamalfi.info\/fr\/poi\/chiesa-della-virgo-potens\/"]}]},{"@type":"ImageObject","inLanguage":"fr-FR","@id":"https:\/\/www.visitamalfi.info\/fr\/poi\/chiesa-della-virgo-potens\/#primaryimage","url":"https:\/\/www.visitamalfi.info\/wp-content\/uploads\/2024\/03\/8.jpg","contentUrl":"https:\/\/www.visitamalfi.info\/wp-content\/uploads\/2024\/03\/8.jpg","width":1280,"height":1920,"caption":"Amalfi_Vettica_Chiesa della Virgo Potens"},{"@type":"BreadcrumbList","@id":"https:\/\/www.visitamalfi.info\/fr\/poi\/chiesa-della-virgo-potens\/#breadcrumb","itemListElement":[{"@type":"ListItem","position":1,"name":"Home","item":"https:\/\/www.visitamalfi.info\/fr\/"},{"@type":"ListItem","position":2,"name":"Chiesa della Virgo Potens"}]},{"@type":"WebSite","@id":"https:\/\/www.visitamalfi.info\/fr\/#website","url":"https:\/\/www.visitamalfi.info\/fr\/","name":"Visit Amalfi","description":"Amalfi Destination Official Website","publisher":{"@id":"https:\/\/www.visitamalfi.info\/fr\/#organization"},"potentialAction":[{"@type":"SearchAction","target":{"@type":"EntryPoint","urlTemplate":"https:\/\/www.visitamalfi.info\/fr\/?s={search_term_string}"},"query-input":{"@type":"PropertyValueSpecification","valueRequired":true,"valueName":"search_term_string"}}],"inLanguage":"fr-FR"},{"@type":"Organization","@id":"https:\/\/www.visitamalfi.info\/fr\/#organization","name":"Visit Amalfi","url":"https:\/\/www.visitamalfi.info\/fr\/","logo":{"@type":"ImageObject","inLanguage":"fr-FR","@id":"https:\/\/www.visitamalfi.info\/fr\/#\/schema\/logo\/image\/","url":"https:\/\/www.visitamalfi.info\/wp-content\/uploads\/2023\/04\/visit-amalfi-logo-web.png","contentUrl":"https:\/\/www.visitamalfi.info\/wp-content\/uploads\/2023\/04\/visit-amalfi-logo-web.png","width":800,"height":870,"caption":"Visit Amalfi"},"image":{"@id":"https:\/\/www.visitamalfi.info\/fr\/#\/schema\/logo\/image\/"},"sameAs":["https:\/\/www.facebook.com\/visitamalfiofficial","https:\/\/www.instagram.com\/visitamalfiofficial\/"]}]}</script>
<!-- / Yoast SEO plugin. -->

L&#8217;église Vierge Potens (Vettica Minore), datant du XVe siècle, présente une seule nef couverte d&#8217;une voûte en berceau à lunette. Son aspect décoratif, déjà rénové en 1777, a subi d&#8217;autres [&hellip;]
