{"id":7856,"date":"2023-06-07T18:50:50","date_gmt":"2023-06-07T16:50:50","guid":{"rendered":"https:\/\/www.visitamalfi.info\/evento\/cover-night-belcanto-y-rapsodia\/"},"modified":"2023-07-12T16:21:24","modified_gmt":"2023-07-12T14:21:24","slug":"cover-night-belcanto-y-rapsodia","status":"publish","type":"tribe_events","link":"https:\/\/www.visitamalfi.info\/es\/evento\/cover-night-belcanto-y-rapsodia\/","title":{"rendered":"Cover Night &#8211; Belcanto y Rapsodia"},"content":{"rendered":"<p>Un proyecto creado espec\u00edficamente para promover la cultura musical italiana en todo el mundo con citas art\u00edsticas musicales internacionales que han cruzado y unido a muchas generaciones italianas en el extranjero. El amor por la m\u00fasica es el hilo que une a <strong>Russell Russell, Michele Longo, Matteo Schiavone<\/strong> y <strong>Sonia Mosca<\/strong> en este espect\u00e1culo \u00fanico e in\u00e9dito que cuenta y conmueve. Acompa\u00f1a a los artistas la <strong>Orquesta Mediterr\u00e1nea<\/strong>, con<strong> Luigi Pagliara, Michele Piano, Silvio La Torre, Marco Tricarico, Antonio Farabella<\/strong> y <strong>Salvatore Ragno<\/strong>.<\/p>\n","protected":false},"excerpt":{"rendered":"<p>Un proyecto creado espec\u00edficamente para la promoci\u00f3n de la cultura musical italiana en el mundo. Una velada apasionante que nos llevar\u00e1 a descubrir las canciones hechas en Italia a trav\u00e9s de una esfera internacional. <\/p>\n","protected":false},"author":7,"featured_media":0,"template":"","meta":{"inline_featured_image":false,"_tribe_events_status":"","_tribe_events_status_reason":"","footnotes":""},"tags":[265,612,560,697,659,604,698,365,651,655,559],"tribe_events_cat":[661,371,663,662],"class_list":["post-7856","tribe_events","type-tribe_events","status-publish","hentry","tag-amalfi-es","tag-amalficoast-es","tag-amalfievent-es","tag-belcantorapsodia","tag-coverinamalfi-es","tag-musica","tag-musica-italiana","tag-musicinamalficoast-es","tag-noche-de-verano","tag-portada","tag-verano2023","tribe_events_cat-musica-es","tribe_events_cat-musica-dal-vivo-es","tribe_events_cat-noche-cubierta","tribe_events_cat-portadas-en-directo","cat_musica-es","cat_musica-dal-vivo-es","cat_noche-cubierta","cat_portadas-en-directo"],"yoast_head":"<!-- This site is optimized with the Yoast SEO plugin v27.3 - https:\/\/yoast.com\/product\/yoast-seo-wordpress\/ -->\n<title>Cover Night - Belcanto y Rapsodia - Visit Amalfi<\/title>\n<meta name=\"robots\" content=\"index, follow, max-snippet:-1, max-image-preview:large, max-video-preview:-1\" \/>\n<link rel=\"canonical\" href=\"https:\/\/www.visitamalfi.info\/es\/evento\/cover-night-belcanto-y-rapsodia\/\" \/>\n<meta property=\"og:locale\" content=\"es_ES\" \/>\n<meta property=\"og:type\" content=\"article\" \/>\n<meta property=\"og:title\" content=\"Cover Night - Belcanto y Rapsodia - Visit Amalfi\" \/>\n<meta property=\"og:description\" content=\"Un proyecto creado espec\u00edficamente para la promoci\u00f3n de la cultura musical italiana en el mundo. Una velada apasionante que nos llevar\u00e1 a descubrir las canciones hechas en Italia a trav\u00e9s de una esfera internacional.\" \/>\n<meta property=\"og:url\" content=\"https:\/\/www.visitamalfi.info\/es\/evento\/cover-night-belcanto-y-rapsodia\/\" \/>\n<meta property=\"og:site_name\" content=\"Visit Amalfi\" \/>\n<meta property=\"article:publisher\" content=\"https:\/\/www.facebook.com\/visitamalfiofficial\" \/>\n<meta property=\"article:modified_time\" content=\"2023-07-12T14:21:24+00:00\" \/>\n<meta name=\"twitter:card\" content=\"summary_large_image\" \/>\n<script type=\"application\/ld+json\" class=\"yoast-schema-graph\">{\"@context\":\"https:\\\/\\\/schema.org\",\"@graph\":[{\"@type\":\"WebPage\",\"@id\":\"https:\\\/\\\/www.visitamalfi.info\\\/es\\\/evento\\\/cover-night-belcanto-y-rapsodia\\\/\",\"url\":\"https:\\\/\\\/www.visitamalfi.info\\\/es\\\/evento\\\/cover-night-belcanto-y-rapsodia\\\/\",\"name\":\"Cover Night - Belcanto y Rapsodia - Visit Amalfi\",\"isPartOf\":{\"@id\":\"https:\\\/\\\/www.visitamalfi.info\\\/es\\\/#website\"},\"datePublished\":\"2023-06-07T16:50:50+00:00\",\"dateModified\":\"2023-07-12T14:21:24+00:00\",\"breadcrumb\":{\"@id\":\"https:\\\/\\\/www.visitamalfi.info\\\/es\\\/evento\\\/cover-night-belcanto-y-rapsodia\\\/#breadcrumb\"},\"inLanguage\":\"es\",\"potentialAction\":[{\"@type\":\"ReadAction\",\"target\":[\"https:\\\/\\\/www.visitamalfi.info\\\/es\\\/evento\\\/cover-night-belcanto-y-rapsodia\\\/\"]}]},{\"@type\":\"BreadcrumbList\",\"@id\":\"https:\\\/\\\/www.visitamalfi.info\\\/es\\\/evento\\\/cover-night-belcanto-y-rapsodia\\\/#breadcrumb\",\"itemListElement\":[{\"@type\":\"ListItem\",\"position\":1,\"name\":\"Home\",\"item\":\"https:\\\/\\\/www.visitamalfi.info\\\/es\\\/\"},{\"@type\":\"ListItem\",\"position\":2,\"name\":\"Eventos\",\"item\":\"https:\\\/\\\/www.visitamalfi.info\\\/es\\\/eventi\\\/\"},{\"@type\":\"ListItem\",\"position\":3,\"name\":\"Cover Night &#8211; Belcanto y Rapsodia\"}]},{\"@type\":\"WebSite\",\"@id\":\"https:\\\/\\\/www.visitamalfi.info\\\/es\\\/#website\",\"url\":\"https:\\\/\\\/www.visitamalfi.info\\\/es\\\/\",\"name\":\"Visit Amalfi\",\"description\":\"Amalfi Destination Official Website\",\"publisher\":{\"@id\":\"https:\\\/\\\/www.visitamalfi.info\\\/es\\\/#organization\"},\"potentialAction\":[{\"@type\":\"SearchAction\",\"target\":{\"@type\":\"EntryPoint\",\"urlTemplate\":\"https:\\\/\\\/www.visitamalfi.info\\\/es\\\/?s={search_term_string}\"},\"query-input\":{\"@type\":\"PropertyValueSpecification\",\"valueRequired\":true,\"valueName\":\"search_term_string\"}}],\"inLanguage\":\"es\"},{\"@type\":\"Organization\",\"@id\":\"https:\\\/\\\/www.visitamalfi.info\\\/es\\\/#organization\",\"name\":\"Visit Amalfi\",\"url\":\"https:\\\/\\\/www.visitamalfi.info\\\/es\\\/\",\"logo\":{\"@type\":\"ImageObject\",\"inLanguage\":\"es\",\"@id\":\"https:\\\/\\\/www.visitamalfi.info\\\/es\\\/#\\\/schema\\\/logo\\\/image\\\/\",\"url\":\"https:\\\/\\\/www.visitamalfi.info\\\/wp-content\\\/uploads\\\/2023\\\/04\\\/visit-amalfi-logo-web.png\",\"contentUrl\":\"https:\\\/\\\/www.visitamalfi.info\\\/wp-content\\\/uploads\\\/2023\\\/04\\\/visit-amalfi-logo-web.png\",\"width\":800,\"height\":870,\"caption\":\"Visit Amalfi\"},\"image\":{\"@id\":\"https:\\\/\\\/www.visitamalfi.info\\\/es\\\/#\\\/schema\\\/logo\\\/image\\\/\"},\"sameAs\":[\"https:\\\/\\\/www.facebook.com\\\/visitamalfiofficial\",\"https:\\\/\\\/www.instagram.com\\\/visitamalfiofficial\\\/\"]}]}<\/script>\n<!-- \/ Yoast SEO plugin. -->","yoast_head_json":{"title":"Cover Night - Belcanto y Rapsodia - Visit Amalfi","robots":{"index":"index","follow":"follow","max-snippet":"max-snippet:-1","max-image-preview":"max-image-preview:large","max-video-preview":"max-video-preview:-1"},"canonical":"https:\/\/www.visitamalfi.info\/es\/evento\/cover-night-belcanto-y-rapsodia\/","og_locale":"es_ES","og_type":"article","og_title":"Cover Night - Belcanto y Rapsodia - Visit Amalfi","og_description":"Un proyecto creado espec\u00edficamente para la promoci\u00f3n de la cultura musical italiana en el mundo. Una velada apasionante que nos llevar\u00e1 a descubrir las canciones hechas en Italia a trav\u00e9s de una esfera internacional.","og_url":"https:\/\/www.visitamalfi.info\/es\/evento\/cover-night-belcanto-y-rapsodia\/","og_site_name":"Visit Amalfi","article_publisher":"https:\/\/www.facebook.com\/visitamalfiofficial","article_modified_time":"2023-07-12T14:21:24+00:00","twitter_card":"summary_large_image","schema":{"@context":"https:\/\/schema.org","@graph":[{"@type":"WebPage","@id":"https:\/\/www.visitamalfi.info\/es\/evento\/cover-night-belcanto-y-rapsodia\/","url":"https:\/\/www.visitamalfi.info\/es\/evento\/cover-night-belcanto-y-rapsodia\/","name":"Cover Night - Belcanto y Rapsodia - Visit Amalfi","isPartOf":{"@id":"https:\/\/www.visitamalfi.info\/es\/#website"},"datePublished":"2023-06-07T16:50:50+00:00","dateModified":"2023-07-12T14:21:24+00:00","breadcrumb":{"@id":"https:\/\/www.visitamalfi.info\/es\/evento\/cover-night-belcanto-y-rapsodia\/#breadcrumb"},"inLanguage":"es","potentialAction":[{"@type":"ReadAction","target":["https:\/\/www.visitamalfi.info\/es\/evento\/cover-night-belcanto-y-rapsodia\/"]}]},{"@type":"BreadcrumbList","@id":"https:\/\/www.visitamalfi.info\/es\/evento\/cover-night-belcanto-y-rapsodia\/#breadcrumb","itemListElement":[{"@type":"ListItem","position":1,"name":"Home","item":"https:\/\/www.visitamalfi.info\/es\/"},{"@type":"ListItem","position":2,"name":"Eventos","item":"https:\/\/www.visitamalfi.info\/es\/eventi\/"},{"@type":"ListItem","position":3,"name":"Cover Night &#8211; Belcanto y Rapsodia"}]},{"@type":"WebSite","@id":"https:\/\/www.visitamalfi.info\/es\/#website","url":"https:\/\/www.visitamalfi.info\/es\/","name":"Visit Amalfi","description":"Amalfi Destination Official Website","publisher":{"@id":"https:\/\/www.visitamalfi.info\/es\/#organization"},"potentialAction":[{"@type":"SearchAction","target":{"@type":"EntryPoint","urlTemplate":"https:\/\/www.visitamalfi.info\/es\/?s={search_term_string}"},"query-input":{"@type":"PropertyValueSpecification","valueRequired":true,"valueName":"search_term_string"}}],"inLanguage":"es"},{"@type":"Organization","@id":"https:\/\/www.visitamalfi.info\/es\/#organization","name":"Visit Amalfi","url":"https:\/\/www.visitamalfi.info\/es\/","logo":{"@type":"ImageObject","inLanguage":"es","@id":"https:\/\/www.visitamalfi.info\/es\/#\/schema\/logo\/image\/","url":"https:\/\/www.visitamalfi.info\/wp-content\/uploads\/2023\/04\/visit-amalfi-logo-web.png","contentUrl":"https:\/\/www.visitamalfi.info\/wp-content\/uploads\/2023\/04\/visit-amalfi-logo-web.png","width":800,"height":870,"caption":"Visit Amalfi"},"image":{"@id":"https:\/\/www.visitamalfi.info\/es\/#\/schema\/logo\/image\/"},"sameAs":["https:\/\/www.facebook.com\/visitamalfiofficial","https:\/\/www.instagram.com\/visitamalfiofficial\/"]}]}},"_links":{"self":[{"href":"https:\/\/www.visitamalfi.info\/es\/wp-json\/wp\/v2\/tribe_events\/7856","targetHints":{"allow":["GET"]}}],"collection":[{"href":"https:\/\/www.visitamalfi.info\/es\/wp-json\/wp\/v2\/tribe_events"}],"about":[{"href":"https:\/\/www.visitamalfi.info\/es\/wp-json\/wp\/v2\/types\/tribe_events"}],"author":[{"embeddable":true,"href":"https:\/\/www.visitamalfi.info\/es\/wp-json\/wp\/v2\/users\/7"}],"version-history":[{"count":1,"href":"https:\/\/www.visitamalfi.info\/es\/wp-json\/wp\/v2\/tribe_events\/7856\/revisions"}],"predecessor-version":[{"id":7857,"href":"https:\/\/www.visitamalfi.info\/es\/wp-json\/wp\/v2\/tribe_events\/7856\/revisions\/7857"}],"wp:attachment":[{"href":"https:\/\/www.visitamalfi.info\/es\/wp-json\/wp\/v2\/media?parent=7856"}],"wp:term":[{"taxonomy":"post_tag","embeddable":true,"href":"https:\/\/www.visitamalfi.info\/es\/wp-json\/wp\/v2\/tags?post=7856"},{"taxonomy":"tribe_events_cat","embeddable":true,"href":"https:\/\/www.visitamalfi.info\/es\/wp-json\/wp\/v2\/tribe_events_cat?post=7856"}],"curies":[{"name":"wp","href":"https:\/\/api.w.org\/{rel}","templated":true}]}}

<p>Un proyecto creado específicamente para promover la cultura musical italiana en todo el mundo con citas artísticas musicales internacionales que han cruzado y unido a muchas generaciones italianas en el extranjero. El amor por la música es el hilo que une a <strong>Russell Russell, Michele Longo, Matteo Schiavone</strong> y <strong>Sonia Mosca</strong> en este espectáculo único e inédito que cuenta y conmueve. Acompaña a los artistas la <strong>Orquesta Mediterránea</strong>, con<strong> Luigi Pagliara, Michele Piano, Silvio La Torre, Marco Tricarico, Antonio Farabella</strong> y <strong>Salvatore Ragno</strong>.</p>

<p>Un proyecto creado específicamente para la promoción de la cultura musical italiana en el mundo. Una velada apasionante que nos llevará a descubrir las canciones hechas en Italia a través de una esfera internacional. </p>

<!-- This site is optimized with the Yoast SEO plugin v27.3 - https://yoast.com/product/yoast-seo-wordpress/ -->
<title>Cover Night - Belcanto y Rapsodia - Visit Amalfi</title>
<meta name="robots" content="index, follow, max-snippet:-1, max-image-preview:large, max-video-preview:-1" />
<link rel="canonical" href="https://www.visitamalfi.info/es/evento/cover-night-belcanto-y-rapsodia/" />
<meta property="og:locale" content="es_ES" />
<meta property="og:type" content="article" />
<meta property="og:title" content="Cover Night - Belcanto y Rapsodia - Visit Amalfi" />
<meta property="og:description" content="Un proyecto creado específicamente para la promoción de la cultura musical italiana en el mundo. Una velada apasionante que nos llevará a descubrir las canciones hechas en Italia a través de una esfera internacional." />
<meta property="og:url" content="https://www.visitamalfi.info/es/evento/cover-night-belcanto-y-rapsodia/" />
<meta property="og:site_name" content="Visit Amalfi" />
<meta property="article:publisher" content="https://www.facebook.com/visitamalfiofficial" />
<meta property="article:modified_time" content="2023-07-12T14:21:24+00:00" />
<meta name="twitter:card" content="summary_large_image" />
<script type="application/ld+json" class="yoast-schema-graph">{"@context":"https:\/\/schema.org","@graph":[{"@type":"WebPage","@id":"https:\/\/www.visitamalfi.info\/es\/evento\/cover-night-belcanto-y-rapsodia\/","url":"https:\/\/www.visitamalfi.info\/es\/evento\/cover-night-belcanto-y-rapsodia\/","name":"Cover Night - Belcanto y Rapsodia - Visit Amalfi","isPartOf":{"@id":"https:\/\/www.visitamalfi.info\/es\/#website"},"datePublished":"2023-06-07T16:50:50+00:00","dateModified":"2023-07-12T14:21:24+00:00","breadcrumb":{"@id":"https:\/\/www.visitamalfi.info\/es\/evento\/cover-night-belcanto-y-rapsodia\/#breadcrumb"},"inLanguage":"es","potentialAction":[{"@type":"ReadAction","target":["https:\/\/www.visitamalfi.info\/es\/evento\/cover-night-belcanto-y-rapsodia\/"]}]},{"@type":"BreadcrumbList","@id":"https:\/\/www.visitamalfi.info\/es\/evento\/cover-night-belcanto-y-rapsodia\/#breadcrumb","itemListElement":[{"@type":"ListItem","position":1,"name":"Home","item":"https:\/\/www.visitamalfi.info\/es\/"},{"@type":"ListItem","position":2,"name":"Eventos","item":"https:\/\/www.visitamalfi.info\/es\/eventi\/"},{"@type":"ListItem","position":3,"name":"Cover Night &#8211; Belcanto y Rapsodia"}]},{"@type":"WebSite","@id":"https:\/\/www.visitamalfi.info\/es\/#website","url":"https:\/\/www.visitamalfi.info\/es\/","name":"Visit Amalfi","description":"Amalfi Destination Official Website","publisher":{"@id":"https:\/\/www.visitamalfi.info\/es\/#organization"},"potentialAction":[{"@type":"SearchAction","target":{"@type":"EntryPoint","urlTemplate":"https:\/\/www.visitamalfi.info\/es\/?s={search_term_string}"},"query-input":{"@type":"PropertyValueSpecification","valueRequired":true,"valueName":"search_term_string"}}],"inLanguage":"es"},{"@type":"Organization","@id":"https:\/\/www.visitamalfi.info\/es\/#organization","name":"Visit Amalfi","url":"https:\/\/www.visitamalfi.info\/es\/","logo":{"@type":"ImageObject","inLanguage":"es","@id":"https:\/\/www.visitamalfi.info\/es\/#\/schema\/logo\/image\/","url":"https:\/\/www.visitamalfi.info\/wp-content\/uploads\/2023\/04\/visit-amalfi-logo-web.png","contentUrl":"https:\/\/www.visitamalfi.info\/wp-content\/uploads\/2023\/04\/visit-amalfi-logo-web.png","width":800,"height":870,"caption":"Visit Amalfi"},"image":{"@id":"https:\/\/www.visitamalfi.info\/es\/#\/schema\/logo\/image\/"},"sameAs":["https:\/\/www.facebook.com\/visitamalfiofficial","https:\/\/www.instagram.com\/visitamalfiofficial\/"]}]}</script>
<!-- / Yoast SEO plugin. -->

Un proyecto creado específicamente para la promoción de la cultura musical italiana en el mundo. Una velada apasionante que nos llevará a descubrir las canciones hechas en Italia a través de una esfera internacional.
