{"id":7849,"date":"2023-06-07T18:50:49","date_gmt":"2023-06-07T16:50:49","guid":{"rendered":"https:\/\/www.visitamalfi.info\/evento\/noche-de-tapas-opera-de-napoles\/"},"modified":"2023-07-12T16:17:32","modified_gmt":"2023-07-12T14:17:32","slug":"noche-de-tapas-opera-de-napoles","status":"publish","type":"tribe_events","link":"https:\/\/www.visitamalfi.info\/es\/evento\/noche-de-tapas-opera-de-napoles\/","title":{"rendered":"Noche de tapas &#8211; \u00d3pera de N\u00e1poles"},"content":{"rendered":"<p>Una velada m\u00e1gica en compa\u00f1\u00eda de la<strong>Orquesta de la \u00d3pera de N\u00e1poles<\/strong> y buena m\u00fasica. Ocho m\u00fasicos forman parte de la<strong>Orquesta Italiana<\/strong> de <em>Renzo Arbore<\/em>, con la que siguen recorriendo Italia \u00e9xito tras \u00e9xito. El concierto es un homenaje a la canci\u00f3n napolitana filtrada a trav\u00e9s de las experiencias que sus m\u00fasicos han adquirido trabajando con artistas como Murolo, Gragnaniello, Pino Daniele, Teresa de Sio, Tullio De Piscopo y muchos otros, hasta llegar a la Orquesta Italiana de Renzo Arbore. En el repertorio grandes cl\u00e1sicos, luego guitarras y mandolinas, apoyadas por la atractiva y apremiante secci\u00f3n r\u00edtmica de percusi\u00f3n, bajo y bater\u00eda, dan vida a esas inconfundibles y sobrecogedoras danzas folcl\u00f3ricas que responden al nombre de <em>tarantelas<\/em>. Con <strong>Gianni Conte<\/strong> como voz principal,<strong> Massimo Volpe,<\/strong> <strong>Michele Montefusco<\/strong>, <strong>Peppe Sannino<\/strong>, <strong>Massimo Cecchetti<\/strong>, <strong>Roberto Ciscognetti<\/strong>, <strong>Salvatore Esposito<\/strong> y <strong>Nunzio Reina<\/strong>.<\/p>\n","protected":false},"excerpt":{"rendered":"<p>Un homenaje a la canci\u00f3n napolitana filtrado a trav\u00e9s de las experiencias que sus m\u00fasicos han adquirido colaborando con grandes artistas de la escena italiana.<\/p>\n","protected":false},"author":7,"featured_media":0,"template":"","meta":{"inline_featured_image":false,"_tribe_events_status":"","_tribe_events_status_reason":"","footnotes":""},"tags":[265,612,681,659,682,651,655,559],"tribe_events_cat":[661,371,663,662],"class_list":["post-7849","tribe_events","type-tribe_events","status-publish","hentry","tag-amalfi-es","tag-amalficoast-es","tag-amalfimusic-es","tag-coverinamalfi-es","tag-napolypera-es","tag-noche-de-verano","tag-portada","tag-verano2023","tribe_events_cat-musica-es","tribe_events_cat-musica-dal-vivo-es","tribe_events_cat-noche-cubierta","tribe_events_cat-portadas-en-directo","cat_musica-es","cat_musica-dal-vivo-es","cat_noche-cubierta","cat_portadas-en-directo"],"yoast_head":"<!-- This site is optimized with the Yoast SEO plugin v27.3 - https:\/\/yoast.com\/product\/yoast-seo-wordpress\/ -->\n<title>Noche de tapas - \u00d3pera de N\u00e1poles - Visit Amalfi<\/title>\n<meta name=\"robots\" content=\"index, follow, max-snippet:-1, max-image-preview:large, max-video-preview:-1\" \/>\n<link rel=\"canonical\" href=\"https:\/\/www.visitamalfi.info\/es\/evento\/noche-de-tapas-opera-de-napoles\/\" \/>\n<meta property=\"og:locale\" content=\"es_ES\" \/>\n<meta property=\"og:type\" content=\"article\" \/>\n<meta property=\"og:title\" content=\"Noche de tapas - \u00d3pera de N\u00e1poles - Visit Amalfi\" \/>\n<meta property=\"og:description\" content=\"Un homenaje a la canci\u00f3n napolitana filtrado a trav\u00e9s de las experiencias que sus m\u00fasicos han adquirido colaborando con grandes artistas de la escena italiana.\" \/>\n<meta property=\"og:url\" content=\"https:\/\/www.visitamalfi.info\/es\/evento\/noche-de-tapas-opera-de-napoles\/\" \/>\n<meta property=\"og:site_name\" content=\"Visit Amalfi\" \/>\n<meta property=\"article:publisher\" content=\"https:\/\/www.facebook.com\/visitamalfiofficial\" \/>\n<meta property=\"article:modified_time\" content=\"2023-07-12T14:17:32+00:00\" \/>\n<meta name=\"twitter:card\" content=\"summary_large_image\" \/>\n<meta name=\"twitter:label1\" content=\"Tiempo de lectura\" \/>\n\t<meta name=\"twitter:data1\" content=\"1 minuto\" \/>\n<script type=\"application\/ld+json\" class=\"yoast-schema-graph\">{\"@context\":\"https:\\\/\\\/schema.org\",\"@graph\":[{\"@type\":\"WebPage\",\"@id\":\"https:\\\/\\\/www.visitamalfi.info\\\/es\\\/evento\\\/noche-de-tapas-opera-de-napoles\\\/\",\"url\":\"https:\\\/\\\/www.visitamalfi.info\\\/es\\\/evento\\\/noche-de-tapas-opera-de-napoles\\\/\",\"name\":\"Noche de tapas - \u00d3pera de N\u00e1poles - Visit Amalfi\",\"isPartOf\":{\"@id\":\"https:\\\/\\\/www.visitamalfi.info\\\/es\\\/#website\"},\"datePublished\":\"2023-06-07T16:50:49+00:00\",\"dateModified\":\"2023-07-12T14:17:32+00:00\",\"breadcrumb\":{\"@id\":\"https:\\\/\\\/www.visitamalfi.info\\\/es\\\/evento\\\/noche-de-tapas-opera-de-napoles\\\/#breadcrumb\"},\"inLanguage\":\"es\",\"potentialAction\":[{\"@type\":\"ReadAction\",\"target\":[\"https:\\\/\\\/www.visitamalfi.info\\\/es\\\/evento\\\/noche-de-tapas-opera-de-napoles\\\/\"]}]},{\"@type\":\"BreadcrumbList\",\"@id\":\"https:\\\/\\\/www.visitamalfi.info\\\/es\\\/evento\\\/noche-de-tapas-opera-de-napoles\\\/#breadcrumb\",\"itemListElement\":[{\"@type\":\"ListItem\",\"position\":1,\"name\":\"Home\",\"item\":\"https:\\\/\\\/www.visitamalfi.info\\\/es\\\/\"},{\"@type\":\"ListItem\",\"position\":2,\"name\":\"Eventos\",\"item\":\"https:\\\/\\\/www.visitamalfi.info\\\/es\\\/eventi\\\/\"},{\"@type\":\"ListItem\",\"position\":3,\"name\":\"Noche de tapas &#8211; \u00d3pera de N\u00e1poles\"}]},{\"@type\":\"WebSite\",\"@id\":\"https:\\\/\\\/www.visitamalfi.info\\\/es\\\/#website\",\"url\":\"https:\\\/\\\/www.visitamalfi.info\\\/es\\\/\",\"name\":\"Visit Amalfi\",\"description\":\"Amalfi Destination Official Website\",\"publisher\":{\"@id\":\"https:\\\/\\\/www.visitamalfi.info\\\/es\\\/#organization\"},\"potentialAction\":[{\"@type\":\"SearchAction\",\"target\":{\"@type\":\"EntryPoint\",\"urlTemplate\":\"https:\\\/\\\/www.visitamalfi.info\\\/es\\\/?s={search_term_string}\"},\"query-input\":{\"@type\":\"PropertyValueSpecification\",\"valueRequired\":true,\"valueName\":\"search_term_string\"}}],\"inLanguage\":\"es\"},{\"@type\":\"Organization\",\"@id\":\"https:\\\/\\\/www.visitamalfi.info\\\/es\\\/#organization\",\"name\":\"Visit Amalfi\",\"url\":\"https:\\\/\\\/www.visitamalfi.info\\\/es\\\/\",\"logo\":{\"@type\":\"ImageObject\",\"inLanguage\":\"es\",\"@id\":\"https:\\\/\\\/www.visitamalfi.info\\\/es\\\/#\\\/schema\\\/logo\\\/image\\\/\",\"url\":\"https:\\\/\\\/www.visitamalfi.info\\\/wp-content\\\/uploads\\\/2023\\\/04\\\/visit-amalfi-logo-web.png\",\"contentUrl\":\"https:\\\/\\\/www.visitamalfi.info\\\/wp-content\\\/uploads\\\/2023\\\/04\\\/visit-amalfi-logo-web.png\",\"width\":800,\"height\":870,\"caption\":\"Visit Amalfi\"},\"image\":{\"@id\":\"https:\\\/\\\/www.visitamalfi.info\\\/es\\\/#\\\/schema\\\/logo\\\/image\\\/\"},\"sameAs\":[\"https:\\\/\\\/www.facebook.com\\\/visitamalfiofficial\",\"https:\\\/\\\/www.instagram.com\\\/visitamalfiofficial\\\/\"]}]}<\/script>\n<!-- \/ Yoast SEO plugin. -->","yoast_head_json":{"title":"Noche de tapas - \u00d3pera de N\u00e1poles - Visit Amalfi","robots":{"index":"index","follow":"follow","max-snippet":"max-snippet:-1","max-image-preview":"max-image-preview:large","max-video-preview":"max-video-preview:-1"},"canonical":"https:\/\/www.visitamalfi.info\/es\/evento\/noche-de-tapas-opera-de-napoles\/","og_locale":"es_ES","og_type":"article","og_title":"Noche de tapas - \u00d3pera de N\u00e1poles - Visit Amalfi","og_description":"Un homenaje a la canci\u00f3n napolitana filtrado a trav\u00e9s de las experiencias que sus m\u00fasicos han adquirido colaborando con grandes artistas de la escena italiana.","og_url":"https:\/\/www.visitamalfi.info\/es\/evento\/noche-de-tapas-opera-de-napoles\/","og_site_name":"Visit Amalfi","article_publisher":"https:\/\/www.facebook.com\/visitamalfiofficial","article_modified_time":"2023-07-12T14:17:32+00:00","twitter_card":"summary_large_image","twitter_misc":{"Tiempo de lectura":"1 minuto"},"schema":{"@context":"https:\/\/schema.org","@graph":[{"@type":"WebPage","@id":"https:\/\/www.visitamalfi.info\/es\/evento\/noche-de-tapas-opera-de-napoles\/","url":"https:\/\/www.visitamalfi.info\/es\/evento\/noche-de-tapas-opera-de-napoles\/","name":"Noche de tapas - \u00d3pera de N\u00e1poles - Visit Amalfi","isPartOf":{"@id":"https:\/\/www.visitamalfi.info\/es\/#website"},"datePublished":"2023-06-07T16:50:49+00:00","dateModified":"2023-07-12T14:17:32+00:00","breadcrumb":{"@id":"https:\/\/www.visitamalfi.info\/es\/evento\/noche-de-tapas-opera-de-napoles\/#breadcrumb"},"inLanguage":"es","potentialAction":[{"@type":"ReadAction","target":["https:\/\/www.visitamalfi.info\/es\/evento\/noche-de-tapas-opera-de-napoles\/"]}]},{"@type":"BreadcrumbList","@id":"https:\/\/www.visitamalfi.info\/es\/evento\/noche-de-tapas-opera-de-napoles\/#breadcrumb","itemListElement":[{"@type":"ListItem","position":1,"name":"Home","item":"https:\/\/www.visitamalfi.info\/es\/"},{"@type":"ListItem","position":2,"name":"Eventos","item":"https:\/\/www.visitamalfi.info\/es\/eventi\/"},{"@type":"ListItem","position":3,"name":"Noche de tapas &#8211; \u00d3pera de N\u00e1poles"}]},{"@type":"WebSite","@id":"https:\/\/www.visitamalfi.info\/es\/#website","url":"https:\/\/www.visitamalfi.info\/es\/","name":"Visit Amalfi","description":"Amalfi Destination Official Website","publisher":{"@id":"https:\/\/www.visitamalfi.info\/es\/#organization"},"potentialAction":[{"@type":"SearchAction","target":{"@type":"EntryPoint","urlTemplate":"https:\/\/www.visitamalfi.info\/es\/?s={search_term_string}"},"query-input":{"@type":"PropertyValueSpecification","valueRequired":true,"valueName":"search_term_string"}}],"inLanguage":"es"},{"@type":"Organization","@id":"https:\/\/www.visitamalfi.info\/es\/#organization","name":"Visit Amalfi","url":"https:\/\/www.visitamalfi.info\/es\/","logo":{"@type":"ImageObject","inLanguage":"es","@id":"https:\/\/www.visitamalfi.info\/es\/#\/schema\/logo\/image\/","url":"https:\/\/www.visitamalfi.info\/wp-content\/uploads\/2023\/04\/visit-amalfi-logo-web.png","contentUrl":"https:\/\/www.visitamalfi.info\/wp-content\/uploads\/2023\/04\/visit-amalfi-logo-web.png","width":800,"height":870,"caption":"Visit Amalfi"},"image":{"@id":"https:\/\/www.visitamalfi.info\/es\/#\/schema\/logo\/image\/"},"sameAs":["https:\/\/www.facebook.com\/visitamalfiofficial","https:\/\/www.instagram.com\/visitamalfiofficial\/"]}]}},"_links":{"self":[{"href":"https:\/\/www.visitamalfi.info\/es\/wp-json\/wp\/v2\/tribe_events\/7849","targetHints":{"allow":["GET"]}}],"collection":[{"href":"https:\/\/www.visitamalfi.info\/es\/wp-json\/wp\/v2\/tribe_events"}],"about":[{"href":"https:\/\/www.visitamalfi.info\/es\/wp-json\/wp\/v2\/types\/tribe_events"}],"author":[{"embeddable":true,"href":"https:\/\/www.visitamalfi.info\/es\/wp-json\/wp\/v2\/users\/7"}],"version-history":[{"count":1,"href":"https:\/\/www.visitamalfi.info\/es\/wp-json\/wp\/v2\/tribe_events\/7849\/revisions"}],"predecessor-version":[{"id":7851,"href":"https:\/\/www.visitamalfi.info\/es\/wp-json\/wp\/v2\/tribe_events\/7849\/revisions\/7851"}],"wp:attachment":[{"href":"https:\/\/www.visitamalfi.info\/es\/wp-json\/wp\/v2\/media?parent=7849"}],"wp:term":[{"taxonomy":"post_tag","embeddable":true,"href":"https:\/\/www.visitamalfi.info\/es\/wp-json\/wp\/v2\/tags?post=7849"},{"taxonomy":"tribe_events_cat","embeddable":true,"href":"https:\/\/www.visitamalfi.info\/es\/wp-json\/wp\/v2\/tribe_events_cat?post=7849"}],"curies":[{"name":"wp","href":"https:\/\/api.w.org\/{rel}","templated":true}]}}

Noche de tapas &#8211; Ópera de Nápoles

<p>Una velada mágica en compañía de la<strong>Orquesta de la Ópera de Nápoles</strong> y buena música. Ocho músicos forman parte de la<strong>Orquesta Italiana</strong> de <em>Renzo Arbore</em>, con la que siguen recorriendo Italia éxito tras éxito. El concierto es un homenaje a la canción napolitana filtrada a través de las experiencias que sus músicos han adquirido trabajando con artistas como Murolo, Gragnaniello, Pino Daniele, Teresa de Sio, Tullio De Piscopo y muchos otros, hasta llegar a la Orquesta Italiana de Renzo Arbore. En el repertorio grandes clásicos, luego guitarras y mandolinas, apoyadas por la atractiva y apremiante sección rítmica de percusión, bajo y batería, dan vida a esas inconfundibles y sobrecogedoras danzas folclóricas que responden al nombre de <em>tarantelas</em>. Con <strong>Gianni Conte</strong> como voz principal,<strong> Massimo Volpe,</strong> <strong>Michele Montefusco</strong>, <strong>Peppe Sannino</strong>, <strong>Massimo Cecchetti</strong>, <strong>Roberto Ciscognetti</strong>, <strong>Salvatore Esposito</strong> y <strong>Nunzio Reina</strong>.</p>

<p>Un homenaje a la canción napolitana filtrado a través de las experiencias que sus músicos han adquirido colaborando con grandes artistas de la escena italiana.</p>

<!-- This site is optimized with the Yoast SEO plugin v27.3 - https://yoast.com/product/yoast-seo-wordpress/ -->
<title>Noche de tapas - Ópera de Nápoles - Visit Amalfi</title>
<meta name="robots" content="index, follow, max-snippet:-1, max-image-preview:large, max-video-preview:-1" />
<link rel="canonical" href="https://www.visitamalfi.info/es/evento/noche-de-tapas-opera-de-napoles/" />
<meta property="og:locale" content="es_ES" />
<meta property="og:type" content="article" />
<meta property="og:title" content="Noche de tapas - Ópera de Nápoles - Visit Amalfi" />
<meta property="og:description" content="Un homenaje a la canción napolitana filtrado a través de las experiencias que sus músicos han adquirido colaborando con grandes artistas de la escena italiana." />
<meta property="og:url" content="https://www.visitamalfi.info/es/evento/noche-de-tapas-opera-de-napoles/" />
<meta property="og:site_name" content="Visit Amalfi" />
<meta property="article:publisher" content="https://www.facebook.com/visitamalfiofficial" />
<meta property="article:modified_time" content="2023-07-12T14:17:32+00:00" />
<meta name="twitter:card" content="summary_large_image" />
<meta name="twitter:label1" content="Tiempo de lectura" />
	<meta name="twitter:data1" content="1 minuto" />
<script type="application/ld+json" class="yoast-schema-graph">{"@context":"https:\/\/schema.org","@graph":[{"@type":"WebPage","@id":"https:\/\/www.visitamalfi.info\/es\/evento\/noche-de-tapas-opera-de-napoles\/","url":"https:\/\/www.visitamalfi.info\/es\/evento\/noche-de-tapas-opera-de-napoles\/","name":"Noche de tapas - Ópera de Nápoles - Visit Amalfi","isPartOf":{"@id":"https:\/\/www.visitamalfi.info\/es\/#website"},"datePublished":"2023-06-07T16:50:49+00:00","dateModified":"2023-07-12T14:17:32+00:00","breadcrumb":{"@id":"https:\/\/www.visitamalfi.info\/es\/evento\/noche-de-tapas-opera-de-napoles\/#breadcrumb"},"inLanguage":"es","potentialAction":[{"@type":"ReadAction","target":["https:\/\/www.visitamalfi.info\/es\/evento\/noche-de-tapas-opera-de-napoles\/"]}]},{"@type":"BreadcrumbList","@id":"https:\/\/www.visitamalfi.info\/es\/evento\/noche-de-tapas-opera-de-napoles\/#breadcrumb","itemListElement":[{"@type":"ListItem","position":1,"name":"Home","item":"https:\/\/www.visitamalfi.info\/es\/"},{"@type":"ListItem","position":2,"name":"Eventos","item":"https:\/\/www.visitamalfi.info\/es\/eventi\/"},{"@type":"ListItem","position":3,"name":"Noche de tapas &#8211; Ópera de Nápoles"}]},{"@type":"WebSite","@id":"https:\/\/www.visitamalfi.info\/es\/#website","url":"https:\/\/www.visitamalfi.info\/es\/","name":"Visit Amalfi","description":"Amalfi Destination Official Website","publisher":{"@id":"https:\/\/www.visitamalfi.info\/es\/#organization"},"potentialAction":[{"@type":"SearchAction","target":{"@type":"EntryPoint","urlTemplate":"https:\/\/www.visitamalfi.info\/es\/?s={search_term_string}"},"query-input":{"@type":"PropertyValueSpecification","valueRequired":true,"valueName":"search_term_string"}}],"inLanguage":"es"},{"@type":"Organization","@id":"https:\/\/www.visitamalfi.info\/es\/#organization","name":"Visit Amalfi","url":"https:\/\/www.visitamalfi.info\/es\/","logo":{"@type":"ImageObject","inLanguage":"es","@id":"https:\/\/www.visitamalfi.info\/es\/#\/schema\/logo\/image\/","url":"https:\/\/www.visitamalfi.info\/wp-content\/uploads\/2023\/04\/visit-amalfi-logo-web.png","contentUrl":"https:\/\/www.visitamalfi.info\/wp-content\/uploads\/2023\/04\/visit-amalfi-logo-web.png","width":800,"height":870,"caption":"Visit Amalfi"},"image":{"@id":"https:\/\/www.visitamalfi.info\/es\/#\/schema\/logo\/image\/"},"sameAs":["https:\/\/www.facebook.com\/visitamalfiofficial","https:\/\/www.instagram.com\/visitamalfiofficial\/"]}]}</script>
<!-- / Yoast SEO plugin. -->

Noche de tapas - Ópera de Nápoles - Visit Amalfi

Un homenaje a la canción napolitana filtrado a través de las experiencias que sus músicos han adquirido colaborando con grandes artistas de la escena italiana.
