{"id":7848,"date":"2023-06-07T18:50:49","date_gmt":"2023-06-07T16:50:49","guid":{"rendered":"https:\/\/www.visitamalfi.info\/evento\/cover-night-the-tree-gees\/"},"modified":"2023-07-12T16:17:34","modified_gmt":"2023-07-12T14:17:34","slug":"cover-night-the-tree-gees","status":"publish","type":"tribe_events","link":"https:\/\/www.visitamalfi.info\/es\/evento\/cover-night-the-tree-gees\/","title":{"rendered":"Cover Night &#8211; The Tree Gees"},"content":{"rendered":"<p>Casi veinte a\u00f1os de conciertos en Italia y en todo el mundo hacen de los<strong> Tree Gees <\/strong>una de las bandas tributo m\u00e1s acreditadas y fieles de los legendarios Bee Gees, y hoy llegan a Amalfi. Nacieron en 1997 y desde entonces han tenido una intensa actividad en directo con apariciones en televisi\u00f3n y radio, ofreciendo un espect\u00e1culo absolutamente \u00fanico. Despu\u00e9s de tocar en casi toda Italia, el grupo tambi\u00e9n obtuvo un reconocimiento considerable en Europa, primero con la producci\u00f3n de una gira por Alemania, y despu\u00e9s con una serie de grandes espect\u00e1culos en Polonia, Suiza, Francia, Holanda, Espa\u00f1a, B\u00e9lgica y M\u00f3naco. Con <strong>Alessandro Sammarini, Ezio Zaccagnini, Paolo Amati<\/strong> y <strong>Francesco Bancalari, <\/strong>una velada de buena m\u00fasica al ritmo de los &#8220;Gees&#8221;.<\/p>\n","protected":false},"excerpt":{"rendered":"<p>Una velada a ritmo de los Bee Gees a cargo de una de las bandas tributo m\u00e1s acreditadas y fieles a los Bee Gees. <\/p>\n","protected":false},"author":7,"featured_media":0,"template":"","meta":{"inline_featured_image":false,"_tribe_events_status":"","_tribe_events_status_reason":"","footnotes":""},"tags":[265,612,678,659,365,679,655,680,559],"tribe_events_cat":[661,371,663,662],"class_list":["post-7848","tribe_events","type-tribe_events","status-publish","hentry","tag-amalfi-es","tag-amalficoast-es","tag-beegees-es","tag-coverinamalfi-es","tag-musicinamalficoast-es","tag-musicinthenight-es","tag-portada","tag-treegees-es","tag-verano2023","tribe_events_cat-musica-es","tribe_events_cat-musica-dal-vivo-es","tribe_events_cat-noche-cubierta","tribe_events_cat-portadas-en-directo","cat_musica-es","cat_musica-dal-vivo-es","cat_noche-cubierta","cat_portadas-en-directo"],"yoast_head":"<!-- This site is optimized with the Yoast SEO plugin v27.3 - https:\/\/yoast.com\/product\/yoast-seo-wordpress\/ -->\n<title>Cover Night - The Tree Gees - Visit Amalfi<\/title>\n<meta name=\"robots\" content=\"index, follow, max-snippet:-1, max-image-preview:large, max-video-preview:-1\" \/>\n<link rel=\"canonical\" href=\"https:\/\/www.visitamalfi.info\/es\/evento\/cover-night-the-tree-gees\/\" \/>\n<meta property=\"og:locale\" content=\"es_ES\" \/>\n<meta property=\"og:type\" content=\"article\" \/>\n<meta property=\"og:title\" content=\"Cover Night - The Tree Gees - Visit Amalfi\" \/>\n<meta property=\"og:description\" content=\"Una velada a ritmo de los Bee Gees a cargo de una de las bandas tributo m\u00e1s acreditadas y fieles a los Bee Gees.\" \/>\n<meta property=\"og:url\" content=\"https:\/\/www.visitamalfi.info\/es\/evento\/cover-night-the-tree-gees\/\" \/>\n<meta property=\"og:site_name\" content=\"Visit Amalfi\" \/>\n<meta property=\"article:publisher\" content=\"https:\/\/www.facebook.com\/visitamalfiofficial\" \/>\n<meta property=\"article:modified_time\" content=\"2023-07-12T14:17:34+00:00\" \/>\n<meta name=\"twitter:card\" content=\"summary_large_image\" \/>\n<meta name=\"twitter:label1\" content=\"Tiempo de lectura\" \/>\n\t<meta name=\"twitter:data1\" content=\"1 minuto\" \/>\n<script type=\"application\/ld+json\" class=\"yoast-schema-graph\">{\"@context\":\"https:\\\/\\\/schema.org\",\"@graph\":[{\"@type\":\"WebPage\",\"@id\":\"https:\\\/\\\/www.visitamalfi.info\\\/es\\\/evento\\\/cover-night-the-tree-gees\\\/\",\"url\":\"https:\\\/\\\/www.visitamalfi.info\\\/es\\\/evento\\\/cover-night-the-tree-gees\\\/\",\"name\":\"Cover Night - The Tree Gees - Visit Amalfi\",\"isPartOf\":{\"@id\":\"https:\\\/\\\/www.visitamalfi.info\\\/es\\\/#website\"},\"datePublished\":\"2023-06-07T16:50:49+00:00\",\"dateModified\":\"2023-07-12T14:17:34+00:00\",\"breadcrumb\":{\"@id\":\"https:\\\/\\\/www.visitamalfi.info\\\/es\\\/evento\\\/cover-night-the-tree-gees\\\/#breadcrumb\"},\"inLanguage\":\"es\",\"potentialAction\":[{\"@type\":\"ReadAction\",\"target\":[\"https:\\\/\\\/www.visitamalfi.info\\\/es\\\/evento\\\/cover-night-the-tree-gees\\\/\"]}]},{\"@type\":\"BreadcrumbList\",\"@id\":\"https:\\\/\\\/www.visitamalfi.info\\\/es\\\/evento\\\/cover-night-the-tree-gees\\\/#breadcrumb\",\"itemListElement\":[{\"@type\":\"ListItem\",\"position\":1,\"name\":\"Home\",\"item\":\"https:\\\/\\\/www.visitamalfi.info\\\/es\\\/\"},{\"@type\":\"ListItem\",\"position\":2,\"name\":\"Eventos\",\"item\":\"https:\\\/\\\/www.visitamalfi.info\\\/es\\\/eventi\\\/\"},{\"@type\":\"ListItem\",\"position\":3,\"name\":\"Cover Night &#8211; The Tree Gees\"}]},{\"@type\":\"WebSite\",\"@id\":\"https:\\\/\\\/www.visitamalfi.info\\\/es\\\/#website\",\"url\":\"https:\\\/\\\/www.visitamalfi.info\\\/es\\\/\",\"name\":\"Visit Amalfi\",\"description\":\"Amalfi Destination Official Website\",\"publisher\":{\"@id\":\"https:\\\/\\\/www.visitamalfi.info\\\/es\\\/#organization\"},\"potentialAction\":[{\"@type\":\"SearchAction\",\"target\":{\"@type\":\"EntryPoint\",\"urlTemplate\":\"https:\\\/\\\/www.visitamalfi.info\\\/es\\\/?s={search_term_string}\"},\"query-input\":{\"@type\":\"PropertyValueSpecification\",\"valueRequired\":true,\"valueName\":\"search_term_string\"}}],\"inLanguage\":\"es\"},{\"@type\":\"Organization\",\"@id\":\"https:\\\/\\\/www.visitamalfi.info\\\/es\\\/#organization\",\"name\":\"Visit Amalfi\",\"url\":\"https:\\\/\\\/www.visitamalfi.info\\\/es\\\/\",\"logo\":{\"@type\":\"ImageObject\",\"inLanguage\":\"es\",\"@id\":\"https:\\\/\\\/www.visitamalfi.info\\\/es\\\/#\\\/schema\\\/logo\\\/image\\\/\",\"url\":\"https:\\\/\\\/www.visitamalfi.info\\\/wp-content\\\/uploads\\\/2023\\\/04\\\/visit-amalfi-logo-web.png\",\"contentUrl\":\"https:\\\/\\\/www.visitamalfi.info\\\/wp-content\\\/uploads\\\/2023\\\/04\\\/visit-amalfi-logo-web.png\",\"width\":800,\"height\":870,\"caption\":\"Visit Amalfi\"},\"image\":{\"@id\":\"https:\\\/\\\/www.visitamalfi.info\\\/es\\\/#\\\/schema\\\/logo\\\/image\\\/\"},\"sameAs\":[\"https:\\\/\\\/www.facebook.com\\\/visitamalfiofficial\",\"https:\\\/\\\/www.instagram.com\\\/visitamalfiofficial\\\/\"]}]}<\/script>\n<!-- \/ Yoast SEO plugin. -->","yoast_head_json":{"title":"Cover Night - The Tree Gees - Visit Amalfi","robots":{"index":"index","follow":"follow","max-snippet":"max-snippet:-1","max-image-preview":"max-image-preview:large","max-video-preview":"max-video-preview:-1"},"canonical":"https:\/\/www.visitamalfi.info\/es\/evento\/cover-night-the-tree-gees\/","og_locale":"es_ES","og_type":"article","og_title":"Cover Night - The Tree Gees - Visit Amalfi","og_description":"Una velada a ritmo de los Bee Gees a cargo de una de las bandas tributo m\u00e1s acreditadas y fieles a los Bee Gees.","og_url":"https:\/\/www.visitamalfi.info\/es\/evento\/cover-night-the-tree-gees\/","og_site_name":"Visit Amalfi","article_publisher":"https:\/\/www.facebook.com\/visitamalfiofficial","article_modified_time":"2023-07-12T14:17:34+00:00","twitter_card":"summary_large_image","twitter_misc":{"Tiempo de lectura":"1 minuto"},"schema":{"@context":"https:\/\/schema.org","@graph":[{"@type":"WebPage","@id":"https:\/\/www.visitamalfi.info\/es\/evento\/cover-night-the-tree-gees\/","url":"https:\/\/www.visitamalfi.info\/es\/evento\/cover-night-the-tree-gees\/","name":"Cover Night - The Tree Gees - Visit Amalfi","isPartOf":{"@id":"https:\/\/www.visitamalfi.info\/es\/#website"},"datePublished":"2023-06-07T16:50:49+00:00","dateModified":"2023-07-12T14:17:34+00:00","breadcrumb":{"@id":"https:\/\/www.visitamalfi.info\/es\/evento\/cover-night-the-tree-gees\/#breadcrumb"},"inLanguage":"es","potentialAction":[{"@type":"ReadAction","target":["https:\/\/www.visitamalfi.info\/es\/evento\/cover-night-the-tree-gees\/"]}]},{"@type":"BreadcrumbList","@id":"https:\/\/www.visitamalfi.info\/es\/evento\/cover-night-the-tree-gees\/#breadcrumb","itemListElement":[{"@type":"ListItem","position":1,"name":"Home","item":"https:\/\/www.visitamalfi.info\/es\/"},{"@type":"ListItem","position":2,"name":"Eventos","item":"https:\/\/www.visitamalfi.info\/es\/eventi\/"},{"@type":"ListItem","position":3,"name":"Cover Night &#8211; The Tree Gees"}]},{"@type":"WebSite","@id":"https:\/\/www.visitamalfi.info\/es\/#website","url":"https:\/\/www.visitamalfi.info\/es\/","name":"Visit Amalfi","description":"Amalfi Destination Official Website","publisher":{"@id":"https:\/\/www.visitamalfi.info\/es\/#organization"},"potentialAction":[{"@type":"SearchAction","target":{"@type":"EntryPoint","urlTemplate":"https:\/\/www.visitamalfi.info\/es\/?s={search_term_string}"},"query-input":{"@type":"PropertyValueSpecification","valueRequired":true,"valueName":"search_term_string"}}],"inLanguage":"es"},{"@type":"Organization","@id":"https:\/\/www.visitamalfi.info\/es\/#organization","name":"Visit Amalfi","url":"https:\/\/www.visitamalfi.info\/es\/","logo":{"@type":"ImageObject","inLanguage":"es","@id":"https:\/\/www.visitamalfi.info\/es\/#\/schema\/logo\/image\/","url":"https:\/\/www.visitamalfi.info\/wp-content\/uploads\/2023\/04\/visit-amalfi-logo-web.png","contentUrl":"https:\/\/www.visitamalfi.info\/wp-content\/uploads\/2023\/04\/visit-amalfi-logo-web.png","width":800,"height":870,"caption":"Visit Amalfi"},"image":{"@id":"https:\/\/www.visitamalfi.info\/es\/#\/schema\/logo\/image\/"},"sameAs":["https:\/\/www.facebook.com\/visitamalfiofficial","https:\/\/www.instagram.com\/visitamalfiofficial\/"]}]}},"_links":{"self":[{"href":"https:\/\/www.visitamalfi.info\/es\/wp-json\/wp\/v2\/tribe_events\/7848","targetHints":{"allow":["GET"]}}],"collection":[{"href":"https:\/\/www.visitamalfi.info\/es\/wp-json\/wp\/v2\/tribe_events"}],"about":[{"href":"https:\/\/www.visitamalfi.info\/es\/wp-json\/wp\/v2\/types\/tribe_events"}],"author":[{"embeddable":true,"href":"https:\/\/www.visitamalfi.info\/es\/wp-json\/wp\/v2\/users\/7"}],"version-history":[{"count":1,"href":"https:\/\/www.visitamalfi.info\/es\/wp-json\/wp\/v2\/tribe_events\/7848\/revisions"}],"predecessor-version":[{"id":7850,"href":"https:\/\/www.visitamalfi.info\/es\/wp-json\/wp\/v2\/tribe_events\/7848\/revisions\/7850"}],"wp:attachment":[{"href":"https:\/\/www.visitamalfi.info\/es\/wp-json\/wp\/v2\/media?parent=7848"}],"wp:term":[{"taxonomy":"post_tag","embeddable":true,"href":"https:\/\/www.visitamalfi.info\/es\/wp-json\/wp\/v2\/tags?post=7848"},{"taxonomy":"tribe_events_cat","embeddable":true,"href":"https:\/\/www.visitamalfi.info\/es\/wp-json\/wp\/v2\/tribe_events_cat?post=7848"}],"curies":[{"name":"wp","href":"https:\/\/api.w.org\/{rel}","templated":true}]}}

<p>Casi veinte años de conciertos en Italia y en todo el mundo hacen de los<strong> Tree Gees </strong>una de las bandas tributo más acreditadas y fieles de los legendarios Bee Gees, y hoy llegan a Amalfi. Nacieron en 1997 y desde entonces han tenido una intensa actividad en directo con apariciones en televisión y radio, ofreciendo un espectáculo absolutamente único. Después de tocar en casi toda Italia, el grupo también obtuvo un reconocimiento considerable en Europa, primero con la producción de una gira por Alemania, y después con una serie de grandes espectáculos en Polonia, Suiza, Francia, Holanda, España, Bélgica y Mónaco. Con <strong>Alessandro Sammarini, Ezio Zaccagnini, Paolo Amati</strong> y <strong>Francesco Bancalari, </strong>una velada de buena música al ritmo de los &#8220;Gees&#8221;.</p>

<p>Una velada a ritmo de los Bee Gees a cargo de una de las bandas tributo más acreditadas y fieles a los Bee Gees. </p>

<!-- This site is optimized with the Yoast SEO plugin v27.3 - https://yoast.com/product/yoast-seo-wordpress/ -->
<title>Cover Night - The Tree Gees - Visit Amalfi</title>
<meta name="robots" content="index, follow, max-snippet:-1, max-image-preview:large, max-video-preview:-1" />
<link rel="canonical" href="https://www.visitamalfi.info/es/evento/cover-night-the-tree-gees/" />
<meta property="og:locale" content="es_ES" />
<meta property="og:type" content="article" />
<meta property="og:title" content="Cover Night - The Tree Gees - Visit Amalfi" />
<meta property="og:description" content="Una velada a ritmo de los Bee Gees a cargo de una de las bandas tributo más acreditadas y fieles a los Bee Gees." />
<meta property="og:url" content="https://www.visitamalfi.info/es/evento/cover-night-the-tree-gees/" />
<meta property="og:site_name" content="Visit Amalfi" />
<meta property="article:publisher" content="https://www.facebook.com/visitamalfiofficial" />
<meta property="article:modified_time" content="2023-07-12T14:17:34+00:00" />
<meta name="twitter:card" content="summary_large_image" />
<meta name="twitter:label1" content="Tiempo de lectura" />
	<meta name="twitter:data1" content="1 minuto" />
<script type="application/ld+json" class="yoast-schema-graph">{"@context":"https:\/\/schema.org","@graph":[{"@type":"WebPage","@id":"https:\/\/www.visitamalfi.info\/es\/evento\/cover-night-the-tree-gees\/","url":"https:\/\/www.visitamalfi.info\/es\/evento\/cover-night-the-tree-gees\/","name":"Cover Night - The Tree Gees - Visit Amalfi","isPartOf":{"@id":"https:\/\/www.visitamalfi.info\/es\/#website"},"datePublished":"2023-06-07T16:50:49+00:00","dateModified":"2023-07-12T14:17:34+00:00","breadcrumb":{"@id":"https:\/\/www.visitamalfi.info\/es\/evento\/cover-night-the-tree-gees\/#breadcrumb"},"inLanguage":"es","potentialAction":[{"@type":"ReadAction","target":["https:\/\/www.visitamalfi.info\/es\/evento\/cover-night-the-tree-gees\/"]}]},{"@type":"BreadcrumbList","@id":"https:\/\/www.visitamalfi.info\/es\/evento\/cover-night-the-tree-gees\/#breadcrumb","itemListElement":[{"@type":"ListItem","position":1,"name":"Home","item":"https:\/\/www.visitamalfi.info\/es\/"},{"@type":"ListItem","position":2,"name":"Eventos","item":"https:\/\/www.visitamalfi.info\/es\/eventi\/"},{"@type":"ListItem","position":3,"name":"Cover Night &#8211; The Tree Gees"}]},{"@type":"WebSite","@id":"https:\/\/www.visitamalfi.info\/es\/#website","url":"https:\/\/www.visitamalfi.info\/es\/","name":"Visit Amalfi","description":"Amalfi Destination Official Website","publisher":{"@id":"https:\/\/www.visitamalfi.info\/es\/#organization"},"potentialAction":[{"@type":"SearchAction","target":{"@type":"EntryPoint","urlTemplate":"https:\/\/www.visitamalfi.info\/es\/?s={search_term_string}"},"query-input":{"@type":"PropertyValueSpecification","valueRequired":true,"valueName":"search_term_string"}}],"inLanguage":"es"},{"@type":"Organization","@id":"https:\/\/www.visitamalfi.info\/es\/#organization","name":"Visit Amalfi","url":"https:\/\/www.visitamalfi.info\/es\/","logo":{"@type":"ImageObject","inLanguage":"es","@id":"https:\/\/www.visitamalfi.info\/es\/#\/schema\/logo\/image\/","url":"https:\/\/www.visitamalfi.info\/wp-content\/uploads\/2023\/04\/visit-amalfi-logo-web.png","contentUrl":"https:\/\/www.visitamalfi.info\/wp-content\/uploads\/2023\/04\/visit-amalfi-logo-web.png","width":800,"height":870,"caption":"Visit Amalfi"},"image":{"@id":"https:\/\/www.visitamalfi.info\/es\/#\/schema\/logo\/image\/"},"sameAs":["https:\/\/www.facebook.com\/visitamalfiofficial","https:\/\/www.instagram.com\/visitamalfiofficial\/"]}]}</script>
<!-- / Yoast SEO plugin. -->

Una velada a ritmo de los Bee Gees a cargo de una de las bandas tributo más acreditadas y fieles a los Bee Gees.
