{"id":7829,"date":"2023-06-07T18:50:49","date_gmt":"2023-06-07T16:50:49","guid":{"rendered":"https:\/\/www.visitamalfi.info\/evento\/amalfi-en-jazz-joy-salinas\/"},"modified":"2023-07-12T16:08:56","modified_gmt":"2023-07-12T14:08:56","slug":"amalfi-en-jazz-joy-salinas","status":"publish","type":"tribe_events","link":"https:\/\/www.visitamalfi.info\/es\/evento\/amalfi-en-jazz-joy-salinas\/","title":{"rendered":"Amalfi en Jazz &#8211; Joy Salinas"},"content":{"rendered":"<p>Una velada fascinante que cruzar\u00e1 blues, jazz y soul. <strong>Joy Salinas<\/strong>, una cantante con una voz c\u00e1lida, encantadora, conmovedora y una modulaci\u00f3n que da fe de su profunda pasi\u00f3n por el jazz. De origen filipino, empez\u00f3 a tocar la guitarra muy joven, y m\u00e1s tarde se dedic\u00f3 a cantar y a actuar en conciertos de guitarra y canto. En Italia, desde los a\u00f1os ochenta, cosech\u00f3 numerosos \u00e9xitos con canciones bailables como <em>Rockin&#8217; Romance<\/em>, con la que particip\u00f3 en el Festivalbar en 1991. Un espect\u00e1culo de funky-jazz en directo con una banda extraordinaria que envolver\u00e1 al p\u00fablico en un viaje musical \u00fanico e internacional.<\/p>\n","protected":false},"excerpt":{"rendered":"<p>Blues, jazz y soul en una sola velada de la mano de Joy Salinas, un viaje musical \u00fanico e internacional que tendr\u00e1 como tel\u00f3n de fondo la maravillosa ciudad de Amalfi. <\/p>\n","protected":false},"author":7,"featured_media":4095,"template":"","meta":{"inline_featured_image":false,"_tribe_events_status":"","_tribe_events_status_reason":"","footnotes":""},"tags":[609,265,366,364,363,607,608,606,605,604,365,559],"tribe_events_cat":[611,610,372,371],"class_list":["post-7829","tribe_events","type-tribe_events","status-publish","has-post-thumbnail","hentry","tag-alma","tag-amalfi-es","tag-amalficity-es","tag-amalficoastevent-es","tag-amalfiinjazz-es","tag-blues-es","tag-jazz-es","tag-jazzinthenight-es","tag-joysalinas-es","tag-musica","tag-musicinamalficoast-es","tag-verano2023","tribe_events_cat-alma","tribe_events_cat-blues-es","tribe_events_cat-jazz-es","tribe_events_cat-musica-dal-vivo-es","cat_alma","cat_blues-es","cat_jazz-es","cat_musica-dal-vivo-es"],"yoast_head":"<!-- This site is optimized with the Yoast SEO plugin v27.3 - https:\/\/yoast.com\/product\/yoast-seo-wordpress\/ -->\n<title>Amalfi en Jazz - Joy Salinas - Visit Amalfi<\/title>\n<meta name=\"robots\" content=\"index, follow, max-snippet:-1, max-image-preview:large, max-video-preview:-1\" \/>\n<link rel=\"canonical\" href=\"https:\/\/www.visitamalfi.info\/es\/evento\/amalfi-en-jazz-joy-salinas\/\" \/>\n<meta property=\"og:locale\" content=\"es_ES\" \/>\n<meta property=\"og:type\" content=\"article\" \/>\n<meta property=\"og:title\" content=\"Amalfi en Jazz - Joy Salinas - Visit Amalfi\" \/>\n<meta property=\"og:description\" content=\"Blues, jazz y soul en una sola velada de la mano de Joy Salinas, un viaje musical \u00fanico e internacional que tendr\u00e1 como tel\u00f3n de fondo la maravillosa ciudad de Amalfi.\" \/>\n<meta property=\"og:url\" content=\"https:\/\/www.visitamalfi.info\/es\/evento\/amalfi-en-jazz-joy-salinas\/\" \/>\n<meta property=\"og:site_name\" content=\"Visit Amalfi\" \/>\n<meta property=\"article:publisher\" content=\"https:\/\/www.facebook.com\/visitamalfiofficial\" \/>\n<meta property=\"article:modified_time\" content=\"2023-07-12T14:08:56+00:00\" \/>\n<meta property=\"og:image\" content=\"https:\/\/www.visitamalfi.info\/wp-content\/uploads\/2023\/06\/joy_salinas-1.jpg\" \/>\n\t<meta property=\"og:image:width\" content=\"184\" \/>\n\t<meta property=\"og:image:height\" content=\"250\" \/>\n\t<meta property=\"og:image:type\" content=\"image\/jpeg\" \/>\n<meta name=\"twitter:card\" content=\"summary_large_image\" \/>\n<meta name=\"twitter:label1\" content=\"Tiempo de lectura\" \/>\n\t<meta name=\"twitter:data1\" content=\"1 minuto\" \/>\n<script type=\"application\/ld+json\" class=\"yoast-schema-graph\">{\"@context\":\"https:\\\/\\\/schema.org\",\"@graph\":[{\"@type\":\"WebPage\",\"@id\":\"https:\\\/\\\/www.visitamalfi.info\\\/es\\\/evento\\\/amalfi-en-jazz-joy-salinas\\\/\",\"url\":\"https:\\\/\\\/www.visitamalfi.info\\\/es\\\/evento\\\/amalfi-en-jazz-joy-salinas\\\/\",\"name\":\"Amalfi en Jazz - Joy Salinas - Visit Amalfi\",\"isPartOf\":{\"@id\":\"https:\\\/\\\/www.visitamalfi.info\\\/es\\\/#website\"},\"primaryImageOfPage\":{\"@id\":\"https:\\\/\\\/www.visitamalfi.info\\\/es\\\/evento\\\/amalfi-en-jazz-joy-salinas\\\/#primaryimage\"},\"image\":{\"@id\":\"https:\\\/\\\/www.visitamalfi.info\\\/es\\\/evento\\\/amalfi-en-jazz-joy-salinas\\\/#primaryimage\"},\"thumbnailUrl\":\"https:\\\/\\\/www.visitamalfi.info\\\/wp-content\\\/uploads\\\/2023\\\/06\\\/joy_salinas-1.jpg\",\"datePublished\":\"2023-06-07T16:50:49+00:00\",\"dateModified\":\"2023-07-12T14:08:56+00:00\",\"breadcrumb\":{\"@id\":\"https:\\\/\\\/www.visitamalfi.info\\\/es\\\/evento\\\/amalfi-en-jazz-joy-salinas\\\/#breadcrumb\"},\"inLanguage\":\"es\",\"potentialAction\":[{\"@type\":\"ReadAction\",\"target\":[\"https:\\\/\\\/www.visitamalfi.info\\\/es\\\/evento\\\/amalfi-en-jazz-joy-salinas\\\/\"]}]},{\"@type\":\"ImageObject\",\"inLanguage\":\"es\",\"@id\":\"https:\\\/\\\/www.visitamalfi.info\\\/es\\\/evento\\\/amalfi-en-jazz-joy-salinas\\\/#primaryimage\",\"url\":\"https:\\\/\\\/www.visitamalfi.info\\\/wp-content\\\/uploads\\\/2023\\\/06\\\/joy_salinas-1.jpg\",\"contentUrl\":\"https:\\\/\\\/www.visitamalfi.info\\\/wp-content\\\/uploads\\\/2023\\\/06\\\/joy_salinas-1.jpg\",\"width\":184,\"height\":250},{\"@type\":\"BreadcrumbList\",\"@id\":\"https:\\\/\\\/www.visitamalfi.info\\\/es\\\/evento\\\/amalfi-en-jazz-joy-salinas\\\/#breadcrumb\",\"itemListElement\":[{\"@type\":\"ListItem\",\"position\":1,\"name\":\"Home\",\"item\":\"https:\\\/\\\/www.visitamalfi.info\\\/es\\\/\"},{\"@type\":\"ListItem\",\"position\":2,\"name\":\"Eventos\",\"item\":\"https:\\\/\\\/www.visitamalfi.info\\\/es\\\/eventi\\\/\"},{\"@type\":\"ListItem\",\"position\":3,\"name\":\"Amalfi en Jazz &#8211; Joy Salinas\"}]},{\"@type\":\"WebSite\",\"@id\":\"https:\\\/\\\/www.visitamalfi.info\\\/es\\\/#website\",\"url\":\"https:\\\/\\\/www.visitamalfi.info\\\/es\\\/\",\"name\":\"Visit Amalfi\",\"description\":\"Amalfi Destination Official Website\",\"publisher\":{\"@id\":\"https:\\\/\\\/www.visitamalfi.info\\\/es\\\/#organization\"},\"potentialAction\":[{\"@type\":\"SearchAction\",\"target\":{\"@type\":\"EntryPoint\",\"urlTemplate\":\"https:\\\/\\\/www.visitamalfi.info\\\/es\\\/?s={search_term_string}\"},\"query-input\":{\"@type\":\"PropertyValueSpecification\",\"valueRequired\":true,\"valueName\":\"search_term_string\"}}],\"inLanguage\":\"es\"},{\"@type\":\"Organization\",\"@id\":\"https:\\\/\\\/www.visitamalfi.info\\\/es\\\/#organization\",\"name\":\"Visit Amalfi\",\"url\":\"https:\\\/\\\/www.visitamalfi.info\\\/es\\\/\",\"logo\":{\"@type\":\"ImageObject\",\"inLanguage\":\"es\",\"@id\":\"https:\\\/\\\/www.visitamalfi.info\\\/es\\\/#\\\/schema\\\/logo\\\/image\\\/\",\"url\":\"https:\\\/\\\/www.visitamalfi.info\\\/wp-content\\\/uploads\\\/2023\\\/04\\\/visit-amalfi-logo-web.png\",\"contentUrl\":\"https:\\\/\\\/www.visitamalfi.info\\\/wp-content\\\/uploads\\\/2023\\\/04\\\/visit-amalfi-logo-web.png\",\"width\":800,\"height\":870,\"caption\":\"Visit Amalfi\"},\"image\":{\"@id\":\"https:\\\/\\\/www.visitamalfi.info\\\/es\\\/#\\\/schema\\\/logo\\\/image\\\/\"},\"sameAs\":[\"https:\\\/\\\/www.facebook.com\\\/visitamalfiofficial\",\"https:\\\/\\\/www.instagram.com\\\/visitamalfiofficial\\\/\"]}]}<\/script>\n<!-- \/ Yoast SEO plugin. -->","yoast_head_json":{"title":"Amalfi en Jazz - Joy Salinas - Visit Amalfi","robots":{"index":"index","follow":"follow","max-snippet":"max-snippet:-1","max-image-preview":"max-image-preview:large","max-video-preview":"max-video-preview:-1"},"canonical":"https:\/\/www.visitamalfi.info\/es\/evento\/amalfi-en-jazz-joy-salinas\/","og_locale":"es_ES","og_type":"article","og_title":"Amalfi en Jazz - Joy Salinas - Visit Amalfi","og_description":"Blues, jazz y soul en una sola velada de la mano de Joy Salinas, un viaje musical \u00fanico e internacional que tendr\u00e1 como tel\u00f3n de fondo la maravillosa ciudad de Amalfi.","og_url":"https:\/\/www.visitamalfi.info\/es\/evento\/amalfi-en-jazz-joy-salinas\/","og_site_name":"Visit Amalfi","article_publisher":"https:\/\/www.facebook.com\/visitamalfiofficial","article_modified_time":"2023-07-12T14:08:56+00:00","og_image":[{"width":184,"height":250,"url":"https:\/\/www.visitamalfi.info\/wp-content\/uploads\/2023\/06\/joy_salinas-1.jpg","type":"image\/jpeg"}],"twitter_card":"summary_large_image","twitter_misc":{"Tiempo de lectura":"1 minuto"},"schema":{"@context":"https:\/\/schema.org","@graph":[{"@type":"WebPage","@id":"https:\/\/www.visitamalfi.info\/es\/evento\/amalfi-en-jazz-joy-salinas\/","url":"https:\/\/www.visitamalfi.info\/es\/evento\/amalfi-en-jazz-joy-salinas\/","name":"Amalfi en Jazz - Joy Salinas - Visit Amalfi","isPartOf":{"@id":"https:\/\/www.visitamalfi.info\/es\/#website"},"primaryImageOfPage":{"@id":"https:\/\/www.visitamalfi.info\/es\/evento\/amalfi-en-jazz-joy-salinas\/#primaryimage"},"image":{"@id":"https:\/\/www.visitamalfi.info\/es\/evento\/amalfi-en-jazz-joy-salinas\/#primaryimage"},"thumbnailUrl":"https:\/\/www.visitamalfi.info\/wp-content\/uploads\/2023\/06\/joy_salinas-1.jpg","datePublished":"2023-06-07T16:50:49+00:00","dateModified":"2023-07-12T14:08:56+00:00","breadcrumb":{"@id":"https:\/\/www.visitamalfi.info\/es\/evento\/amalfi-en-jazz-joy-salinas\/#breadcrumb"},"inLanguage":"es","potentialAction":[{"@type":"ReadAction","target":["https:\/\/www.visitamalfi.info\/es\/evento\/amalfi-en-jazz-joy-salinas\/"]}]},{"@type":"ImageObject","inLanguage":"es","@id":"https:\/\/www.visitamalfi.info\/es\/evento\/amalfi-en-jazz-joy-salinas\/#primaryimage","url":"https:\/\/www.visitamalfi.info\/wp-content\/uploads\/2023\/06\/joy_salinas-1.jpg","contentUrl":"https:\/\/www.visitamalfi.info\/wp-content\/uploads\/2023\/06\/joy_salinas-1.jpg","width":184,"height":250},{"@type":"BreadcrumbList","@id":"https:\/\/www.visitamalfi.info\/es\/evento\/amalfi-en-jazz-joy-salinas\/#breadcrumb","itemListElement":[{"@type":"ListItem","position":1,"name":"Home","item":"https:\/\/www.visitamalfi.info\/es\/"},{"@type":"ListItem","position":2,"name":"Eventos","item":"https:\/\/www.visitamalfi.info\/es\/eventi\/"},{"@type":"ListItem","position":3,"name":"Amalfi en Jazz &#8211; Joy Salinas"}]},{"@type":"WebSite","@id":"https:\/\/www.visitamalfi.info\/es\/#website","url":"https:\/\/www.visitamalfi.info\/es\/","name":"Visit Amalfi","description":"Amalfi Destination Official Website","publisher":{"@id":"https:\/\/www.visitamalfi.info\/es\/#organization"},"potentialAction":[{"@type":"SearchAction","target":{"@type":"EntryPoint","urlTemplate":"https:\/\/www.visitamalfi.info\/es\/?s={search_term_string}"},"query-input":{"@type":"PropertyValueSpecification","valueRequired":true,"valueName":"search_term_string"}}],"inLanguage":"es"},{"@type":"Organization","@id":"https:\/\/www.visitamalfi.info\/es\/#organization","name":"Visit Amalfi","url":"https:\/\/www.visitamalfi.info\/es\/","logo":{"@type":"ImageObject","inLanguage":"es","@id":"https:\/\/www.visitamalfi.info\/es\/#\/schema\/logo\/image\/","url":"https:\/\/www.visitamalfi.info\/wp-content\/uploads\/2023\/04\/visit-amalfi-logo-web.png","contentUrl":"https:\/\/www.visitamalfi.info\/wp-content\/uploads\/2023\/04\/visit-amalfi-logo-web.png","width":800,"height":870,"caption":"Visit Amalfi"},"image":{"@id":"https:\/\/www.visitamalfi.info\/es\/#\/schema\/logo\/image\/"},"sameAs":["https:\/\/www.facebook.com\/visitamalfiofficial","https:\/\/www.instagram.com\/visitamalfiofficial\/"]}]}},"_links":{"self":[{"href":"https:\/\/www.visitamalfi.info\/es\/wp-json\/wp\/v2\/tribe_events\/7829","targetHints":{"allow":["GET"]}}],"collection":[{"href":"https:\/\/www.visitamalfi.info\/es\/wp-json\/wp\/v2\/tribe_events"}],"about":[{"href":"https:\/\/www.visitamalfi.info\/es\/wp-json\/wp\/v2\/types\/tribe_events"}],"author":[{"embeddable":true,"href":"https:\/\/www.visitamalfi.info\/es\/wp-json\/wp\/v2\/users\/7"}],"version-history":[{"count":1,"href":"https:\/\/www.visitamalfi.info\/es\/wp-json\/wp\/v2\/tribe_events\/7829\/revisions"}],"predecessor-version":[{"id":7831,"href":"https:\/\/www.visitamalfi.info\/es\/wp-json\/wp\/v2\/tribe_events\/7829\/revisions\/7831"}],"wp:featuredmedia":[{"embeddable":true,"href":"https:\/\/www.visitamalfi.info\/es\/wp-json\/wp\/v2\/media\/4095"}],"wp:attachment":[{"href":"https:\/\/www.visitamalfi.info\/es\/wp-json\/wp\/v2\/media?parent=7829"}],"wp:term":[{"taxonomy":"post_tag","embeddable":true,"href":"https:\/\/www.visitamalfi.info\/es\/wp-json\/wp\/v2\/tags?post=7829"},{"taxonomy":"tribe_events_cat","embeddable":true,"href":"https:\/\/www.visitamalfi.info\/es\/wp-json\/wp\/v2\/tribe_events_cat?post=7829"}],"curies":[{"name":"wp","href":"https:\/\/api.w.org\/{rel}","templated":true}]}}

<p>Una velada fascinante que cruzará blues, jazz y soul. <strong>Joy Salinas</strong>, una cantante con una voz cálida, encantadora, conmovedora y una modulación que da fe de su profunda pasión por el jazz. De origen filipino, empezó a tocar la guitarra muy joven, y más tarde se dedicó a cantar y a actuar en conciertos de guitarra y canto. En Italia, desde los años ochenta, cosechó numerosos éxitos con canciones bailables como <em>Rockin&#8217; Romance</em>, con la que participó en el Festivalbar en 1991. Un espectáculo de funky-jazz en directo con una banda extraordinaria que envolverá al público en un viaje musical único e internacional.</p>

<p>Blues, jazz y soul en una sola velada de la mano de Joy Salinas, un viaje musical único e internacional que tendrá como telón de fondo la maravillosa ciudad de Amalfi. </p>

<!-- This site is optimized with the Yoast SEO plugin v27.3 - https://yoast.com/product/yoast-seo-wordpress/ -->
<title>Amalfi en Jazz - Joy Salinas - Visit Amalfi</title>
<meta name="robots" content="index, follow, max-snippet:-1, max-image-preview:large, max-video-preview:-1" />
<link rel="canonical" href="https://www.visitamalfi.info/es/evento/amalfi-en-jazz-joy-salinas/" />
<meta property="og:locale" content="es_ES" />
<meta property="og:type" content="article" />
<meta property="og:title" content="Amalfi en Jazz - Joy Salinas - Visit Amalfi" />
<meta property="og:description" content="Blues, jazz y soul en una sola velada de la mano de Joy Salinas, un viaje musical único e internacional que tendrá como telón de fondo la maravillosa ciudad de Amalfi." />
<meta property="og:url" content="https://www.visitamalfi.info/es/evento/amalfi-en-jazz-joy-salinas/" />
<meta property="og:site_name" content="Visit Amalfi" />
<meta property="article:publisher" content="https://www.facebook.com/visitamalfiofficial" />
<meta property="article:modified_time" content="2023-07-12T14:08:56+00:00" />
<meta property="og:image" content="https://www.visitamalfi.info/wp-content/uploads/2023/06/joy_salinas-1.jpg" />
	<meta property="og:image:width" content="184" />
	<meta property="og:image:height" content="250" />
	<meta property="og:image:type" content="image/jpeg" />
<meta name="twitter:card" content="summary_large_image" />
<meta name="twitter:label1" content="Tiempo de lectura" />
	<meta name="twitter:data1" content="1 minuto" />
<script type="application/ld+json" class="yoast-schema-graph">{"@context":"https:\/\/schema.org","@graph":[{"@type":"WebPage","@id":"https:\/\/www.visitamalfi.info\/es\/evento\/amalfi-en-jazz-joy-salinas\/","url":"https:\/\/www.visitamalfi.info\/es\/evento\/amalfi-en-jazz-joy-salinas\/","name":"Amalfi en Jazz - Joy Salinas - Visit Amalfi","isPartOf":{"@id":"https:\/\/www.visitamalfi.info\/es\/#website"},"primaryImageOfPage":{"@id":"https:\/\/www.visitamalfi.info\/es\/evento\/amalfi-en-jazz-joy-salinas\/#primaryimage"},"image":{"@id":"https:\/\/www.visitamalfi.info\/es\/evento\/amalfi-en-jazz-joy-salinas\/#primaryimage"},"thumbnailUrl":"https:\/\/www.visitamalfi.info\/wp-content\/uploads\/2023\/06\/joy_salinas-1.jpg","datePublished":"2023-06-07T16:50:49+00:00","dateModified":"2023-07-12T14:08:56+00:00","breadcrumb":{"@id":"https:\/\/www.visitamalfi.info\/es\/evento\/amalfi-en-jazz-joy-salinas\/#breadcrumb"},"inLanguage":"es","potentialAction":[{"@type":"ReadAction","target":["https:\/\/www.visitamalfi.info\/es\/evento\/amalfi-en-jazz-joy-salinas\/"]}]},{"@type":"ImageObject","inLanguage":"es","@id":"https:\/\/www.visitamalfi.info\/es\/evento\/amalfi-en-jazz-joy-salinas\/#primaryimage","url":"https:\/\/www.visitamalfi.info\/wp-content\/uploads\/2023\/06\/joy_salinas-1.jpg","contentUrl":"https:\/\/www.visitamalfi.info\/wp-content\/uploads\/2023\/06\/joy_salinas-1.jpg","width":184,"height":250},{"@type":"BreadcrumbList","@id":"https:\/\/www.visitamalfi.info\/es\/evento\/amalfi-en-jazz-joy-salinas\/#breadcrumb","itemListElement":[{"@type":"ListItem","position":1,"name":"Home","item":"https:\/\/www.visitamalfi.info\/es\/"},{"@type":"ListItem","position":2,"name":"Eventos","item":"https:\/\/www.visitamalfi.info\/es\/eventi\/"},{"@type":"ListItem","position":3,"name":"Amalfi en Jazz &#8211; Joy Salinas"}]},{"@type":"WebSite","@id":"https:\/\/www.visitamalfi.info\/es\/#website","url":"https:\/\/www.visitamalfi.info\/es\/","name":"Visit Amalfi","description":"Amalfi Destination Official Website","publisher":{"@id":"https:\/\/www.visitamalfi.info\/es\/#organization"},"potentialAction":[{"@type":"SearchAction","target":{"@type":"EntryPoint","urlTemplate":"https:\/\/www.visitamalfi.info\/es\/?s={search_term_string}"},"query-input":{"@type":"PropertyValueSpecification","valueRequired":true,"valueName":"search_term_string"}}],"inLanguage":"es"},{"@type":"Organization","@id":"https:\/\/www.visitamalfi.info\/es\/#organization","name":"Visit Amalfi","url":"https:\/\/www.visitamalfi.info\/es\/","logo":{"@type":"ImageObject","inLanguage":"es","@id":"https:\/\/www.visitamalfi.info\/es\/#\/schema\/logo\/image\/","url":"https:\/\/www.visitamalfi.info\/wp-content\/uploads\/2023\/04\/visit-amalfi-logo-web.png","contentUrl":"https:\/\/www.visitamalfi.info\/wp-content\/uploads\/2023\/04\/visit-amalfi-logo-web.png","width":800,"height":870,"caption":"Visit Amalfi"},"image":{"@id":"https:\/\/www.visitamalfi.info\/es\/#\/schema\/logo\/image\/"},"sameAs":["https:\/\/www.facebook.com\/visitamalfiofficial","https:\/\/www.instagram.com\/visitamalfiofficial\/"]}]}</script>
<!-- / Yoast SEO plugin. -->

Blues, jazz y soul en una sola velada de la mano de Joy Salinas, un viaje musical único e internacional que tendrá como telón de fondo la maravillosa ciudad de Amalfi.
