{"id":7823,"date":"2023-06-07T18:50:49","date_gmt":"2023-06-07T16:50:49","guid":{"rendered":"https:\/\/www.visitamalfi.info\/evento\/borghi-in-festa-pogerola\/"},"modified":"2023-07-12T16:04:26","modified_gmt":"2023-07-12T14:04:26","slug":"borghi-in-festa-pogerola","status":"publish","type":"tribe_events","link":"https:\/\/www.visitamalfi.info\/es\/evento\/borghi-in-festa-pogerola\/","title":{"rendered":"Borghi in Festa-Pogerola"},"content":{"rendered":"<p><strong><em>Concierto de La Piccola Orchestra Popolare C.O. Panzillo<\/em><\/strong><\/p>\n<p>La <em>Piccola Orchestra Popolare C.O. Panzillo <\/em>fue fundada en 2001 por aficionados a la m\u00fasica y la poes\u00eda, cultos y tradicionales, de la regi\u00f3n de Campania. Los diferentes gustos musicales de los miembros del grupo han dado como resultado un repertorio variado, tanto vocal como instrumental, que combina piezas conocidas con otras de m\u00e9rito. La idea de las actuaciones es representar las formas compuestas y articuladas de la m\u00fasica napolitana ofreciendo al p\u00fablico la oportunidad de escucharla en forma de breve compendio. El preciso sesgo art\u00edstico, hacia un camino tambi\u00e9n de car\u00e1cter filol\u00f3gico, determina que cada pieza se interprete con el rigor de los estilos y las intenciones originales de la \u00e9poca, sin renunciar por ello a interpretaciones personales pero respetuosas. Con <strong>Nuccia Paolillo, Antonio Marasca, Massimiliano D&#8217;Alessandro, Bruno Paura, Luca Di Muzio, Simone Cretella<\/strong> y <strong>Rosanna Fanzo<\/strong>.<\/p>\n","protected":false},"excerpt":{"rendered":"<p>Un repertorio variado, tanto vocal como instrumental, que representa las formas compuestas y articuladas de la m\u00fasica napolitana.<\/p>\n","protected":false},"author":7,"featured_media":4085,"template":"","meta":{"inline_featured_image":false,"_tribe_events_status":"","_tribe_events_status_reason":"","footnotes":""},"tags":[560,565,567,568,566,561,564,563,562,570,569,559],"tribe_events_cat":[371,571,572],"class_list":["post-7823","tribe_events","type-tribe_events","status-publish","has-post-thumbnail","hentry","tag-amalfievent-es","tag-antonio-marasca-es","tag-bruno-miedo","tag-luca-di-muzio-es","tag-massimiliano-dalessandro-es","tag-musicaenamalfi","tag-nuccia-paolillo-es","tag-panzillo-es","tag-pequena-orquesta-popular","tag-rosanna-fanzo-es","tag-simone-cretella-es","tag-verano2023","tribe_events_cat-musica-dal-vivo-es","tribe_events_cat-musica-italiana-es","tribe_events_cat-tradicion","cat_musica-dal-vivo-es","cat_musica-italiana-es","cat_tradicion"],"yoast_head":"<!-- This site is optimized with the Yoast SEO plugin v27.3 - https:\/\/yoast.com\/product\/yoast-seo-wordpress\/ -->\n<title>Borghi in Festa-Pogerola - Visit Amalfi<\/title>\n<meta name=\"robots\" content=\"index, follow, max-snippet:-1, max-image-preview:large, max-video-preview:-1\" \/>\n<link rel=\"canonical\" href=\"https:\/\/www.visitamalfi.info\/es\/evento\/borghi-in-festa-pogerola\/\" \/>\n<meta property=\"og:locale\" content=\"es_ES\" \/>\n<meta property=\"og:type\" content=\"article\" \/>\n<meta property=\"og:title\" content=\"Borghi in Festa-Pogerola - Visit Amalfi\" \/>\n<meta property=\"og:description\" content=\"Un repertorio variado, tanto vocal como instrumental, que representa las formas compuestas y articuladas de la m\u00fasica napolitana.\" \/>\n<meta property=\"og:url\" content=\"https:\/\/www.visitamalfi.info\/es\/evento\/borghi-in-festa-pogerola\/\" \/>\n<meta property=\"og:site_name\" content=\"Visit Amalfi\" \/>\n<meta property=\"article:publisher\" content=\"https:\/\/www.facebook.com\/visitamalfiofficial\" \/>\n<meta property=\"article:modified_time\" content=\"2023-07-12T14:04:26+00:00\" \/>\n<meta property=\"og:image\" content=\"https:\/\/www.visitamalfi.info\/wp-content\/uploads\/2023\/06\/pogerola-001.webp\" \/>\n\t<meta property=\"og:image:width\" content=\"1152\" \/>\n\t<meta property=\"og:image:height\" content=\"768\" \/>\n\t<meta property=\"og:image:type\" content=\"image\/webp\" \/>\n<meta name=\"twitter:card\" content=\"summary_large_image\" \/>\n<meta name=\"twitter:label1\" content=\"Tiempo de lectura\" \/>\n\t<meta name=\"twitter:data1\" content=\"1 minuto\" \/>\n<script type=\"application\/ld+json\" class=\"yoast-schema-graph\">{\"@context\":\"https:\\\/\\\/schema.org\",\"@graph\":[{\"@type\":\"WebPage\",\"@id\":\"https:\\\/\\\/www.visitamalfi.info\\\/es\\\/evento\\\/borghi-in-festa-pogerola\\\/\",\"url\":\"https:\\\/\\\/www.visitamalfi.info\\\/es\\\/evento\\\/borghi-in-festa-pogerola\\\/\",\"name\":\"Borghi in Festa-Pogerola - Visit Amalfi\",\"isPartOf\":{\"@id\":\"https:\\\/\\\/www.visitamalfi.info\\\/es\\\/#website\"},\"primaryImageOfPage\":{\"@id\":\"https:\\\/\\\/www.visitamalfi.info\\\/es\\\/evento\\\/borghi-in-festa-pogerola\\\/#primaryimage\"},\"image\":{\"@id\":\"https:\\\/\\\/www.visitamalfi.info\\\/es\\\/evento\\\/borghi-in-festa-pogerola\\\/#primaryimage\"},\"thumbnailUrl\":\"https:\\\/\\\/www.visitamalfi.info\\\/wp-content\\\/uploads\\\/2023\\\/06\\\/pogerola-001.webp\",\"datePublished\":\"2023-06-07T16:50:49+00:00\",\"dateModified\":\"2023-07-12T14:04:26+00:00\",\"breadcrumb\":{\"@id\":\"https:\\\/\\\/www.visitamalfi.info\\\/es\\\/evento\\\/borghi-in-festa-pogerola\\\/#breadcrumb\"},\"inLanguage\":\"es\",\"potentialAction\":[{\"@type\":\"ReadAction\",\"target\":[\"https:\\\/\\\/www.visitamalfi.info\\\/es\\\/evento\\\/borghi-in-festa-pogerola\\\/\"]}]},{\"@type\":\"ImageObject\",\"inLanguage\":\"es\",\"@id\":\"https:\\\/\\\/www.visitamalfi.info\\\/es\\\/evento\\\/borghi-in-festa-pogerola\\\/#primaryimage\",\"url\":\"https:\\\/\\\/www.visitamalfi.info\\\/wp-content\\\/uploads\\\/2023\\\/06\\\/pogerola-001.webp\",\"contentUrl\":\"https:\\\/\\\/www.visitamalfi.info\\\/wp-content\\\/uploads\\\/2023\\\/06\\\/pogerola-001.webp\",\"width\":1152,\"height\":768},{\"@type\":\"BreadcrumbList\",\"@id\":\"https:\\\/\\\/www.visitamalfi.info\\\/es\\\/evento\\\/borghi-in-festa-pogerola\\\/#breadcrumb\",\"itemListElement\":[{\"@type\":\"ListItem\",\"position\":1,\"name\":\"Home\",\"item\":\"https:\\\/\\\/www.visitamalfi.info\\\/es\\\/\"},{\"@type\":\"ListItem\",\"position\":2,\"name\":\"Eventos\",\"item\":\"https:\\\/\\\/www.visitamalfi.info\\\/es\\\/eventi\\\/\"},{\"@type\":\"ListItem\",\"position\":3,\"name\":\"Borghi in Festa-Pogerola\"}]},{\"@type\":\"WebSite\",\"@id\":\"https:\\\/\\\/www.visitamalfi.info\\\/es\\\/#website\",\"url\":\"https:\\\/\\\/www.visitamalfi.info\\\/es\\\/\",\"name\":\"Visit Amalfi\",\"description\":\"Amalfi Destination Official Website\",\"publisher\":{\"@id\":\"https:\\\/\\\/www.visitamalfi.info\\\/es\\\/#organization\"},\"potentialAction\":[{\"@type\":\"SearchAction\",\"target\":{\"@type\":\"EntryPoint\",\"urlTemplate\":\"https:\\\/\\\/www.visitamalfi.info\\\/es\\\/?s={search_term_string}\"},\"query-input\":{\"@type\":\"PropertyValueSpecification\",\"valueRequired\":true,\"valueName\":\"search_term_string\"}}],\"inLanguage\":\"es\"},{\"@type\":\"Organization\",\"@id\":\"https:\\\/\\\/www.visitamalfi.info\\\/es\\\/#organization\",\"name\":\"Visit Amalfi\",\"url\":\"https:\\\/\\\/www.visitamalfi.info\\\/es\\\/\",\"logo\":{\"@type\":\"ImageObject\",\"inLanguage\":\"es\",\"@id\":\"https:\\\/\\\/www.visitamalfi.info\\\/es\\\/#\\\/schema\\\/logo\\\/image\\\/\",\"url\":\"https:\\\/\\\/www.visitamalfi.info\\\/wp-content\\\/uploads\\\/2023\\\/04\\\/visit-amalfi-logo-web.png\",\"contentUrl\":\"https:\\\/\\\/www.visitamalfi.info\\\/wp-content\\\/uploads\\\/2023\\\/04\\\/visit-amalfi-logo-web.png\",\"width\":800,\"height\":870,\"caption\":\"Visit Amalfi\"},\"image\":{\"@id\":\"https:\\\/\\\/www.visitamalfi.info\\\/es\\\/#\\\/schema\\\/logo\\\/image\\\/\"},\"sameAs\":[\"https:\\\/\\\/www.facebook.com\\\/visitamalfiofficial\",\"https:\\\/\\\/www.instagram.com\\\/visitamalfiofficial\\\/\"]}]}<\/script>\n<!-- \/ Yoast SEO plugin. -->","yoast_head_json":{"title":"Borghi in Festa-Pogerola - Visit Amalfi","robots":{"index":"index","follow":"follow","max-snippet":"max-snippet:-1","max-image-preview":"max-image-preview:large","max-video-preview":"max-video-preview:-1"},"canonical":"https:\/\/www.visitamalfi.info\/es\/evento\/borghi-in-festa-pogerola\/","og_locale":"es_ES","og_type":"article","og_title":"Borghi in Festa-Pogerola - Visit Amalfi","og_description":"Un repertorio variado, tanto vocal como instrumental, que representa las formas compuestas y articuladas de la m\u00fasica napolitana.","og_url":"https:\/\/www.visitamalfi.info\/es\/evento\/borghi-in-festa-pogerola\/","og_site_name":"Visit Amalfi","article_publisher":"https:\/\/www.facebook.com\/visitamalfiofficial","article_modified_time":"2023-07-12T14:04:26+00:00","og_image":[{"width":1152,"height":768,"url":"https:\/\/www.visitamalfi.info\/wp-content\/uploads\/2023\/06\/pogerola-001.webp","type":"image\/webp"}],"twitter_card":"summary_large_image","twitter_misc":{"Tiempo de lectura":"1 minuto"},"schema":{"@context":"https:\/\/schema.org","@graph":[{"@type":"WebPage","@id":"https:\/\/www.visitamalfi.info\/es\/evento\/borghi-in-festa-pogerola\/","url":"https:\/\/www.visitamalfi.info\/es\/evento\/borghi-in-festa-pogerola\/","name":"Borghi in Festa-Pogerola - Visit Amalfi","isPartOf":{"@id":"https:\/\/www.visitamalfi.info\/es\/#website"},"primaryImageOfPage":{"@id":"https:\/\/www.visitamalfi.info\/es\/evento\/borghi-in-festa-pogerola\/#primaryimage"},"image":{"@id":"https:\/\/www.visitamalfi.info\/es\/evento\/borghi-in-festa-pogerola\/#primaryimage"},"thumbnailUrl":"https:\/\/www.visitamalfi.info\/wp-content\/uploads\/2023\/06\/pogerola-001.webp","datePublished":"2023-06-07T16:50:49+00:00","dateModified":"2023-07-12T14:04:26+00:00","breadcrumb":{"@id":"https:\/\/www.visitamalfi.info\/es\/evento\/borghi-in-festa-pogerola\/#breadcrumb"},"inLanguage":"es","potentialAction":[{"@type":"ReadAction","target":["https:\/\/www.visitamalfi.info\/es\/evento\/borghi-in-festa-pogerola\/"]}]},{"@type":"ImageObject","inLanguage":"es","@id":"https:\/\/www.visitamalfi.info\/es\/evento\/borghi-in-festa-pogerola\/#primaryimage","url":"https:\/\/www.visitamalfi.info\/wp-content\/uploads\/2023\/06\/pogerola-001.webp","contentUrl":"https:\/\/www.visitamalfi.info\/wp-content\/uploads\/2023\/06\/pogerola-001.webp","width":1152,"height":768},{"@type":"BreadcrumbList","@id":"https:\/\/www.visitamalfi.info\/es\/evento\/borghi-in-festa-pogerola\/#breadcrumb","itemListElement":[{"@type":"ListItem","position":1,"name":"Home","item":"https:\/\/www.visitamalfi.info\/es\/"},{"@type":"ListItem","position":2,"name":"Eventos","item":"https:\/\/www.visitamalfi.info\/es\/eventi\/"},{"@type":"ListItem","position":3,"name":"Borghi in Festa-Pogerola"}]},{"@type":"WebSite","@id":"https:\/\/www.visitamalfi.info\/es\/#website","url":"https:\/\/www.visitamalfi.info\/es\/","name":"Visit Amalfi","description":"Amalfi Destination Official Website","publisher":{"@id":"https:\/\/www.visitamalfi.info\/es\/#organization"},"potentialAction":[{"@type":"SearchAction","target":{"@type":"EntryPoint","urlTemplate":"https:\/\/www.visitamalfi.info\/es\/?s={search_term_string}"},"query-input":{"@type":"PropertyValueSpecification","valueRequired":true,"valueName":"search_term_string"}}],"inLanguage":"es"},{"@type":"Organization","@id":"https:\/\/www.visitamalfi.info\/es\/#organization","name":"Visit Amalfi","url":"https:\/\/www.visitamalfi.info\/es\/","logo":{"@type":"ImageObject","inLanguage":"es","@id":"https:\/\/www.visitamalfi.info\/es\/#\/schema\/logo\/image\/","url":"https:\/\/www.visitamalfi.info\/wp-content\/uploads\/2023\/04\/visit-amalfi-logo-web.png","contentUrl":"https:\/\/www.visitamalfi.info\/wp-content\/uploads\/2023\/04\/visit-amalfi-logo-web.png","width":800,"height":870,"caption":"Visit Amalfi"},"image":{"@id":"https:\/\/www.visitamalfi.info\/es\/#\/schema\/logo\/image\/"},"sameAs":["https:\/\/www.facebook.com\/visitamalfiofficial","https:\/\/www.instagram.com\/visitamalfiofficial\/"]}]}},"_links":{"self":[{"href":"https:\/\/www.visitamalfi.info\/es\/wp-json\/wp\/v2\/tribe_events\/7823","targetHints":{"allow":["GET"]}}],"collection":[{"href":"https:\/\/www.visitamalfi.info\/es\/wp-json\/wp\/v2\/tribe_events"}],"about":[{"href":"https:\/\/www.visitamalfi.info\/es\/wp-json\/wp\/v2\/types\/tribe_events"}],"author":[{"embeddable":true,"href":"https:\/\/www.visitamalfi.info\/es\/wp-json\/wp\/v2\/users\/7"}],"version-history":[{"count":1,"href":"https:\/\/www.visitamalfi.info\/es\/wp-json\/wp\/v2\/tribe_events\/7823\/revisions"}],"predecessor-version":[{"id":7824,"href":"https:\/\/www.visitamalfi.info\/es\/wp-json\/wp\/v2\/tribe_events\/7823\/revisions\/7824"}],"wp:featuredmedia":[{"embeddable":true,"href":"https:\/\/www.visitamalfi.info\/es\/wp-json\/wp\/v2\/media\/4085"}],"wp:attachment":[{"href":"https:\/\/www.visitamalfi.info\/es\/wp-json\/wp\/v2\/media?parent=7823"}],"wp:term":[{"taxonomy":"post_tag","embeddable":true,"href":"https:\/\/www.visitamalfi.info\/es\/wp-json\/wp\/v2\/tags?post=7823"},{"taxonomy":"tribe_events_cat","embeddable":true,"href":"https:\/\/www.visitamalfi.info\/es\/wp-json\/wp\/v2\/tribe_events_cat?post=7823"}],"curies":[{"name":"wp","href":"https:\/\/api.w.org\/{rel}","templated":true}]}}

<p><strong><em>Concierto de La Piccola Orchestra Popolare C.O. Panzillo</em></strong></p>
<p>La <em>Piccola Orchestra Popolare C.O. Panzillo </em>fue fundada en 2001 por aficionados a la música y la poesía, cultos y tradicionales, de la región de Campania. Los diferentes gustos musicales de los miembros del grupo han dado como resultado un repertorio variado, tanto vocal como instrumental, que combina piezas conocidas con otras de mérito. La idea de las actuaciones es representar las formas compuestas y articuladas de la música napolitana ofreciendo al público la oportunidad de escucharla en forma de breve compendio. El preciso sesgo artístico, hacia un camino también de carácter filológico, determina que cada pieza se interprete con el rigor de los estilos y las intenciones originales de la época, sin renunciar por ello a interpretaciones personales pero respetuosas. Con <strong>Nuccia Paolillo, Antonio Marasca, Massimiliano D&#8217;Alessandro, Bruno Paura, Luca Di Muzio, Simone Cretella</strong> y <strong>Rosanna Fanzo</strong>.</p>

<p>Un repertorio variado, tanto vocal como instrumental, que representa las formas compuestas y articuladas de la música napolitana.</p>

<!-- This site is optimized with the Yoast SEO plugin v27.3 - https://yoast.com/product/yoast-seo-wordpress/ -->
<title>Borghi in Festa-Pogerola - Visit Amalfi</title>
<meta name="robots" content="index, follow, max-snippet:-1, max-image-preview:large, max-video-preview:-1" />
<link rel="canonical" href="https://www.visitamalfi.info/es/evento/borghi-in-festa-pogerola/" />
<meta property="og:locale" content="es_ES" />
<meta property="og:type" content="article" />
<meta property="og:title" content="Borghi in Festa-Pogerola - Visit Amalfi" />
<meta property="og:description" content="Un repertorio variado, tanto vocal como instrumental, que representa las formas compuestas y articuladas de la música napolitana." />
<meta property="og:url" content="https://www.visitamalfi.info/es/evento/borghi-in-festa-pogerola/" />
<meta property="og:site_name" content="Visit Amalfi" />
<meta property="article:publisher" content="https://www.facebook.com/visitamalfiofficial" />
<meta property="article:modified_time" content="2023-07-12T14:04:26+00:00" />
<meta property="og:image" content="https://www.visitamalfi.info/wp-content/uploads/2023/06/pogerola-001.webp" />
	<meta property="og:image:width" content="1152" />
	<meta property="og:image:height" content="768" />
	<meta property="og:image:type" content="image/webp" />
<meta name="twitter:card" content="summary_large_image" />
<meta name="twitter:label1" content="Tiempo de lectura" />
	<meta name="twitter:data1" content="1 minuto" />
<script type="application/ld+json" class="yoast-schema-graph">{"@context":"https:\/\/schema.org","@graph":[{"@type":"WebPage","@id":"https:\/\/www.visitamalfi.info\/es\/evento\/borghi-in-festa-pogerola\/","url":"https:\/\/www.visitamalfi.info\/es\/evento\/borghi-in-festa-pogerola\/","name":"Borghi in Festa-Pogerola - Visit Amalfi","isPartOf":{"@id":"https:\/\/www.visitamalfi.info\/es\/#website"},"primaryImageOfPage":{"@id":"https:\/\/www.visitamalfi.info\/es\/evento\/borghi-in-festa-pogerola\/#primaryimage"},"image":{"@id":"https:\/\/www.visitamalfi.info\/es\/evento\/borghi-in-festa-pogerola\/#primaryimage"},"thumbnailUrl":"https:\/\/www.visitamalfi.info\/wp-content\/uploads\/2023\/06\/pogerola-001.webp","datePublished":"2023-06-07T16:50:49+00:00","dateModified":"2023-07-12T14:04:26+00:00","breadcrumb":{"@id":"https:\/\/www.visitamalfi.info\/es\/evento\/borghi-in-festa-pogerola\/#breadcrumb"},"inLanguage":"es","potentialAction":[{"@type":"ReadAction","target":["https:\/\/www.visitamalfi.info\/es\/evento\/borghi-in-festa-pogerola\/"]}]},{"@type":"ImageObject","inLanguage":"es","@id":"https:\/\/www.visitamalfi.info\/es\/evento\/borghi-in-festa-pogerola\/#primaryimage","url":"https:\/\/www.visitamalfi.info\/wp-content\/uploads\/2023\/06\/pogerola-001.webp","contentUrl":"https:\/\/www.visitamalfi.info\/wp-content\/uploads\/2023\/06\/pogerola-001.webp","width":1152,"height":768},{"@type":"BreadcrumbList","@id":"https:\/\/www.visitamalfi.info\/es\/evento\/borghi-in-festa-pogerola\/#breadcrumb","itemListElement":[{"@type":"ListItem","position":1,"name":"Home","item":"https:\/\/www.visitamalfi.info\/es\/"},{"@type":"ListItem","position":2,"name":"Eventos","item":"https:\/\/www.visitamalfi.info\/es\/eventi\/"},{"@type":"ListItem","position":3,"name":"Borghi in Festa-Pogerola"}]},{"@type":"WebSite","@id":"https:\/\/www.visitamalfi.info\/es\/#website","url":"https:\/\/www.visitamalfi.info\/es\/","name":"Visit Amalfi","description":"Amalfi Destination Official Website","publisher":{"@id":"https:\/\/www.visitamalfi.info\/es\/#organization"},"potentialAction":[{"@type":"SearchAction","target":{"@type":"EntryPoint","urlTemplate":"https:\/\/www.visitamalfi.info\/es\/?s={search_term_string}"},"query-input":{"@type":"PropertyValueSpecification","valueRequired":true,"valueName":"search_term_string"}}],"inLanguage":"es"},{"@type":"Organization","@id":"https:\/\/www.visitamalfi.info\/es\/#organization","name":"Visit Amalfi","url":"https:\/\/www.visitamalfi.info\/es\/","logo":{"@type":"ImageObject","inLanguage":"es","@id":"https:\/\/www.visitamalfi.info\/es\/#\/schema\/logo\/image\/","url":"https:\/\/www.visitamalfi.info\/wp-content\/uploads\/2023\/04\/visit-amalfi-logo-web.png","contentUrl":"https:\/\/www.visitamalfi.info\/wp-content\/uploads\/2023\/04\/visit-amalfi-logo-web.png","width":800,"height":870,"caption":"Visit Amalfi"},"image":{"@id":"https:\/\/www.visitamalfi.info\/es\/#\/schema\/logo\/image\/"},"sameAs":["https:\/\/www.facebook.com\/visitamalfiofficial","https:\/\/www.instagram.com\/visitamalfiofficial\/"]}]}</script>
<!-- / Yoast SEO plugin. -->

Un repertorio variado, tanto vocal como instrumental, que representa las formas compuestas y articuladas de la música napolitana.
