{"id":23482,"date":"2025-12-01T15:32:13","date_gmt":"2025-12-01T14:32:13","guid":{"rendered":"https:\/\/www.visitamalfi.info\/evento\/concierto-de-santa-lucia-con-la-soprano-silvia-sammarco-arsenal-de-la-republica\/"},"modified":"2025-12-01T15:32:13","modified_gmt":"2025-12-01T14:32:13","slug":"concierto-de-santa-lucia-con-la-soprano-silvia-sammarco-arsenal-de-la-republica","status":"publish","type":"tribe_events","link":"https:\/\/www.visitamalfi.info\/es\/evento\/concierto-de-santa-lucia-con-la-soprano-silvia-sammarco-arsenal-de-la-republica\/","title":{"rendered":"Concierto de Santa Luc\u00eda con la soprano Silvia Sammarco | Arsenal de la Rep\u00fablica"},"content":{"rendered":"<div>\n<p>Concerto di S. Lucia con il soprano Silvia Sammarco | Arsenale della Repubblica<\/p>\n<p>Con el Concierto de Santa Luc\u00eda se clausuran las celebraciones del 50\u00ba Aniversario de la Fundaci\u00f3n del Centro di Cultura e Storia Amalfitana.<\/p>\n<p>Durante la velada se presentar\u00e1n y distribuir\u00e1n el Cat\u00e1logo de Ediciones del Centro y el Calendario ANCEM 2026.<\/p>\n<\/div>\n<div>\n<p>Editado por el Centro de Cultura e Historia Amalfitana<\/p>\n<\/div>\n","protected":false},"excerpt":{"rendered":"<p>Concierto de Santa Luc\u00eda con la soprano Silvia Sammarco | Arsenal de la Rep\u00fablica<\/p>\n","protected":false},"author":7,"featured_media":22912,"template":"","meta":{"inline_featured_image":false,"_tribe_events_status":"","_tribe_events_status_reason":"","footnotes":""},"tags":[],"tribe_events_cat":[371],"class_list":["post-23482","tribe_events","type-tribe_events","status-publish","has-post-thumbnail","hentry","tribe_events_cat-musica-dal-vivo-es","cat_musica-dal-vivo-es"],"yoast_head":"<!-- This site is optimized with the Yoast SEO plugin v27.3 - https:\/\/yoast.com\/product\/yoast-seo-wordpress\/ -->\n<title>Concierto de Santa Luc\u00eda con la soprano Silvia Sammarco | Arsenal de la Rep\u00fablica - Visit Amalfi<\/title>\n<meta name=\"robots\" content=\"index, follow, max-snippet:-1, max-image-preview:large, max-video-preview:-1\" \/>\n<link rel=\"canonical\" href=\"https:\/\/www.visitamalfi.info\/es\/evento\/concierto-de-santa-lucia-con-la-soprano-silvia-sammarco-arsenal-de-la-republica\/\" \/>\n<meta property=\"og:locale\" content=\"es_ES\" \/>\n<meta property=\"og:type\" content=\"article\" \/>\n<meta property=\"og:title\" content=\"Concierto de Santa Luc\u00eda con la soprano Silvia Sammarco | Arsenal de la Rep\u00fablica - Visit Amalfi\" \/>\n<meta property=\"og:description\" content=\"Concierto de Santa Luc\u00eda con la soprano Silvia Sammarco | Arsenal de la Rep\u00fablica\" \/>\n<meta property=\"og:url\" content=\"https:\/\/www.visitamalfi.info\/es\/evento\/concierto-de-santa-lucia-con-la-soprano-silvia-sammarco-arsenal-de-la-republica\/\" \/>\n<meta property=\"og:site_name\" content=\"Visit Amalfi\" \/>\n<meta property=\"article:publisher\" content=\"https:\/\/www.facebook.com\/visitamalfiofficial\" \/>\n<meta property=\"og:image\" content=\"https:\/\/www.visitamalfi.info\/wp-content\/uploads\/2025\/09\/Arsenale_navata-sinistra.jpg\" \/>\n\t<meta property=\"og:image:width\" content=\"845\" \/>\n\t<meta property=\"og:image:height\" content=\"1266\" \/>\n\t<meta property=\"og:image:type\" content=\"image\/jpeg\" \/>\n<meta name=\"twitter:card\" content=\"summary_large_image\" \/>\n<script type=\"application\/ld+json\" class=\"yoast-schema-graph\">{\"@context\":\"https:\\\/\\\/schema.org\",\"@graph\":[{\"@type\":\"WebPage\",\"@id\":\"https:\\\/\\\/www.visitamalfi.info\\\/es\\\/evento\\\/concierto-de-santa-lucia-con-la-soprano-silvia-sammarco-arsenal-de-la-republica\\\/\",\"url\":\"https:\\\/\\\/www.visitamalfi.info\\\/es\\\/evento\\\/concierto-de-santa-lucia-con-la-soprano-silvia-sammarco-arsenal-de-la-republica\\\/\",\"name\":\"Concierto de Santa Luc\u00eda con la soprano Silvia Sammarco | Arsenal de la Rep\u00fablica - Visit Amalfi\",\"isPartOf\":{\"@id\":\"https:\\\/\\\/www.visitamalfi.info\\\/es\\\/#website\"},\"primaryImageOfPage\":{\"@id\":\"https:\\\/\\\/www.visitamalfi.info\\\/es\\\/evento\\\/concierto-de-santa-lucia-con-la-soprano-silvia-sammarco-arsenal-de-la-republica\\\/#primaryimage\"},\"image\":{\"@id\":\"https:\\\/\\\/www.visitamalfi.info\\\/es\\\/evento\\\/concierto-de-santa-lucia-con-la-soprano-silvia-sammarco-arsenal-de-la-republica\\\/#primaryimage\"},\"thumbnailUrl\":\"https:\\\/\\\/www.visitamalfi.info\\\/wp-content\\\/uploads\\\/2025\\\/09\\\/Arsenale_navata-sinistra.jpg\",\"datePublished\":\"2025-12-01T14:32:13+00:00\",\"breadcrumb\":{\"@id\":\"https:\\\/\\\/www.visitamalfi.info\\\/es\\\/evento\\\/concierto-de-santa-lucia-con-la-soprano-silvia-sammarco-arsenal-de-la-republica\\\/#breadcrumb\"},\"inLanguage\":\"es\",\"potentialAction\":[{\"@type\":\"ReadAction\",\"target\":[\"https:\\\/\\\/www.visitamalfi.info\\\/es\\\/evento\\\/concierto-de-santa-lucia-con-la-soprano-silvia-sammarco-arsenal-de-la-republica\\\/\"]}]},{\"@type\":\"ImageObject\",\"inLanguage\":\"es\",\"@id\":\"https:\\\/\\\/www.visitamalfi.info\\\/es\\\/evento\\\/concierto-de-santa-lucia-con-la-soprano-silvia-sammarco-arsenal-de-la-republica\\\/#primaryimage\",\"url\":\"https:\\\/\\\/www.visitamalfi.info\\\/wp-content\\\/uploads\\\/2025\\\/09\\\/Arsenale_navata-sinistra.jpg\",\"contentUrl\":\"https:\\\/\\\/www.visitamalfi.info\\\/wp-content\\\/uploads\\\/2025\\\/09\\\/Arsenale_navata-sinistra.jpg\",\"width\":845,\"height\":1266},{\"@type\":\"BreadcrumbList\",\"@id\":\"https:\\\/\\\/www.visitamalfi.info\\\/es\\\/evento\\\/concierto-de-santa-lucia-con-la-soprano-silvia-sammarco-arsenal-de-la-republica\\\/#breadcrumb\",\"itemListElement\":[{\"@type\":\"ListItem\",\"position\":1,\"name\":\"Home\",\"item\":\"https:\\\/\\\/www.visitamalfi.info\\\/es\\\/\"},{\"@type\":\"ListItem\",\"position\":2,\"name\":\"Eventos\",\"item\":\"https:\\\/\\\/www.visitamalfi.info\\\/es\\\/eventi\\\/\"},{\"@type\":\"ListItem\",\"position\":3,\"name\":\"Concierto de Santa Luc\u00eda con la soprano Silvia Sammarco | Arsenal de la Rep\u00fablica\"}]},{\"@type\":\"WebSite\",\"@id\":\"https:\\\/\\\/www.visitamalfi.info\\\/es\\\/#website\",\"url\":\"https:\\\/\\\/www.visitamalfi.info\\\/es\\\/\",\"name\":\"Visit Amalfi\",\"description\":\"Amalfi Destination Official Website\",\"publisher\":{\"@id\":\"https:\\\/\\\/www.visitamalfi.info\\\/es\\\/#organization\"},\"potentialAction\":[{\"@type\":\"SearchAction\",\"target\":{\"@type\":\"EntryPoint\",\"urlTemplate\":\"https:\\\/\\\/www.visitamalfi.info\\\/es\\\/?s={search_term_string}\"},\"query-input\":{\"@type\":\"PropertyValueSpecification\",\"valueRequired\":true,\"valueName\":\"search_term_string\"}}],\"inLanguage\":\"es\"},{\"@type\":\"Organization\",\"@id\":\"https:\\\/\\\/www.visitamalfi.info\\\/es\\\/#organization\",\"name\":\"Visit Amalfi\",\"url\":\"https:\\\/\\\/www.visitamalfi.info\\\/es\\\/\",\"logo\":{\"@type\":\"ImageObject\",\"inLanguage\":\"es\",\"@id\":\"https:\\\/\\\/www.visitamalfi.info\\\/es\\\/#\\\/schema\\\/logo\\\/image\\\/\",\"url\":\"https:\\\/\\\/www.visitamalfi.info\\\/wp-content\\\/uploads\\\/2023\\\/04\\\/visit-amalfi-logo-web.png\",\"contentUrl\":\"https:\\\/\\\/www.visitamalfi.info\\\/wp-content\\\/uploads\\\/2023\\\/04\\\/visit-amalfi-logo-web.png\",\"width\":800,\"height\":870,\"caption\":\"Visit Amalfi\"},\"image\":{\"@id\":\"https:\\\/\\\/www.visitamalfi.info\\\/es\\\/#\\\/schema\\\/logo\\\/image\\\/\"},\"sameAs\":[\"https:\\\/\\\/www.facebook.com\\\/visitamalfiofficial\",\"https:\\\/\\\/www.instagram.com\\\/visitamalfiofficial\\\/\"]}]}<\/script>\n<!-- \/ Yoast SEO plugin. -->","yoast_head_json":{"title":"Concierto de Santa Luc\u00eda con la soprano Silvia Sammarco | Arsenal de la Rep\u00fablica - Visit Amalfi","robots":{"index":"index","follow":"follow","max-snippet":"max-snippet:-1","max-image-preview":"max-image-preview:large","max-video-preview":"max-video-preview:-1"},"canonical":"https:\/\/www.visitamalfi.info\/es\/evento\/concierto-de-santa-lucia-con-la-soprano-silvia-sammarco-arsenal-de-la-republica\/","og_locale":"es_ES","og_type":"article","og_title":"Concierto de Santa Luc\u00eda con la soprano Silvia Sammarco | Arsenal de la Rep\u00fablica - Visit Amalfi","og_description":"Concierto de Santa Luc\u00eda con la soprano Silvia Sammarco | Arsenal de la Rep\u00fablica","og_url":"https:\/\/www.visitamalfi.info\/es\/evento\/concierto-de-santa-lucia-con-la-soprano-silvia-sammarco-arsenal-de-la-republica\/","og_site_name":"Visit Amalfi","article_publisher":"https:\/\/www.facebook.com\/visitamalfiofficial","og_image":[{"width":845,"height":1266,"url":"https:\/\/www.visitamalfi.info\/wp-content\/uploads\/2025\/09\/Arsenale_navata-sinistra.jpg","type":"image\/jpeg"}],"twitter_card":"summary_large_image","schema":{"@context":"https:\/\/schema.org","@graph":[{"@type":"WebPage","@id":"https:\/\/www.visitamalfi.info\/es\/evento\/concierto-de-santa-lucia-con-la-soprano-silvia-sammarco-arsenal-de-la-republica\/","url":"https:\/\/www.visitamalfi.info\/es\/evento\/concierto-de-santa-lucia-con-la-soprano-silvia-sammarco-arsenal-de-la-republica\/","name":"Concierto de Santa Luc\u00eda con la soprano Silvia Sammarco | Arsenal de la Rep\u00fablica - Visit Amalfi","isPartOf":{"@id":"https:\/\/www.visitamalfi.info\/es\/#website"},"primaryImageOfPage":{"@id":"https:\/\/www.visitamalfi.info\/es\/evento\/concierto-de-santa-lucia-con-la-soprano-silvia-sammarco-arsenal-de-la-republica\/#primaryimage"},"image":{"@id":"https:\/\/www.visitamalfi.info\/es\/evento\/concierto-de-santa-lucia-con-la-soprano-silvia-sammarco-arsenal-de-la-republica\/#primaryimage"},"thumbnailUrl":"https:\/\/www.visitamalfi.info\/wp-content\/uploads\/2025\/09\/Arsenale_navata-sinistra.jpg","datePublished":"2025-12-01T14:32:13+00:00","breadcrumb":{"@id":"https:\/\/www.visitamalfi.info\/es\/evento\/concierto-de-santa-lucia-con-la-soprano-silvia-sammarco-arsenal-de-la-republica\/#breadcrumb"},"inLanguage":"es","potentialAction":[{"@type":"ReadAction","target":["https:\/\/www.visitamalfi.info\/es\/evento\/concierto-de-santa-lucia-con-la-soprano-silvia-sammarco-arsenal-de-la-republica\/"]}]},{"@type":"ImageObject","inLanguage":"es","@id":"https:\/\/www.visitamalfi.info\/es\/evento\/concierto-de-santa-lucia-con-la-soprano-silvia-sammarco-arsenal-de-la-republica\/#primaryimage","url":"https:\/\/www.visitamalfi.info\/wp-content\/uploads\/2025\/09\/Arsenale_navata-sinistra.jpg","contentUrl":"https:\/\/www.visitamalfi.info\/wp-content\/uploads\/2025\/09\/Arsenale_navata-sinistra.jpg","width":845,"height":1266},{"@type":"BreadcrumbList","@id":"https:\/\/www.visitamalfi.info\/es\/evento\/concierto-de-santa-lucia-con-la-soprano-silvia-sammarco-arsenal-de-la-republica\/#breadcrumb","itemListElement":[{"@type":"ListItem","position":1,"name":"Home","item":"https:\/\/www.visitamalfi.info\/es\/"},{"@type":"ListItem","position":2,"name":"Eventos","item":"https:\/\/www.visitamalfi.info\/es\/eventi\/"},{"@type":"ListItem","position":3,"name":"Concierto de Santa Luc\u00eda con la soprano Silvia Sammarco | Arsenal de la Rep\u00fablica"}]},{"@type":"WebSite","@id":"https:\/\/www.visitamalfi.info\/es\/#website","url":"https:\/\/www.visitamalfi.info\/es\/","name":"Visit Amalfi","description":"Amalfi Destination Official Website","publisher":{"@id":"https:\/\/www.visitamalfi.info\/es\/#organization"},"potentialAction":[{"@type":"SearchAction","target":{"@type":"EntryPoint","urlTemplate":"https:\/\/www.visitamalfi.info\/es\/?s={search_term_string}"},"query-input":{"@type":"PropertyValueSpecification","valueRequired":true,"valueName":"search_term_string"}}],"inLanguage":"es"},{"@type":"Organization","@id":"https:\/\/www.visitamalfi.info\/es\/#organization","name":"Visit Amalfi","url":"https:\/\/www.visitamalfi.info\/es\/","logo":{"@type":"ImageObject","inLanguage":"es","@id":"https:\/\/www.visitamalfi.info\/es\/#\/schema\/logo\/image\/","url":"https:\/\/www.visitamalfi.info\/wp-content\/uploads\/2023\/04\/visit-amalfi-logo-web.png","contentUrl":"https:\/\/www.visitamalfi.info\/wp-content\/uploads\/2023\/04\/visit-amalfi-logo-web.png","width":800,"height":870,"caption":"Visit Amalfi"},"image":{"@id":"https:\/\/www.visitamalfi.info\/es\/#\/schema\/logo\/image\/"},"sameAs":["https:\/\/www.facebook.com\/visitamalfiofficial","https:\/\/www.instagram.com\/visitamalfiofficial\/"]}]}},"_links":{"self":[{"href":"https:\/\/www.visitamalfi.info\/es\/wp-json\/wp\/v2\/tribe_events\/23482","targetHints":{"allow":["GET"]}}],"collection":[{"href":"https:\/\/www.visitamalfi.info\/es\/wp-json\/wp\/v2\/tribe_events"}],"about":[{"href":"https:\/\/www.visitamalfi.info\/es\/wp-json\/wp\/v2\/types\/tribe_events"}],"author":[{"embeddable":true,"href":"https:\/\/www.visitamalfi.info\/es\/wp-json\/wp\/v2\/users\/7"}],"version-history":[{"count":0,"href":"https:\/\/www.visitamalfi.info\/es\/wp-json\/wp\/v2\/tribe_events\/23482\/revisions"}],"wp:featuredmedia":[{"embeddable":true,"href":"https:\/\/www.visitamalfi.info\/es\/wp-json\/wp\/v2\/media\/22912"}],"wp:attachment":[{"href":"https:\/\/www.visitamalfi.info\/es\/wp-json\/wp\/v2\/media?parent=23482"}],"wp:term":[{"taxonomy":"post_tag","embeddable":true,"href":"https:\/\/www.visitamalfi.info\/es\/wp-json\/wp\/v2\/tags?post=23482"},{"taxonomy":"tribe_events_cat","embeddable":true,"href":"https:\/\/www.visitamalfi.info\/es\/wp-json\/wp\/v2\/tribe_events_cat?post=23482"}],"curies":[{"name":"wp","href":"https:\/\/api.w.org\/{rel}","templated":true}]}}

Concierto de Santa Lucía con la soprano Silvia Sammarco | Arsenal de la República

<div>
<p>Concerto di S. Lucia con il soprano Silvia Sammarco | Arsenale della Repubblica</p>
<p>Con el Concierto de Santa Lucía se clausuran las celebraciones del 50º Aniversario de la Fundación del Centro di Cultura e Storia Amalfitana.</p>
<p>Durante la velada se presentarán y distribuirán el Catálogo de Ediciones del Centro y el Calendario ANCEM 2026.</p>
</div>
<div>
<p>Editado por el Centro de Cultura e Historia Amalfitana</p>
</div>

<p>Concierto de Santa Lucía con la soprano Silvia Sammarco | Arsenal de la República</p>

<!-- This site is optimized with the Yoast SEO plugin v27.3 - https://yoast.com/product/yoast-seo-wordpress/ -->
<title>Concierto de Santa Lucía con la soprano Silvia Sammarco | Arsenal de la República - Visit Amalfi</title>
<meta name="robots" content="index, follow, max-snippet:-1, max-image-preview:large, max-video-preview:-1" />
<link rel="canonical" href="https://www.visitamalfi.info/es/evento/concierto-de-santa-lucia-con-la-soprano-silvia-sammarco-arsenal-de-la-republica/" />
<meta property="og:locale" content="es_ES" />
<meta property="og:type" content="article" />
<meta property="og:title" content="Concierto de Santa Lucía con la soprano Silvia Sammarco | Arsenal de la República - Visit Amalfi" />
<meta property="og:description" content="Concierto de Santa Lucía con la soprano Silvia Sammarco | Arsenal de la República" />
<meta property="og:url" content="https://www.visitamalfi.info/es/evento/concierto-de-santa-lucia-con-la-soprano-silvia-sammarco-arsenal-de-la-republica/" />
<meta property="og:site_name" content="Visit Amalfi" />
<meta property="article:publisher" content="https://www.facebook.com/visitamalfiofficial" />
<meta property="og:image" content="https://www.visitamalfi.info/wp-content/uploads/2025/09/Arsenale_navata-sinistra.jpg" />
	<meta property="og:image:width" content="845" />
	<meta property="og:image:height" content="1266" />
	<meta property="og:image:type" content="image/jpeg" />
<meta name="twitter:card" content="summary_large_image" />
<script type="application/ld+json" class="yoast-schema-graph">{"@context":"https:\/\/schema.org","@graph":[{"@type":"WebPage","@id":"https:\/\/www.visitamalfi.info\/es\/evento\/concierto-de-santa-lucia-con-la-soprano-silvia-sammarco-arsenal-de-la-republica\/","url":"https:\/\/www.visitamalfi.info\/es\/evento\/concierto-de-santa-lucia-con-la-soprano-silvia-sammarco-arsenal-de-la-republica\/","name":"Concierto de Santa Lucía con la soprano Silvia Sammarco | Arsenal de la República - Visit Amalfi","isPartOf":{"@id":"https:\/\/www.visitamalfi.info\/es\/#website"},"primaryImageOfPage":{"@id":"https:\/\/www.visitamalfi.info\/es\/evento\/concierto-de-santa-lucia-con-la-soprano-silvia-sammarco-arsenal-de-la-republica\/#primaryimage"},"image":{"@id":"https:\/\/www.visitamalfi.info\/es\/evento\/concierto-de-santa-lucia-con-la-soprano-silvia-sammarco-arsenal-de-la-republica\/#primaryimage"},"thumbnailUrl":"https:\/\/www.visitamalfi.info\/wp-content\/uploads\/2025\/09\/Arsenale_navata-sinistra.jpg","datePublished":"2025-12-01T14:32:13+00:00","breadcrumb":{"@id":"https:\/\/www.visitamalfi.info\/es\/evento\/concierto-de-santa-lucia-con-la-soprano-silvia-sammarco-arsenal-de-la-republica\/#breadcrumb"},"inLanguage":"es","potentialAction":[{"@type":"ReadAction","target":["https:\/\/www.visitamalfi.info\/es\/evento\/concierto-de-santa-lucia-con-la-soprano-silvia-sammarco-arsenal-de-la-republica\/"]}]},{"@type":"ImageObject","inLanguage":"es","@id":"https:\/\/www.visitamalfi.info\/es\/evento\/concierto-de-santa-lucia-con-la-soprano-silvia-sammarco-arsenal-de-la-republica\/#primaryimage","url":"https:\/\/www.visitamalfi.info\/wp-content\/uploads\/2025\/09\/Arsenale_navata-sinistra.jpg","contentUrl":"https:\/\/www.visitamalfi.info\/wp-content\/uploads\/2025\/09\/Arsenale_navata-sinistra.jpg","width":845,"height":1266},{"@type":"BreadcrumbList","@id":"https:\/\/www.visitamalfi.info\/es\/evento\/concierto-de-santa-lucia-con-la-soprano-silvia-sammarco-arsenal-de-la-republica\/#breadcrumb","itemListElement":[{"@type":"ListItem","position":1,"name":"Home","item":"https:\/\/www.visitamalfi.info\/es\/"},{"@type":"ListItem","position":2,"name":"Eventos","item":"https:\/\/www.visitamalfi.info\/es\/eventi\/"},{"@type":"ListItem","position":3,"name":"Concierto de Santa Lucía con la soprano Silvia Sammarco | Arsenal de la República"}]},{"@type":"WebSite","@id":"https:\/\/www.visitamalfi.info\/es\/#website","url":"https:\/\/www.visitamalfi.info\/es\/","name":"Visit Amalfi","description":"Amalfi Destination Official Website","publisher":{"@id":"https:\/\/www.visitamalfi.info\/es\/#organization"},"potentialAction":[{"@type":"SearchAction","target":{"@type":"EntryPoint","urlTemplate":"https:\/\/www.visitamalfi.info\/es\/?s={search_term_string}"},"query-input":{"@type":"PropertyValueSpecification","valueRequired":true,"valueName":"search_term_string"}}],"inLanguage":"es"},{"@type":"Organization","@id":"https:\/\/www.visitamalfi.info\/es\/#organization","name":"Visit Amalfi","url":"https:\/\/www.visitamalfi.info\/es\/","logo":{"@type":"ImageObject","inLanguage":"es","@id":"https:\/\/www.visitamalfi.info\/es\/#\/schema\/logo\/image\/","url":"https:\/\/www.visitamalfi.info\/wp-content\/uploads\/2023\/04\/visit-amalfi-logo-web.png","contentUrl":"https:\/\/www.visitamalfi.info\/wp-content\/uploads\/2023\/04\/visit-amalfi-logo-web.png","width":800,"height":870,"caption":"Visit Amalfi"},"image":{"@id":"https:\/\/www.visitamalfi.info\/es\/#\/schema\/logo\/image\/"},"sameAs":["https:\/\/www.facebook.com\/visitamalfiofficial","https:\/\/www.instagram.com\/visitamalfiofficial\/"]}]}</script>
<!-- / Yoast SEO plugin. -->

Concierto de Santa Lucía con la soprano Silvia Sammarco | Arsenal de la República - Visit Amalfi
