{"id":23417,"date":"2025-12-01T20:52:59","date_gmt":"2025-12-01T19:52:59","guid":{"rendered":"https:\/\/www.visitamalfi.info\/evento\/nochevieja-folclorica-en-amalfi-2\/"},"modified":"2025-12-01T20:52:59","modified_gmt":"2025-12-01T19:52:59","slug":"nochevieja-folclorica-en-amalfi-2","status":"publish","type":"tribe_events","link":"https:\/\/www.visitamalfi.info\/es\/evento\/nochevieja-folclorica-en-amalfi-2\/","title":{"rendered":"Nochevieja Folcl\u00f3rica en Amalfi"},"content":{"rendered":"<p data-start=\"94\" data-end=\"390\">El viernes 2 de enero, la ciudad cobra vida con el <strong data-start=\"260\" data-end=\"289\">Amalfitano Folcl\u00f3rico de A\u00f1o Nuevo<\/strong>, una tarde dedicada a los colores, sonidos y pasos que cuentan el alma de nuestro territorio.<\/p>\n<p data-start=\"392\" data-end=\"595\">De <strong data-start=\"398\" data-end=\"418\">15:15 a 16:45<\/strong>, el <strong data-start=\"423\" data-end=\"454\">Gruppo Folk O&#8217; Marenariello<\/strong> partir\u00e1 de Via Cardinale Marino del Giudice, llevando m\u00fasica y alegr\u00eda a la Piazza Duomo, donde actuar\u00e1 entre aplausos y un ambiente festivo.<\/p>\n<p data-start=\"597\" data-end=\"817\">A continuaci\u00f3n, de <strong data-start=\"614\" data-end=\"634\">16:30 a 18:00<\/strong>, el <strong data-start=\"644\" data-end=\"666\">Gruppo Folk Atrani<\/strong> llenar\u00e1 las calles de Amalfi con un apasionante desfile que culminar\u00e1 una vez m\u00e1s en la plaza del Duomo, transform\u00e1ndola en un peque\u00f1o teatro al aire libre.<\/p>\n<p data-start=\"819\" data-end=\"932\" data-is-last-node=\"\" data-is-only-node=\"\">Una tarde que combina comunidad, tradici\u00f3n y asombro: la mejor forma de recibir juntos el A\u00f1o Nuevo.<\/p>\n","protected":false},"excerpt":{"rendered":"<p>El viernes 2 de enero, la ciudad cobra vida con el Amalfitano Folcl\u00f3rico de A\u00f1o Nuevo, una tarde dedicada a los colores, sonidos y pasos que cuentan el alma de [&hellip;]<\/p>\n","protected":false},"author":7,"featured_media":13177,"template":"","meta":{"inline_featured_image":false,"_tribe_events_status":"","_tribe_events_status_reason":"","footnotes":""},"tags":[],"tribe_events_cat":[572],"class_list":["post-23417","tribe_events","type-tribe_events","status-publish","has-post-thumbnail","hentry","tribe_events_cat-tradicion","cat_tradicion"],"yoast_head":"<!-- This site is optimized with the Yoast SEO plugin v27.3 - https:\/\/yoast.com\/product\/yoast-seo-wordpress\/ -->\n<title>Nochevieja Folcl\u00f3rica en Amalfi - Visit Amalfi<\/title>\n<meta name=\"robots\" content=\"index, follow, max-snippet:-1, max-image-preview:large, max-video-preview:-1\" \/>\n<link rel=\"canonical\" href=\"https:\/\/www.visitamalfi.info\/es\/evento\/nochevieja-folclorica-en-amalfi-2\/\" \/>\n<meta property=\"og:locale\" content=\"es_ES\" \/>\n<meta property=\"og:type\" content=\"article\" \/>\n<meta property=\"og:title\" content=\"Nochevieja Folcl\u00f3rica en Amalfi - Visit Amalfi\" \/>\n<meta property=\"og:description\" content=\"El viernes 2 de enero, la ciudad cobra vida con el Amalfitano Folcl\u00f3rico de A\u00f1o Nuevo, una tarde dedicada a los colores, sonidos y pasos que cuentan el alma de [&hellip;]\" \/>\n<meta property=\"og:url\" content=\"https:\/\/www.visitamalfi.info\/es\/evento\/nochevieja-folclorica-en-amalfi-2\/\" \/>\n<meta property=\"og:site_name\" content=\"Visit Amalfi\" \/>\n<meta property=\"article:publisher\" content=\"https:\/\/www.facebook.com\/visitamalfiofficial\" \/>\n<meta property=\"og:image\" content=\"https:\/\/www.visitamalfi.info\/wp-content\/uploads\/2023\/12\/6.png\" \/>\n\t<meta property=\"og:image:width\" content=\"940\" \/>\n\t<meta property=\"og:image:height\" content=\"788\" \/>\n\t<meta property=\"og:image:type\" content=\"image\/png\" \/>\n<meta name=\"twitter:card\" content=\"summary_large_image\" \/>\n<meta name=\"twitter:label1\" content=\"Tiempo de lectura\" \/>\n\t<meta name=\"twitter:data1\" content=\"1 minuto\" \/>\n<script type=\"application\/ld+json\" class=\"yoast-schema-graph\">{\"@context\":\"https:\\\/\\\/schema.org\",\"@graph\":[{\"@type\":\"WebPage\",\"@id\":\"https:\\\/\\\/www.visitamalfi.info\\\/es\\\/evento\\\/nochevieja-folclorica-en-amalfi-2\\\/\",\"url\":\"https:\\\/\\\/www.visitamalfi.info\\\/es\\\/evento\\\/nochevieja-folclorica-en-amalfi-2\\\/\",\"name\":\"Nochevieja Folcl\u00f3rica en Amalfi - Visit Amalfi\",\"isPartOf\":{\"@id\":\"https:\\\/\\\/www.visitamalfi.info\\\/es\\\/#website\"},\"primaryImageOfPage\":{\"@id\":\"https:\\\/\\\/www.visitamalfi.info\\\/es\\\/evento\\\/nochevieja-folclorica-en-amalfi-2\\\/#primaryimage\"},\"image\":{\"@id\":\"https:\\\/\\\/www.visitamalfi.info\\\/es\\\/evento\\\/nochevieja-folclorica-en-amalfi-2\\\/#primaryimage\"},\"thumbnailUrl\":\"https:\\\/\\\/www.visitamalfi.info\\\/wp-content\\\/uploads\\\/2023\\\/12\\\/6.png\",\"datePublished\":\"2025-12-01T19:52:59+00:00\",\"breadcrumb\":{\"@id\":\"https:\\\/\\\/www.visitamalfi.info\\\/es\\\/evento\\\/nochevieja-folclorica-en-amalfi-2\\\/#breadcrumb\"},\"inLanguage\":\"es\",\"potentialAction\":[{\"@type\":\"ReadAction\",\"target\":[\"https:\\\/\\\/www.visitamalfi.info\\\/es\\\/evento\\\/nochevieja-folclorica-en-amalfi-2\\\/\"]}]},{\"@type\":\"ImageObject\",\"inLanguage\":\"es\",\"@id\":\"https:\\\/\\\/www.visitamalfi.info\\\/es\\\/evento\\\/nochevieja-folclorica-en-amalfi-2\\\/#primaryimage\",\"url\":\"https:\\\/\\\/www.visitamalfi.info\\\/wp-content\\\/uploads\\\/2023\\\/12\\\/6.png\",\"contentUrl\":\"https:\\\/\\\/www.visitamalfi.info\\\/wp-content\\\/uploads\\\/2023\\\/12\\\/6.png\",\"width\":940,\"height\":788},{\"@type\":\"BreadcrumbList\",\"@id\":\"https:\\\/\\\/www.visitamalfi.info\\\/es\\\/evento\\\/nochevieja-folclorica-en-amalfi-2\\\/#breadcrumb\",\"itemListElement\":[{\"@type\":\"ListItem\",\"position\":1,\"name\":\"Home\",\"item\":\"https:\\\/\\\/www.visitamalfi.info\\\/es\\\/\"},{\"@type\":\"ListItem\",\"position\":2,\"name\":\"Eventos\",\"item\":\"https:\\\/\\\/www.visitamalfi.info\\\/es\\\/eventi\\\/\"},{\"@type\":\"ListItem\",\"position\":3,\"name\":\"Nochevieja Folcl\u00f3rica en Amalfi\"}]},{\"@type\":\"WebSite\",\"@id\":\"https:\\\/\\\/www.visitamalfi.info\\\/es\\\/#website\",\"url\":\"https:\\\/\\\/www.visitamalfi.info\\\/es\\\/\",\"name\":\"Visit Amalfi\",\"description\":\"Amalfi Destination Official Website\",\"publisher\":{\"@id\":\"https:\\\/\\\/www.visitamalfi.info\\\/es\\\/#organization\"},\"potentialAction\":[{\"@type\":\"SearchAction\",\"target\":{\"@type\":\"EntryPoint\",\"urlTemplate\":\"https:\\\/\\\/www.visitamalfi.info\\\/es\\\/?s={search_term_string}\"},\"query-input\":{\"@type\":\"PropertyValueSpecification\",\"valueRequired\":true,\"valueName\":\"search_term_string\"}}],\"inLanguage\":\"es\"},{\"@type\":\"Organization\",\"@id\":\"https:\\\/\\\/www.visitamalfi.info\\\/es\\\/#organization\",\"name\":\"Visit Amalfi\",\"url\":\"https:\\\/\\\/www.visitamalfi.info\\\/es\\\/\",\"logo\":{\"@type\":\"ImageObject\",\"inLanguage\":\"es\",\"@id\":\"https:\\\/\\\/www.visitamalfi.info\\\/es\\\/#\\\/schema\\\/logo\\\/image\\\/\",\"url\":\"https:\\\/\\\/www.visitamalfi.info\\\/wp-content\\\/uploads\\\/2023\\\/04\\\/visit-amalfi-logo-web.png\",\"contentUrl\":\"https:\\\/\\\/www.visitamalfi.info\\\/wp-content\\\/uploads\\\/2023\\\/04\\\/visit-amalfi-logo-web.png\",\"width\":800,\"height\":870,\"caption\":\"Visit Amalfi\"},\"image\":{\"@id\":\"https:\\\/\\\/www.visitamalfi.info\\\/es\\\/#\\\/schema\\\/logo\\\/image\\\/\"},\"sameAs\":[\"https:\\\/\\\/www.facebook.com\\\/visitamalfiofficial\",\"https:\\\/\\\/www.instagram.com\\\/visitamalfiofficial\\\/\"]}]}<\/script>\n<!-- \/ Yoast SEO plugin. -->","yoast_head_json":{"title":"Nochevieja Folcl\u00f3rica en Amalfi - Visit Amalfi","robots":{"index":"index","follow":"follow","max-snippet":"max-snippet:-1","max-image-preview":"max-image-preview:large","max-video-preview":"max-video-preview:-1"},"canonical":"https:\/\/www.visitamalfi.info\/es\/evento\/nochevieja-folclorica-en-amalfi-2\/","og_locale":"es_ES","og_type":"article","og_title":"Nochevieja Folcl\u00f3rica en Amalfi - Visit Amalfi","og_description":"El viernes 2 de enero, la ciudad cobra vida con el Amalfitano Folcl\u00f3rico de A\u00f1o Nuevo, una tarde dedicada a los colores, sonidos y pasos que cuentan el alma de [&hellip;]","og_url":"https:\/\/www.visitamalfi.info\/es\/evento\/nochevieja-folclorica-en-amalfi-2\/","og_site_name":"Visit Amalfi","article_publisher":"https:\/\/www.facebook.com\/visitamalfiofficial","og_image":[{"width":940,"height":788,"url":"https:\/\/www.visitamalfi.info\/wp-content\/uploads\/2023\/12\/6.png","type":"image\/png"}],"twitter_card":"summary_large_image","twitter_misc":{"Tiempo de lectura":"1 minuto"},"schema":{"@context":"https:\/\/schema.org","@graph":[{"@type":"WebPage","@id":"https:\/\/www.visitamalfi.info\/es\/evento\/nochevieja-folclorica-en-amalfi-2\/","url":"https:\/\/www.visitamalfi.info\/es\/evento\/nochevieja-folclorica-en-amalfi-2\/","name":"Nochevieja Folcl\u00f3rica en Amalfi - Visit Amalfi","isPartOf":{"@id":"https:\/\/www.visitamalfi.info\/es\/#website"},"primaryImageOfPage":{"@id":"https:\/\/www.visitamalfi.info\/es\/evento\/nochevieja-folclorica-en-amalfi-2\/#primaryimage"},"image":{"@id":"https:\/\/www.visitamalfi.info\/es\/evento\/nochevieja-folclorica-en-amalfi-2\/#primaryimage"},"thumbnailUrl":"https:\/\/www.visitamalfi.info\/wp-content\/uploads\/2023\/12\/6.png","datePublished":"2025-12-01T19:52:59+00:00","breadcrumb":{"@id":"https:\/\/www.visitamalfi.info\/es\/evento\/nochevieja-folclorica-en-amalfi-2\/#breadcrumb"},"inLanguage":"es","potentialAction":[{"@type":"ReadAction","target":["https:\/\/www.visitamalfi.info\/es\/evento\/nochevieja-folclorica-en-amalfi-2\/"]}]},{"@type":"ImageObject","inLanguage":"es","@id":"https:\/\/www.visitamalfi.info\/es\/evento\/nochevieja-folclorica-en-amalfi-2\/#primaryimage","url":"https:\/\/www.visitamalfi.info\/wp-content\/uploads\/2023\/12\/6.png","contentUrl":"https:\/\/www.visitamalfi.info\/wp-content\/uploads\/2023\/12\/6.png","width":940,"height":788},{"@type":"BreadcrumbList","@id":"https:\/\/www.visitamalfi.info\/es\/evento\/nochevieja-folclorica-en-amalfi-2\/#breadcrumb","itemListElement":[{"@type":"ListItem","position":1,"name":"Home","item":"https:\/\/www.visitamalfi.info\/es\/"},{"@type":"ListItem","position":2,"name":"Eventos","item":"https:\/\/www.visitamalfi.info\/es\/eventi\/"},{"@type":"ListItem","position":3,"name":"Nochevieja Folcl\u00f3rica en Amalfi"}]},{"@type":"WebSite","@id":"https:\/\/www.visitamalfi.info\/es\/#website","url":"https:\/\/www.visitamalfi.info\/es\/","name":"Visit Amalfi","description":"Amalfi Destination Official Website","publisher":{"@id":"https:\/\/www.visitamalfi.info\/es\/#organization"},"potentialAction":[{"@type":"SearchAction","target":{"@type":"EntryPoint","urlTemplate":"https:\/\/www.visitamalfi.info\/es\/?s={search_term_string}"},"query-input":{"@type":"PropertyValueSpecification","valueRequired":true,"valueName":"search_term_string"}}],"inLanguage":"es"},{"@type":"Organization","@id":"https:\/\/www.visitamalfi.info\/es\/#organization","name":"Visit Amalfi","url":"https:\/\/www.visitamalfi.info\/es\/","logo":{"@type":"ImageObject","inLanguage":"es","@id":"https:\/\/www.visitamalfi.info\/es\/#\/schema\/logo\/image\/","url":"https:\/\/www.visitamalfi.info\/wp-content\/uploads\/2023\/04\/visit-amalfi-logo-web.png","contentUrl":"https:\/\/www.visitamalfi.info\/wp-content\/uploads\/2023\/04\/visit-amalfi-logo-web.png","width":800,"height":870,"caption":"Visit Amalfi"},"image":{"@id":"https:\/\/www.visitamalfi.info\/es\/#\/schema\/logo\/image\/"},"sameAs":["https:\/\/www.facebook.com\/visitamalfiofficial","https:\/\/www.instagram.com\/visitamalfiofficial\/"]}]}},"_links":{"self":[{"href":"https:\/\/www.visitamalfi.info\/es\/wp-json\/wp\/v2\/tribe_events\/23417","targetHints":{"allow":["GET"]}}],"collection":[{"href":"https:\/\/www.visitamalfi.info\/es\/wp-json\/wp\/v2\/tribe_events"}],"about":[{"href":"https:\/\/www.visitamalfi.info\/es\/wp-json\/wp\/v2\/types\/tribe_events"}],"author":[{"embeddable":true,"href":"https:\/\/www.visitamalfi.info\/es\/wp-json\/wp\/v2\/users\/7"}],"version-history":[{"count":0,"href":"https:\/\/www.visitamalfi.info\/es\/wp-json\/wp\/v2\/tribe_events\/23417\/revisions"}],"wp:featuredmedia":[{"embeddable":true,"href":"https:\/\/www.visitamalfi.info\/es\/wp-json\/wp\/v2\/media\/13177"}],"wp:attachment":[{"href":"https:\/\/www.visitamalfi.info\/es\/wp-json\/wp\/v2\/media?parent=23417"}],"wp:term":[{"taxonomy":"post_tag","embeddable":true,"href":"https:\/\/www.visitamalfi.info\/es\/wp-json\/wp\/v2\/tags?post=23417"},{"taxonomy":"tribe_events_cat","embeddable":true,"href":"https:\/\/www.visitamalfi.info\/es\/wp-json\/wp\/v2\/tribe_events_cat?post=23417"}],"curies":[{"name":"wp","href":"https:\/\/api.w.org\/{rel}","templated":true}]}}

Nochevieja Folclórica en Amalfi

<p data-start="94" data-end="390">El viernes 2 de enero, la ciudad cobra vida con el <strong data-start="260" data-end="289">Amalfitano Folclórico de Año Nuevo</strong>, una tarde dedicada a los colores, sonidos y pasos que cuentan el alma de nuestro territorio.</p>
<p data-start="392" data-end="595">De <strong data-start="398" data-end="418">15:15 a 16:45</strong>, el <strong data-start="423" data-end="454">Gruppo Folk O&#8217; Marenariello</strong> partirá de Via Cardinale Marino del Giudice, llevando música y alegría a la Piazza Duomo, donde actuará entre aplausos y un ambiente festivo.</p>
<p data-start="597" data-end="817">A continuación, de <strong data-start="614" data-end="634">16:30 a 18:00</strong>, el <strong data-start="644" data-end="666">Gruppo Folk Atrani</strong> llenará las calles de Amalfi con un apasionante desfile que culminará una vez más en la plaza del Duomo, transformándola en un pequeño teatro al aire libre.</p>
<p data-start="819" data-end="932" data-is-last-node="" data-is-only-node="">Una tarde que combina comunidad, tradición y asombro: la mejor forma de recibir juntos el Año Nuevo.</p>

<p>El viernes 2 de enero, la ciudad cobra vida con el Amalfitano Folclórico de Año Nuevo, una tarde dedicada a los colores, sonidos y pasos que cuentan el alma de [&hellip;]</p>

<!-- This site is optimized with the Yoast SEO plugin v27.3 - https://yoast.com/product/yoast-seo-wordpress/ -->
<title>Nochevieja Folclórica en Amalfi - Visit Amalfi</title>
<meta name="robots" content="index, follow, max-snippet:-1, max-image-preview:large, max-video-preview:-1" />
<link rel="canonical" href="https://www.visitamalfi.info/es/evento/nochevieja-folclorica-en-amalfi-2/" />
<meta property="og:locale" content="es_ES" />
<meta property="og:type" content="article" />
<meta property="og:title" content="Nochevieja Folclórica en Amalfi - Visit Amalfi" />
<meta property="og:description" content="El viernes 2 de enero, la ciudad cobra vida con el Amalfitano Folclórico de Año Nuevo, una tarde dedicada a los colores, sonidos y pasos que cuentan el alma de [&hellip;]" />
<meta property="og:url" content="https://www.visitamalfi.info/es/evento/nochevieja-folclorica-en-amalfi-2/" />
<meta property="og:site_name" content="Visit Amalfi" />
<meta property="article:publisher" content="https://www.facebook.com/visitamalfiofficial" />
<meta property="og:image" content="https://www.visitamalfi.info/wp-content/uploads/2023/12/6.png" />
	<meta property="og:image:width" content="940" />
	<meta property="og:image:height" content="788" />
	<meta property="og:image:type" content="image/png" />
<meta name="twitter:card" content="summary_large_image" />
<meta name="twitter:label1" content="Tiempo de lectura" />
	<meta name="twitter:data1" content="1 minuto" />
<script type="application/ld+json" class="yoast-schema-graph">{"@context":"https:\/\/schema.org","@graph":[{"@type":"WebPage","@id":"https:\/\/www.visitamalfi.info\/es\/evento\/nochevieja-folclorica-en-amalfi-2\/","url":"https:\/\/www.visitamalfi.info\/es\/evento\/nochevieja-folclorica-en-amalfi-2\/","name":"Nochevieja Folclórica en Amalfi - Visit Amalfi","isPartOf":{"@id":"https:\/\/www.visitamalfi.info\/es\/#website"},"primaryImageOfPage":{"@id":"https:\/\/www.visitamalfi.info\/es\/evento\/nochevieja-folclorica-en-amalfi-2\/#primaryimage"},"image":{"@id":"https:\/\/www.visitamalfi.info\/es\/evento\/nochevieja-folclorica-en-amalfi-2\/#primaryimage"},"thumbnailUrl":"https:\/\/www.visitamalfi.info\/wp-content\/uploads\/2023\/12\/6.png","datePublished":"2025-12-01T19:52:59+00:00","breadcrumb":{"@id":"https:\/\/www.visitamalfi.info\/es\/evento\/nochevieja-folclorica-en-amalfi-2\/#breadcrumb"},"inLanguage":"es","potentialAction":[{"@type":"ReadAction","target":["https:\/\/www.visitamalfi.info\/es\/evento\/nochevieja-folclorica-en-amalfi-2\/"]}]},{"@type":"ImageObject","inLanguage":"es","@id":"https:\/\/www.visitamalfi.info\/es\/evento\/nochevieja-folclorica-en-amalfi-2\/#primaryimage","url":"https:\/\/www.visitamalfi.info\/wp-content\/uploads\/2023\/12\/6.png","contentUrl":"https:\/\/www.visitamalfi.info\/wp-content\/uploads\/2023\/12\/6.png","width":940,"height":788},{"@type":"BreadcrumbList","@id":"https:\/\/www.visitamalfi.info\/es\/evento\/nochevieja-folclorica-en-amalfi-2\/#breadcrumb","itemListElement":[{"@type":"ListItem","position":1,"name":"Home","item":"https:\/\/www.visitamalfi.info\/es\/"},{"@type":"ListItem","position":2,"name":"Eventos","item":"https:\/\/www.visitamalfi.info\/es\/eventi\/"},{"@type":"ListItem","position":3,"name":"Nochevieja Folclórica en Amalfi"}]},{"@type":"WebSite","@id":"https:\/\/www.visitamalfi.info\/es\/#website","url":"https:\/\/www.visitamalfi.info\/es\/","name":"Visit Amalfi","description":"Amalfi Destination Official Website","publisher":{"@id":"https:\/\/www.visitamalfi.info\/es\/#organization"},"potentialAction":[{"@type":"SearchAction","target":{"@type":"EntryPoint","urlTemplate":"https:\/\/www.visitamalfi.info\/es\/?s={search_term_string}"},"query-input":{"@type":"PropertyValueSpecification","valueRequired":true,"valueName":"search_term_string"}}],"inLanguage":"es"},{"@type":"Organization","@id":"https:\/\/www.visitamalfi.info\/es\/#organization","name":"Visit Amalfi","url":"https:\/\/www.visitamalfi.info\/es\/","logo":{"@type":"ImageObject","inLanguage":"es","@id":"https:\/\/www.visitamalfi.info\/es\/#\/schema\/logo\/image\/","url":"https:\/\/www.visitamalfi.info\/wp-content\/uploads\/2023\/04\/visit-amalfi-logo-web.png","contentUrl":"https:\/\/www.visitamalfi.info\/wp-content\/uploads\/2023\/04\/visit-amalfi-logo-web.png","width":800,"height":870,"caption":"Visit Amalfi"},"image":{"@id":"https:\/\/www.visitamalfi.info\/es\/#\/schema\/logo\/image\/"},"sameAs":["https:\/\/www.facebook.com\/visitamalfiofficial","https:\/\/www.instagram.com\/visitamalfiofficial\/"]}]}</script>
<!-- / Yoast SEO plugin. -->

Nochevieja Folclórica en Amalfi - Visit Amalfi

El viernes 2 de enero, la ciudad cobra vida con el Amalfitano Folclórico de Año Nuevo, una tarde dedicada a los colores, sonidos y pasos que cuentan el alma de [&hellip;]
