{"id":23404,"date":"2025-12-01T20:58:22","date_gmt":"2025-12-01T19:58:22","guid":{"rendered":"https:\/\/www.visitamalfi.info\/evento\/nochevieja-folclorica-en-amalfi\/"},"modified":"2025-12-01T20:58:22","modified_gmt":"2025-12-01T19:58:22","slug":"nochevieja-folclorica-en-amalfi","status":"publish","type":"tribe_events","link":"https:\/\/www.visitamalfi.info\/es\/evento\/nochevieja-folclorica-en-amalfi\/","title":{"rendered":"Nochevieja Folcl\u00f3rica en Amalfi"},"content":{"rendered":"<p data-start=\"140\" data-end=\"383\">El s\u00e1bado <strong data-start=\"235\" data-end=\"248\">3 de enero<\/strong>, las calles de la ciudad se llenar\u00e1n de color, m\u00fasica y sonrisas gracias a los desfiles folcl\u00f3ricos que animar\u00e1n el centro hist\u00f3rico.<\/p>\n<p data-start=\"385\" data-end=\"593\">A partir de <strong data-start=\"401\" data-end=\"410\">las 15.15 h<\/strong>, el <strong data-start=\"415\" data-end=\"435\">Gruppo Folk Lone<\/strong> dar\u00e1 comienzo al festival con un desfile desde Via Cardinale Marino del Giudice hasta la Piazza Duomo, donde tendr\u00e1 lugar una animada actuaci\u00f3n.<\/p>\n<p data-start=\"595\" data-end=\"811\">A continuaci\u00f3n, a partir de <strong data-start=\"612\" data-end=\"621\">las 16.30 h<\/strong>, el <strong data-start=\"631\" data-end=\"672\">Gruppo Folkloristico Citt\u00e0 di Agerola<\/strong> llevar\u00e1 su tradici\u00f3n al escenario con otro desfile y actuaci\u00f3n en la Piazza Duomo, aportando a\u00fan m\u00e1s ritmo y ambiente.<\/p>\n<p data-start=\"813\" data-end=\"1027\" data-is-last-node=\"\" data-is-only-node=\"\">Una tarde para disfrutar juntos, entre pasos antiguos y un entusiasmo que une a residentes y visitantes en un gran abrazo festivo. Amalfi te espera para celebrar la Nochevieja con la magia de sus ra\u00edces.<\/p>\n","protected":false},"excerpt":{"rendered":"<p>El s\u00e1bado 3 de enero, las calles de la ciudad se llenar\u00e1n de color, m\u00fasica y sonrisas gracias a los desfiles folcl\u00f3ricos que animar\u00e1n el centro hist\u00f3rico. A partir de [&hellip;]<\/p>\n","protected":false},"author":7,"featured_media":21320,"template":"","meta":{"inline_featured_image":false,"_tribe_events_status":"","_tribe_events_status_reason":"","footnotes":""},"tags":[],"tribe_events_cat":[],"class_list":["post-23404","tribe_events","type-tribe_events","status-publish","has-post-thumbnail","hentry"],"yoast_head":"<!-- This site is optimized with the Yoast SEO plugin v27.3 - https:\/\/yoast.com\/product\/yoast-seo-wordpress\/ -->\n<title>Nochevieja Folcl\u00f3rica en Amalfi - Visit Amalfi<\/title>\n<meta name=\"robots\" content=\"index, follow, max-snippet:-1, max-image-preview:large, max-video-preview:-1\" \/>\n<link rel=\"canonical\" href=\"https:\/\/www.visitamalfi.info\/es\/evento\/nochevieja-folclorica-en-amalfi\/\" \/>\n<meta property=\"og:locale\" content=\"es_ES\" \/>\n<meta property=\"og:type\" content=\"article\" \/>\n<meta property=\"og:title\" content=\"Nochevieja Folcl\u00f3rica en Amalfi - Visit Amalfi\" \/>\n<meta property=\"og:description\" content=\"El s\u00e1bado 3 de enero, las calles de la ciudad se llenar\u00e1n de color, m\u00fasica y sonrisas gracias a los desfiles folcl\u00f3ricos que animar\u00e1n el centro hist\u00f3rico. A partir de [&hellip;]\" \/>\n<meta property=\"og:url\" content=\"https:\/\/www.visitamalfi.info\/es\/evento\/nochevieja-folclorica-en-amalfi\/\" \/>\n<meta property=\"og:site_name\" content=\"Visit Amalfi\" \/>\n<meta property=\"article:publisher\" content=\"https:\/\/www.facebook.com\/visitamalfiofficial\" \/>\n<meta property=\"og:image\" content=\"https:\/\/www.visitamalfi.info\/wp-content\/uploads\/2025\/04\/WhatsApp-Image-2025-04-17-at-10.29.13-4.jpeg\" \/>\n\t<meta property=\"og:image:width\" content=\"1920\" \/>\n\t<meta property=\"og:image:height\" content=\"1280\" \/>\n\t<meta property=\"og:image:type\" content=\"image\/jpeg\" \/>\n<meta name=\"twitter:card\" content=\"summary_large_image\" \/>\n<meta name=\"twitter:label1\" content=\"Tiempo de lectura\" \/>\n\t<meta name=\"twitter:data1\" content=\"1 minuto\" \/>\n<script type=\"application\/ld+json\" class=\"yoast-schema-graph\">{\"@context\":\"https:\\\/\\\/schema.org\",\"@graph\":[{\"@type\":\"WebPage\",\"@id\":\"https:\\\/\\\/www.visitamalfi.info\\\/es\\\/evento\\\/nochevieja-folclorica-en-amalfi\\\/\",\"url\":\"https:\\\/\\\/www.visitamalfi.info\\\/es\\\/evento\\\/nochevieja-folclorica-en-amalfi\\\/\",\"name\":\"Nochevieja Folcl\u00f3rica en Amalfi - Visit Amalfi\",\"isPartOf\":{\"@id\":\"https:\\\/\\\/www.visitamalfi.info\\\/es\\\/#website\"},\"primaryImageOfPage\":{\"@id\":\"https:\\\/\\\/www.visitamalfi.info\\\/es\\\/evento\\\/nochevieja-folclorica-en-amalfi\\\/#primaryimage\"},\"image\":{\"@id\":\"https:\\\/\\\/www.visitamalfi.info\\\/es\\\/evento\\\/nochevieja-folclorica-en-amalfi\\\/#primaryimage\"},\"thumbnailUrl\":\"https:\\\/\\\/www.visitamalfi.info\\\/wp-content\\\/uploads\\\/2025\\\/04\\\/WhatsApp-Image-2025-04-17-at-10.29.13-4.jpeg\",\"datePublished\":\"2025-12-01T19:58:22+00:00\",\"breadcrumb\":{\"@id\":\"https:\\\/\\\/www.visitamalfi.info\\\/es\\\/evento\\\/nochevieja-folclorica-en-amalfi\\\/#breadcrumb\"},\"inLanguage\":\"es\",\"potentialAction\":[{\"@type\":\"ReadAction\",\"target\":[\"https:\\\/\\\/www.visitamalfi.info\\\/es\\\/evento\\\/nochevieja-folclorica-en-amalfi\\\/\"]}]},{\"@type\":\"ImageObject\",\"inLanguage\":\"es\",\"@id\":\"https:\\\/\\\/www.visitamalfi.info\\\/es\\\/evento\\\/nochevieja-folclorica-en-amalfi\\\/#primaryimage\",\"url\":\"https:\\\/\\\/www.visitamalfi.info\\\/wp-content\\\/uploads\\\/2025\\\/04\\\/WhatsApp-Image-2025-04-17-at-10.29.13-4.jpeg\",\"contentUrl\":\"https:\\\/\\\/www.visitamalfi.info\\\/wp-content\\\/uploads\\\/2025\\\/04\\\/WhatsApp-Image-2025-04-17-at-10.29.13-4.jpeg\",\"width\":1920,\"height\":1280,\"caption\":\"Amalfi Monumental Garden_Lemons\"},{\"@type\":\"BreadcrumbList\",\"@id\":\"https:\\\/\\\/www.visitamalfi.info\\\/es\\\/evento\\\/nochevieja-folclorica-en-amalfi\\\/#breadcrumb\",\"itemListElement\":[{\"@type\":\"ListItem\",\"position\":1,\"name\":\"Home\",\"item\":\"https:\\\/\\\/www.visitamalfi.info\\\/es\\\/\"},{\"@type\":\"ListItem\",\"position\":2,\"name\":\"Eventos\",\"item\":\"https:\\\/\\\/www.visitamalfi.info\\\/es\\\/eventi\\\/\"},{\"@type\":\"ListItem\",\"position\":3,\"name\":\"Nochevieja Folcl\u00f3rica en Amalfi\"}]},{\"@type\":\"WebSite\",\"@id\":\"https:\\\/\\\/www.visitamalfi.info\\\/es\\\/#website\",\"url\":\"https:\\\/\\\/www.visitamalfi.info\\\/es\\\/\",\"name\":\"Visit Amalfi\",\"description\":\"Amalfi Destination Official Website\",\"publisher\":{\"@id\":\"https:\\\/\\\/www.visitamalfi.info\\\/es\\\/#organization\"},\"potentialAction\":[{\"@type\":\"SearchAction\",\"target\":{\"@type\":\"EntryPoint\",\"urlTemplate\":\"https:\\\/\\\/www.visitamalfi.info\\\/es\\\/?s={search_term_string}\"},\"query-input\":{\"@type\":\"PropertyValueSpecification\",\"valueRequired\":true,\"valueName\":\"search_term_string\"}}],\"inLanguage\":\"es\"},{\"@type\":\"Organization\",\"@id\":\"https:\\\/\\\/www.visitamalfi.info\\\/es\\\/#organization\",\"name\":\"Visit Amalfi\",\"url\":\"https:\\\/\\\/www.visitamalfi.info\\\/es\\\/\",\"logo\":{\"@type\":\"ImageObject\",\"inLanguage\":\"es\",\"@id\":\"https:\\\/\\\/www.visitamalfi.info\\\/es\\\/#\\\/schema\\\/logo\\\/image\\\/\",\"url\":\"https:\\\/\\\/www.visitamalfi.info\\\/wp-content\\\/uploads\\\/2023\\\/04\\\/visit-amalfi-logo-web.png\",\"contentUrl\":\"https:\\\/\\\/www.visitamalfi.info\\\/wp-content\\\/uploads\\\/2023\\\/04\\\/visit-amalfi-logo-web.png\",\"width\":800,\"height\":870,\"caption\":\"Visit Amalfi\"},\"image\":{\"@id\":\"https:\\\/\\\/www.visitamalfi.info\\\/es\\\/#\\\/schema\\\/logo\\\/image\\\/\"},\"sameAs\":[\"https:\\\/\\\/www.facebook.com\\\/visitamalfiofficial\",\"https:\\\/\\\/www.instagram.com\\\/visitamalfiofficial\\\/\"]}]}<\/script>\n<!-- \/ Yoast SEO plugin. -->","yoast_head_json":{"title":"Nochevieja Folcl\u00f3rica en Amalfi - Visit Amalfi","robots":{"index":"index","follow":"follow","max-snippet":"max-snippet:-1","max-image-preview":"max-image-preview:large","max-video-preview":"max-video-preview:-1"},"canonical":"https:\/\/www.visitamalfi.info\/es\/evento\/nochevieja-folclorica-en-amalfi\/","og_locale":"es_ES","og_type":"article","og_title":"Nochevieja Folcl\u00f3rica en Amalfi - Visit Amalfi","og_description":"El s\u00e1bado 3 de enero, las calles de la ciudad se llenar\u00e1n de color, m\u00fasica y sonrisas gracias a los desfiles folcl\u00f3ricos que animar\u00e1n el centro hist\u00f3rico. A partir de [&hellip;]","og_url":"https:\/\/www.visitamalfi.info\/es\/evento\/nochevieja-folclorica-en-amalfi\/","og_site_name":"Visit Amalfi","article_publisher":"https:\/\/www.facebook.com\/visitamalfiofficial","og_image":[{"width":1920,"height":1280,"url":"https:\/\/www.visitamalfi.info\/wp-content\/uploads\/2025\/04\/WhatsApp-Image-2025-04-17-at-10.29.13-4.jpeg","type":"image\/jpeg"}],"twitter_card":"summary_large_image","twitter_misc":{"Tiempo de lectura":"1 minuto"},"schema":{"@context":"https:\/\/schema.org","@graph":[{"@type":"WebPage","@id":"https:\/\/www.visitamalfi.info\/es\/evento\/nochevieja-folclorica-en-amalfi\/","url":"https:\/\/www.visitamalfi.info\/es\/evento\/nochevieja-folclorica-en-amalfi\/","name":"Nochevieja Folcl\u00f3rica en Amalfi - Visit Amalfi","isPartOf":{"@id":"https:\/\/www.visitamalfi.info\/es\/#website"},"primaryImageOfPage":{"@id":"https:\/\/www.visitamalfi.info\/es\/evento\/nochevieja-folclorica-en-amalfi\/#primaryimage"},"image":{"@id":"https:\/\/www.visitamalfi.info\/es\/evento\/nochevieja-folclorica-en-amalfi\/#primaryimage"},"thumbnailUrl":"https:\/\/www.visitamalfi.info\/wp-content\/uploads\/2025\/04\/WhatsApp-Image-2025-04-17-at-10.29.13-4.jpeg","datePublished":"2025-12-01T19:58:22+00:00","breadcrumb":{"@id":"https:\/\/www.visitamalfi.info\/es\/evento\/nochevieja-folclorica-en-amalfi\/#breadcrumb"},"inLanguage":"es","potentialAction":[{"@type":"ReadAction","target":["https:\/\/www.visitamalfi.info\/es\/evento\/nochevieja-folclorica-en-amalfi\/"]}]},{"@type":"ImageObject","inLanguage":"es","@id":"https:\/\/www.visitamalfi.info\/es\/evento\/nochevieja-folclorica-en-amalfi\/#primaryimage","url":"https:\/\/www.visitamalfi.info\/wp-content\/uploads\/2025\/04\/WhatsApp-Image-2025-04-17-at-10.29.13-4.jpeg","contentUrl":"https:\/\/www.visitamalfi.info\/wp-content\/uploads\/2025\/04\/WhatsApp-Image-2025-04-17-at-10.29.13-4.jpeg","width":1920,"height":1280,"caption":"Amalfi Monumental Garden_Lemons"},{"@type":"BreadcrumbList","@id":"https:\/\/www.visitamalfi.info\/es\/evento\/nochevieja-folclorica-en-amalfi\/#breadcrumb","itemListElement":[{"@type":"ListItem","position":1,"name":"Home","item":"https:\/\/www.visitamalfi.info\/es\/"},{"@type":"ListItem","position":2,"name":"Eventos","item":"https:\/\/www.visitamalfi.info\/es\/eventi\/"},{"@type":"ListItem","position":3,"name":"Nochevieja Folcl\u00f3rica en Amalfi"}]},{"@type":"WebSite","@id":"https:\/\/www.visitamalfi.info\/es\/#website","url":"https:\/\/www.visitamalfi.info\/es\/","name":"Visit Amalfi","description":"Amalfi Destination Official Website","publisher":{"@id":"https:\/\/www.visitamalfi.info\/es\/#organization"},"potentialAction":[{"@type":"SearchAction","target":{"@type":"EntryPoint","urlTemplate":"https:\/\/www.visitamalfi.info\/es\/?s={search_term_string}"},"query-input":{"@type":"PropertyValueSpecification","valueRequired":true,"valueName":"search_term_string"}}],"inLanguage":"es"},{"@type":"Organization","@id":"https:\/\/www.visitamalfi.info\/es\/#organization","name":"Visit Amalfi","url":"https:\/\/www.visitamalfi.info\/es\/","logo":{"@type":"ImageObject","inLanguage":"es","@id":"https:\/\/www.visitamalfi.info\/es\/#\/schema\/logo\/image\/","url":"https:\/\/www.visitamalfi.info\/wp-content\/uploads\/2023\/04\/visit-amalfi-logo-web.png","contentUrl":"https:\/\/www.visitamalfi.info\/wp-content\/uploads\/2023\/04\/visit-amalfi-logo-web.png","width":800,"height":870,"caption":"Visit Amalfi"},"image":{"@id":"https:\/\/www.visitamalfi.info\/es\/#\/schema\/logo\/image\/"},"sameAs":["https:\/\/www.facebook.com\/visitamalfiofficial","https:\/\/www.instagram.com\/visitamalfiofficial\/"]}]}},"_links":{"self":[{"href":"https:\/\/www.visitamalfi.info\/es\/wp-json\/wp\/v2\/tribe_events\/23404","targetHints":{"allow":["GET"]}}],"collection":[{"href":"https:\/\/www.visitamalfi.info\/es\/wp-json\/wp\/v2\/tribe_events"}],"about":[{"href":"https:\/\/www.visitamalfi.info\/es\/wp-json\/wp\/v2\/types\/tribe_events"}],"author":[{"embeddable":true,"href":"https:\/\/www.visitamalfi.info\/es\/wp-json\/wp\/v2\/users\/7"}],"version-history":[{"count":0,"href":"https:\/\/www.visitamalfi.info\/es\/wp-json\/wp\/v2\/tribe_events\/23404\/revisions"}],"wp:featuredmedia":[{"embeddable":true,"href":"https:\/\/www.visitamalfi.info\/es\/wp-json\/wp\/v2\/media\/21320"}],"wp:attachment":[{"href":"https:\/\/www.visitamalfi.info\/es\/wp-json\/wp\/v2\/media?parent=23404"}],"wp:term":[{"taxonomy":"post_tag","embeddable":true,"href":"https:\/\/www.visitamalfi.info\/es\/wp-json\/wp\/v2\/tags?post=23404"},{"taxonomy":"tribe_events_cat","embeddable":true,"href":"https:\/\/www.visitamalfi.info\/es\/wp-json\/wp\/v2\/tribe_events_cat?post=23404"}],"curies":[{"name":"wp","href":"https:\/\/api.w.org\/{rel}","templated":true}]}}

Nochevieja Folclórica en Amalfi

<p data-start="140" data-end="383">El sábado <strong data-start="235" data-end="248">3 de enero</strong>, las calles de la ciudad se llenarán de color, música y sonrisas gracias a los desfiles folclóricos que animarán el centro histórico.</p>
<p data-start="385" data-end="593">A partir de <strong data-start="401" data-end="410">las 15.15 h</strong>, el <strong data-start="415" data-end="435">Gruppo Folk Lone</strong> dará comienzo al festival con un desfile desde Via Cardinale Marino del Giudice hasta la Piazza Duomo, donde tendrá lugar una animada actuación.</p>
<p data-start="595" data-end="811">A continuación, a partir de <strong data-start="612" data-end="621">las 16.30 h</strong>, el <strong data-start="631" data-end="672">Gruppo Folkloristico Città di Agerola</strong> llevará su tradición al escenario con otro desfile y actuación en la Piazza Duomo, aportando aún más ritmo y ambiente.</p>
<p data-start="813" data-end="1027" data-is-last-node="" data-is-only-node="">Una tarde para disfrutar juntos, entre pasos antiguos y un entusiasmo que une a residentes y visitantes en un gran abrazo festivo. Amalfi te espera para celebrar la Nochevieja con la magia de sus raíces.</p>

<p>El sábado 3 de enero, las calles de la ciudad se llenarán de color, música y sonrisas gracias a los desfiles folclóricos que animarán el centro histórico. A partir de [&hellip;]</p>

<!-- This site is optimized with the Yoast SEO plugin v27.3 - https://yoast.com/product/yoast-seo-wordpress/ -->
<title>Nochevieja Folclórica en Amalfi - Visit Amalfi</title>
<meta name="robots" content="index, follow, max-snippet:-1, max-image-preview:large, max-video-preview:-1" />
<link rel="canonical" href="https://www.visitamalfi.info/es/evento/nochevieja-folclorica-en-amalfi/" />
<meta property="og:locale" content="es_ES" />
<meta property="og:type" content="article" />
<meta property="og:title" content="Nochevieja Folclórica en Amalfi - Visit Amalfi" />
<meta property="og:description" content="El sábado 3 de enero, las calles de la ciudad se llenarán de color, música y sonrisas gracias a los desfiles folclóricos que animarán el centro histórico. A partir de [&hellip;]" />
<meta property="og:url" content="https://www.visitamalfi.info/es/evento/nochevieja-folclorica-en-amalfi/" />
<meta property="og:site_name" content="Visit Amalfi" />
<meta property="article:publisher" content="https://www.facebook.com/visitamalfiofficial" />
<meta property="og:image" content="https://www.visitamalfi.info/wp-content/uploads/2025/04/WhatsApp-Image-2025-04-17-at-10.29.13-4.jpeg" />
	<meta property="og:image:width" content="1920" />
	<meta property="og:image:height" content="1280" />
	<meta property="og:image:type" content="image/jpeg" />
<meta name="twitter:card" content="summary_large_image" />
<meta name="twitter:label1" content="Tiempo de lectura" />
	<meta name="twitter:data1" content="1 minuto" />
<script type="application/ld+json" class="yoast-schema-graph">{"@context":"https:\/\/schema.org","@graph":[{"@type":"WebPage","@id":"https:\/\/www.visitamalfi.info\/es\/evento\/nochevieja-folclorica-en-amalfi\/","url":"https:\/\/www.visitamalfi.info\/es\/evento\/nochevieja-folclorica-en-amalfi\/","name":"Nochevieja Folclórica en Amalfi - Visit Amalfi","isPartOf":{"@id":"https:\/\/www.visitamalfi.info\/es\/#website"},"primaryImageOfPage":{"@id":"https:\/\/www.visitamalfi.info\/es\/evento\/nochevieja-folclorica-en-amalfi\/#primaryimage"},"image":{"@id":"https:\/\/www.visitamalfi.info\/es\/evento\/nochevieja-folclorica-en-amalfi\/#primaryimage"},"thumbnailUrl":"https:\/\/www.visitamalfi.info\/wp-content\/uploads\/2025\/04\/WhatsApp-Image-2025-04-17-at-10.29.13-4.jpeg","datePublished":"2025-12-01T19:58:22+00:00","breadcrumb":{"@id":"https:\/\/www.visitamalfi.info\/es\/evento\/nochevieja-folclorica-en-amalfi\/#breadcrumb"},"inLanguage":"es","potentialAction":[{"@type":"ReadAction","target":["https:\/\/www.visitamalfi.info\/es\/evento\/nochevieja-folclorica-en-amalfi\/"]}]},{"@type":"ImageObject","inLanguage":"es","@id":"https:\/\/www.visitamalfi.info\/es\/evento\/nochevieja-folclorica-en-amalfi\/#primaryimage","url":"https:\/\/www.visitamalfi.info\/wp-content\/uploads\/2025\/04\/WhatsApp-Image-2025-04-17-at-10.29.13-4.jpeg","contentUrl":"https:\/\/www.visitamalfi.info\/wp-content\/uploads\/2025\/04\/WhatsApp-Image-2025-04-17-at-10.29.13-4.jpeg","width":1920,"height":1280,"caption":"Amalfi Monumental Garden_Lemons"},{"@type":"BreadcrumbList","@id":"https:\/\/www.visitamalfi.info\/es\/evento\/nochevieja-folclorica-en-amalfi\/#breadcrumb","itemListElement":[{"@type":"ListItem","position":1,"name":"Home","item":"https:\/\/www.visitamalfi.info\/es\/"},{"@type":"ListItem","position":2,"name":"Eventos","item":"https:\/\/www.visitamalfi.info\/es\/eventi\/"},{"@type":"ListItem","position":3,"name":"Nochevieja Folclórica en Amalfi"}]},{"@type":"WebSite","@id":"https:\/\/www.visitamalfi.info\/es\/#website","url":"https:\/\/www.visitamalfi.info\/es\/","name":"Visit Amalfi","description":"Amalfi Destination Official Website","publisher":{"@id":"https:\/\/www.visitamalfi.info\/es\/#organization"},"potentialAction":[{"@type":"SearchAction","target":{"@type":"EntryPoint","urlTemplate":"https:\/\/www.visitamalfi.info\/es\/?s={search_term_string}"},"query-input":{"@type":"PropertyValueSpecification","valueRequired":true,"valueName":"search_term_string"}}],"inLanguage":"es"},{"@type":"Organization","@id":"https:\/\/www.visitamalfi.info\/es\/#organization","name":"Visit Amalfi","url":"https:\/\/www.visitamalfi.info\/es\/","logo":{"@type":"ImageObject","inLanguage":"es","@id":"https:\/\/www.visitamalfi.info\/es\/#\/schema\/logo\/image\/","url":"https:\/\/www.visitamalfi.info\/wp-content\/uploads\/2023\/04\/visit-amalfi-logo-web.png","contentUrl":"https:\/\/www.visitamalfi.info\/wp-content\/uploads\/2023\/04\/visit-amalfi-logo-web.png","width":800,"height":870,"caption":"Visit Amalfi"},"image":{"@id":"https:\/\/www.visitamalfi.info\/es\/#\/schema\/logo\/image\/"},"sameAs":["https:\/\/www.facebook.com\/visitamalfiofficial","https:\/\/www.instagram.com\/visitamalfiofficial\/"]}]}</script>
<!-- / Yoast SEO plugin. -->

Nochevieja Folclórica en Amalfi - Visit Amalfi

El sábado 3 de enero, las calles de la ciudad se llenarán de color, música y sonrisas gracias a los desfiles folclóricos que animarán el centro histórico. A partir de [&hellip;]
