{"id":22365,"date":"2025-07-15T18:23:36","date_gmt":"2025-07-15T16:23:36","guid":{"rendered":"https:\/\/www.visitamalfi.info\/evento\/cuentos-de-hadas-en-la-carpa-lecturas-animadas-bajo-las-estrellas\/"},"modified":"2025-07-15T18:23:36","modified_gmt":"2025-07-15T16:23:36","slug":"cuentos-de-hadas-en-la-carpa-lecturas-animadas-bajo-las-estrellas","status":"publish","type":"tribe_events","link":"https:\/\/www.visitamalfi.info\/es\/evento\/cuentos-de-hadas-en-la-carpa-lecturas-animadas-bajo-las-estrellas\/","title":{"rendered":"Cuentos de Hadas en la Carpa &#8211; Lecturas animadas bajo las estrellas"},"content":{"rendered":"<p>Una velada m\u00e1gica en la playa de Amalfi, entre tiendas iluminadas y el sonido del mar. Los cuentos de hadas cobran vida en una atm\u00f3sfera on\u00edrica con narraciones animadas dise\u00f1adas especialmente para los ni\u00f1os, que se convierten en los protagonistas de la historia, rodeados de la belleza de la naturaleza y de la voz de los cuentos.<\/p>\n<p><em>Evento familiar de Ma Dove Vivono i Cartoni<\/em><\/p>\n","protected":false},"excerpt":{"rendered":"<p>Una velada m\u00e1gica en la playa de Amalfi, entre tiendas iluminadas y el sonido del mar. Los cuentos de hadas cobran vida en una atm\u00f3sfera on\u00edrica con narraciones animadas dise\u00f1adas [&hellip;]<\/p>\n","protected":false},"author":7,"featured_media":22287,"template":"","meta":{"inline_featured_image":false,"_tribe_events_status":"","_tribe_events_status_reason":"","footnotes":""},"tags":[],"tribe_events_cat":[],"class_list":["post-22365","tribe_events","type-tribe_events","status-publish","has-post-thumbnail","hentry"],"yoast_head":"<!-- This site is optimized with the Yoast SEO plugin v27.3 - https:\/\/yoast.com\/product\/yoast-seo-wordpress\/ -->\n<title>Cuentos de Hadas en la Carpa - Lecturas animadas bajo las estrellas - Visit Amalfi<\/title>\n<meta name=\"robots\" content=\"index, follow, max-snippet:-1, max-image-preview:large, max-video-preview:-1\" \/>\n<link rel=\"canonical\" href=\"https:\/\/www.visitamalfi.info\/es\/evento\/cuentos-de-hadas-en-la-carpa-lecturas-animadas-bajo-las-estrellas\/\" \/>\n<meta property=\"og:locale\" content=\"es_ES\" \/>\n<meta property=\"og:type\" content=\"article\" \/>\n<meta property=\"og:title\" content=\"Cuentos de Hadas en la Carpa - Lecturas animadas bajo las estrellas - Visit Amalfi\" \/>\n<meta property=\"og:description\" content=\"Una velada m\u00e1gica en la playa de Amalfi, entre tiendas iluminadas y el sonido del mar. Los cuentos de hadas cobran vida en una atm\u00f3sfera on\u00edrica con narraciones animadas dise\u00f1adas [&hellip;]\" \/>\n<meta property=\"og:url\" content=\"https:\/\/www.visitamalfi.info\/es\/evento\/cuentos-de-hadas-en-la-carpa-lecturas-animadas-bajo-las-estrellas\/\" \/>\n<meta property=\"og:site_name\" content=\"Visit Amalfi\" \/>\n<meta property=\"article:publisher\" content=\"https:\/\/www.facebook.com\/visitamalfiofficial\" \/>\n<meta name=\"twitter:card\" content=\"summary_large_image\" \/>\n<script type=\"application\/ld+json\" class=\"yoast-schema-graph\">{\"@context\":\"https:\\\/\\\/schema.org\",\"@graph\":[{\"@type\":\"WebPage\",\"@id\":\"https:\\\/\\\/www.visitamalfi.info\\\/es\\\/evento\\\/cuentos-de-hadas-en-la-carpa-lecturas-animadas-bajo-las-estrellas\\\/\",\"url\":\"https:\\\/\\\/www.visitamalfi.info\\\/es\\\/evento\\\/cuentos-de-hadas-en-la-carpa-lecturas-animadas-bajo-las-estrellas\\\/\",\"name\":\"Cuentos de Hadas en la Carpa - Lecturas animadas bajo las estrellas - Visit Amalfi\",\"isPartOf\":{\"@id\":\"https:\\\/\\\/www.visitamalfi.info\\\/es\\\/#website\"},\"primaryImageOfPage\":{\"@id\":\"https:\\\/\\\/www.visitamalfi.info\\\/es\\\/evento\\\/cuentos-de-hadas-en-la-carpa-lecturas-animadas-bajo-las-estrellas\\\/#primaryimage\"},\"image\":{\"@id\":\"https:\\\/\\\/www.visitamalfi.info\\\/es\\\/evento\\\/cuentos-de-hadas-en-la-carpa-lecturas-animadas-bajo-las-estrellas\\\/#primaryimage\"},\"thumbnailUrl\":\"https:\\\/\\\/www.visitamalfi.info\\\/wp-content\\\/uploads\\\/2025\\\/07\\\/518292699_1156945876474445_7365869025143826275_n.jpg\",\"datePublished\":\"2025-07-15T16:23:36+00:00\",\"breadcrumb\":{\"@id\":\"https:\\\/\\\/www.visitamalfi.info\\\/es\\\/evento\\\/cuentos-de-hadas-en-la-carpa-lecturas-animadas-bajo-las-estrellas\\\/#breadcrumb\"},\"inLanguage\":\"es\",\"potentialAction\":[{\"@type\":\"ReadAction\",\"target\":[\"https:\\\/\\\/www.visitamalfi.info\\\/es\\\/evento\\\/cuentos-de-hadas-en-la-carpa-lecturas-animadas-bajo-las-estrellas\\\/\"]}]},{\"@type\":\"ImageObject\",\"inLanguage\":\"es\",\"@id\":\"https:\\\/\\\/www.visitamalfi.info\\\/es\\\/evento\\\/cuentos-de-hadas-en-la-carpa-lecturas-animadas-bajo-las-estrellas\\\/#primaryimage\",\"url\":\"https:\\\/\\\/www.visitamalfi.info\\\/wp-content\\\/uploads\\\/2025\\\/07\\\/518292699_1156945876474445_7365869025143826275_n.jpg\",\"contentUrl\":\"https:\\\/\\\/www.visitamalfi.info\\\/wp-content\\\/uploads\\\/2025\\\/07\\\/518292699_1156945876474445_7365869025143826275_n.jpg\",\"width\":1080,\"height\":1440},{\"@type\":\"BreadcrumbList\",\"@id\":\"https:\\\/\\\/www.visitamalfi.info\\\/es\\\/evento\\\/cuentos-de-hadas-en-la-carpa-lecturas-animadas-bajo-las-estrellas\\\/#breadcrumb\",\"itemListElement\":[{\"@type\":\"ListItem\",\"position\":1,\"name\":\"Home\",\"item\":\"https:\\\/\\\/www.visitamalfi.info\\\/es\\\/\"},{\"@type\":\"ListItem\",\"position\":2,\"name\":\"Eventos\",\"item\":\"https:\\\/\\\/www.visitamalfi.info\\\/es\\\/eventi\\\/\"},{\"@type\":\"ListItem\",\"position\":3,\"name\":\"Cuentos de Hadas en la Carpa &#8211; Lecturas animadas bajo las estrellas\"}]},{\"@type\":\"WebSite\",\"@id\":\"https:\\\/\\\/www.visitamalfi.info\\\/es\\\/#website\",\"url\":\"https:\\\/\\\/www.visitamalfi.info\\\/es\\\/\",\"name\":\"Visit Amalfi\",\"description\":\"Amalfi Destination Official Website\",\"publisher\":{\"@id\":\"https:\\\/\\\/www.visitamalfi.info\\\/es\\\/#organization\"},\"potentialAction\":[{\"@type\":\"SearchAction\",\"target\":{\"@type\":\"EntryPoint\",\"urlTemplate\":\"https:\\\/\\\/www.visitamalfi.info\\\/es\\\/?s={search_term_string}\"},\"query-input\":{\"@type\":\"PropertyValueSpecification\",\"valueRequired\":true,\"valueName\":\"search_term_string\"}}],\"inLanguage\":\"es\"},{\"@type\":\"Organization\",\"@id\":\"https:\\\/\\\/www.visitamalfi.info\\\/es\\\/#organization\",\"name\":\"Visit Amalfi\",\"url\":\"https:\\\/\\\/www.visitamalfi.info\\\/es\\\/\",\"logo\":{\"@type\":\"ImageObject\",\"inLanguage\":\"es\",\"@id\":\"https:\\\/\\\/www.visitamalfi.info\\\/es\\\/#\\\/schema\\\/logo\\\/image\\\/\",\"url\":\"https:\\\/\\\/www.visitamalfi.info\\\/wp-content\\\/uploads\\\/2023\\\/04\\\/visit-amalfi-logo-web.png\",\"contentUrl\":\"https:\\\/\\\/www.visitamalfi.info\\\/wp-content\\\/uploads\\\/2023\\\/04\\\/visit-amalfi-logo-web.png\",\"width\":800,\"height\":870,\"caption\":\"Visit Amalfi\"},\"image\":{\"@id\":\"https:\\\/\\\/www.visitamalfi.info\\\/es\\\/#\\\/schema\\\/logo\\\/image\\\/\"},\"sameAs\":[\"https:\\\/\\\/www.facebook.com\\\/visitamalfiofficial\",\"https:\\\/\\\/www.instagram.com\\\/visitamalfiofficial\\\/\"]}]}<\/script>\n<!-- \/ Yoast SEO plugin. -->","yoast_head_json":{"title":"Cuentos de Hadas en la Carpa - Lecturas animadas bajo las estrellas - Visit Amalfi","robots":{"index":"index","follow":"follow","max-snippet":"max-snippet:-1","max-image-preview":"max-image-preview:large","max-video-preview":"max-video-preview:-1"},"canonical":"https:\/\/www.visitamalfi.info\/es\/evento\/cuentos-de-hadas-en-la-carpa-lecturas-animadas-bajo-las-estrellas\/","og_locale":"es_ES","og_type":"article","og_title":"Cuentos de Hadas en la Carpa - Lecturas animadas bajo las estrellas - Visit Amalfi","og_description":"Una velada m\u00e1gica en la playa de Amalfi, entre tiendas iluminadas y el sonido del mar. Los cuentos de hadas cobran vida en una atm\u00f3sfera on\u00edrica con narraciones animadas dise\u00f1adas [&hellip;]","og_url":"https:\/\/www.visitamalfi.info\/es\/evento\/cuentos-de-hadas-en-la-carpa-lecturas-animadas-bajo-las-estrellas\/","og_site_name":"Visit Amalfi","article_publisher":"https:\/\/www.facebook.com\/visitamalfiofficial","twitter_card":"summary_large_image","schema":{"@context":"https:\/\/schema.org","@graph":[{"@type":"WebPage","@id":"https:\/\/www.visitamalfi.info\/es\/evento\/cuentos-de-hadas-en-la-carpa-lecturas-animadas-bajo-las-estrellas\/","url":"https:\/\/www.visitamalfi.info\/es\/evento\/cuentos-de-hadas-en-la-carpa-lecturas-animadas-bajo-las-estrellas\/","name":"Cuentos de Hadas en la Carpa - Lecturas animadas bajo las estrellas - Visit Amalfi","isPartOf":{"@id":"https:\/\/www.visitamalfi.info\/es\/#website"},"primaryImageOfPage":{"@id":"https:\/\/www.visitamalfi.info\/es\/evento\/cuentos-de-hadas-en-la-carpa-lecturas-animadas-bajo-las-estrellas\/#primaryimage"},"image":{"@id":"https:\/\/www.visitamalfi.info\/es\/evento\/cuentos-de-hadas-en-la-carpa-lecturas-animadas-bajo-las-estrellas\/#primaryimage"},"thumbnailUrl":"https:\/\/www.visitamalfi.info\/wp-content\/uploads\/2025\/07\/518292699_1156945876474445_7365869025143826275_n.jpg","datePublished":"2025-07-15T16:23:36+00:00","breadcrumb":{"@id":"https:\/\/www.visitamalfi.info\/es\/evento\/cuentos-de-hadas-en-la-carpa-lecturas-animadas-bajo-las-estrellas\/#breadcrumb"},"inLanguage":"es","potentialAction":[{"@type":"ReadAction","target":["https:\/\/www.visitamalfi.info\/es\/evento\/cuentos-de-hadas-en-la-carpa-lecturas-animadas-bajo-las-estrellas\/"]}]},{"@type":"ImageObject","inLanguage":"es","@id":"https:\/\/www.visitamalfi.info\/es\/evento\/cuentos-de-hadas-en-la-carpa-lecturas-animadas-bajo-las-estrellas\/#primaryimage","url":"https:\/\/www.visitamalfi.info\/wp-content\/uploads\/2025\/07\/518292699_1156945876474445_7365869025143826275_n.jpg","contentUrl":"https:\/\/www.visitamalfi.info\/wp-content\/uploads\/2025\/07\/518292699_1156945876474445_7365869025143826275_n.jpg","width":1080,"height":1440},{"@type":"BreadcrumbList","@id":"https:\/\/www.visitamalfi.info\/es\/evento\/cuentos-de-hadas-en-la-carpa-lecturas-animadas-bajo-las-estrellas\/#breadcrumb","itemListElement":[{"@type":"ListItem","position":1,"name":"Home","item":"https:\/\/www.visitamalfi.info\/es\/"},{"@type":"ListItem","position":2,"name":"Eventos","item":"https:\/\/www.visitamalfi.info\/es\/eventi\/"},{"@type":"ListItem","position":3,"name":"Cuentos de Hadas en la Carpa &#8211; Lecturas animadas bajo las estrellas"}]},{"@type":"WebSite","@id":"https:\/\/www.visitamalfi.info\/es\/#website","url":"https:\/\/www.visitamalfi.info\/es\/","name":"Visit Amalfi","description":"Amalfi Destination Official Website","publisher":{"@id":"https:\/\/www.visitamalfi.info\/es\/#organization"},"potentialAction":[{"@type":"SearchAction","target":{"@type":"EntryPoint","urlTemplate":"https:\/\/www.visitamalfi.info\/es\/?s={search_term_string}"},"query-input":{"@type":"PropertyValueSpecification","valueRequired":true,"valueName":"search_term_string"}}],"inLanguage":"es"},{"@type":"Organization","@id":"https:\/\/www.visitamalfi.info\/es\/#organization","name":"Visit Amalfi","url":"https:\/\/www.visitamalfi.info\/es\/","logo":{"@type":"ImageObject","inLanguage":"es","@id":"https:\/\/www.visitamalfi.info\/es\/#\/schema\/logo\/image\/","url":"https:\/\/www.visitamalfi.info\/wp-content\/uploads\/2023\/04\/visit-amalfi-logo-web.png","contentUrl":"https:\/\/www.visitamalfi.info\/wp-content\/uploads\/2023\/04\/visit-amalfi-logo-web.png","width":800,"height":870,"caption":"Visit Amalfi"},"image":{"@id":"https:\/\/www.visitamalfi.info\/es\/#\/schema\/logo\/image\/"},"sameAs":["https:\/\/www.facebook.com\/visitamalfiofficial","https:\/\/www.instagram.com\/visitamalfiofficial\/"]}]}},"_links":{"self":[{"href":"https:\/\/www.visitamalfi.info\/es\/wp-json\/wp\/v2\/tribe_events\/22365","targetHints":{"allow":["GET"]}}],"collection":[{"href":"https:\/\/www.visitamalfi.info\/es\/wp-json\/wp\/v2\/tribe_events"}],"about":[{"href":"https:\/\/www.visitamalfi.info\/es\/wp-json\/wp\/v2\/types\/tribe_events"}],"author":[{"embeddable":true,"href":"https:\/\/www.visitamalfi.info\/es\/wp-json\/wp\/v2\/users\/7"}],"version-history":[{"count":0,"href":"https:\/\/www.visitamalfi.info\/es\/wp-json\/wp\/v2\/tribe_events\/22365\/revisions"}],"wp:featuredmedia":[{"embeddable":true,"href":"https:\/\/www.visitamalfi.info\/es\/wp-json\/wp\/v2\/media\/22287"}],"wp:attachment":[{"href":"https:\/\/www.visitamalfi.info\/es\/wp-json\/wp\/v2\/media?parent=22365"}],"wp:term":[{"taxonomy":"post_tag","embeddable":true,"href":"https:\/\/www.visitamalfi.info\/es\/wp-json\/wp\/v2\/tags?post=22365"},{"taxonomy":"tribe_events_cat","embeddable":true,"href":"https:\/\/www.visitamalfi.info\/es\/wp-json\/wp\/v2\/tribe_events_cat?post=22365"}],"curies":[{"name":"wp","href":"https:\/\/api.w.org\/{rel}","templated":true}]}}

<p>Una velada mágica en la playa de Amalfi, entre tiendas iluminadas y el sonido del mar. Los cuentos de hadas cobran vida en una atmósfera onírica con narraciones animadas diseñadas especialmente para los niños, que se convierten en los protagonistas de la historia, rodeados de la belleza de la naturaleza y de la voz de los cuentos.</p>
<p><em>Evento familiar de Ma Dove Vivono i Cartoni</em></p>

<p>Una velada mágica en la playa de Amalfi, entre tiendas iluminadas y el sonido del mar. Los cuentos de hadas cobran vida en una atmósfera onírica con narraciones animadas diseñadas [&hellip;]</p>

<!-- This site is optimized with the Yoast SEO plugin v27.3 - https://yoast.com/product/yoast-seo-wordpress/ -->
<title>Cuentos de Hadas en la Carpa - Lecturas animadas bajo las estrellas - Visit Amalfi</title>
<meta name="robots" content="index, follow, max-snippet:-1, max-image-preview:large, max-video-preview:-1" />
<link rel="canonical" href="https://www.visitamalfi.info/es/evento/cuentos-de-hadas-en-la-carpa-lecturas-animadas-bajo-las-estrellas/" />
<meta property="og:locale" content="es_ES" />
<meta property="og:type" content="article" />
<meta property="og:title" content="Cuentos de Hadas en la Carpa - Lecturas animadas bajo las estrellas - Visit Amalfi" />
<meta property="og:description" content="Una velada mágica en la playa de Amalfi, entre tiendas iluminadas y el sonido del mar. Los cuentos de hadas cobran vida en una atmósfera onírica con narraciones animadas diseñadas [&hellip;]" />
<meta property="og:url" content="https://www.visitamalfi.info/es/evento/cuentos-de-hadas-en-la-carpa-lecturas-animadas-bajo-las-estrellas/" />
<meta property="og:site_name" content="Visit Amalfi" />
<meta property="article:publisher" content="https://www.facebook.com/visitamalfiofficial" />
<meta name="twitter:card" content="summary_large_image" />
<script type="application/ld+json" class="yoast-schema-graph">{"@context":"https:\/\/schema.org","@graph":[{"@type":"WebPage","@id":"https:\/\/www.visitamalfi.info\/es\/evento\/cuentos-de-hadas-en-la-carpa-lecturas-animadas-bajo-las-estrellas\/","url":"https:\/\/www.visitamalfi.info\/es\/evento\/cuentos-de-hadas-en-la-carpa-lecturas-animadas-bajo-las-estrellas\/","name":"Cuentos de Hadas en la Carpa - Lecturas animadas bajo las estrellas - Visit Amalfi","isPartOf":{"@id":"https:\/\/www.visitamalfi.info\/es\/#website"},"primaryImageOfPage":{"@id":"https:\/\/www.visitamalfi.info\/es\/evento\/cuentos-de-hadas-en-la-carpa-lecturas-animadas-bajo-las-estrellas\/#primaryimage"},"image":{"@id":"https:\/\/www.visitamalfi.info\/es\/evento\/cuentos-de-hadas-en-la-carpa-lecturas-animadas-bajo-las-estrellas\/#primaryimage"},"thumbnailUrl":"https:\/\/www.visitamalfi.info\/wp-content\/uploads\/2025\/07\/518292699_1156945876474445_7365869025143826275_n.jpg","datePublished":"2025-07-15T16:23:36+00:00","breadcrumb":{"@id":"https:\/\/www.visitamalfi.info\/es\/evento\/cuentos-de-hadas-en-la-carpa-lecturas-animadas-bajo-las-estrellas\/#breadcrumb"},"inLanguage":"es","potentialAction":[{"@type":"ReadAction","target":["https:\/\/www.visitamalfi.info\/es\/evento\/cuentos-de-hadas-en-la-carpa-lecturas-animadas-bajo-las-estrellas\/"]}]},{"@type":"ImageObject","inLanguage":"es","@id":"https:\/\/www.visitamalfi.info\/es\/evento\/cuentos-de-hadas-en-la-carpa-lecturas-animadas-bajo-las-estrellas\/#primaryimage","url":"https:\/\/www.visitamalfi.info\/wp-content\/uploads\/2025\/07\/518292699_1156945876474445_7365869025143826275_n.jpg","contentUrl":"https:\/\/www.visitamalfi.info\/wp-content\/uploads\/2025\/07\/518292699_1156945876474445_7365869025143826275_n.jpg","width":1080,"height":1440},{"@type":"BreadcrumbList","@id":"https:\/\/www.visitamalfi.info\/es\/evento\/cuentos-de-hadas-en-la-carpa-lecturas-animadas-bajo-las-estrellas\/#breadcrumb","itemListElement":[{"@type":"ListItem","position":1,"name":"Home","item":"https:\/\/www.visitamalfi.info\/es\/"},{"@type":"ListItem","position":2,"name":"Eventos","item":"https:\/\/www.visitamalfi.info\/es\/eventi\/"},{"@type":"ListItem","position":3,"name":"Cuentos de Hadas en la Carpa &#8211; Lecturas animadas bajo las estrellas"}]},{"@type":"WebSite","@id":"https:\/\/www.visitamalfi.info\/es\/#website","url":"https:\/\/www.visitamalfi.info\/es\/","name":"Visit Amalfi","description":"Amalfi Destination Official Website","publisher":{"@id":"https:\/\/www.visitamalfi.info\/es\/#organization"},"potentialAction":[{"@type":"SearchAction","target":{"@type":"EntryPoint","urlTemplate":"https:\/\/www.visitamalfi.info\/es\/?s={search_term_string}"},"query-input":{"@type":"PropertyValueSpecification","valueRequired":true,"valueName":"search_term_string"}}],"inLanguage":"es"},{"@type":"Organization","@id":"https:\/\/www.visitamalfi.info\/es\/#organization","name":"Visit Amalfi","url":"https:\/\/www.visitamalfi.info\/es\/","logo":{"@type":"ImageObject","inLanguage":"es","@id":"https:\/\/www.visitamalfi.info\/es\/#\/schema\/logo\/image\/","url":"https:\/\/www.visitamalfi.info\/wp-content\/uploads\/2023\/04\/visit-amalfi-logo-web.png","contentUrl":"https:\/\/www.visitamalfi.info\/wp-content\/uploads\/2023\/04\/visit-amalfi-logo-web.png","width":800,"height":870,"caption":"Visit Amalfi"},"image":{"@id":"https:\/\/www.visitamalfi.info\/es\/#\/schema\/logo\/image\/"},"sameAs":["https:\/\/www.facebook.com\/visitamalfiofficial","https:\/\/www.instagram.com\/visitamalfiofficial\/"]}]}</script>
<!-- / Yoast SEO plugin. -->

Una velada mágica en la playa de Amalfi, entre tiendas iluminadas y el sonido del mar. Los cuentos de hadas cobran vida en una atmósfera onírica con narraciones animadas diseñadas [&hellip;]
