{"id":22345,"date":"2025-07-15T18:33:52","date_gmt":"2025-07-15T16:33:52","guid":{"rendered":"https:\/\/www.visitamalfi.info\/evento\/fiesta-infantil-de-arte-dia-del-color\/"},"modified":"2025-07-15T18:33:52","modified_gmt":"2025-07-15T16:33:52","slug":"fiesta-infantil-de-arte-dia-del-color","status":"publish","type":"tribe_events","link":"https:\/\/www.visitamalfi.info\/es\/evento\/fiesta-infantil-de-arte-dia-del-color\/","title":{"rendered":"Fiesta infantil de arte &#8211; D\u00eda del color"},"content":{"rendered":"<p>Un d\u00eda dedicado al Arte en todos sus matices. Los ni\u00f1os y ni\u00f1as podr\u00e1n pintar sobre lienzos y superficies de todo tipo, en un taller al aire libre donde podr\u00e1n expresar su creatividad y talento. Se planifican juegos acu\u00e1ticos y diversas actividades creativas para cada necesidad y grupo de edad.<\/p>\n<p><em>Editado por El mundo de Naty<\/em><\/p>\n","protected":false},"excerpt":{"rendered":"<p>Un d\u00eda dedicado al Arte en todos sus matices. Los ni\u00f1os y ni\u00f1as podr\u00e1n pintar sobre lienzos y superficies de todo tipo, en un taller al aire libre donde podr\u00e1n [&hellip;]<\/p>\n","protected":false},"author":7,"featured_media":22294,"template":"","meta":{"inline_featured_image":false,"_tribe_events_status":"","_tribe_events_status_reason":"","footnotes":""},"tags":[],"tribe_events_cat":[],"class_list":["post-22345","tribe_events","type-tribe_events","status-publish","has-post-thumbnail","hentry"],"yoast_head":"<!-- This site is optimized with the Yoast SEO plugin v27.3 - https:\/\/yoast.com\/product\/yoast-seo-wordpress\/ -->\n<title>Fiesta infantil de arte - D\u00eda del color - Visit Amalfi<\/title>\n<meta name=\"robots\" content=\"index, follow, max-snippet:-1, max-image-preview:large, max-video-preview:-1\" \/>\n<link rel=\"canonical\" href=\"https:\/\/www.visitamalfi.info\/es\/evento\/fiesta-infantil-de-arte-dia-del-color\/\" \/>\n<meta property=\"og:locale\" content=\"es_ES\" \/>\n<meta property=\"og:type\" content=\"article\" \/>\n<meta property=\"og:title\" content=\"Fiesta infantil de arte - D\u00eda del color - Visit Amalfi\" \/>\n<meta property=\"og:description\" content=\"Un d\u00eda dedicado al Arte en todos sus matices. Los ni\u00f1os y ni\u00f1as podr\u00e1n pintar sobre lienzos y superficies de todo tipo, en un taller al aire libre donde podr\u00e1n [&hellip;]\" \/>\n<meta property=\"og:url\" content=\"https:\/\/www.visitamalfi.info\/es\/evento\/fiesta-infantil-de-arte-dia-del-color\/\" \/>\n<meta property=\"og:site_name\" content=\"Visit Amalfi\" \/>\n<meta property=\"article:publisher\" content=\"https:\/\/www.facebook.com\/visitamalfiofficial\" \/>\n<meta name=\"twitter:card\" content=\"summary_large_image\" \/>\n<script type=\"application\/ld+json\" class=\"yoast-schema-graph\">{\"@context\":\"https:\\\/\\\/schema.org\",\"@graph\":[{\"@type\":\"WebPage\",\"@id\":\"https:\\\/\\\/www.visitamalfi.info\\\/es\\\/evento\\\/fiesta-infantil-de-arte-dia-del-color\\\/\",\"url\":\"https:\\\/\\\/www.visitamalfi.info\\\/es\\\/evento\\\/fiesta-infantil-de-arte-dia-del-color\\\/\",\"name\":\"Fiesta infantil de arte - D\u00eda del color - Visit Amalfi\",\"isPartOf\":{\"@id\":\"https:\\\/\\\/www.visitamalfi.info\\\/es\\\/#website\"},\"primaryImageOfPage\":{\"@id\":\"https:\\\/\\\/www.visitamalfi.info\\\/es\\\/evento\\\/fiesta-infantil-de-arte-dia-del-color\\\/#primaryimage\"},\"image\":{\"@id\":\"https:\\\/\\\/www.visitamalfi.info\\\/es\\\/evento\\\/fiesta-infantil-de-arte-dia-del-color\\\/#primaryimage\"},\"thumbnailUrl\":\"https:\\\/\\\/www.visitamalfi.info\\\/wp-content\\\/uploads\\\/2025\\\/07\\\/514346633_1156945733141126_3393358229461143252_n.jpg\",\"datePublished\":\"2025-07-15T16:33:52+00:00\",\"breadcrumb\":{\"@id\":\"https:\\\/\\\/www.visitamalfi.info\\\/es\\\/evento\\\/fiesta-infantil-de-arte-dia-del-color\\\/#breadcrumb\"},\"inLanguage\":\"es\",\"potentialAction\":[{\"@type\":\"ReadAction\",\"target\":[\"https:\\\/\\\/www.visitamalfi.info\\\/es\\\/evento\\\/fiesta-infantil-de-arte-dia-del-color\\\/\"]}]},{\"@type\":\"ImageObject\",\"inLanguage\":\"es\",\"@id\":\"https:\\\/\\\/www.visitamalfi.info\\\/es\\\/evento\\\/fiesta-infantil-de-arte-dia-del-color\\\/#primaryimage\",\"url\":\"https:\\\/\\\/www.visitamalfi.info\\\/wp-content\\\/uploads\\\/2025\\\/07\\\/514346633_1156945733141126_3393358229461143252_n.jpg\",\"contentUrl\":\"https:\\\/\\\/www.visitamalfi.info\\\/wp-content\\\/uploads\\\/2025\\\/07\\\/514346633_1156945733141126_3393358229461143252_n.jpg\",\"width\":1080,\"height\":798},{\"@type\":\"BreadcrumbList\",\"@id\":\"https:\\\/\\\/www.visitamalfi.info\\\/es\\\/evento\\\/fiesta-infantil-de-arte-dia-del-color\\\/#breadcrumb\",\"itemListElement\":[{\"@type\":\"ListItem\",\"position\":1,\"name\":\"Home\",\"item\":\"https:\\\/\\\/www.visitamalfi.info\\\/es\\\/\"},{\"@type\":\"ListItem\",\"position\":2,\"name\":\"Eventos\",\"item\":\"https:\\\/\\\/www.visitamalfi.info\\\/es\\\/eventi\\\/\"},{\"@type\":\"ListItem\",\"position\":3,\"name\":\"Fiesta infantil de arte &#8211; D\u00eda del color\"}]},{\"@type\":\"WebSite\",\"@id\":\"https:\\\/\\\/www.visitamalfi.info\\\/es\\\/#website\",\"url\":\"https:\\\/\\\/www.visitamalfi.info\\\/es\\\/\",\"name\":\"Visit Amalfi\",\"description\":\"Amalfi Destination Official Website\",\"publisher\":{\"@id\":\"https:\\\/\\\/www.visitamalfi.info\\\/es\\\/#organization\"},\"potentialAction\":[{\"@type\":\"SearchAction\",\"target\":{\"@type\":\"EntryPoint\",\"urlTemplate\":\"https:\\\/\\\/www.visitamalfi.info\\\/es\\\/?s={search_term_string}\"},\"query-input\":{\"@type\":\"PropertyValueSpecification\",\"valueRequired\":true,\"valueName\":\"search_term_string\"}}],\"inLanguage\":\"es\"},{\"@type\":\"Organization\",\"@id\":\"https:\\\/\\\/www.visitamalfi.info\\\/es\\\/#organization\",\"name\":\"Visit Amalfi\",\"url\":\"https:\\\/\\\/www.visitamalfi.info\\\/es\\\/\",\"logo\":{\"@type\":\"ImageObject\",\"inLanguage\":\"es\",\"@id\":\"https:\\\/\\\/www.visitamalfi.info\\\/es\\\/#\\\/schema\\\/logo\\\/image\\\/\",\"url\":\"https:\\\/\\\/www.visitamalfi.info\\\/wp-content\\\/uploads\\\/2023\\\/04\\\/visit-amalfi-logo-web.png\",\"contentUrl\":\"https:\\\/\\\/www.visitamalfi.info\\\/wp-content\\\/uploads\\\/2023\\\/04\\\/visit-amalfi-logo-web.png\",\"width\":800,\"height\":870,\"caption\":\"Visit Amalfi\"},\"image\":{\"@id\":\"https:\\\/\\\/www.visitamalfi.info\\\/es\\\/#\\\/schema\\\/logo\\\/image\\\/\"},\"sameAs\":[\"https:\\\/\\\/www.facebook.com\\\/visitamalfiofficial\",\"https:\\\/\\\/www.instagram.com\\\/visitamalfiofficial\\\/\"]}]}<\/script>\n<!-- \/ Yoast SEO plugin. -->","yoast_head_json":{"title":"Fiesta infantil de arte - D\u00eda del color - Visit Amalfi","robots":{"index":"index","follow":"follow","max-snippet":"max-snippet:-1","max-image-preview":"max-image-preview:large","max-video-preview":"max-video-preview:-1"},"canonical":"https:\/\/www.visitamalfi.info\/es\/evento\/fiesta-infantil-de-arte-dia-del-color\/","og_locale":"es_ES","og_type":"article","og_title":"Fiesta infantil de arte - D\u00eda del color - Visit Amalfi","og_description":"Un d\u00eda dedicado al Arte en todos sus matices. Los ni\u00f1os y ni\u00f1as podr\u00e1n pintar sobre lienzos y superficies de todo tipo, en un taller al aire libre donde podr\u00e1n [&hellip;]","og_url":"https:\/\/www.visitamalfi.info\/es\/evento\/fiesta-infantil-de-arte-dia-del-color\/","og_site_name":"Visit Amalfi","article_publisher":"https:\/\/www.facebook.com\/visitamalfiofficial","twitter_card":"summary_large_image","schema":{"@context":"https:\/\/schema.org","@graph":[{"@type":"WebPage","@id":"https:\/\/www.visitamalfi.info\/es\/evento\/fiesta-infantil-de-arte-dia-del-color\/","url":"https:\/\/www.visitamalfi.info\/es\/evento\/fiesta-infantil-de-arte-dia-del-color\/","name":"Fiesta infantil de arte - D\u00eda del color - Visit Amalfi","isPartOf":{"@id":"https:\/\/www.visitamalfi.info\/es\/#website"},"primaryImageOfPage":{"@id":"https:\/\/www.visitamalfi.info\/es\/evento\/fiesta-infantil-de-arte-dia-del-color\/#primaryimage"},"image":{"@id":"https:\/\/www.visitamalfi.info\/es\/evento\/fiesta-infantil-de-arte-dia-del-color\/#primaryimage"},"thumbnailUrl":"https:\/\/www.visitamalfi.info\/wp-content\/uploads\/2025\/07\/514346633_1156945733141126_3393358229461143252_n.jpg","datePublished":"2025-07-15T16:33:52+00:00","breadcrumb":{"@id":"https:\/\/www.visitamalfi.info\/es\/evento\/fiesta-infantil-de-arte-dia-del-color\/#breadcrumb"},"inLanguage":"es","potentialAction":[{"@type":"ReadAction","target":["https:\/\/www.visitamalfi.info\/es\/evento\/fiesta-infantil-de-arte-dia-del-color\/"]}]},{"@type":"ImageObject","inLanguage":"es","@id":"https:\/\/www.visitamalfi.info\/es\/evento\/fiesta-infantil-de-arte-dia-del-color\/#primaryimage","url":"https:\/\/www.visitamalfi.info\/wp-content\/uploads\/2025\/07\/514346633_1156945733141126_3393358229461143252_n.jpg","contentUrl":"https:\/\/www.visitamalfi.info\/wp-content\/uploads\/2025\/07\/514346633_1156945733141126_3393358229461143252_n.jpg","width":1080,"height":798},{"@type":"BreadcrumbList","@id":"https:\/\/www.visitamalfi.info\/es\/evento\/fiesta-infantil-de-arte-dia-del-color\/#breadcrumb","itemListElement":[{"@type":"ListItem","position":1,"name":"Home","item":"https:\/\/www.visitamalfi.info\/es\/"},{"@type":"ListItem","position":2,"name":"Eventos","item":"https:\/\/www.visitamalfi.info\/es\/eventi\/"},{"@type":"ListItem","position":3,"name":"Fiesta infantil de arte &#8211; D\u00eda del color"}]},{"@type":"WebSite","@id":"https:\/\/www.visitamalfi.info\/es\/#website","url":"https:\/\/www.visitamalfi.info\/es\/","name":"Visit Amalfi","description":"Amalfi Destination Official Website","publisher":{"@id":"https:\/\/www.visitamalfi.info\/es\/#organization"},"potentialAction":[{"@type":"SearchAction","target":{"@type":"EntryPoint","urlTemplate":"https:\/\/www.visitamalfi.info\/es\/?s={search_term_string}"},"query-input":{"@type":"PropertyValueSpecification","valueRequired":true,"valueName":"search_term_string"}}],"inLanguage":"es"},{"@type":"Organization","@id":"https:\/\/www.visitamalfi.info\/es\/#organization","name":"Visit Amalfi","url":"https:\/\/www.visitamalfi.info\/es\/","logo":{"@type":"ImageObject","inLanguage":"es","@id":"https:\/\/www.visitamalfi.info\/es\/#\/schema\/logo\/image\/","url":"https:\/\/www.visitamalfi.info\/wp-content\/uploads\/2023\/04\/visit-amalfi-logo-web.png","contentUrl":"https:\/\/www.visitamalfi.info\/wp-content\/uploads\/2023\/04\/visit-amalfi-logo-web.png","width":800,"height":870,"caption":"Visit Amalfi"},"image":{"@id":"https:\/\/www.visitamalfi.info\/es\/#\/schema\/logo\/image\/"},"sameAs":["https:\/\/www.facebook.com\/visitamalfiofficial","https:\/\/www.instagram.com\/visitamalfiofficial\/"]}]}},"_links":{"self":[{"href":"https:\/\/www.visitamalfi.info\/es\/wp-json\/wp\/v2\/tribe_events\/22345","targetHints":{"allow":["GET"]}}],"collection":[{"href":"https:\/\/www.visitamalfi.info\/es\/wp-json\/wp\/v2\/tribe_events"}],"about":[{"href":"https:\/\/www.visitamalfi.info\/es\/wp-json\/wp\/v2\/types\/tribe_events"}],"author":[{"embeddable":true,"href":"https:\/\/www.visitamalfi.info\/es\/wp-json\/wp\/v2\/users\/7"}],"version-history":[{"count":0,"href":"https:\/\/www.visitamalfi.info\/es\/wp-json\/wp\/v2\/tribe_events\/22345\/revisions"}],"wp:featuredmedia":[{"embeddable":true,"href":"https:\/\/www.visitamalfi.info\/es\/wp-json\/wp\/v2\/media\/22294"}],"wp:attachment":[{"href":"https:\/\/www.visitamalfi.info\/es\/wp-json\/wp\/v2\/media?parent=22345"}],"wp:term":[{"taxonomy":"post_tag","embeddable":true,"href":"https:\/\/www.visitamalfi.info\/es\/wp-json\/wp\/v2\/tags?post=22345"},{"taxonomy":"tribe_events_cat","embeddable":true,"href":"https:\/\/www.visitamalfi.info\/es\/wp-json\/wp\/v2\/tribe_events_cat?post=22345"}],"curies":[{"name":"wp","href":"https:\/\/api.w.org\/{rel}","templated":true}]}}

Fiesta infantil de arte &#8211; Día del color

<p>Un día dedicado al Arte en todos sus matices. Los niños y niñas podrán pintar sobre lienzos y superficies de todo tipo, en un taller al aire libre donde podrán expresar su creatividad y talento. Se planifican juegos acuáticos y diversas actividades creativas para cada necesidad y grupo de edad.</p>
<p><em>Editado por El mundo de Naty</em></p>

<p>Un día dedicado al Arte en todos sus matices. Los niños y niñas podrán pintar sobre lienzos y superficies de todo tipo, en un taller al aire libre donde podrán [&hellip;]</p>

<!-- This site is optimized with the Yoast SEO plugin v27.3 - https://yoast.com/product/yoast-seo-wordpress/ -->
<title>Fiesta infantil de arte - Día del color - Visit Amalfi</title>
<meta name="robots" content="index, follow, max-snippet:-1, max-image-preview:large, max-video-preview:-1" />
<link rel="canonical" href="https://www.visitamalfi.info/es/evento/fiesta-infantil-de-arte-dia-del-color/" />
<meta property="og:locale" content="es_ES" />
<meta property="og:type" content="article" />
<meta property="og:title" content="Fiesta infantil de arte - Día del color - Visit Amalfi" />
<meta property="og:description" content="Un día dedicado al Arte en todos sus matices. Los niños y niñas podrán pintar sobre lienzos y superficies de todo tipo, en un taller al aire libre donde podrán [&hellip;]" />
<meta property="og:url" content="https://www.visitamalfi.info/es/evento/fiesta-infantil-de-arte-dia-del-color/" />
<meta property="og:site_name" content="Visit Amalfi" />
<meta property="article:publisher" content="https://www.facebook.com/visitamalfiofficial" />
<meta name="twitter:card" content="summary_large_image" />
<script type="application/ld+json" class="yoast-schema-graph">{"@context":"https:\/\/schema.org","@graph":[{"@type":"WebPage","@id":"https:\/\/www.visitamalfi.info\/es\/evento\/fiesta-infantil-de-arte-dia-del-color\/","url":"https:\/\/www.visitamalfi.info\/es\/evento\/fiesta-infantil-de-arte-dia-del-color\/","name":"Fiesta infantil de arte - Día del color - Visit Amalfi","isPartOf":{"@id":"https:\/\/www.visitamalfi.info\/es\/#website"},"primaryImageOfPage":{"@id":"https:\/\/www.visitamalfi.info\/es\/evento\/fiesta-infantil-de-arte-dia-del-color\/#primaryimage"},"image":{"@id":"https:\/\/www.visitamalfi.info\/es\/evento\/fiesta-infantil-de-arte-dia-del-color\/#primaryimage"},"thumbnailUrl":"https:\/\/www.visitamalfi.info\/wp-content\/uploads\/2025\/07\/514346633_1156945733141126_3393358229461143252_n.jpg","datePublished":"2025-07-15T16:33:52+00:00","breadcrumb":{"@id":"https:\/\/www.visitamalfi.info\/es\/evento\/fiesta-infantil-de-arte-dia-del-color\/#breadcrumb"},"inLanguage":"es","potentialAction":[{"@type":"ReadAction","target":["https:\/\/www.visitamalfi.info\/es\/evento\/fiesta-infantil-de-arte-dia-del-color\/"]}]},{"@type":"ImageObject","inLanguage":"es","@id":"https:\/\/www.visitamalfi.info\/es\/evento\/fiesta-infantil-de-arte-dia-del-color\/#primaryimage","url":"https:\/\/www.visitamalfi.info\/wp-content\/uploads\/2025\/07\/514346633_1156945733141126_3393358229461143252_n.jpg","contentUrl":"https:\/\/www.visitamalfi.info\/wp-content\/uploads\/2025\/07\/514346633_1156945733141126_3393358229461143252_n.jpg","width":1080,"height":798},{"@type":"BreadcrumbList","@id":"https:\/\/www.visitamalfi.info\/es\/evento\/fiesta-infantil-de-arte-dia-del-color\/#breadcrumb","itemListElement":[{"@type":"ListItem","position":1,"name":"Home","item":"https:\/\/www.visitamalfi.info\/es\/"},{"@type":"ListItem","position":2,"name":"Eventos","item":"https:\/\/www.visitamalfi.info\/es\/eventi\/"},{"@type":"ListItem","position":3,"name":"Fiesta infantil de arte &#8211; Día del color"}]},{"@type":"WebSite","@id":"https:\/\/www.visitamalfi.info\/es\/#website","url":"https:\/\/www.visitamalfi.info\/es\/","name":"Visit Amalfi","description":"Amalfi Destination Official Website","publisher":{"@id":"https:\/\/www.visitamalfi.info\/es\/#organization"},"potentialAction":[{"@type":"SearchAction","target":{"@type":"EntryPoint","urlTemplate":"https:\/\/www.visitamalfi.info\/es\/?s={search_term_string}"},"query-input":{"@type":"PropertyValueSpecification","valueRequired":true,"valueName":"search_term_string"}}],"inLanguage":"es"},{"@type":"Organization","@id":"https:\/\/www.visitamalfi.info\/es\/#organization","name":"Visit Amalfi","url":"https:\/\/www.visitamalfi.info\/es\/","logo":{"@type":"ImageObject","inLanguage":"es","@id":"https:\/\/www.visitamalfi.info\/es\/#\/schema\/logo\/image\/","url":"https:\/\/www.visitamalfi.info\/wp-content\/uploads\/2023\/04\/visit-amalfi-logo-web.png","contentUrl":"https:\/\/www.visitamalfi.info\/wp-content\/uploads\/2023\/04\/visit-amalfi-logo-web.png","width":800,"height":870,"caption":"Visit Amalfi"},"image":{"@id":"https:\/\/www.visitamalfi.info\/es\/#\/schema\/logo\/image\/"},"sameAs":["https:\/\/www.facebook.com\/visitamalfiofficial","https:\/\/www.instagram.com\/visitamalfiofficial\/"]}]}</script>
<!-- / Yoast SEO plugin. -->

Fiesta infantil de arte - Día del color - Visit Amalfi

Un día dedicado al Arte en todos sus matices. Los niños y niñas podrán pintar sobre lienzos y superficies de todo tipo, en un taller al aire libre donde podrán [&hellip;]
