{"id":22120,"date":"2025-06-23T14:43:29","date_gmt":"2025-06-23T12:43:29","guid":{"rendered":"https:\/\/www.visitamalfi.info\/evento\/amalfi-en-jazz-amy-winehouse-band\/"},"modified":"2025-06-23T14:43:29","modified_gmt":"2025-06-23T12:43:29","slug":"amalfi-en-jazz-amy-winehouse-band","status":"publish","type":"tribe_events","link":"https:\/\/www.visitamalfi.info\/es\/evento\/amalfi-en-jazz-amy-winehouse-band\/","title":{"rendered":"Amalfi en Jazz &#8211; Amy Winehouse Band"},"content":{"rendered":"<p>La banda original de <strong><em>Amy Winehouse<\/em><\/strong>liderada por su director musical y bajista de toda la vida <strong><em>Dale Davis<\/em><\/strong> &#8211; amigo \u00edntimo de Amy desde sus primeros d\u00edas- celebra la \u00e9poca que redefini\u00f3 la m\u00fasica global y la actuaci\u00f3n en directo. Un espect\u00e1culo que mantiene vivo el esp\u00edritu, el legado y el sonido \u00fanico de Amy, en una conexi\u00f3n aut\u00e9ntica s\u00f3lo posible gracias a su banda original. Con la extraordinaria voz de <strong><em>Bronte Shand\u00e9<\/em><\/strong>este concierto se ha convertido en una experiencia inolvidable para todas las generaciones: un homenaje con entradas agotadas en teatros, festivales y giras por todo el Reino Unido, Europa y el mundo. Un viaje emocional a trav\u00e9s de los grandes \u00e9xitos y obras maestras de los galardonados \u00e1lbumes de Amy Winehouse&#8230; y mucho m\u00e1s<strong>.<\/strong><\/p>\n","protected":false},"excerpt":{"rendered":"<p>Un espect\u00e1culo que mantiene vivo el esp\u00edritu, el legado y el sonido \u00fanico de Amy, en una conexi\u00f3n aut\u00e9ntica s\u00f3lo posible gracias a su banda original. <\/p>\n","protected":false},"author":7,"featured_media":22084,"template":"","meta":{"inline_featured_image":false,"_tribe_events_status":"","_tribe_events_status_reason":"","footnotes":""},"tags":[],"tribe_events_cat":[371,662],"class_list":["post-22120","tribe_events","type-tribe_events","status-publish","has-post-thumbnail","hentry","tribe_events_cat-musica-dal-vivo-es","tribe_events_cat-portadas-en-directo","cat_musica-dal-vivo-es","cat_portadas-en-directo"],"yoast_head":"<!-- This site is optimized with the Yoast SEO plugin v27.3 - https:\/\/yoast.com\/product\/yoast-seo-wordpress\/ -->\n<title>Amalfi en Jazz - Amy Winehouse Band - Visit Amalfi<\/title>\n<meta name=\"robots\" content=\"index, follow, max-snippet:-1, max-image-preview:large, max-video-preview:-1\" \/>\n<link rel=\"canonical\" href=\"https:\/\/www.visitamalfi.info\/es\/evento\/amalfi-en-jazz-amy-winehouse-band\/\" \/>\n<meta property=\"og:locale\" content=\"es_ES\" \/>\n<meta property=\"og:type\" content=\"article\" \/>\n<meta property=\"og:title\" content=\"Amalfi en Jazz - Amy Winehouse Band - Visit Amalfi\" \/>\n<meta property=\"og:description\" content=\"Un espect\u00e1culo que mantiene vivo el esp\u00edritu, el legado y el sonido \u00fanico de Amy, en una conexi\u00f3n aut\u00e9ntica s\u00f3lo posible gracias a su banda original.\" \/>\n<meta property=\"og:url\" content=\"https:\/\/www.visitamalfi.info\/es\/evento\/amalfi-en-jazz-amy-winehouse-band\/\" \/>\n<meta property=\"og:site_name\" content=\"Visit Amalfi\" \/>\n<meta property=\"article:publisher\" content=\"https:\/\/www.facebook.com\/visitamalfiofficial\" \/>\n<meta name=\"twitter:card\" content=\"summary_large_image\" \/>\n<meta name=\"twitter:label1\" content=\"Tiempo de lectura\" \/>\n\t<meta name=\"twitter:data1\" content=\"1 minuto\" \/>\n<script type=\"application\/ld+json\" class=\"yoast-schema-graph\">{\"@context\":\"https:\\\/\\\/schema.org\",\"@graph\":[{\"@type\":\"WebPage\",\"@id\":\"https:\\\/\\\/www.visitamalfi.info\\\/es\\\/evento\\\/amalfi-en-jazz-amy-winehouse-band\\\/\",\"url\":\"https:\\\/\\\/www.visitamalfi.info\\\/es\\\/evento\\\/amalfi-en-jazz-amy-winehouse-band\\\/\",\"name\":\"Amalfi en Jazz - Amy Winehouse Band - Visit Amalfi\",\"isPartOf\":{\"@id\":\"https:\\\/\\\/www.visitamalfi.info\\\/es\\\/#website\"},\"primaryImageOfPage\":{\"@id\":\"https:\\\/\\\/www.visitamalfi.info\\\/es\\\/evento\\\/amalfi-en-jazz-amy-winehouse-band\\\/#primaryimage\"},\"image\":{\"@id\":\"https:\\\/\\\/www.visitamalfi.info\\\/es\\\/evento\\\/amalfi-en-jazz-amy-winehouse-band\\\/#primaryimage\"},\"thumbnailUrl\":\"https:\\\/\\\/www.visitamalfi.info\\\/wp-content\\\/uploads\\\/2025\\\/06\\\/concerto-cover-queen-of-bulsara-foto-abbagnara-66.jpg\",\"datePublished\":\"2025-06-23T12:43:29+00:00\",\"breadcrumb\":{\"@id\":\"https:\\\/\\\/www.visitamalfi.info\\\/es\\\/evento\\\/amalfi-en-jazz-amy-winehouse-band\\\/#breadcrumb\"},\"inLanguage\":\"es\",\"potentialAction\":[{\"@type\":\"ReadAction\",\"target\":[\"https:\\\/\\\/www.visitamalfi.info\\\/es\\\/evento\\\/amalfi-en-jazz-amy-winehouse-band\\\/\"]}]},{\"@type\":\"ImageObject\",\"inLanguage\":\"es\",\"@id\":\"https:\\\/\\\/www.visitamalfi.info\\\/es\\\/evento\\\/amalfi-en-jazz-amy-winehouse-band\\\/#primaryimage\",\"url\":\"https:\\\/\\\/www.visitamalfi.info\\\/wp-content\\\/uploads\\\/2025\\\/06\\\/concerto-cover-queen-of-bulsara-foto-abbagnara-66.jpg\",\"contentUrl\":\"https:\\\/\\\/www.visitamalfi.info\\\/wp-content\\\/uploads\\\/2025\\\/06\\\/concerto-cover-queen-of-bulsara-foto-abbagnara-66.jpg\",\"width\":1920,\"height\":1280},{\"@type\":\"BreadcrumbList\",\"@id\":\"https:\\\/\\\/www.visitamalfi.info\\\/es\\\/evento\\\/amalfi-en-jazz-amy-winehouse-band\\\/#breadcrumb\",\"itemListElement\":[{\"@type\":\"ListItem\",\"position\":1,\"name\":\"Home\",\"item\":\"https:\\\/\\\/www.visitamalfi.info\\\/es\\\/\"},{\"@type\":\"ListItem\",\"position\":2,\"name\":\"Eventos\",\"item\":\"https:\\\/\\\/www.visitamalfi.info\\\/es\\\/eventi\\\/\"},{\"@type\":\"ListItem\",\"position\":3,\"name\":\"Amalfi en Jazz &#8211; Amy Winehouse Band\"}]},{\"@type\":\"WebSite\",\"@id\":\"https:\\\/\\\/www.visitamalfi.info\\\/es\\\/#website\",\"url\":\"https:\\\/\\\/www.visitamalfi.info\\\/es\\\/\",\"name\":\"Visit Amalfi\",\"description\":\"Amalfi Destination Official Website\",\"publisher\":{\"@id\":\"https:\\\/\\\/www.visitamalfi.info\\\/es\\\/#organization\"},\"potentialAction\":[{\"@type\":\"SearchAction\",\"target\":{\"@type\":\"EntryPoint\",\"urlTemplate\":\"https:\\\/\\\/www.visitamalfi.info\\\/es\\\/?s={search_term_string}\"},\"query-input\":{\"@type\":\"PropertyValueSpecification\",\"valueRequired\":true,\"valueName\":\"search_term_string\"}}],\"inLanguage\":\"es\"},{\"@type\":\"Organization\",\"@id\":\"https:\\\/\\\/www.visitamalfi.info\\\/es\\\/#organization\",\"name\":\"Visit Amalfi\",\"url\":\"https:\\\/\\\/www.visitamalfi.info\\\/es\\\/\",\"logo\":{\"@type\":\"ImageObject\",\"inLanguage\":\"es\",\"@id\":\"https:\\\/\\\/www.visitamalfi.info\\\/es\\\/#\\\/schema\\\/logo\\\/image\\\/\",\"url\":\"https:\\\/\\\/www.visitamalfi.info\\\/wp-content\\\/uploads\\\/2023\\\/04\\\/visit-amalfi-logo-web.png\",\"contentUrl\":\"https:\\\/\\\/www.visitamalfi.info\\\/wp-content\\\/uploads\\\/2023\\\/04\\\/visit-amalfi-logo-web.png\",\"width\":800,\"height\":870,\"caption\":\"Visit Amalfi\"},\"image\":{\"@id\":\"https:\\\/\\\/www.visitamalfi.info\\\/es\\\/#\\\/schema\\\/logo\\\/image\\\/\"},\"sameAs\":[\"https:\\\/\\\/www.facebook.com\\\/visitamalfiofficial\",\"https:\\\/\\\/www.instagram.com\\\/visitamalfiofficial\\\/\"]}]}<\/script>\n<!-- \/ Yoast SEO plugin. -->","yoast_head_json":{"title":"Amalfi en Jazz - Amy Winehouse Band - Visit Amalfi","robots":{"index":"index","follow":"follow","max-snippet":"max-snippet:-1","max-image-preview":"max-image-preview:large","max-video-preview":"max-video-preview:-1"},"canonical":"https:\/\/www.visitamalfi.info\/es\/evento\/amalfi-en-jazz-amy-winehouse-band\/","og_locale":"es_ES","og_type":"article","og_title":"Amalfi en Jazz - Amy Winehouse Band - Visit Amalfi","og_description":"Un espect\u00e1culo que mantiene vivo el esp\u00edritu, el legado y el sonido \u00fanico de Amy, en una conexi\u00f3n aut\u00e9ntica s\u00f3lo posible gracias a su banda original.","og_url":"https:\/\/www.visitamalfi.info\/es\/evento\/amalfi-en-jazz-amy-winehouse-band\/","og_site_name":"Visit Amalfi","article_publisher":"https:\/\/www.facebook.com\/visitamalfiofficial","twitter_card":"summary_large_image","twitter_misc":{"Tiempo de lectura":"1 minuto"},"schema":{"@context":"https:\/\/schema.org","@graph":[{"@type":"WebPage","@id":"https:\/\/www.visitamalfi.info\/es\/evento\/amalfi-en-jazz-amy-winehouse-band\/","url":"https:\/\/www.visitamalfi.info\/es\/evento\/amalfi-en-jazz-amy-winehouse-band\/","name":"Amalfi en Jazz - Amy Winehouse Band - Visit Amalfi","isPartOf":{"@id":"https:\/\/www.visitamalfi.info\/es\/#website"},"primaryImageOfPage":{"@id":"https:\/\/www.visitamalfi.info\/es\/evento\/amalfi-en-jazz-amy-winehouse-band\/#primaryimage"},"image":{"@id":"https:\/\/www.visitamalfi.info\/es\/evento\/amalfi-en-jazz-amy-winehouse-band\/#primaryimage"},"thumbnailUrl":"https:\/\/www.visitamalfi.info\/wp-content\/uploads\/2025\/06\/concerto-cover-queen-of-bulsara-foto-abbagnara-66.jpg","datePublished":"2025-06-23T12:43:29+00:00","breadcrumb":{"@id":"https:\/\/www.visitamalfi.info\/es\/evento\/amalfi-en-jazz-amy-winehouse-band\/#breadcrumb"},"inLanguage":"es","potentialAction":[{"@type":"ReadAction","target":["https:\/\/www.visitamalfi.info\/es\/evento\/amalfi-en-jazz-amy-winehouse-band\/"]}]},{"@type":"ImageObject","inLanguage":"es","@id":"https:\/\/www.visitamalfi.info\/es\/evento\/amalfi-en-jazz-amy-winehouse-band\/#primaryimage","url":"https:\/\/www.visitamalfi.info\/wp-content\/uploads\/2025\/06\/concerto-cover-queen-of-bulsara-foto-abbagnara-66.jpg","contentUrl":"https:\/\/www.visitamalfi.info\/wp-content\/uploads\/2025\/06\/concerto-cover-queen-of-bulsara-foto-abbagnara-66.jpg","width":1920,"height":1280},{"@type":"BreadcrumbList","@id":"https:\/\/www.visitamalfi.info\/es\/evento\/amalfi-en-jazz-amy-winehouse-band\/#breadcrumb","itemListElement":[{"@type":"ListItem","position":1,"name":"Home","item":"https:\/\/www.visitamalfi.info\/es\/"},{"@type":"ListItem","position":2,"name":"Eventos","item":"https:\/\/www.visitamalfi.info\/es\/eventi\/"},{"@type":"ListItem","position":3,"name":"Amalfi en Jazz &#8211; Amy Winehouse Band"}]},{"@type":"WebSite","@id":"https:\/\/www.visitamalfi.info\/es\/#website","url":"https:\/\/www.visitamalfi.info\/es\/","name":"Visit Amalfi","description":"Amalfi Destination Official Website","publisher":{"@id":"https:\/\/www.visitamalfi.info\/es\/#organization"},"potentialAction":[{"@type":"SearchAction","target":{"@type":"EntryPoint","urlTemplate":"https:\/\/www.visitamalfi.info\/es\/?s={search_term_string}"},"query-input":{"@type":"PropertyValueSpecification","valueRequired":true,"valueName":"search_term_string"}}],"inLanguage":"es"},{"@type":"Organization","@id":"https:\/\/www.visitamalfi.info\/es\/#organization","name":"Visit Amalfi","url":"https:\/\/www.visitamalfi.info\/es\/","logo":{"@type":"ImageObject","inLanguage":"es","@id":"https:\/\/www.visitamalfi.info\/es\/#\/schema\/logo\/image\/","url":"https:\/\/www.visitamalfi.info\/wp-content\/uploads\/2023\/04\/visit-amalfi-logo-web.png","contentUrl":"https:\/\/www.visitamalfi.info\/wp-content\/uploads\/2023\/04\/visit-amalfi-logo-web.png","width":800,"height":870,"caption":"Visit Amalfi"},"image":{"@id":"https:\/\/www.visitamalfi.info\/es\/#\/schema\/logo\/image\/"},"sameAs":["https:\/\/www.facebook.com\/visitamalfiofficial","https:\/\/www.instagram.com\/visitamalfiofficial\/"]}]}},"_links":{"self":[{"href":"https:\/\/www.visitamalfi.info\/es\/wp-json\/wp\/v2\/tribe_events\/22120","targetHints":{"allow":["GET"]}}],"collection":[{"href":"https:\/\/www.visitamalfi.info\/es\/wp-json\/wp\/v2\/tribe_events"}],"about":[{"href":"https:\/\/www.visitamalfi.info\/es\/wp-json\/wp\/v2\/types\/tribe_events"}],"author":[{"embeddable":true,"href":"https:\/\/www.visitamalfi.info\/es\/wp-json\/wp\/v2\/users\/7"}],"version-history":[{"count":0,"href":"https:\/\/www.visitamalfi.info\/es\/wp-json\/wp\/v2\/tribe_events\/22120\/revisions"}],"wp:featuredmedia":[{"embeddable":true,"href":"https:\/\/www.visitamalfi.info\/es\/wp-json\/wp\/v2\/media\/22084"}],"wp:attachment":[{"href":"https:\/\/www.visitamalfi.info\/es\/wp-json\/wp\/v2\/media?parent=22120"}],"wp:term":[{"taxonomy":"post_tag","embeddable":true,"href":"https:\/\/www.visitamalfi.info\/es\/wp-json\/wp\/v2\/tags?post=22120"},{"taxonomy":"tribe_events_cat","embeddable":true,"href":"https:\/\/www.visitamalfi.info\/es\/wp-json\/wp\/v2\/tribe_events_cat?post=22120"}],"curies":[{"name":"wp","href":"https:\/\/api.w.org\/{rel}","templated":true}]}}

<p>La banda original de <strong><em>Amy Winehouse</em></strong>liderada por su director musical y bajista de toda la vida <strong><em>Dale Davis</em></strong> &#8211; amigo íntimo de Amy desde sus primeros días- celebra la época que redefinió la música global y la actuación en directo. Un espectáculo que mantiene vivo el espíritu, el legado y el sonido único de Amy, en una conexión auténtica sólo posible gracias a su banda original. Con la extraordinaria voz de <strong><em>Bronte Shandé</em></strong>este concierto se ha convertido en una experiencia inolvidable para todas las generaciones: un homenaje con entradas agotadas en teatros, festivales y giras por todo el Reino Unido, Europa y el mundo. Un viaje emocional a través de los grandes éxitos y obras maestras de los galardonados álbumes de Amy Winehouse&#8230; y mucho más<strong>.</strong></p>

<p>Un espectáculo que mantiene vivo el espíritu, el legado y el sonido único de Amy, en una conexión auténtica sólo posible gracias a su banda original. </p>

<!-- This site is optimized with the Yoast SEO plugin v27.3 - https://yoast.com/product/yoast-seo-wordpress/ -->
<title>Amalfi en Jazz - Amy Winehouse Band - Visit Amalfi</title>
<meta name="robots" content="index, follow, max-snippet:-1, max-image-preview:large, max-video-preview:-1" />
<link rel="canonical" href="https://www.visitamalfi.info/es/evento/amalfi-en-jazz-amy-winehouse-band/" />
<meta property="og:locale" content="es_ES" />
<meta property="og:type" content="article" />
<meta property="og:title" content="Amalfi en Jazz - Amy Winehouse Band - Visit Amalfi" />
<meta property="og:description" content="Un espectáculo que mantiene vivo el espíritu, el legado y el sonido único de Amy, en una conexión auténtica sólo posible gracias a su banda original." />
<meta property="og:url" content="https://www.visitamalfi.info/es/evento/amalfi-en-jazz-amy-winehouse-band/" />
<meta property="og:site_name" content="Visit Amalfi" />
<meta property="article:publisher" content="https://www.facebook.com/visitamalfiofficial" />
<meta name="twitter:card" content="summary_large_image" />
<meta name="twitter:label1" content="Tiempo de lectura" />
	<meta name="twitter:data1" content="1 minuto" />
<script type="application/ld+json" class="yoast-schema-graph">{"@context":"https:\/\/schema.org","@graph":[{"@type":"WebPage","@id":"https:\/\/www.visitamalfi.info\/es\/evento\/amalfi-en-jazz-amy-winehouse-band\/","url":"https:\/\/www.visitamalfi.info\/es\/evento\/amalfi-en-jazz-amy-winehouse-band\/","name":"Amalfi en Jazz - Amy Winehouse Band - Visit Amalfi","isPartOf":{"@id":"https:\/\/www.visitamalfi.info\/es\/#website"},"primaryImageOfPage":{"@id":"https:\/\/www.visitamalfi.info\/es\/evento\/amalfi-en-jazz-amy-winehouse-band\/#primaryimage"},"image":{"@id":"https:\/\/www.visitamalfi.info\/es\/evento\/amalfi-en-jazz-amy-winehouse-band\/#primaryimage"},"thumbnailUrl":"https:\/\/www.visitamalfi.info\/wp-content\/uploads\/2025\/06\/concerto-cover-queen-of-bulsara-foto-abbagnara-66.jpg","datePublished":"2025-06-23T12:43:29+00:00","breadcrumb":{"@id":"https:\/\/www.visitamalfi.info\/es\/evento\/amalfi-en-jazz-amy-winehouse-band\/#breadcrumb"},"inLanguage":"es","potentialAction":[{"@type":"ReadAction","target":["https:\/\/www.visitamalfi.info\/es\/evento\/amalfi-en-jazz-amy-winehouse-band\/"]}]},{"@type":"ImageObject","inLanguage":"es","@id":"https:\/\/www.visitamalfi.info\/es\/evento\/amalfi-en-jazz-amy-winehouse-band\/#primaryimage","url":"https:\/\/www.visitamalfi.info\/wp-content\/uploads\/2025\/06\/concerto-cover-queen-of-bulsara-foto-abbagnara-66.jpg","contentUrl":"https:\/\/www.visitamalfi.info\/wp-content\/uploads\/2025\/06\/concerto-cover-queen-of-bulsara-foto-abbagnara-66.jpg","width":1920,"height":1280},{"@type":"BreadcrumbList","@id":"https:\/\/www.visitamalfi.info\/es\/evento\/amalfi-en-jazz-amy-winehouse-band\/#breadcrumb","itemListElement":[{"@type":"ListItem","position":1,"name":"Home","item":"https:\/\/www.visitamalfi.info\/es\/"},{"@type":"ListItem","position":2,"name":"Eventos","item":"https:\/\/www.visitamalfi.info\/es\/eventi\/"},{"@type":"ListItem","position":3,"name":"Amalfi en Jazz &#8211; Amy Winehouse Band"}]},{"@type":"WebSite","@id":"https:\/\/www.visitamalfi.info\/es\/#website","url":"https:\/\/www.visitamalfi.info\/es\/","name":"Visit Amalfi","description":"Amalfi Destination Official Website","publisher":{"@id":"https:\/\/www.visitamalfi.info\/es\/#organization"},"potentialAction":[{"@type":"SearchAction","target":{"@type":"EntryPoint","urlTemplate":"https:\/\/www.visitamalfi.info\/es\/?s={search_term_string}"},"query-input":{"@type":"PropertyValueSpecification","valueRequired":true,"valueName":"search_term_string"}}],"inLanguage":"es"},{"@type":"Organization","@id":"https:\/\/www.visitamalfi.info\/es\/#organization","name":"Visit Amalfi","url":"https:\/\/www.visitamalfi.info\/es\/","logo":{"@type":"ImageObject","inLanguage":"es","@id":"https:\/\/www.visitamalfi.info\/es\/#\/schema\/logo\/image\/","url":"https:\/\/www.visitamalfi.info\/wp-content\/uploads\/2023\/04\/visit-amalfi-logo-web.png","contentUrl":"https:\/\/www.visitamalfi.info\/wp-content\/uploads\/2023\/04\/visit-amalfi-logo-web.png","width":800,"height":870,"caption":"Visit Amalfi"},"image":{"@id":"https:\/\/www.visitamalfi.info\/es\/#\/schema\/logo\/image\/"},"sameAs":["https:\/\/www.facebook.com\/visitamalfiofficial","https:\/\/www.instagram.com\/visitamalfiofficial\/"]}]}</script>
<!-- / Yoast SEO plugin. -->

Un espectáculo que mantiene vivo el espíritu, el legado y el sonido único de Amy, en una conexión auténtica sólo posible gracias a su banda original.
