{"id":22112,"date":"2025-06-23T14:46:42","date_gmt":"2025-06-23T12:46:42","guid":{"rendered":"https:\/\/www.visitamalfi.info\/evento\/amalfi-en-jazz-roy-paci-jazz\/"},"modified":"2025-06-23T14:46:42","modified_gmt":"2025-06-23T12:46:42","slug":"amalfi-en-jazz-roy-paci-jazz","status":"publish","type":"tribe_events","link":"https:\/\/www.visitamalfi.info\/es\/evento\/amalfi-en-jazz-roy-paci-jazz\/","title":{"rendered":"Amalfi en Jazz &#8211; Roy Paci Jazz"},"content":{"rendered":"<p><strong>El jazz de Roy Paci<\/strong> es un refinado viaje a trav\u00e9s de los innumerables matices de su mundo musical: un artista ecl\u00e9ctico que, en esta faceta m\u00e1s \u00edntima y elegante, explora las ra\u00edces del jazz, el swing y la m\u00fasica de autor, con incursiones en territorios latinos y mediterr\u00e1neos. Acompa\u00f1ado por una formaci\u00f3n excepcional, Roy Paci abandona temporalmente la energ\u00eda explosiva del ska y el reggae para dar paso a la melod\u00eda, la improvisaci\u00f3n y el di\u00e1logo sonoro, en un concierto que combina t\u00e9cnica, coraz\u00f3n y creatividad. De su inseparable trompeta surgen atm\u00f3sferas c\u00e1lidas, sofisticadas, a veces nost\u00e1lgicas, pero siempre vibrantes. Una oportunidad especial para escuchar a uno de los m\u00fasicos m\u00e1s vers\u00e1tiles de la escena italiana en una dimensi\u00f3n m\u00e1s \u00edntima, pero no por ello menos poderosa.<\/p>\n<p><em> <\/em><\/p>\n","protected":false},"excerpt":{"rendered":"<p>El jazz de Roy Paci es un refinado viaje a trav\u00e9s de los innumerables matices de su mundo musical: un artista ecl\u00e9ctico que, en esta faceta m\u00e1s \u00edntima y elegante, explora las ra\u00edces del jazz, el swing y la m\u00fasica de autor, con incursiones en territorios latinos y mediterr\u00e1neos.<\/p>\n","protected":false},"author":7,"featured_media":22074,"template":"","meta":{"inline_featured_image":false,"_tribe_events_status":"","_tribe_events_status_reason":"","footnotes":""},"tags":[],"tribe_events_cat":[371],"class_list":["post-22112","tribe_events","type-tribe_events","status-publish","has-post-thumbnail","hentry","tribe_events_cat-musica-dal-vivo-es","cat_musica-dal-vivo-es"],"yoast_head":"<!-- This site is optimized with the Yoast SEO plugin v27.3 - https:\/\/yoast.com\/product\/yoast-seo-wordpress\/ -->\n<title>Amalfi en Jazz - Roy Paci Jazz - Visit Amalfi<\/title>\n<meta name=\"robots\" content=\"index, follow, max-snippet:-1, max-image-preview:large, max-video-preview:-1\" \/>\n<link rel=\"canonical\" href=\"https:\/\/www.visitamalfi.info\/es\/evento\/amalfi-en-jazz-roy-paci-jazz\/\" \/>\n<meta property=\"og:locale\" content=\"es_ES\" \/>\n<meta property=\"og:type\" content=\"article\" \/>\n<meta property=\"og:title\" content=\"Amalfi en Jazz - Roy Paci Jazz - Visit Amalfi\" \/>\n<meta property=\"og:description\" content=\"El jazz de Roy Paci es un refinado viaje a trav\u00e9s de los innumerables matices de su mundo musical: un artista ecl\u00e9ctico que, en esta faceta m\u00e1s \u00edntima y elegante, explora las ra\u00edces del jazz, el swing y la m\u00fasica de autor, con incursiones en territorios latinos y mediterr\u00e1neos.\" \/>\n<meta property=\"og:url\" content=\"https:\/\/www.visitamalfi.info\/es\/evento\/amalfi-en-jazz-roy-paci-jazz\/\" \/>\n<meta property=\"og:site_name\" content=\"Visit Amalfi\" \/>\n<meta property=\"article:publisher\" content=\"https:\/\/www.facebook.com\/visitamalfiofficial\" \/>\n<meta name=\"twitter:card\" content=\"summary_large_image\" \/>\n<meta name=\"twitter:label1\" content=\"Tiempo de lectura\" \/>\n\t<meta name=\"twitter:data1\" content=\"1 minuto\" \/>\n<script type=\"application\/ld+json\" class=\"yoast-schema-graph\">{\"@context\":\"https:\\\/\\\/schema.org\",\"@graph\":[{\"@type\":\"WebPage\",\"@id\":\"https:\\\/\\\/www.visitamalfi.info\\\/es\\\/evento\\\/amalfi-en-jazz-roy-paci-jazz\\\/\",\"url\":\"https:\\\/\\\/www.visitamalfi.info\\\/es\\\/evento\\\/amalfi-en-jazz-roy-paci-jazz\\\/\",\"name\":\"Amalfi en Jazz - Roy Paci Jazz - Visit Amalfi\",\"isPartOf\":{\"@id\":\"https:\\\/\\\/www.visitamalfi.info\\\/es\\\/#website\"},\"primaryImageOfPage\":{\"@id\":\"https:\\\/\\\/www.visitamalfi.info\\\/es\\\/evento\\\/amalfi-en-jazz-roy-paci-jazz\\\/#primaryimage\"},\"image\":{\"@id\":\"https:\\\/\\\/www.visitamalfi.info\\\/es\\\/evento\\\/amalfi-en-jazz-roy-paci-jazz\\\/#primaryimage\"},\"thumbnailUrl\":\"https:\\\/\\\/www.visitamalfi.info\\\/wp-content\\\/uploads\\\/2025\\\/06\\\/28-concerto-Joy-Salinas-21-luglio-2023-foto-abbagnara.jpg\",\"datePublished\":\"2025-06-23T12:46:42+00:00\",\"breadcrumb\":{\"@id\":\"https:\\\/\\\/www.visitamalfi.info\\\/es\\\/evento\\\/amalfi-en-jazz-roy-paci-jazz\\\/#breadcrumb\"},\"inLanguage\":\"es\",\"potentialAction\":[{\"@type\":\"ReadAction\",\"target\":[\"https:\\\/\\\/www.visitamalfi.info\\\/es\\\/evento\\\/amalfi-en-jazz-roy-paci-jazz\\\/\"]}]},{\"@type\":\"ImageObject\",\"inLanguage\":\"es\",\"@id\":\"https:\\\/\\\/www.visitamalfi.info\\\/es\\\/evento\\\/amalfi-en-jazz-roy-paci-jazz\\\/#primaryimage\",\"url\":\"https:\\\/\\\/www.visitamalfi.info\\\/wp-content\\\/uploads\\\/2025\\\/06\\\/28-concerto-Joy-Salinas-21-luglio-2023-foto-abbagnara.jpg\",\"contentUrl\":\"https:\\\/\\\/www.visitamalfi.info\\\/wp-content\\\/uploads\\\/2025\\\/06\\\/28-concerto-Joy-Salinas-21-luglio-2023-foto-abbagnara.jpg\",\"width\":1920,\"height\":1280},{\"@type\":\"BreadcrumbList\",\"@id\":\"https:\\\/\\\/www.visitamalfi.info\\\/es\\\/evento\\\/amalfi-en-jazz-roy-paci-jazz\\\/#breadcrumb\",\"itemListElement\":[{\"@type\":\"ListItem\",\"position\":1,\"name\":\"Home\",\"item\":\"https:\\\/\\\/www.visitamalfi.info\\\/es\\\/\"},{\"@type\":\"ListItem\",\"position\":2,\"name\":\"Eventos\",\"item\":\"https:\\\/\\\/www.visitamalfi.info\\\/es\\\/eventi\\\/\"},{\"@type\":\"ListItem\",\"position\":3,\"name\":\"Amalfi en Jazz &#8211; Roy Paci Jazz\"}]},{\"@type\":\"WebSite\",\"@id\":\"https:\\\/\\\/www.visitamalfi.info\\\/es\\\/#website\",\"url\":\"https:\\\/\\\/www.visitamalfi.info\\\/es\\\/\",\"name\":\"Visit Amalfi\",\"description\":\"Amalfi Destination Official Website\",\"publisher\":{\"@id\":\"https:\\\/\\\/www.visitamalfi.info\\\/es\\\/#organization\"},\"potentialAction\":[{\"@type\":\"SearchAction\",\"target\":{\"@type\":\"EntryPoint\",\"urlTemplate\":\"https:\\\/\\\/www.visitamalfi.info\\\/es\\\/?s={search_term_string}\"},\"query-input\":{\"@type\":\"PropertyValueSpecification\",\"valueRequired\":true,\"valueName\":\"search_term_string\"}}],\"inLanguage\":\"es\"},{\"@type\":\"Organization\",\"@id\":\"https:\\\/\\\/www.visitamalfi.info\\\/es\\\/#organization\",\"name\":\"Visit Amalfi\",\"url\":\"https:\\\/\\\/www.visitamalfi.info\\\/es\\\/\",\"logo\":{\"@type\":\"ImageObject\",\"inLanguage\":\"es\",\"@id\":\"https:\\\/\\\/www.visitamalfi.info\\\/es\\\/#\\\/schema\\\/logo\\\/image\\\/\",\"url\":\"https:\\\/\\\/www.visitamalfi.info\\\/wp-content\\\/uploads\\\/2023\\\/04\\\/visit-amalfi-logo-web.png\",\"contentUrl\":\"https:\\\/\\\/www.visitamalfi.info\\\/wp-content\\\/uploads\\\/2023\\\/04\\\/visit-amalfi-logo-web.png\",\"width\":800,\"height\":870,\"caption\":\"Visit Amalfi\"},\"image\":{\"@id\":\"https:\\\/\\\/www.visitamalfi.info\\\/es\\\/#\\\/schema\\\/logo\\\/image\\\/\"},\"sameAs\":[\"https:\\\/\\\/www.facebook.com\\\/visitamalfiofficial\",\"https:\\\/\\\/www.instagram.com\\\/visitamalfiofficial\\\/\"]}]}<\/script>\n<!-- \/ Yoast SEO plugin. -->","yoast_head_json":{"title":"Amalfi en Jazz - Roy Paci Jazz - Visit Amalfi","robots":{"index":"index","follow":"follow","max-snippet":"max-snippet:-1","max-image-preview":"max-image-preview:large","max-video-preview":"max-video-preview:-1"},"canonical":"https:\/\/www.visitamalfi.info\/es\/evento\/amalfi-en-jazz-roy-paci-jazz\/","og_locale":"es_ES","og_type":"article","og_title":"Amalfi en Jazz - Roy Paci Jazz - Visit Amalfi","og_description":"El jazz de Roy Paci es un refinado viaje a trav\u00e9s de los innumerables matices de su mundo musical: un artista ecl\u00e9ctico que, en esta faceta m\u00e1s \u00edntima y elegante, explora las ra\u00edces del jazz, el swing y la m\u00fasica de autor, con incursiones en territorios latinos y mediterr\u00e1neos.","og_url":"https:\/\/www.visitamalfi.info\/es\/evento\/amalfi-en-jazz-roy-paci-jazz\/","og_site_name":"Visit Amalfi","article_publisher":"https:\/\/www.facebook.com\/visitamalfiofficial","twitter_card":"summary_large_image","twitter_misc":{"Tiempo de lectura":"1 minuto"},"schema":{"@context":"https:\/\/schema.org","@graph":[{"@type":"WebPage","@id":"https:\/\/www.visitamalfi.info\/es\/evento\/amalfi-en-jazz-roy-paci-jazz\/","url":"https:\/\/www.visitamalfi.info\/es\/evento\/amalfi-en-jazz-roy-paci-jazz\/","name":"Amalfi en Jazz - Roy Paci Jazz - Visit Amalfi","isPartOf":{"@id":"https:\/\/www.visitamalfi.info\/es\/#website"},"primaryImageOfPage":{"@id":"https:\/\/www.visitamalfi.info\/es\/evento\/amalfi-en-jazz-roy-paci-jazz\/#primaryimage"},"image":{"@id":"https:\/\/www.visitamalfi.info\/es\/evento\/amalfi-en-jazz-roy-paci-jazz\/#primaryimage"},"thumbnailUrl":"https:\/\/www.visitamalfi.info\/wp-content\/uploads\/2025\/06\/28-concerto-Joy-Salinas-21-luglio-2023-foto-abbagnara.jpg","datePublished":"2025-06-23T12:46:42+00:00","breadcrumb":{"@id":"https:\/\/www.visitamalfi.info\/es\/evento\/amalfi-en-jazz-roy-paci-jazz\/#breadcrumb"},"inLanguage":"es","potentialAction":[{"@type":"ReadAction","target":["https:\/\/www.visitamalfi.info\/es\/evento\/amalfi-en-jazz-roy-paci-jazz\/"]}]},{"@type":"ImageObject","inLanguage":"es","@id":"https:\/\/www.visitamalfi.info\/es\/evento\/amalfi-en-jazz-roy-paci-jazz\/#primaryimage","url":"https:\/\/www.visitamalfi.info\/wp-content\/uploads\/2025\/06\/28-concerto-Joy-Salinas-21-luglio-2023-foto-abbagnara.jpg","contentUrl":"https:\/\/www.visitamalfi.info\/wp-content\/uploads\/2025\/06\/28-concerto-Joy-Salinas-21-luglio-2023-foto-abbagnara.jpg","width":1920,"height":1280},{"@type":"BreadcrumbList","@id":"https:\/\/www.visitamalfi.info\/es\/evento\/amalfi-en-jazz-roy-paci-jazz\/#breadcrumb","itemListElement":[{"@type":"ListItem","position":1,"name":"Home","item":"https:\/\/www.visitamalfi.info\/es\/"},{"@type":"ListItem","position":2,"name":"Eventos","item":"https:\/\/www.visitamalfi.info\/es\/eventi\/"},{"@type":"ListItem","position":3,"name":"Amalfi en Jazz &#8211; Roy Paci Jazz"}]},{"@type":"WebSite","@id":"https:\/\/www.visitamalfi.info\/es\/#website","url":"https:\/\/www.visitamalfi.info\/es\/","name":"Visit Amalfi","description":"Amalfi Destination Official Website","publisher":{"@id":"https:\/\/www.visitamalfi.info\/es\/#organization"},"potentialAction":[{"@type":"SearchAction","target":{"@type":"EntryPoint","urlTemplate":"https:\/\/www.visitamalfi.info\/es\/?s={search_term_string}"},"query-input":{"@type":"PropertyValueSpecification","valueRequired":true,"valueName":"search_term_string"}}],"inLanguage":"es"},{"@type":"Organization","@id":"https:\/\/www.visitamalfi.info\/es\/#organization","name":"Visit Amalfi","url":"https:\/\/www.visitamalfi.info\/es\/","logo":{"@type":"ImageObject","inLanguage":"es","@id":"https:\/\/www.visitamalfi.info\/es\/#\/schema\/logo\/image\/","url":"https:\/\/www.visitamalfi.info\/wp-content\/uploads\/2023\/04\/visit-amalfi-logo-web.png","contentUrl":"https:\/\/www.visitamalfi.info\/wp-content\/uploads\/2023\/04\/visit-amalfi-logo-web.png","width":800,"height":870,"caption":"Visit Amalfi"},"image":{"@id":"https:\/\/www.visitamalfi.info\/es\/#\/schema\/logo\/image\/"},"sameAs":["https:\/\/www.facebook.com\/visitamalfiofficial","https:\/\/www.instagram.com\/visitamalfiofficial\/"]}]}},"_links":{"self":[{"href":"https:\/\/www.visitamalfi.info\/es\/wp-json\/wp\/v2\/tribe_events\/22112","targetHints":{"allow":["GET"]}}],"collection":[{"href":"https:\/\/www.visitamalfi.info\/es\/wp-json\/wp\/v2\/tribe_events"}],"about":[{"href":"https:\/\/www.visitamalfi.info\/es\/wp-json\/wp\/v2\/types\/tribe_events"}],"author":[{"embeddable":true,"href":"https:\/\/www.visitamalfi.info\/es\/wp-json\/wp\/v2\/users\/7"}],"version-history":[{"count":0,"href":"https:\/\/www.visitamalfi.info\/es\/wp-json\/wp\/v2\/tribe_events\/22112\/revisions"}],"wp:featuredmedia":[{"embeddable":true,"href":"https:\/\/www.visitamalfi.info\/es\/wp-json\/wp\/v2\/media\/22074"}],"wp:attachment":[{"href":"https:\/\/www.visitamalfi.info\/es\/wp-json\/wp\/v2\/media?parent=22112"}],"wp:term":[{"taxonomy":"post_tag","embeddable":true,"href":"https:\/\/www.visitamalfi.info\/es\/wp-json\/wp\/v2\/tags?post=22112"},{"taxonomy":"tribe_events_cat","embeddable":true,"href":"https:\/\/www.visitamalfi.info\/es\/wp-json\/wp\/v2\/tribe_events_cat?post=22112"}],"curies":[{"name":"wp","href":"https:\/\/api.w.org\/{rel}","templated":true}]}}

<p><strong>El jazz de Roy Paci</strong> es un refinado viaje a través de los innumerables matices de su mundo musical: un artista ecléctico que, en esta faceta más íntima y elegante, explora las raíces del jazz, el swing y la música de autor, con incursiones en territorios latinos y mediterráneos. Acompañado por una formación excepcional, Roy Paci abandona temporalmente la energía explosiva del ska y el reggae para dar paso a la melodía, la improvisación y el diálogo sonoro, en un concierto que combina técnica, corazón y creatividad. De su inseparable trompeta surgen atmósferas cálidas, sofisticadas, a veces nostálgicas, pero siempre vibrantes. Una oportunidad especial para escuchar a uno de los músicos más versátiles de la escena italiana en una dimensión más íntima, pero no por ello menos poderosa.</p>
<p><em> </em></p>

<p>El jazz de Roy Paci es un refinado viaje a través de los innumerables matices de su mundo musical: un artista ecléctico que, en esta faceta más íntima y elegante, explora las raíces del jazz, el swing y la música de autor, con incursiones en territorios latinos y mediterráneos.</p>

<!-- This site is optimized with the Yoast SEO plugin v27.3 - https://yoast.com/product/yoast-seo-wordpress/ -->
<title>Amalfi en Jazz - Roy Paci Jazz - Visit Amalfi</title>
<meta name="robots" content="index, follow, max-snippet:-1, max-image-preview:large, max-video-preview:-1" />
<link rel="canonical" href="https://www.visitamalfi.info/es/evento/amalfi-en-jazz-roy-paci-jazz/" />
<meta property="og:locale" content="es_ES" />
<meta property="og:type" content="article" />
<meta property="og:title" content="Amalfi en Jazz - Roy Paci Jazz - Visit Amalfi" />
<meta property="og:description" content="El jazz de Roy Paci es un refinado viaje a través de los innumerables matices de su mundo musical: un artista ecléctico que, en esta faceta más íntima y elegante, explora las raíces del jazz, el swing y la música de autor, con incursiones en territorios latinos y mediterráneos." />
<meta property="og:url" content="https://www.visitamalfi.info/es/evento/amalfi-en-jazz-roy-paci-jazz/" />
<meta property="og:site_name" content="Visit Amalfi" />
<meta property="article:publisher" content="https://www.facebook.com/visitamalfiofficial" />
<meta name="twitter:card" content="summary_large_image" />
<meta name="twitter:label1" content="Tiempo de lectura" />
	<meta name="twitter:data1" content="1 minuto" />
<script type="application/ld+json" class="yoast-schema-graph">{"@context":"https:\/\/schema.org","@graph":[{"@type":"WebPage","@id":"https:\/\/www.visitamalfi.info\/es\/evento\/amalfi-en-jazz-roy-paci-jazz\/","url":"https:\/\/www.visitamalfi.info\/es\/evento\/amalfi-en-jazz-roy-paci-jazz\/","name":"Amalfi en Jazz - Roy Paci Jazz - Visit Amalfi","isPartOf":{"@id":"https:\/\/www.visitamalfi.info\/es\/#website"},"primaryImageOfPage":{"@id":"https:\/\/www.visitamalfi.info\/es\/evento\/amalfi-en-jazz-roy-paci-jazz\/#primaryimage"},"image":{"@id":"https:\/\/www.visitamalfi.info\/es\/evento\/amalfi-en-jazz-roy-paci-jazz\/#primaryimage"},"thumbnailUrl":"https:\/\/www.visitamalfi.info\/wp-content\/uploads\/2025\/06\/28-concerto-Joy-Salinas-21-luglio-2023-foto-abbagnara.jpg","datePublished":"2025-06-23T12:46:42+00:00","breadcrumb":{"@id":"https:\/\/www.visitamalfi.info\/es\/evento\/amalfi-en-jazz-roy-paci-jazz\/#breadcrumb"},"inLanguage":"es","potentialAction":[{"@type":"ReadAction","target":["https:\/\/www.visitamalfi.info\/es\/evento\/amalfi-en-jazz-roy-paci-jazz\/"]}]},{"@type":"ImageObject","inLanguage":"es","@id":"https:\/\/www.visitamalfi.info\/es\/evento\/amalfi-en-jazz-roy-paci-jazz\/#primaryimage","url":"https:\/\/www.visitamalfi.info\/wp-content\/uploads\/2025\/06\/28-concerto-Joy-Salinas-21-luglio-2023-foto-abbagnara.jpg","contentUrl":"https:\/\/www.visitamalfi.info\/wp-content\/uploads\/2025\/06\/28-concerto-Joy-Salinas-21-luglio-2023-foto-abbagnara.jpg","width":1920,"height":1280},{"@type":"BreadcrumbList","@id":"https:\/\/www.visitamalfi.info\/es\/evento\/amalfi-en-jazz-roy-paci-jazz\/#breadcrumb","itemListElement":[{"@type":"ListItem","position":1,"name":"Home","item":"https:\/\/www.visitamalfi.info\/es\/"},{"@type":"ListItem","position":2,"name":"Eventos","item":"https:\/\/www.visitamalfi.info\/es\/eventi\/"},{"@type":"ListItem","position":3,"name":"Amalfi en Jazz &#8211; Roy Paci Jazz"}]},{"@type":"WebSite","@id":"https:\/\/www.visitamalfi.info\/es\/#website","url":"https:\/\/www.visitamalfi.info\/es\/","name":"Visit Amalfi","description":"Amalfi Destination Official Website","publisher":{"@id":"https:\/\/www.visitamalfi.info\/es\/#organization"},"potentialAction":[{"@type":"SearchAction","target":{"@type":"EntryPoint","urlTemplate":"https:\/\/www.visitamalfi.info\/es\/?s={search_term_string}"},"query-input":{"@type":"PropertyValueSpecification","valueRequired":true,"valueName":"search_term_string"}}],"inLanguage":"es"},{"@type":"Organization","@id":"https:\/\/www.visitamalfi.info\/es\/#organization","name":"Visit Amalfi","url":"https:\/\/www.visitamalfi.info\/es\/","logo":{"@type":"ImageObject","inLanguage":"es","@id":"https:\/\/www.visitamalfi.info\/es\/#\/schema\/logo\/image\/","url":"https:\/\/www.visitamalfi.info\/wp-content\/uploads\/2023\/04\/visit-amalfi-logo-web.png","contentUrl":"https:\/\/www.visitamalfi.info\/wp-content\/uploads\/2023\/04\/visit-amalfi-logo-web.png","width":800,"height":870,"caption":"Visit Amalfi"},"image":{"@id":"https:\/\/www.visitamalfi.info\/es\/#\/schema\/logo\/image\/"},"sameAs":["https:\/\/www.facebook.com\/visitamalfiofficial","https:\/\/www.instagram.com\/visitamalfiofficial\/"]}]}</script>
<!-- / Yoast SEO plugin. -->

El jazz de Roy Paci es un refinado viaje a través de los innumerables matices de su mundo musical: un artista ecléctico que, en esta faceta más íntima y elegante, explora las raíces del jazz, el swing y la música de autor, con incursiones en territorios latinos y mediterráneos.
