{"id":20291,"date":"2024-11-27T18:18:53","date_gmt":"2024-11-27T17:18:53","guid":{"rendered":"https:\/\/www.visitamalfi.info\/evento\/56a-edicion-de-la-navidad-submarina-conca-dei-marini-y-costa-amalfitana\/"},"modified":"2024-11-27T18:18:53","modified_gmt":"2024-11-27T17:18:53","slug":"56a-edicion-de-la-navidad-submarina-conca-dei-marini-y-costa-amalfitana","status":"publish","type":"tribe_events","link":"https:\/\/www.visitamalfi.info\/es\/evento\/56a-edicion-de-la-navidad-submarina-conca-dei-marini-y-costa-amalfitana\/","title":{"rendered":"56\u00aa edici\u00f3n de la Navidad Submarina Conca dei Marini y Costa Amalfitana"},"content":{"rendered":"<p class=\"p1\">El GRUPPO OPERATIVO SUBACQUEO DI SALERNO, como desde hace muchos a\u00f1os, vuelve a promover este a\u00f1o este evento deportivo, tur\u00edstico, cultural y tradicional de nuestra provincia, enriquecido con concursos de fotograf\u00eda submarina y de exteriores; todo ello en los espl\u00e9ndidos escenarios de la Conca dei Marini, la Gruta Esmeralda y la Costa Amalfitana.<\/p>\n<p class=\"p1\">La base log\u00edstica a la que pertenece toda la organizaci\u00f3n es <a href=\"https:\/\/www.visitamalfi.info\/amw-accommodation\/hotel-la-bussola\/\">el Hotel &#8220;LA BUSSOLA<\/a> &#8221; de Amalfi.<\/p>\n<p class=\"p1\"><strong>PROGRAMA DEL ACTO<\/strong><\/p>\n<p class=\"p1\">1. Viernes 6 de diciembre<\/p>\n<ul class=\"ul1\">\n<li class=\"li1\">9 h Inscripci\u00f3n y comienzo del concurso de fotograf\u00eda extempor\u00e1nea titulado: <em>&#8220;Por encima y por debajo del mar de la Costa Amalfitana<\/em> &#8220;, con una mezcla de im\u00e1genes terrestres y submarinas.<\/li>\n<li class=\"li1\">9.00 h. inscripci\u00f3n e inicio del concurso de fotograf\u00eda extempor\u00e1nea (al aire libre) titulado: &#8221; <em>Sopra&#8230; il mare della Costa d&#8217;Amalfi<\/em> &#8221; <em>(Arriba&#8230; el mar de la Costa de Amalfi<\/em> )<\/li>\n<li class=\"li1\">16.00 h Entrega de premios 1er concurso de dibujo de primaria:<em>&#8220;Navidad en la Costa Amalfitana<\/em><\/li>\n<\/ul>\n<p class=\"p1\">2. S\u00e1bado 7 de diciembre<\/p>\n<ul class=\"ul1\">\n<li class=\"li1\">9 h Entrega de fotos del concurso<em>&#8220;Por encima y por debajo del mar de la Costa Amalfitana<\/em>&#8221; en el hotel La Bussola.<\/li>\n<li class=\"li1\">9 h Entrega de fotos del concurso<em>&#8220;Sopra&#8230; il mare della <\/em><em>Costa d&#8217;Amalfi<\/em>&#8221; en el hotel La Bussola.<\/li>\n<li class=\"li1\">10 h Visita a la <strong>Grotta dello Smeraldo<\/strong> por los alumnos de la escuela primaria Conca dei Marini.<\/li>\n<li class=\"li1\">16:00 Santa Misa celebrada por el Hermano Marcus Reichenbach en la plaza frente a la Gruta Esmeralda.<\/li>\n<li class=\"li1\">17.00 h Inicio de la hist\u00f3rica procesi\u00f3n nocturna submarina hasta el bel\u00e9n submarino en el interior de la Gruta, bajo la direcci\u00f3n de los submarinistas GO Sub.<\/li>\n<li class=\"li1\">20.00 h Velada de clausura con cena seguida de proyecciones de im\u00e1genes del concurso, entrega de premios, reconocimientos y saludos.<\/li>\n<li class=\"li1\">21.30 h Premio:<em>&#8220;Una vida por el mar<\/em>&#8220;.<\/li>\n<\/ul>\n<p>&nbsp;<\/p>\n<p>&nbsp;<\/p>\n","protected":false},"excerpt":{"rendered":"<p>56\u00aa EDICI\u00d3N DE LA NAVIDAD SUBMARINA DE CONCA DEI MARINI Y LA COSTA AMALFITANA<\/p>\n","protected":false},"author":7,"featured_media":0,"template":"","meta":{"inline_featured_image":false,"_tribe_events_status":"","_tribe_events_status_reason":"","footnotes":""},"tags":[],"tribe_events_cat":[],"class_list":["post-20291","tribe_events","type-tribe_events","status-publish","hentry"],"yoast_head":"<!-- This site is optimized with the Yoast SEO plugin v27.3 - https:\/\/yoast.com\/product\/yoast-seo-wordpress\/ -->\n<title>56\u00aa edici\u00f3n de la Navidad Submarina Conca dei Marini y Costa Amalfitana - Visit Amalfi<\/title>\n<meta name=\"robots\" content=\"index, follow, max-snippet:-1, max-image-preview:large, max-video-preview:-1\" \/>\n<link rel=\"canonical\" href=\"https:\/\/www.visitamalfi.info\/es\/evento\/56a-edicion-de-la-navidad-submarina-conca-dei-marini-y-costa-amalfitana\/\" \/>\n<meta property=\"og:locale\" content=\"es_ES\" \/>\n<meta property=\"og:type\" content=\"article\" \/>\n<meta property=\"og:title\" content=\"56\u00aa edici\u00f3n de la Navidad Submarina Conca dei Marini y Costa Amalfitana - Visit Amalfi\" \/>\n<meta property=\"og:description\" content=\"56\u00aa EDICI\u00d3N DE LA NAVIDAD SUBMARINA DE CONCA DEI MARINI Y LA COSTA AMALFITANA\" \/>\n<meta property=\"og:url\" content=\"https:\/\/www.visitamalfi.info\/es\/evento\/56a-edicion-de-la-navidad-submarina-conca-dei-marini-y-costa-amalfitana\/\" \/>\n<meta property=\"og:site_name\" content=\"Visit Amalfi\" \/>\n<meta property=\"article:publisher\" content=\"https:\/\/www.facebook.com\/visitamalfiofficial\" \/>\n<meta name=\"twitter:card\" content=\"summary_large_image\" \/>\n<meta name=\"twitter:label1\" content=\"Tiempo de lectura\" \/>\n\t<meta name=\"twitter:data1\" content=\"1 minuto\" \/>\n<script type=\"application\/ld+json\" class=\"yoast-schema-graph\">{\"@context\":\"https:\\\/\\\/schema.org\",\"@graph\":[{\"@type\":\"WebPage\",\"@id\":\"https:\\\/\\\/www.visitamalfi.info\\\/es\\\/evento\\\/56a-edicion-de-la-navidad-submarina-conca-dei-marini-y-costa-amalfitana\\\/\",\"url\":\"https:\\\/\\\/www.visitamalfi.info\\\/es\\\/evento\\\/56a-edicion-de-la-navidad-submarina-conca-dei-marini-y-costa-amalfitana\\\/\",\"name\":\"56\u00aa edici\u00f3n de la Navidad Submarina Conca dei Marini y Costa Amalfitana - Visit Amalfi\",\"isPartOf\":{\"@id\":\"https:\\\/\\\/www.visitamalfi.info\\\/es\\\/#website\"},\"datePublished\":\"2024-11-27T17:18:53+00:00\",\"breadcrumb\":{\"@id\":\"https:\\\/\\\/www.visitamalfi.info\\\/es\\\/evento\\\/56a-edicion-de-la-navidad-submarina-conca-dei-marini-y-costa-amalfitana\\\/#breadcrumb\"},\"inLanguage\":\"es\",\"potentialAction\":[{\"@type\":\"ReadAction\",\"target\":[\"https:\\\/\\\/www.visitamalfi.info\\\/es\\\/evento\\\/56a-edicion-de-la-navidad-submarina-conca-dei-marini-y-costa-amalfitana\\\/\"]}]},{\"@type\":\"BreadcrumbList\",\"@id\":\"https:\\\/\\\/www.visitamalfi.info\\\/es\\\/evento\\\/56a-edicion-de-la-navidad-submarina-conca-dei-marini-y-costa-amalfitana\\\/#breadcrumb\",\"itemListElement\":[{\"@type\":\"ListItem\",\"position\":1,\"name\":\"Home\",\"item\":\"https:\\\/\\\/www.visitamalfi.info\\\/es\\\/\"},{\"@type\":\"ListItem\",\"position\":2,\"name\":\"Eventos\",\"item\":\"https:\\\/\\\/www.visitamalfi.info\\\/es\\\/eventi\\\/\"},{\"@type\":\"ListItem\",\"position\":3,\"name\":\"56\u00aa edici\u00f3n de la Navidad Submarina Conca dei Marini y Costa Amalfitana\"}]},{\"@type\":\"WebSite\",\"@id\":\"https:\\\/\\\/www.visitamalfi.info\\\/es\\\/#website\",\"url\":\"https:\\\/\\\/www.visitamalfi.info\\\/es\\\/\",\"name\":\"Visit Amalfi\",\"description\":\"Amalfi Destination Official Website\",\"publisher\":{\"@id\":\"https:\\\/\\\/www.visitamalfi.info\\\/es\\\/#organization\"},\"potentialAction\":[{\"@type\":\"SearchAction\",\"target\":{\"@type\":\"EntryPoint\",\"urlTemplate\":\"https:\\\/\\\/www.visitamalfi.info\\\/es\\\/?s={search_term_string}\"},\"query-input\":{\"@type\":\"PropertyValueSpecification\",\"valueRequired\":true,\"valueName\":\"search_term_string\"}}],\"inLanguage\":\"es\"},{\"@type\":\"Organization\",\"@id\":\"https:\\\/\\\/www.visitamalfi.info\\\/es\\\/#organization\",\"name\":\"Visit Amalfi\",\"url\":\"https:\\\/\\\/www.visitamalfi.info\\\/es\\\/\",\"logo\":{\"@type\":\"ImageObject\",\"inLanguage\":\"es\",\"@id\":\"https:\\\/\\\/www.visitamalfi.info\\\/es\\\/#\\\/schema\\\/logo\\\/image\\\/\",\"url\":\"https:\\\/\\\/www.visitamalfi.info\\\/wp-content\\\/uploads\\\/2023\\\/04\\\/visit-amalfi-logo-web.png\",\"contentUrl\":\"https:\\\/\\\/www.visitamalfi.info\\\/wp-content\\\/uploads\\\/2023\\\/04\\\/visit-amalfi-logo-web.png\",\"width\":800,\"height\":870,\"caption\":\"Visit Amalfi\"},\"image\":{\"@id\":\"https:\\\/\\\/www.visitamalfi.info\\\/es\\\/#\\\/schema\\\/logo\\\/image\\\/\"},\"sameAs\":[\"https:\\\/\\\/www.facebook.com\\\/visitamalfiofficial\",\"https:\\\/\\\/www.instagram.com\\\/visitamalfiofficial\\\/\"]}]}<\/script>\n<!-- \/ Yoast SEO plugin. -->","yoast_head_json":{"title":"56\u00aa edici\u00f3n de la Navidad Submarina Conca dei Marini y Costa Amalfitana - Visit Amalfi","robots":{"index":"index","follow":"follow","max-snippet":"max-snippet:-1","max-image-preview":"max-image-preview:large","max-video-preview":"max-video-preview:-1"},"canonical":"https:\/\/www.visitamalfi.info\/es\/evento\/56a-edicion-de-la-navidad-submarina-conca-dei-marini-y-costa-amalfitana\/","og_locale":"es_ES","og_type":"article","og_title":"56\u00aa edici\u00f3n de la Navidad Submarina Conca dei Marini y Costa Amalfitana - Visit Amalfi","og_description":"56\u00aa EDICI\u00d3N DE LA NAVIDAD SUBMARINA DE CONCA DEI MARINI Y LA COSTA AMALFITANA","og_url":"https:\/\/www.visitamalfi.info\/es\/evento\/56a-edicion-de-la-navidad-submarina-conca-dei-marini-y-costa-amalfitana\/","og_site_name":"Visit Amalfi","article_publisher":"https:\/\/www.facebook.com\/visitamalfiofficial","twitter_card":"summary_large_image","twitter_misc":{"Tiempo de lectura":"1 minuto"},"schema":{"@context":"https:\/\/schema.org","@graph":[{"@type":"WebPage","@id":"https:\/\/www.visitamalfi.info\/es\/evento\/56a-edicion-de-la-navidad-submarina-conca-dei-marini-y-costa-amalfitana\/","url":"https:\/\/www.visitamalfi.info\/es\/evento\/56a-edicion-de-la-navidad-submarina-conca-dei-marini-y-costa-amalfitana\/","name":"56\u00aa edici\u00f3n de la Navidad Submarina Conca dei Marini y Costa Amalfitana - Visit Amalfi","isPartOf":{"@id":"https:\/\/www.visitamalfi.info\/es\/#website"},"datePublished":"2024-11-27T17:18:53+00:00","breadcrumb":{"@id":"https:\/\/www.visitamalfi.info\/es\/evento\/56a-edicion-de-la-navidad-submarina-conca-dei-marini-y-costa-amalfitana\/#breadcrumb"},"inLanguage":"es","potentialAction":[{"@type":"ReadAction","target":["https:\/\/www.visitamalfi.info\/es\/evento\/56a-edicion-de-la-navidad-submarina-conca-dei-marini-y-costa-amalfitana\/"]}]},{"@type":"BreadcrumbList","@id":"https:\/\/www.visitamalfi.info\/es\/evento\/56a-edicion-de-la-navidad-submarina-conca-dei-marini-y-costa-amalfitana\/#breadcrumb","itemListElement":[{"@type":"ListItem","position":1,"name":"Home","item":"https:\/\/www.visitamalfi.info\/es\/"},{"@type":"ListItem","position":2,"name":"Eventos","item":"https:\/\/www.visitamalfi.info\/es\/eventi\/"},{"@type":"ListItem","position":3,"name":"56\u00aa edici\u00f3n de la Navidad Submarina Conca dei Marini y Costa Amalfitana"}]},{"@type":"WebSite","@id":"https:\/\/www.visitamalfi.info\/es\/#website","url":"https:\/\/www.visitamalfi.info\/es\/","name":"Visit Amalfi","description":"Amalfi Destination Official Website","publisher":{"@id":"https:\/\/www.visitamalfi.info\/es\/#organization"},"potentialAction":[{"@type":"SearchAction","target":{"@type":"EntryPoint","urlTemplate":"https:\/\/www.visitamalfi.info\/es\/?s={search_term_string}"},"query-input":{"@type":"PropertyValueSpecification","valueRequired":true,"valueName":"search_term_string"}}],"inLanguage":"es"},{"@type":"Organization","@id":"https:\/\/www.visitamalfi.info\/es\/#organization","name":"Visit Amalfi","url":"https:\/\/www.visitamalfi.info\/es\/","logo":{"@type":"ImageObject","inLanguage":"es","@id":"https:\/\/www.visitamalfi.info\/es\/#\/schema\/logo\/image\/","url":"https:\/\/www.visitamalfi.info\/wp-content\/uploads\/2023\/04\/visit-amalfi-logo-web.png","contentUrl":"https:\/\/www.visitamalfi.info\/wp-content\/uploads\/2023\/04\/visit-amalfi-logo-web.png","width":800,"height":870,"caption":"Visit Amalfi"},"image":{"@id":"https:\/\/www.visitamalfi.info\/es\/#\/schema\/logo\/image\/"},"sameAs":["https:\/\/www.facebook.com\/visitamalfiofficial","https:\/\/www.instagram.com\/visitamalfiofficial\/"]}]}},"_links":{"self":[{"href":"https:\/\/www.visitamalfi.info\/es\/wp-json\/wp\/v2\/tribe_events\/20291","targetHints":{"allow":["GET"]}}],"collection":[{"href":"https:\/\/www.visitamalfi.info\/es\/wp-json\/wp\/v2\/tribe_events"}],"about":[{"href":"https:\/\/www.visitamalfi.info\/es\/wp-json\/wp\/v2\/types\/tribe_events"}],"author":[{"embeddable":true,"href":"https:\/\/www.visitamalfi.info\/es\/wp-json\/wp\/v2\/users\/7"}],"version-history":[{"count":0,"href":"https:\/\/www.visitamalfi.info\/es\/wp-json\/wp\/v2\/tribe_events\/20291\/revisions"}],"wp:attachment":[{"href":"https:\/\/www.visitamalfi.info\/es\/wp-json\/wp\/v2\/media?parent=20291"}],"wp:term":[{"taxonomy":"post_tag","embeddable":true,"href":"https:\/\/www.visitamalfi.info\/es\/wp-json\/wp\/v2\/tags?post=20291"},{"taxonomy":"tribe_events_cat","embeddable":true,"href":"https:\/\/www.visitamalfi.info\/es\/wp-json\/wp\/v2\/tribe_events_cat?post=20291"}],"curies":[{"name":"wp","href":"https:\/\/api.w.org\/{rel}","templated":true}]}}

56ª edición de la Navidad Submarina Conca dei Marini y Costa Amalfitana

<p class="p1">El GRUPPO OPERATIVO SUBACQUEO DI SALERNO, como desde hace muchos años, vuelve a promover este año este evento deportivo, turístico, cultural y tradicional de nuestra provincia, enriquecido con concursos de fotografía submarina y de exteriores; todo ello en los espléndidos escenarios de la Conca dei Marini, la Gruta Esmeralda y la Costa Amalfitana.</p>
<p class="p1">La base logística a la que pertenece toda la organización es <a href="https://www.visitamalfi.info/amw-accommodation/hotel-la-bussola/">el Hotel &#8220;LA BUSSOLA</a> &#8221; de Amalfi.</p>
<p class="p1"><strong>PROGRAMA DEL ACTO</strong></p>
<p class="p1">1. Viernes 6 de diciembre</p>
<ul class="ul1">
<li class="li1">9 h Inscripción y comienzo del concurso de fotografía extemporánea titulado: <em>&#8220;Por encima y por debajo del mar de la Costa Amalfitana</em> &#8220;, con una mezcla de imágenes terrestres y submarinas.</li>
<li class="li1">9.00 h. inscripción e inicio del concurso de fotografía extemporánea (al aire libre) titulado: &#8221; <em>Sopra&#8230; il mare della Costa d&#8217;Amalfi</em> &#8221; <em>(Arriba&#8230; el mar de la Costa de Amalfi</em> )</li>
<li class="li1">16.00 h Entrega de premios 1er concurso de dibujo de primaria:<em>&#8220;Navidad en la Costa Amalfitana</em></li>
</ul>
<p class="p1">2. Sábado 7 de diciembre</p>
<ul class="ul1">
<li class="li1">9 h Entrega de fotos del concurso<em>&#8220;Por encima y por debajo del mar de la Costa Amalfitana</em>&#8221; en el hotel La Bussola.</li>
<li class="li1">9 h Entrega de fotos del concurso<em>&#8220;Sopra&#8230; il mare della </em><em>Costa d&#8217;Amalfi</em>&#8221; en el hotel La Bussola.</li>
<li class="li1">10 h Visita a la <strong>Grotta dello Smeraldo</strong> por los alumnos de la escuela primaria Conca dei Marini.</li>
<li class="li1">16:00 Santa Misa celebrada por el Hermano Marcus Reichenbach en la plaza frente a la Gruta Esmeralda.</li>
<li class="li1">17.00 h Inicio de la histórica procesión nocturna submarina hasta el belén submarino en el interior de la Gruta, bajo la dirección de los submarinistas GO Sub.</li>
<li class="li1">20.00 h Velada de clausura con cena seguida de proyecciones de imágenes del concurso, entrega de premios, reconocimientos y saludos.</li>
<li class="li1">21.30 h Premio:<em>&#8220;Una vida por el mar</em>&#8220;.</li>
</ul>
<p>&nbsp;</p>
<p>&nbsp;</p>

<p>56ª EDICIÓN DE LA NAVIDAD SUBMARINA DE CONCA DEI MARINI Y LA COSTA AMALFITANA</p>

<!-- This site is optimized with the Yoast SEO plugin v27.3 - https://yoast.com/product/yoast-seo-wordpress/ -->
<title>56ª edición de la Navidad Submarina Conca dei Marini y Costa Amalfitana - Visit Amalfi</title>
<meta name="robots" content="index, follow, max-snippet:-1, max-image-preview:large, max-video-preview:-1" />
<link rel="canonical" href="https://www.visitamalfi.info/es/evento/56a-edicion-de-la-navidad-submarina-conca-dei-marini-y-costa-amalfitana/" />
<meta property="og:locale" content="es_ES" />
<meta property="og:type" content="article" />
<meta property="og:title" content="56ª edición de la Navidad Submarina Conca dei Marini y Costa Amalfitana - Visit Amalfi" />
<meta property="og:description" content="56ª EDICIÓN DE LA NAVIDAD SUBMARINA DE CONCA DEI MARINI Y LA COSTA AMALFITANA" />
<meta property="og:url" content="https://www.visitamalfi.info/es/evento/56a-edicion-de-la-navidad-submarina-conca-dei-marini-y-costa-amalfitana/" />
<meta property="og:site_name" content="Visit Amalfi" />
<meta property="article:publisher" content="https://www.facebook.com/visitamalfiofficial" />
<meta name="twitter:card" content="summary_large_image" />
<meta name="twitter:label1" content="Tiempo de lectura" />
	<meta name="twitter:data1" content="1 minuto" />
<script type="application/ld+json" class="yoast-schema-graph">{"@context":"https:\/\/schema.org","@graph":[{"@type":"WebPage","@id":"https:\/\/www.visitamalfi.info\/es\/evento\/56a-edicion-de-la-navidad-submarina-conca-dei-marini-y-costa-amalfitana\/","url":"https:\/\/www.visitamalfi.info\/es\/evento\/56a-edicion-de-la-navidad-submarina-conca-dei-marini-y-costa-amalfitana\/","name":"56ª edición de la Navidad Submarina Conca dei Marini y Costa Amalfitana - Visit Amalfi","isPartOf":{"@id":"https:\/\/www.visitamalfi.info\/es\/#website"},"datePublished":"2024-11-27T17:18:53+00:00","breadcrumb":{"@id":"https:\/\/www.visitamalfi.info\/es\/evento\/56a-edicion-de-la-navidad-submarina-conca-dei-marini-y-costa-amalfitana\/#breadcrumb"},"inLanguage":"es","potentialAction":[{"@type":"ReadAction","target":["https:\/\/www.visitamalfi.info\/es\/evento\/56a-edicion-de-la-navidad-submarina-conca-dei-marini-y-costa-amalfitana\/"]}]},{"@type":"BreadcrumbList","@id":"https:\/\/www.visitamalfi.info\/es\/evento\/56a-edicion-de-la-navidad-submarina-conca-dei-marini-y-costa-amalfitana\/#breadcrumb","itemListElement":[{"@type":"ListItem","position":1,"name":"Home","item":"https:\/\/www.visitamalfi.info\/es\/"},{"@type":"ListItem","position":2,"name":"Eventos","item":"https:\/\/www.visitamalfi.info\/es\/eventi\/"},{"@type":"ListItem","position":3,"name":"56ª edición de la Navidad Submarina Conca dei Marini y Costa Amalfitana"}]},{"@type":"WebSite","@id":"https:\/\/www.visitamalfi.info\/es\/#website","url":"https:\/\/www.visitamalfi.info\/es\/","name":"Visit Amalfi","description":"Amalfi Destination Official Website","publisher":{"@id":"https:\/\/www.visitamalfi.info\/es\/#organization"},"potentialAction":[{"@type":"SearchAction","target":{"@type":"EntryPoint","urlTemplate":"https:\/\/www.visitamalfi.info\/es\/?s={search_term_string}"},"query-input":{"@type":"PropertyValueSpecification","valueRequired":true,"valueName":"search_term_string"}}],"inLanguage":"es"},{"@type":"Organization","@id":"https:\/\/www.visitamalfi.info\/es\/#organization","name":"Visit Amalfi","url":"https:\/\/www.visitamalfi.info\/es\/","logo":{"@type":"ImageObject","inLanguage":"es","@id":"https:\/\/www.visitamalfi.info\/es\/#\/schema\/logo\/image\/","url":"https:\/\/www.visitamalfi.info\/wp-content\/uploads\/2023\/04\/visit-amalfi-logo-web.png","contentUrl":"https:\/\/www.visitamalfi.info\/wp-content\/uploads\/2023\/04\/visit-amalfi-logo-web.png","width":800,"height":870,"caption":"Visit Amalfi"},"image":{"@id":"https:\/\/www.visitamalfi.info\/es\/#\/schema\/logo\/image\/"},"sameAs":["https:\/\/www.facebook.com\/visitamalfiofficial","https:\/\/www.instagram.com\/visitamalfiofficial\/"]}]}</script>
<!-- / Yoast SEO plugin. -->

56ª edición de la Navidad Submarina Conca dei Marini y Costa Amalfitana - Visit Amalfi

56ª EDICIÓN DE LA NAVIDAD SUBMARINA DE CONCA DEI MARINI Y LA COSTA AMALFITANA
