{"id":20203,"date":"2024-11-07T13:23:47","date_gmt":"2024-11-07T12:23:47","guid":{"rendered":"https:\/\/www.visitamalfi.info\/evento\/3a-edicion-napoli-racconta\/"},"modified":"2024-11-07T13:23:47","modified_gmt":"2024-11-07T12:23:47","slug":"3a-edicion-napoli-racconta","status":"publish","type":"tribe_events","link":"https:\/\/www.visitamalfi.info\/es\/evento\/3a-edicion-napoli-racconta\/","title":{"rendered":"3\u00aa Edici\u00f3n | Napoli Racconta&#8230;"},"content":{"rendered":"<p><strong><img fetchpriority=\"high\" decoding=\"async\" class=\"size-medium wp-image-20192 alignright\" src=\"https:\/\/www.visitamalfi.info\/wp-content\/uploads\/2024\/11\/WhatsApp-Image-2024-11-07-at-13.20.40-214x300.jpeg\" alt=\"\" width=\"214\" height=\"300\" srcset=\"https:\/\/www.visitamalfi.info\/wp-content\/uploads\/2024\/11\/WhatsApp-Image-2024-11-07-at-13.20.40-214x300.jpeg 214w, https:\/\/www.visitamalfi.info\/wp-content\/uploads\/2024\/11\/WhatsApp-Image-2024-11-07-at-13.20.40-730x1024.jpeg 730w, https:\/\/www.visitamalfi.info\/wp-content\/uploads\/2024\/11\/WhatsApp-Image-2024-11-07-at-13.20.40-768x1077.jpeg 768w, https:\/\/www.visitamalfi.info\/wp-content\/uploads\/2024\/11\/WhatsApp-Image-2024-11-07-at-13.20.40.jpeg 1077w\" sizes=\"(max-width: 214px) 100vw, 214px\" \/>Concierto de M\u00fasica Cl\u00e1sica Napolitana con aperitivo en el Anantara Convento di Amalfi. <\/strong><\/p>\n<p>Domenico di Marzo | voz y guitarra Gennaro Esposito | piano Andrea Carpentieri | acorde\u00f3n Francesca di Giacomo | voz Acto ben\u00e9fico en apoyo de la iniciativa empresarial juvenil en Burkina Faso INFO Y RESERVAS : Dina Coppola recaudaci\u00f3n de fondos +39 331 231 3636<\/p>\n","protected":false},"excerpt":{"rendered":"<p>Concierto de M\u00fasica Cl\u00e1sica Napolitana con aperitivo. <\/p>\n","protected":false},"author":7,"featured_media":0,"template":"","meta":{"inline_featured_image":false,"_tribe_events_status":"","_tribe_events_status_reason":"","footnotes":""},"tags":[],"tribe_events_cat":[],"class_list":["post-20203","tribe_events","type-tribe_events","status-publish","hentry"],"yoast_head":"<!-- This site is optimized with the Yoast SEO plugin v27.3 - https:\/\/yoast.com\/product\/yoast-seo-wordpress\/ -->\n<title>3\u00aa Edici\u00f3n | Napoli Racconta... - Visit Amalfi<\/title>\n<meta name=\"robots\" content=\"index, follow, max-snippet:-1, max-image-preview:large, max-video-preview:-1\" \/>\n<link rel=\"canonical\" href=\"https:\/\/www.visitamalfi.info\/es\/evento\/3a-edicion-napoli-racconta\/\" \/>\n<meta property=\"og:locale\" content=\"es_ES\" \/>\n<meta property=\"og:type\" content=\"article\" \/>\n<meta property=\"og:title\" content=\"3\u00aa Edici\u00f3n | Napoli Racconta... - Visit Amalfi\" \/>\n<meta property=\"og:description\" content=\"Concierto de M\u00fasica Cl\u00e1sica Napolitana con aperitivo.\" \/>\n<meta property=\"og:url\" content=\"https:\/\/www.visitamalfi.info\/es\/evento\/3a-edicion-napoli-racconta\/\" \/>\n<meta property=\"og:site_name\" content=\"Visit Amalfi\" \/>\n<meta property=\"article:publisher\" content=\"https:\/\/www.facebook.com\/visitamalfiofficial\" \/>\n<meta property=\"og:image\" content=\"https:\/\/www.visitamalfi.info\/wp-content\/uploads\/2024\/11\/WhatsApp-Image-2024-11-07-at-13.20.40.jpeg\" \/>\n\t<meta property=\"og:image:width\" content=\"1077\" \/>\n\t<meta property=\"og:image:height\" content=\"1511\" \/>\n\t<meta property=\"og:image:type\" content=\"image\/jpeg\" \/>\n<meta name=\"twitter:card\" content=\"summary_large_image\" \/>\n<script type=\"application\/ld+json\" class=\"yoast-schema-graph\">{\"@context\":\"https:\\\/\\\/schema.org\",\"@graph\":[{\"@type\":\"WebPage\",\"@id\":\"https:\\\/\\\/www.visitamalfi.info\\\/es\\\/evento\\\/3a-edicion-napoli-racconta\\\/\",\"url\":\"https:\\\/\\\/www.visitamalfi.info\\\/es\\\/evento\\\/3a-edicion-napoli-racconta\\\/\",\"name\":\"3\u00aa Edici\u00f3n | Napoli Racconta... - Visit Amalfi\",\"isPartOf\":{\"@id\":\"https:\\\/\\\/www.visitamalfi.info\\\/es\\\/#website\"},\"primaryImageOfPage\":{\"@id\":\"https:\\\/\\\/www.visitamalfi.info\\\/es\\\/evento\\\/3a-edicion-napoli-racconta\\\/#primaryimage\"},\"image\":{\"@id\":\"https:\\\/\\\/www.visitamalfi.info\\\/es\\\/evento\\\/3a-edicion-napoli-racconta\\\/#primaryimage\"},\"thumbnailUrl\":\"https:\\\/\\\/www.visitamalfi.info\\\/wp-content\\\/uploads\\\/2024\\\/11\\\/WhatsApp-Image-2024-11-07-at-13.20.40-214x300.jpeg\",\"datePublished\":\"2024-11-07T12:23:47+00:00\",\"breadcrumb\":{\"@id\":\"https:\\\/\\\/www.visitamalfi.info\\\/es\\\/evento\\\/3a-edicion-napoli-racconta\\\/#breadcrumb\"},\"inLanguage\":\"es\",\"potentialAction\":[{\"@type\":\"ReadAction\",\"target\":[\"https:\\\/\\\/www.visitamalfi.info\\\/es\\\/evento\\\/3a-edicion-napoli-racconta\\\/\"]}]},{\"@type\":\"ImageObject\",\"inLanguage\":\"es\",\"@id\":\"https:\\\/\\\/www.visitamalfi.info\\\/es\\\/evento\\\/3a-edicion-napoli-racconta\\\/#primaryimage\",\"url\":\"https:\\\/\\\/www.visitamalfi.info\\\/wp-content\\\/uploads\\\/2024\\\/11\\\/WhatsApp-Image-2024-11-07-at-13.20.40-214x300.jpeg\",\"contentUrl\":\"https:\\\/\\\/www.visitamalfi.info\\\/wp-content\\\/uploads\\\/2024\\\/11\\\/WhatsApp-Image-2024-11-07-at-13.20.40-214x300.jpeg\"},{\"@type\":\"BreadcrumbList\",\"@id\":\"https:\\\/\\\/www.visitamalfi.info\\\/es\\\/evento\\\/3a-edicion-napoli-racconta\\\/#breadcrumb\",\"itemListElement\":[{\"@type\":\"ListItem\",\"position\":1,\"name\":\"Home\",\"item\":\"https:\\\/\\\/www.visitamalfi.info\\\/es\\\/\"},{\"@type\":\"ListItem\",\"position\":2,\"name\":\"Eventos\",\"item\":\"https:\\\/\\\/www.visitamalfi.info\\\/es\\\/eventi\\\/\"},{\"@type\":\"ListItem\",\"position\":3,\"name\":\"3\u00aa Edici\u00f3n | Napoli Racconta&#8230;\"}]},{\"@type\":\"WebSite\",\"@id\":\"https:\\\/\\\/www.visitamalfi.info\\\/es\\\/#website\",\"url\":\"https:\\\/\\\/www.visitamalfi.info\\\/es\\\/\",\"name\":\"Visit Amalfi\",\"description\":\"Amalfi Destination Official Website\",\"publisher\":{\"@id\":\"https:\\\/\\\/www.visitamalfi.info\\\/es\\\/#organization\"},\"potentialAction\":[{\"@type\":\"SearchAction\",\"target\":{\"@type\":\"EntryPoint\",\"urlTemplate\":\"https:\\\/\\\/www.visitamalfi.info\\\/es\\\/?s={search_term_string}\"},\"query-input\":{\"@type\":\"PropertyValueSpecification\",\"valueRequired\":true,\"valueName\":\"search_term_string\"}}],\"inLanguage\":\"es\"},{\"@type\":\"Organization\",\"@id\":\"https:\\\/\\\/www.visitamalfi.info\\\/es\\\/#organization\",\"name\":\"Visit Amalfi\",\"url\":\"https:\\\/\\\/www.visitamalfi.info\\\/es\\\/\",\"logo\":{\"@type\":\"ImageObject\",\"inLanguage\":\"es\",\"@id\":\"https:\\\/\\\/www.visitamalfi.info\\\/es\\\/#\\\/schema\\\/logo\\\/image\\\/\",\"url\":\"https:\\\/\\\/www.visitamalfi.info\\\/wp-content\\\/uploads\\\/2023\\\/04\\\/visit-amalfi-logo-web.png\",\"contentUrl\":\"https:\\\/\\\/www.visitamalfi.info\\\/wp-content\\\/uploads\\\/2023\\\/04\\\/visit-amalfi-logo-web.png\",\"width\":800,\"height\":870,\"caption\":\"Visit Amalfi\"},\"image\":{\"@id\":\"https:\\\/\\\/www.visitamalfi.info\\\/es\\\/#\\\/schema\\\/logo\\\/image\\\/\"},\"sameAs\":[\"https:\\\/\\\/www.facebook.com\\\/visitamalfiofficial\",\"https:\\\/\\\/www.instagram.com\\\/visitamalfiofficial\\\/\"]}]}<\/script>\n<!-- \/ Yoast SEO plugin. -->","yoast_head_json":{"title":"3\u00aa Edici\u00f3n | Napoli Racconta... - Visit Amalfi","robots":{"index":"index","follow":"follow","max-snippet":"max-snippet:-1","max-image-preview":"max-image-preview:large","max-video-preview":"max-video-preview:-1"},"canonical":"https:\/\/www.visitamalfi.info\/es\/evento\/3a-edicion-napoli-racconta\/","og_locale":"es_ES","og_type":"article","og_title":"3\u00aa Edici\u00f3n | Napoli Racconta... - Visit Amalfi","og_description":"Concierto de M\u00fasica Cl\u00e1sica Napolitana con aperitivo.","og_url":"https:\/\/www.visitamalfi.info\/es\/evento\/3a-edicion-napoli-racconta\/","og_site_name":"Visit Amalfi","article_publisher":"https:\/\/www.facebook.com\/visitamalfiofficial","og_image":[{"width":1077,"height":1511,"url":"https:\/\/www.visitamalfi.info\/wp-content\/uploads\/2024\/11\/WhatsApp-Image-2024-11-07-at-13.20.40.jpeg","type":"image\/jpeg"}],"twitter_card":"summary_large_image","schema":{"@context":"https:\/\/schema.org","@graph":[{"@type":"WebPage","@id":"https:\/\/www.visitamalfi.info\/es\/evento\/3a-edicion-napoli-racconta\/","url":"https:\/\/www.visitamalfi.info\/es\/evento\/3a-edicion-napoli-racconta\/","name":"3\u00aa Edici\u00f3n | Napoli Racconta... - Visit Amalfi","isPartOf":{"@id":"https:\/\/www.visitamalfi.info\/es\/#website"},"primaryImageOfPage":{"@id":"https:\/\/www.visitamalfi.info\/es\/evento\/3a-edicion-napoli-racconta\/#primaryimage"},"image":{"@id":"https:\/\/www.visitamalfi.info\/es\/evento\/3a-edicion-napoli-racconta\/#primaryimage"},"thumbnailUrl":"https:\/\/www.visitamalfi.info\/wp-content\/uploads\/2024\/11\/WhatsApp-Image-2024-11-07-at-13.20.40-214x300.jpeg","datePublished":"2024-11-07T12:23:47+00:00","breadcrumb":{"@id":"https:\/\/www.visitamalfi.info\/es\/evento\/3a-edicion-napoli-racconta\/#breadcrumb"},"inLanguage":"es","potentialAction":[{"@type":"ReadAction","target":["https:\/\/www.visitamalfi.info\/es\/evento\/3a-edicion-napoli-racconta\/"]}]},{"@type":"ImageObject","inLanguage":"es","@id":"https:\/\/www.visitamalfi.info\/es\/evento\/3a-edicion-napoli-racconta\/#primaryimage","url":"https:\/\/www.visitamalfi.info\/wp-content\/uploads\/2024\/11\/WhatsApp-Image-2024-11-07-at-13.20.40-214x300.jpeg","contentUrl":"https:\/\/www.visitamalfi.info\/wp-content\/uploads\/2024\/11\/WhatsApp-Image-2024-11-07-at-13.20.40-214x300.jpeg"},{"@type":"BreadcrumbList","@id":"https:\/\/www.visitamalfi.info\/es\/evento\/3a-edicion-napoli-racconta\/#breadcrumb","itemListElement":[{"@type":"ListItem","position":1,"name":"Home","item":"https:\/\/www.visitamalfi.info\/es\/"},{"@type":"ListItem","position":2,"name":"Eventos","item":"https:\/\/www.visitamalfi.info\/es\/eventi\/"},{"@type":"ListItem","position":3,"name":"3\u00aa Edici\u00f3n | Napoli Racconta&#8230;"}]},{"@type":"WebSite","@id":"https:\/\/www.visitamalfi.info\/es\/#website","url":"https:\/\/www.visitamalfi.info\/es\/","name":"Visit Amalfi","description":"Amalfi Destination Official Website","publisher":{"@id":"https:\/\/www.visitamalfi.info\/es\/#organization"},"potentialAction":[{"@type":"SearchAction","target":{"@type":"EntryPoint","urlTemplate":"https:\/\/www.visitamalfi.info\/es\/?s={search_term_string}"},"query-input":{"@type":"PropertyValueSpecification","valueRequired":true,"valueName":"search_term_string"}}],"inLanguage":"es"},{"@type":"Organization","@id":"https:\/\/www.visitamalfi.info\/es\/#organization","name":"Visit Amalfi","url":"https:\/\/www.visitamalfi.info\/es\/","logo":{"@type":"ImageObject","inLanguage":"es","@id":"https:\/\/www.visitamalfi.info\/es\/#\/schema\/logo\/image\/","url":"https:\/\/www.visitamalfi.info\/wp-content\/uploads\/2023\/04\/visit-amalfi-logo-web.png","contentUrl":"https:\/\/www.visitamalfi.info\/wp-content\/uploads\/2023\/04\/visit-amalfi-logo-web.png","width":800,"height":870,"caption":"Visit Amalfi"},"image":{"@id":"https:\/\/www.visitamalfi.info\/es\/#\/schema\/logo\/image\/"},"sameAs":["https:\/\/www.facebook.com\/visitamalfiofficial","https:\/\/www.instagram.com\/visitamalfiofficial\/"]}]}},"_links":{"self":[{"href":"https:\/\/www.visitamalfi.info\/es\/wp-json\/wp\/v2\/tribe_events\/20203","targetHints":{"allow":["GET"]}}],"collection":[{"href":"https:\/\/www.visitamalfi.info\/es\/wp-json\/wp\/v2\/tribe_events"}],"about":[{"href":"https:\/\/www.visitamalfi.info\/es\/wp-json\/wp\/v2\/types\/tribe_events"}],"author":[{"embeddable":true,"href":"https:\/\/www.visitamalfi.info\/es\/wp-json\/wp\/v2\/users\/7"}],"version-history":[{"count":0,"href":"https:\/\/www.visitamalfi.info\/es\/wp-json\/wp\/v2\/tribe_events\/20203\/revisions"}],"wp:attachment":[{"href":"https:\/\/www.visitamalfi.info\/es\/wp-json\/wp\/v2\/media?parent=20203"}],"wp:term":[{"taxonomy":"post_tag","embeddable":true,"href":"https:\/\/www.visitamalfi.info\/es\/wp-json\/wp\/v2\/tags?post=20203"},{"taxonomy":"tribe_events_cat","embeddable":true,"href":"https:\/\/www.visitamalfi.info\/es\/wp-json\/wp\/v2\/tribe_events_cat?post=20203"}],"curies":[{"name":"wp","href":"https:\/\/api.w.org\/{rel}","templated":true}]}}

3ª Edición | Napoli Racconta&#8230;

<p><strong><img fetchpriority="high" decoding="async" class="size-medium wp-image-20192 alignright" src="https://www.visitamalfi.info/wp-content/uploads/2024/11/WhatsApp-Image-2024-11-07-at-13.20.40-214x300.jpeg" alt="" width="214" height="300" srcset="https://www.visitamalfi.info/wp-content/uploads/2024/11/WhatsApp-Image-2024-11-07-at-13.20.40-214x300.jpeg 214w, https://www.visitamalfi.info/wp-content/uploads/2024/11/WhatsApp-Image-2024-11-07-at-13.20.40-730x1024.jpeg 730w, https://www.visitamalfi.info/wp-content/uploads/2024/11/WhatsApp-Image-2024-11-07-at-13.20.40-768x1077.jpeg 768w, https://www.visitamalfi.info/wp-content/uploads/2024/11/WhatsApp-Image-2024-11-07-at-13.20.40.jpeg 1077w" sizes="(max-width: 214px) 100vw, 214px" />Concierto de Música Clásica Napolitana con aperitivo en el Anantara Convento di Amalfi. </strong></p>
<p>Domenico di Marzo | voz y guitarra Gennaro Esposito | piano Andrea Carpentieri | acordeón Francesca di Giacomo | voz Acto benéfico en apoyo de la iniciativa empresarial juvenil en Burkina Faso INFO Y RESERVAS : Dina Coppola recaudación de fondos +39 331 231 3636</p>

<p>Concierto de Música Clásica Napolitana con aperitivo. </p>

<!-- This site is optimized with the Yoast SEO plugin v27.3 - https://yoast.com/product/yoast-seo-wordpress/ -->
<title>3ª Edición | Napoli Racconta... - Visit Amalfi</title>
<meta name="robots" content="index, follow, max-snippet:-1, max-image-preview:large, max-video-preview:-1" />
<link rel="canonical" href="https://www.visitamalfi.info/es/evento/3a-edicion-napoli-racconta/" />
<meta property="og:locale" content="es_ES" />
<meta property="og:type" content="article" />
<meta property="og:title" content="3ª Edición | Napoli Racconta... - Visit Amalfi" />
<meta property="og:description" content="Concierto de Música Clásica Napolitana con aperitivo." />
<meta property="og:url" content="https://www.visitamalfi.info/es/evento/3a-edicion-napoli-racconta/" />
<meta property="og:site_name" content="Visit Amalfi" />
<meta property="article:publisher" content="https://www.facebook.com/visitamalfiofficial" />
<meta property="og:image" content="https://www.visitamalfi.info/wp-content/uploads/2024/11/WhatsApp-Image-2024-11-07-at-13.20.40.jpeg" />
	<meta property="og:image:width" content="1077" />
	<meta property="og:image:height" content="1511" />
	<meta property="og:image:type" content="image/jpeg" />
<meta name="twitter:card" content="summary_large_image" />
<script type="application/ld+json" class="yoast-schema-graph">{"@context":"https:\/\/schema.org","@graph":[{"@type":"WebPage","@id":"https:\/\/www.visitamalfi.info\/es\/evento\/3a-edicion-napoli-racconta\/","url":"https:\/\/www.visitamalfi.info\/es\/evento\/3a-edicion-napoli-racconta\/","name":"3ª Edición | Napoli Racconta... - Visit Amalfi","isPartOf":{"@id":"https:\/\/www.visitamalfi.info\/es\/#website"},"primaryImageOfPage":{"@id":"https:\/\/www.visitamalfi.info\/es\/evento\/3a-edicion-napoli-racconta\/#primaryimage"},"image":{"@id":"https:\/\/www.visitamalfi.info\/es\/evento\/3a-edicion-napoli-racconta\/#primaryimage"},"thumbnailUrl":"https:\/\/www.visitamalfi.info\/wp-content\/uploads\/2024\/11\/WhatsApp-Image-2024-11-07-at-13.20.40-214x300.jpeg","datePublished":"2024-11-07T12:23:47+00:00","breadcrumb":{"@id":"https:\/\/www.visitamalfi.info\/es\/evento\/3a-edicion-napoli-racconta\/#breadcrumb"},"inLanguage":"es","potentialAction":[{"@type":"ReadAction","target":["https:\/\/www.visitamalfi.info\/es\/evento\/3a-edicion-napoli-racconta\/"]}]},{"@type":"ImageObject","inLanguage":"es","@id":"https:\/\/www.visitamalfi.info\/es\/evento\/3a-edicion-napoli-racconta\/#primaryimage","url":"https:\/\/www.visitamalfi.info\/wp-content\/uploads\/2024\/11\/WhatsApp-Image-2024-11-07-at-13.20.40-214x300.jpeg","contentUrl":"https:\/\/www.visitamalfi.info\/wp-content\/uploads\/2024\/11\/WhatsApp-Image-2024-11-07-at-13.20.40-214x300.jpeg"},{"@type":"BreadcrumbList","@id":"https:\/\/www.visitamalfi.info\/es\/evento\/3a-edicion-napoli-racconta\/#breadcrumb","itemListElement":[{"@type":"ListItem","position":1,"name":"Home","item":"https:\/\/www.visitamalfi.info\/es\/"},{"@type":"ListItem","position":2,"name":"Eventos","item":"https:\/\/www.visitamalfi.info\/es\/eventi\/"},{"@type":"ListItem","position":3,"name":"3ª Edición | Napoli Racconta&#8230;"}]},{"@type":"WebSite","@id":"https:\/\/www.visitamalfi.info\/es\/#website","url":"https:\/\/www.visitamalfi.info\/es\/","name":"Visit Amalfi","description":"Amalfi Destination Official Website","publisher":{"@id":"https:\/\/www.visitamalfi.info\/es\/#organization"},"potentialAction":[{"@type":"SearchAction","target":{"@type":"EntryPoint","urlTemplate":"https:\/\/www.visitamalfi.info\/es\/?s={search_term_string}"},"query-input":{"@type":"PropertyValueSpecification","valueRequired":true,"valueName":"search_term_string"}}],"inLanguage":"es"},{"@type":"Organization","@id":"https:\/\/www.visitamalfi.info\/es\/#organization","name":"Visit Amalfi","url":"https:\/\/www.visitamalfi.info\/es\/","logo":{"@type":"ImageObject","inLanguage":"es","@id":"https:\/\/www.visitamalfi.info\/es\/#\/schema\/logo\/image\/","url":"https:\/\/www.visitamalfi.info\/wp-content\/uploads\/2023\/04\/visit-amalfi-logo-web.png","contentUrl":"https:\/\/www.visitamalfi.info\/wp-content\/uploads\/2023\/04\/visit-amalfi-logo-web.png","width":800,"height":870,"caption":"Visit Amalfi"},"image":{"@id":"https:\/\/www.visitamalfi.info\/es\/#\/schema\/logo\/image\/"},"sameAs":["https:\/\/www.facebook.com\/visitamalfiofficial","https:\/\/www.instagram.com\/visitamalfiofficial\/"]}]}</script>
<!-- / Yoast SEO plugin. -->

3ª Edición | Napoli Racconta... - Visit Amalfi

Concierto de Música Clásica Napolitana con aperitivo.
