{"id":20069,"date":"2024-10-15T11:57:08","date_gmt":"2024-10-15T09:57:08","guid":{"rendered":"https:\/\/www.visitamalfi.info\/evento\/celebraciones-en-honor-de-san-andres-apostol\/"},"modified":"2024-10-15T11:57:08","modified_gmt":"2024-10-15T09:57:08","slug":"celebraciones-en-honor-de-san-andres-apostol","status":"publish","type":"tribe_events","link":"https:\/\/www.visitamalfi.info\/es\/evento\/celebraciones-en-honor-de-san-andres-apostol\/","title":{"rendered":"Celebraciones en honor de San Andr\u00e9s Ap\u00f3stol"},"content":{"rendered":"<p>San Andr\u00e9s Ap\u00f3stol es el patr\u00f3n de la ciudad de Amalfi, que lo celebra dos veces al a\u00f1o: <strong>el 27 de junio y el 30 de noviembre<\/strong>.<\/p>\n<article id=\"cos_e\" class=\"it-page-section anchor-offset\">\n<div class=\"\">\n<div class=\"richtext-wrapper lora\">\n<p>La fiesta del 30 de noviembre, que sigue a la del 27 de junio que Amalfi celebra motu proprio, cae en el d\u00eda en que el calendario de la Iglesia cat\u00f3lica celebra al ap\u00f3stol. La fiesta de San Andr\u00e9s es el acontecimiento m\u00e1s popular para los residentes y no residentes de Amalfi. Todo el mundo intenta estar presente en la Piazza Duomo para esperar la salida de la espl\u00e9ndida estatua de bronce del ap\u00f3stol Andr\u00e9s de la majestuosa catedral, famosa en todo el mundo por su belleza. La efigie del Santo es acompa\u00f1ada en procesi\u00f3n por las calles de Amalfi, regalando a fieles y visitantes momentos de emoci\u00f3n y descubrimiento del coraz\u00f3n m\u00e1s oculto y antiguo de la ciudad. El vinculado a los ritos de fe y devoci\u00f3n a su patrona. Acompa\u00f1ada por los fieles y la banda de m\u00fasica, la procesi\u00f3n, tras atravesar la ciudad, termina con la famosa y espectacular carrera por la escalinata de la catedral dedicada a San Andr\u00e9s. Los portadores, todos vestidos de rojo, suben la majestuosa escalinata acompa\u00f1ados por la marcha del Mois\u00e9s en Egipto de Rossini y vitoreados por la multitud de fieles. Una vez arriba, la tensi\u00f3n se disuelve en un sentido aplauso, en el que participa toda la plaza, que se funde en la emoci\u00f3n y la emoci\u00f3n del saludo al santo patr\u00f3n. Fuente: <em>comune.amalfi.sa.it<\/em><\/p>\n<\/div>\n<\/div>\n<\/article>\n","protected":false},"excerpt":{"rendered":"<p>San Andr\u00e9s Ap\u00f3stol es el patr\u00f3n de la ciudad de Amalfi, que lo celebra dos veces al a\u00f1o: el 27 de junio y el 30 de noviembre. La fiesta del 30 de noviembre, que sigue a la del 27 de junio que Amalfi celebra motu proprio, cae en el d\u00eda en que el calendario de la Iglesia cat\u00f3lica celebra al ap\u00f3stol. <\/p>\n","protected":false},"author":7,"featured_media":15120,"template":"","meta":{"inline_featured_image":false,"_tribe_events_status":"","_tribe_events_status_reason":"","footnotes":""},"tags":[1883],"tribe_events_cat":[619,572],"class_list":["post-20069","tribe_events","type-tribe_events","status-publish","has-post-thumbnail","hentry","tag-san-andres-apostol","tribe_events_cat-cultura-es","tribe_events_cat-tradicion","cat_cultura-es","cat_tradicion"],"yoast_head":"<!-- This site is optimized with the Yoast SEO plugin v27.3 - https:\/\/yoast.com\/product\/yoast-seo-wordpress\/ -->\n<title>Celebraciones en honor de San Andr\u00e9s Ap\u00f3stol - Visit Amalfi<\/title>\n<meta name=\"robots\" content=\"index, follow, max-snippet:-1, max-image-preview:large, max-video-preview:-1\" \/>\n<link rel=\"canonical\" href=\"https:\/\/www.visitamalfi.info\/es\/evento\/celebraciones-en-honor-de-san-andres-apostol\/\" \/>\n<meta property=\"og:locale\" content=\"es_ES\" \/>\n<meta property=\"og:type\" content=\"article\" \/>\n<meta property=\"og:title\" content=\"Celebraciones en honor de San Andr\u00e9s Ap\u00f3stol - Visit Amalfi\" \/>\n<meta property=\"og:description\" content=\"San Andr\u00e9s Ap\u00f3stol es el patr\u00f3n de la ciudad de Amalfi, que lo celebra dos veces al a\u00f1o: el 27 de junio y el 30 de noviembre. La fiesta del 30 de noviembre, que sigue a la del 27 de junio que Amalfi celebra motu proprio, cae en el d\u00eda en que el calendario de la Iglesia cat\u00f3lica celebra al ap\u00f3stol.\" \/>\n<meta property=\"og:url\" content=\"https:\/\/www.visitamalfi.info\/es\/evento\/celebraciones-en-honor-de-san-andres-apostol\/\" \/>\n<meta property=\"og:site_name\" content=\"Visit Amalfi\" \/>\n<meta property=\"article:publisher\" content=\"https:\/\/www.facebook.com\/visitamalfiofficial\" \/>\n<meta name=\"twitter:card\" content=\"summary_large_image\" \/>\n<meta name=\"twitter:label1\" content=\"Tiempo de lectura\" \/>\n\t<meta name=\"twitter:data1\" content=\"1 minuto\" \/>\n<script type=\"application\/ld+json\" class=\"yoast-schema-graph\">{\"@context\":\"https:\\\/\\\/schema.org\",\"@graph\":[{\"@type\":\"WebPage\",\"@id\":\"https:\\\/\\\/www.visitamalfi.info\\\/es\\\/evento\\\/celebraciones-en-honor-de-san-andres-apostol\\\/\",\"url\":\"https:\\\/\\\/www.visitamalfi.info\\\/es\\\/evento\\\/celebraciones-en-honor-de-san-andres-apostol\\\/\",\"name\":\"Celebraciones en honor de San Andr\u00e9s Ap\u00f3stol - Visit Amalfi\",\"isPartOf\":{\"@id\":\"https:\\\/\\\/www.visitamalfi.info\\\/es\\\/#website\"},\"primaryImageOfPage\":{\"@id\":\"https:\\\/\\\/www.visitamalfi.info\\\/es\\\/evento\\\/celebraciones-en-honor-de-san-andres-apostol\\\/#primaryimage\"},\"image\":{\"@id\":\"https:\\\/\\\/www.visitamalfi.info\\\/es\\\/evento\\\/celebraciones-en-honor-de-san-andres-apostol\\\/#primaryimage\"},\"thumbnailUrl\":\"https:\\\/\\\/www.visitamalfi.info\\\/wp-content\\\/uploads\\\/2024\\\/03\\\/80-Cattedrale-foto-abbagnara-2.jpg\",\"datePublished\":\"2024-10-15T09:57:08+00:00\",\"breadcrumb\":{\"@id\":\"https:\\\/\\\/www.visitamalfi.info\\\/es\\\/evento\\\/celebraciones-en-honor-de-san-andres-apostol\\\/#breadcrumb\"},\"inLanguage\":\"es\",\"potentialAction\":[{\"@type\":\"ReadAction\",\"target\":[\"https:\\\/\\\/www.visitamalfi.info\\\/es\\\/evento\\\/celebraciones-en-honor-de-san-andres-apostol\\\/\"]}]},{\"@type\":\"ImageObject\",\"inLanguage\":\"es\",\"@id\":\"https:\\\/\\\/www.visitamalfi.info\\\/es\\\/evento\\\/celebraciones-en-honor-de-san-andres-apostol\\\/#primaryimage\",\"url\":\"https:\\\/\\\/www.visitamalfi.info\\\/wp-content\\\/uploads\\\/2024\\\/03\\\/80-Cattedrale-foto-abbagnara-2.jpg\",\"contentUrl\":\"https:\\\/\\\/www.visitamalfi.info\\\/wp-content\\\/uploads\\\/2024\\\/03\\\/80-Cattedrale-foto-abbagnara-2.jpg\",\"width\":1920,\"height\":1280,\"caption\":\"Complesso Monumentale Cattedrale S. Andrea_Cattedrale\"},{\"@type\":\"BreadcrumbList\",\"@id\":\"https:\\\/\\\/www.visitamalfi.info\\\/es\\\/evento\\\/celebraciones-en-honor-de-san-andres-apostol\\\/#breadcrumb\",\"itemListElement\":[{\"@type\":\"ListItem\",\"position\":1,\"name\":\"Home\",\"item\":\"https:\\\/\\\/www.visitamalfi.info\\\/es\\\/\"},{\"@type\":\"ListItem\",\"position\":2,\"name\":\"Eventos\",\"item\":\"https:\\\/\\\/www.visitamalfi.info\\\/es\\\/eventi\\\/\"},{\"@type\":\"ListItem\",\"position\":3,\"name\":\"Celebraciones en honor de San Andr\u00e9s Ap\u00f3stol\"}]},{\"@type\":\"WebSite\",\"@id\":\"https:\\\/\\\/www.visitamalfi.info\\\/es\\\/#website\",\"url\":\"https:\\\/\\\/www.visitamalfi.info\\\/es\\\/\",\"name\":\"Visit Amalfi\",\"description\":\"Amalfi Destination Official Website\",\"publisher\":{\"@id\":\"https:\\\/\\\/www.visitamalfi.info\\\/es\\\/#organization\"},\"potentialAction\":[{\"@type\":\"SearchAction\",\"target\":{\"@type\":\"EntryPoint\",\"urlTemplate\":\"https:\\\/\\\/www.visitamalfi.info\\\/es\\\/?s={search_term_string}\"},\"query-input\":{\"@type\":\"PropertyValueSpecification\",\"valueRequired\":true,\"valueName\":\"search_term_string\"}}],\"inLanguage\":\"es\"},{\"@type\":\"Organization\",\"@id\":\"https:\\\/\\\/www.visitamalfi.info\\\/es\\\/#organization\",\"name\":\"Visit Amalfi\",\"url\":\"https:\\\/\\\/www.visitamalfi.info\\\/es\\\/\",\"logo\":{\"@type\":\"ImageObject\",\"inLanguage\":\"es\",\"@id\":\"https:\\\/\\\/www.visitamalfi.info\\\/es\\\/#\\\/schema\\\/logo\\\/image\\\/\",\"url\":\"https:\\\/\\\/www.visitamalfi.info\\\/wp-content\\\/uploads\\\/2023\\\/04\\\/visit-amalfi-logo-web.png\",\"contentUrl\":\"https:\\\/\\\/www.visitamalfi.info\\\/wp-content\\\/uploads\\\/2023\\\/04\\\/visit-amalfi-logo-web.png\",\"width\":800,\"height\":870,\"caption\":\"Visit Amalfi\"},\"image\":{\"@id\":\"https:\\\/\\\/www.visitamalfi.info\\\/es\\\/#\\\/schema\\\/logo\\\/image\\\/\"},\"sameAs\":[\"https:\\\/\\\/www.facebook.com\\\/visitamalfiofficial\",\"https:\\\/\\\/www.instagram.com\\\/visitamalfiofficial\\\/\"]}]}<\/script>\n<!-- \/ Yoast SEO plugin. -->","yoast_head_json":{"title":"Celebraciones en honor de San Andr\u00e9s Ap\u00f3stol - Visit Amalfi","robots":{"index":"index","follow":"follow","max-snippet":"max-snippet:-1","max-image-preview":"max-image-preview:large","max-video-preview":"max-video-preview:-1"},"canonical":"https:\/\/www.visitamalfi.info\/es\/evento\/celebraciones-en-honor-de-san-andres-apostol\/","og_locale":"es_ES","og_type":"article","og_title":"Celebraciones en honor de San Andr\u00e9s Ap\u00f3stol - Visit Amalfi","og_description":"San Andr\u00e9s Ap\u00f3stol es el patr\u00f3n de la ciudad de Amalfi, que lo celebra dos veces al a\u00f1o: el 27 de junio y el 30 de noviembre. La fiesta del 30 de noviembre, que sigue a la del 27 de junio que Amalfi celebra motu proprio, cae en el d\u00eda en que el calendario de la Iglesia cat\u00f3lica celebra al ap\u00f3stol.","og_url":"https:\/\/www.visitamalfi.info\/es\/evento\/celebraciones-en-honor-de-san-andres-apostol\/","og_site_name":"Visit Amalfi","article_publisher":"https:\/\/www.facebook.com\/visitamalfiofficial","twitter_card":"summary_large_image","twitter_misc":{"Tiempo de lectura":"1 minuto"},"schema":{"@context":"https:\/\/schema.org","@graph":[{"@type":"WebPage","@id":"https:\/\/www.visitamalfi.info\/es\/evento\/celebraciones-en-honor-de-san-andres-apostol\/","url":"https:\/\/www.visitamalfi.info\/es\/evento\/celebraciones-en-honor-de-san-andres-apostol\/","name":"Celebraciones en honor de San Andr\u00e9s Ap\u00f3stol - Visit Amalfi","isPartOf":{"@id":"https:\/\/www.visitamalfi.info\/es\/#website"},"primaryImageOfPage":{"@id":"https:\/\/www.visitamalfi.info\/es\/evento\/celebraciones-en-honor-de-san-andres-apostol\/#primaryimage"},"image":{"@id":"https:\/\/www.visitamalfi.info\/es\/evento\/celebraciones-en-honor-de-san-andres-apostol\/#primaryimage"},"thumbnailUrl":"https:\/\/www.visitamalfi.info\/wp-content\/uploads\/2024\/03\/80-Cattedrale-foto-abbagnara-2.jpg","datePublished":"2024-10-15T09:57:08+00:00","breadcrumb":{"@id":"https:\/\/www.visitamalfi.info\/es\/evento\/celebraciones-en-honor-de-san-andres-apostol\/#breadcrumb"},"inLanguage":"es","potentialAction":[{"@type":"ReadAction","target":["https:\/\/www.visitamalfi.info\/es\/evento\/celebraciones-en-honor-de-san-andres-apostol\/"]}]},{"@type":"ImageObject","inLanguage":"es","@id":"https:\/\/www.visitamalfi.info\/es\/evento\/celebraciones-en-honor-de-san-andres-apostol\/#primaryimage","url":"https:\/\/www.visitamalfi.info\/wp-content\/uploads\/2024\/03\/80-Cattedrale-foto-abbagnara-2.jpg","contentUrl":"https:\/\/www.visitamalfi.info\/wp-content\/uploads\/2024\/03\/80-Cattedrale-foto-abbagnara-2.jpg","width":1920,"height":1280,"caption":"Complesso Monumentale Cattedrale S. Andrea_Cattedrale"},{"@type":"BreadcrumbList","@id":"https:\/\/www.visitamalfi.info\/es\/evento\/celebraciones-en-honor-de-san-andres-apostol\/#breadcrumb","itemListElement":[{"@type":"ListItem","position":1,"name":"Home","item":"https:\/\/www.visitamalfi.info\/es\/"},{"@type":"ListItem","position":2,"name":"Eventos","item":"https:\/\/www.visitamalfi.info\/es\/eventi\/"},{"@type":"ListItem","position":3,"name":"Celebraciones en honor de San Andr\u00e9s Ap\u00f3stol"}]},{"@type":"WebSite","@id":"https:\/\/www.visitamalfi.info\/es\/#website","url":"https:\/\/www.visitamalfi.info\/es\/","name":"Visit Amalfi","description":"Amalfi Destination Official Website","publisher":{"@id":"https:\/\/www.visitamalfi.info\/es\/#organization"},"potentialAction":[{"@type":"SearchAction","target":{"@type":"EntryPoint","urlTemplate":"https:\/\/www.visitamalfi.info\/es\/?s={search_term_string}"},"query-input":{"@type":"PropertyValueSpecification","valueRequired":true,"valueName":"search_term_string"}}],"inLanguage":"es"},{"@type":"Organization","@id":"https:\/\/www.visitamalfi.info\/es\/#organization","name":"Visit Amalfi","url":"https:\/\/www.visitamalfi.info\/es\/","logo":{"@type":"ImageObject","inLanguage":"es","@id":"https:\/\/www.visitamalfi.info\/es\/#\/schema\/logo\/image\/","url":"https:\/\/www.visitamalfi.info\/wp-content\/uploads\/2023\/04\/visit-amalfi-logo-web.png","contentUrl":"https:\/\/www.visitamalfi.info\/wp-content\/uploads\/2023\/04\/visit-amalfi-logo-web.png","width":800,"height":870,"caption":"Visit Amalfi"},"image":{"@id":"https:\/\/www.visitamalfi.info\/es\/#\/schema\/logo\/image\/"},"sameAs":["https:\/\/www.facebook.com\/visitamalfiofficial","https:\/\/www.instagram.com\/visitamalfiofficial\/"]}]}},"_links":{"self":[{"href":"https:\/\/www.visitamalfi.info\/es\/wp-json\/wp\/v2\/tribe_events\/20069","targetHints":{"allow":["GET"]}}],"collection":[{"href":"https:\/\/www.visitamalfi.info\/es\/wp-json\/wp\/v2\/tribe_events"}],"about":[{"href":"https:\/\/www.visitamalfi.info\/es\/wp-json\/wp\/v2\/types\/tribe_events"}],"author":[{"embeddable":true,"href":"https:\/\/www.visitamalfi.info\/es\/wp-json\/wp\/v2\/users\/7"}],"version-history":[{"count":0,"href":"https:\/\/www.visitamalfi.info\/es\/wp-json\/wp\/v2\/tribe_events\/20069\/revisions"}],"wp:featuredmedia":[{"embeddable":true,"href":"https:\/\/www.visitamalfi.info\/es\/wp-json\/wp\/v2\/media\/15120"}],"wp:attachment":[{"href":"https:\/\/www.visitamalfi.info\/es\/wp-json\/wp\/v2\/media?parent=20069"}],"wp:term":[{"taxonomy":"post_tag","embeddable":true,"href":"https:\/\/www.visitamalfi.info\/es\/wp-json\/wp\/v2\/tags?post=20069"},{"taxonomy":"tribe_events_cat","embeddable":true,"href":"https:\/\/www.visitamalfi.info\/es\/wp-json\/wp\/v2\/tribe_events_cat?post=20069"}],"curies":[{"name":"wp","href":"https:\/\/api.w.org\/{rel}","templated":true}]}}

Celebraciones en honor de San Andrés Apóstol

<p>San Andrés Apóstol es el patrón de la ciudad de Amalfi, que lo celebra dos veces al año: <strong>el 27 de junio y el 30 de noviembre</strong>.</p>
<article id="cos_e" class="it-page-section anchor-offset">
<div class="">
<div class="richtext-wrapper lora">
<p>La fiesta del 30 de noviembre, que sigue a la del 27 de junio que Amalfi celebra motu proprio, cae en el día en que el calendario de la Iglesia católica celebra al apóstol. La fiesta de San Andrés es el acontecimiento más popular para los residentes y no residentes de Amalfi. Todo el mundo intenta estar presente en la Piazza Duomo para esperar la salida de la espléndida estatua de bronce del apóstol Andrés de la majestuosa catedral, famosa en todo el mundo por su belleza. La efigie del Santo es acompañada en procesión por las calles de Amalfi, regalando a fieles y visitantes momentos de emoción y descubrimiento del corazón más oculto y antiguo de la ciudad. El vinculado a los ritos de fe y devoción a su patrona. Acompañada por los fieles y la banda de música, la procesión, tras atravesar la ciudad, termina con la famosa y espectacular carrera por la escalinata de la catedral dedicada a San Andrés. Los portadores, todos vestidos de rojo, suben la majestuosa escalinata acompañados por la marcha del Moisés en Egipto de Rossini y vitoreados por la multitud de fieles. Una vez arriba, la tensión se disuelve en un sentido aplauso, en el que participa toda la plaza, que se funde en la emoción y la emoción del saludo al santo patrón. Fuente: <em>comune.amalfi.sa.it</em></p>
</div>
</div>
</article>

<p>San Andrés Apóstol es el patrón de la ciudad de Amalfi, que lo celebra dos veces al año: el 27 de junio y el 30 de noviembre. La fiesta del 30 de noviembre, que sigue a la del 27 de junio que Amalfi celebra motu proprio, cae en el día en que el calendario de la Iglesia católica celebra al apóstol. </p>

<!-- This site is optimized with the Yoast SEO plugin v27.3 - https://yoast.com/product/yoast-seo-wordpress/ -->
<title>Celebraciones en honor de San Andrés Apóstol - Visit Amalfi</title>
<meta name="robots" content="index, follow, max-snippet:-1, max-image-preview:large, max-video-preview:-1" />
<link rel="canonical" href="https://www.visitamalfi.info/es/evento/celebraciones-en-honor-de-san-andres-apostol/" />
<meta property="og:locale" content="es_ES" />
<meta property="og:type" content="article" />
<meta property="og:title" content="Celebraciones en honor de San Andrés Apóstol - Visit Amalfi" />
<meta property="og:description" content="San Andrés Apóstol es el patrón de la ciudad de Amalfi, que lo celebra dos veces al año: el 27 de junio y el 30 de noviembre. La fiesta del 30 de noviembre, que sigue a la del 27 de junio que Amalfi celebra motu proprio, cae en el día en que el calendario de la Iglesia católica celebra al apóstol." />
<meta property="og:url" content="https://www.visitamalfi.info/es/evento/celebraciones-en-honor-de-san-andres-apostol/" />
<meta property="og:site_name" content="Visit Amalfi" />
<meta property="article:publisher" content="https://www.facebook.com/visitamalfiofficial" />
<meta name="twitter:card" content="summary_large_image" />
<meta name="twitter:label1" content="Tiempo de lectura" />
	<meta name="twitter:data1" content="1 minuto" />
<script type="application/ld+json" class="yoast-schema-graph">{"@context":"https:\/\/schema.org","@graph":[{"@type":"WebPage","@id":"https:\/\/www.visitamalfi.info\/es\/evento\/celebraciones-en-honor-de-san-andres-apostol\/","url":"https:\/\/www.visitamalfi.info\/es\/evento\/celebraciones-en-honor-de-san-andres-apostol\/","name":"Celebraciones en honor de San Andrés Apóstol - Visit Amalfi","isPartOf":{"@id":"https:\/\/www.visitamalfi.info\/es\/#website"},"primaryImageOfPage":{"@id":"https:\/\/www.visitamalfi.info\/es\/evento\/celebraciones-en-honor-de-san-andres-apostol\/#primaryimage"},"image":{"@id":"https:\/\/www.visitamalfi.info\/es\/evento\/celebraciones-en-honor-de-san-andres-apostol\/#primaryimage"},"thumbnailUrl":"https:\/\/www.visitamalfi.info\/wp-content\/uploads\/2024\/03\/80-Cattedrale-foto-abbagnara-2.jpg","datePublished":"2024-10-15T09:57:08+00:00","breadcrumb":{"@id":"https:\/\/www.visitamalfi.info\/es\/evento\/celebraciones-en-honor-de-san-andres-apostol\/#breadcrumb"},"inLanguage":"es","potentialAction":[{"@type":"ReadAction","target":["https:\/\/www.visitamalfi.info\/es\/evento\/celebraciones-en-honor-de-san-andres-apostol\/"]}]},{"@type":"ImageObject","inLanguage":"es","@id":"https:\/\/www.visitamalfi.info\/es\/evento\/celebraciones-en-honor-de-san-andres-apostol\/#primaryimage","url":"https:\/\/www.visitamalfi.info\/wp-content\/uploads\/2024\/03\/80-Cattedrale-foto-abbagnara-2.jpg","contentUrl":"https:\/\/www.visitamalfi.info\/wp-content\/uploads\/2024\/03\/80-Cattedrale-foto-abbagnara-2.jpg","width":1920,"height":1280,"caption":"Complesso Monumentale Cattedrale S. Andrea_Cattedrale"},{"@type":"BreadcrumbList","@id":"https:\/\/www.visitamalfi.info\/es\/evento\/celebraciones-en-honor-de-san-andres-apostol\/#breadcrumb","itemListElement":[{"@type":"ListItem","position":1,"name":"Home","item":"https:\/\/www.visitamalfi.info\/es\/"},{"@type":"ListItem","position":2,"name":"Eventos","item":"https:\/\/www.visitamalfi.info\/es\/eventi\/"},{"@type":"ListItem","position":3,"name":"Celebraciones en honor de San Andrés Apóstol"}]},{"@type":"WebSite","@id":"https:\/\/www.visitamalfi.info\/es\/#website","url":"https:\/\/www.visitamalfi.info\/es\/","name":"Visit Amalfi","description":"Amalfi Destination Official Website","publisher":{"@id":"https:\/\/www.visitamalfi.info\/es\/#organization"},"potentialAction":[{"@type":"SearchAction","target":{"@type":"EntryPoint","urlTemplate":"https:\/\/www.visitamalfi.info\/es\/?s={search_term_string}"},"query-input":{"@type":"PropertyValueSpecification","valueRequired":true,"valueName":"search_term_string"}}],"inLanguage":"es"},{"@type":"Organization","@id":"https:\/\/www.visitamalfi.info\/es\/#organization","name":"Visit Amalfi","url":"https:\/\/www.visitamalfi.info\/es\/","logo":{"@type":"ImageObject","inLanguage":"es","@id":"https:\/\/www.visitamalfi.info\/es\/#\/schema\/logo\/image\/","url":"https:\/\/www.visitamalfi.info\/wp-content\/uploads\/2023\/04\/visit-amalfi-logo-web.png","contentUrl":"https:\/\/www.visitamalfi.info\/wp-content\/uploads\/2023\/04\/visit-amalfi-logo-web.png","width":800,"height":870,"caption":"Visit Amalfi"},"image":{"@id":"https:\/\/www.visitamalfi.info\/es\/#\/schema\/logo\/image\/"},"sameAs":["https:\/\/www.facebook.com\/visitamalfiofficial","https:\/\/www.instagram.com\/visitamalfiofficial\/"]}]}</script>
<!-- / Yoast SEO plugin. -->

Celebraciones en honor de San Andrés Apóstol - Visit Amalfi

San Andrés Apóstol es el patrón de la ciudad de Amalfi, que lo celebra dos veces al año: el 27 de junio y el 30 de noviembre. La fiesta del 30 de noviembre, que sigue a la del 27 de junio que Amalfi celebra motu proprio, cae en el día en que el calendario de la Iglesia católica celebra al apóstol.
