{"id":19903,"date":"2024-08-26T16:05:12","date_gmt":"2024-08-26T14:05:12","guid":{"rendered":"https:\/\/www.visitamalfi.info\/evento\/arisa-en-concierto\/"},"modified":"2024-08-26T16:05:12","modified_gmt":"2024-08-26T14:05:12","slug":"arisa-en-concierto","status":"publish","type":"tribe_events","link":"https:\/\/www.visitamalfi.info\/es\/evento\/arisa-en-concierto\/","title":{"rendered":"Arisa en concierto"},"content":{"rendered":"<p>Un gran final para la <a href=\"https:\/\/www.visitamalfi.info\/evento\/capodanno-bizantino\/\">Nochevieja bizantina<\/a> de 2024, Arisa en concierto en la Piazza Duomo de Amalfi programado para las 21.30 h. Para la ocasi\u00f3n, la artista ofrecer\u00e1 un espect\u00e1culo in\u00e9dito compuesto \u00fanicamente de voz y piano: \u00a1emociones garantizadas! Talento, buena m\u00fasica y un escenario de ensue\u00f1o, la ciudad de Amalfi, \u00a1har\u00e1n que esta velada sea \u00fanica! La extraordinaria artista, cantante y personalidad televisiva interpretar\u00e1 un conjunto ac\u00fastico de piano y voz en un ambiente \u00fanico. &#8220;Int\u00e9rprete sofisticada, Arisa vuelve este verano con el single -Baciami Stupido-. Una canci\u00f3n con sonidos veraniegos y envolventes que quiere celebrar el amor universal en todas sus formas: en su interior, de hecho, est\u00e1 todo el simbolismo del gesto intemporal del beso, que, para Arisa se convierte en -un poderoso s\u00edmbolo de consentimiento, un momento de vulnerabilidad e intimidad, en el que dos amantes comparten voluntariamente una profunda expresi\u00f3n de afecto-&#8220;.      &nbsp;<\/p>\n","protected":false},"excerpt":{"rendered":"<p>Un gran final para la Nochevieja Bizantina 2024, Arisa en concierto en la Piazza Duomo de Amalfi programado a las 21:30 &#8211; entrada gratuita<\/p>\n","protected":false},"author":7,"featured_media":0,"template":"","meta":{"inline_featured_image":false,"_tribe_events_status":"","_tribe_events_status_reason":"","footnotes":""},"tags":[1836,716,1835,1345],"tribe_events_cat":[661,371,571],"class_list":["post-19903","tribe_events","type-tribe_events","status-publish","hentry","tag-amalfisummerfest-es","tag-ano-nuevo-bizantino","tag-arisa-es","tag-concierto","tribe_events_cat-musica-es","tribe_events_cat-musica-dal-vivo-es","tribe_events_cat-musica-italiana-es","cat_musica-es","cat_musica-dal-vivo-es","cat_musica-italiana-es"],"yoast_head":"<!-- This site is optimized with the Yoast SEO plugin v27.3 - https:\/\/yoast.com\/product\/yoast-seo-wordpress\/ -->\n<title>Arisa en concierto - Visit Amalfi<\/title>\n<meta name=\"robots\" content=\"index, follow, max-snippet:-1, max-image-preview:large, max-video-preview:-1\" \/>\n<link rel=\"canonical\" href=\"https:\/\/www.visitamalfi.info\/es\/evento\/arisa-en-concierto\/\" \/>\n<meta property=\"og:locale\" content=\"es_ES\" \/>\n<meta property=\"og:type\" content=\"article\" \/>\n<meta property=\"og:title\" content=\"Arisa en concierto - Visit Amalfi\" \/>\n<meta property=\"og:description\" content=\"Un gran final para la Nochevieja Bizantina 2024, Arisa en concierto en la Piazza Duomo de Amalfi programado a las 21:30 - entrada gratuita\" \/>\n<meta property=\"og:url\" content=\"https:\/\/www.visitamalfi.info\/es\/evento\/arisa-en-concierto\/\" \/>\n<meta property=\"og:site_name\" content=\"Visit Amalfi\" \/>\n<meta property=\"article:publisher\" content=\"https:\/\/www.facebook.com\/visitamalfiofficial\" \/>\n<meta name=\"twitter:card\" content=\"summary_large_image\" \/>\n<meta name=\"twitter:label1\" content=\"Tiempo de lectura\" \/>\n\t<meta name=\"twitter:data1\" content=\"1 minuto\" \/>\n<script type=\"application\/ld+json\" class=\"yoast-schema-graph\">{\"@context\":\"https:\\\/\\\/schema.org\",\"@graph\":[{\"@type\":\"WebPage\",\"@id\":\"https:\\\/\\\/www.visitamalfi.info\\\/es\\\/evento\\\/arisa-en-concierto\\\/\",\"url\":\"https:\\\/\\\/www.visitamalfi.info\\\/es\\\/evento\\\/arisa-en-concierto\\\/\",\"name\":\"Arisa en concierto - Visit Amalfi\",\"isPartOf\":{\"@id\":\"https:\\\/\\\/www.visitamalfi.info\\\/es\\\/#website\"},\"datePublished\":\"2024-08-26T14:05:12+00:00\",\"breadcrumb\":{\"@id\":\"https:\\\/\\\/www.visitamalfi.info\\\/es\\\/evento\\\/arisa-en-concierto\\\/#breadcrumb\"},\"inLanguage\":\"es\",\"potentialAction\":[{\"@type\":\"ReadAction\",\"target\":[\"https:\\\/\\\/www.visitamalfi.info\\\/es\\\/evento\\\/arisa-en-concierto\\\/\"]}]},{\"@type\":\"BreadcrumbList\",\"@id\":\"https:\\\/\\\/www.visitamalfi.info\\\/es\\\/evento\\\/arisa-en-concierto\\\/#breadcrumb\",\"itemListElement\":[{\"@type\":\"ListItem\",\"position\":1,\"name\":\"Home\",\"item\":\"https:\\\/\\\/www.visitamalfi.info\\\/es\\\/\"},{\"@type\":\"ListItem\",\"position\":2,\"name\":\"Eventos\",\"item\":\"https:\\\/\\\/www.visitamalfi.info\\\/es\\\/eventi\\\/\"},{\"@type\":\"ListItem\",\"position\":3,\"name\":\"Arisa en concierto\"}]},{\"@type\":\"WebSite\",\"@id\":\"https:\\\/\\\/www.visitamalfi.info\\\/es\\\/#website\",\"url\":\"https:\\\/\\\/www.visitamalfi.info\\\/es\\\/\",\"name\":\"Visit Amalfi\",\"description\":\"Amalfi Destination Official Website\",\"publisher\":{\"@id\":\"https:\\\/\\\/www.visitamalfi.info\\\/es\\\/#organization\"},\"potentialAction\":[{\"@type\":\"SearchAction\",\"target\":{\"@type\":\"EntryPoint\",\"urlTemplate\":\"https:\\\/\\\/www.visitamalfi.info\\\/es\\\/?s={search_term_string}\"},\"query-input\":{\"@type\":\"PropertyValueSpecification\",\"valueRequired\":true,\"valueName\":\"search_term_string\"}}],\"inLanguage\":\"es\"},{\"@type\":\"Organization\",\"@id\":\"https:\\\/\\\/www.visitamalfi.info\\\/es\\\/#organization\",\"name\":\"Visit Amalfi\",\"url\":\"https:\\\/\\\/www.visitamalfi.info\\\/es\\\/\",\"logo\":{\"@type\":\"ImageObject\",\"inLanguage\":\"es\",\"@id\":\"https:\\\/\\\/www.visitamalfi.info\\\/es\\\/#\\\/schema\\\/logo\\\/image\\\/\",\"url\":\"https:\\\/\\\/www.visitamalfi.info\\\/wp-content\\\/uploads\\\/2023\\\/04\\\/visit-amalfi-logo-web.png\",\"contentUrl\":\"https:\\\/\\\/www.visitamalfi.info\\\/wp-content\\\/uploads\\\/2023\\\/04\\\/visit-amalfi-logo-web.png\",\"width\":800,\"height\":870,\"caption\":\"Visit Amalfi\"},\"image\":{\"@id\":\"https:\\\/\\\/www.visitamalfi.info\\\/es\\\/#\\\/schema\\\/logo\\\/image\\\/\"},\"sameAs\":[\"https:\\\/\\\/www.facebook.com\\\/visitamalfiofficial\",\"https:\\\/\\\/www.instagram.com\\\/visitamalfiofficial\\\/\"]}]}<\/script>\n<!-- \/ Yoast SEO plugin. -->","yoast_head_json":{"title":"Arisa en concierto - Visit Amalfi","robots":{"index":"index","follow":"follow","max-snippet":"max-snippet:-1","max-image-preview":"max-image-preview:large","max-video-preview":"max-video-preview:-1"},"canonical":"https:\/\/www.visitamalfi.info\/es\/evento\/arisa-en-concierto\/","og_locale":"es_ES","og_type":"article","og_title":"Arisa en concierto - Visit Amalfi","og_description":"Un gran final para la Nochevieja Bizantina 2024, Arisa en concierto en la Piazza Duomo de Amalfi programado a las 21:30 - entrada gratuita","og_url":"https:\/\/www.visitamalfi.info\/es\/evento\/arisa-en-concierto\/","og_site_name":"Visit Amalfi","article_publisher":"https:\/\/www.facebook.com\/visitamalfiofficial","twitter_card":"summary_large_image","twitter_misc":{"Tiempo de lectura":"1 minuto"},"schema":{"@context":"https:\/\/schema.org","@graph":[{"@type":"WebPage","@id":"https:\/\/www.visitamalfi.info\/es\/evento\/arisa-en-concierto\/","url":"https:\/\/www.visitamalfi.info\/es\/evento\/arisa-en-concierto\/","name":"Arisa en concierto - Visit Amalfi","isPartOf":{"@id":"https:\/\/www.visitamalfi.info\/es\/#website"},"datePublished":"2024-08-26T14:05:12+00:00","breadcrumb":{"@id":"https:\/\/www.visitamalfi.info\/es\/evento\/arisa-en-concierto\/#breadcrumb"},"inLanguage":"es","potentialAction":[{"@type":"ReadAction","target":["https:\/\/www.visitamalfi.info\/es\/evento\/arisa-en-concierto\/"]}]},{"@type":"BreadcrumbList","@id":"https:\/\/www.visitamalfi.info\/es\/evento\/arisa-en-concierto\/#breadcrumb","itemListElement":[{"@type":"ListItem","position":1,"name":"Home","item":"https:\/\/www.visitamalfi.info\/es\/"},{"@type":"ListItem","position":2,"name":"Eventos","item":"https:\/\/www.visitamalfi.info\/es\/eventi\/"},{"@type":"ListItem","position":3,"name":"Arisa en concierto"}]},{"@type":"WebSite","@id":"https:\/\/www.visitamalfi.info\/es\/#website","url":"https:\/\/www.visitamalfi.info\/es\/","name":"Visit Amalfi","description":"Amalfi Destination Official Website","publisher":{"@id":"https:\/\/www.visitamalfi.info\/es\/#organization"},"potentialAction":[{"@type":"SearchAction","target":{"@type":"EntryPoint","urlTemplate":"https:\/\/www.visitamalfi.info\/es\/?s={search_term_string}"},"query-input":{"@type":"PropertyValueSpecification","valueRequired":true,"valueName":"search_term_string"}}],"inLanguage":"es"},{"@type":"Organization","@id":"https:\/\/www.visitamalfi.info\/es\/#organization","name":"Visit Amalfi","url":"https:\/\/www.visitamalfi.info\/es\/","logo":{"@type":"ImageObject","inLanguage":"es","@id":"https:\/\/www.visitamalfi.info\/es\/#\/schema\/logo\/image\/","url":"https:\/\/www.visitamalfi.info\/wp-content\/uploads\/2023\/04\/visit-amalfi-logo-web.png","contentUrl":"https:\/\/www.visitamalfi.info\/wp-content\/uploads\/2023\/04\/visit-amalfi-logo-web.png","width":800,"height":870,"caption":"Visit Amalfi"},"image":{"@id":"https:\/\/www.visitamalfi.info\/es\/#\/schema\/logo\/image\/"},"sameAs":["https:\/\/www.facebook.com\/visitamalfiofficial","https:\/\/www.instagram.com\/visitamalfiofficial\/"]}]}},"_links":{"self":[{"href":"https:\/\/www.visitamalfi.info\/es\/wp-json\/wp\/v2\/tribe_events\/19903","targetHints":{"allow":["GET"]}}],"collection":[{"href":"https:\/\/www.visitamalfi.info\/es\/wp-json\/wp\/v2\/tribe_events"}],"about":[{"href":"https:\/\/www.visitamalfi.info\/es\/wp-json\/wp\/v2\/types\/tribe_events"}],"author":[{"embeddable":true,"href":"https:\/\/www.visitamalfi.info\/es\/wp-json\/wp\/v2\/users\/7"}],"version-history":[{"count":0,"href":"https:\/\/www.visitamalfi.info\/es\/wp-json\/wp\/v2\/tribe_events\/19903\/revisions"}],"wp:attachment":[{"href":"https:\/\/www.visitamalfi.info\/es\/wp-json\/wp\/v2\/media?parent=19903"}],"wp:term":[{"taxonomy":"post_tag","embeddable":true,"href":"https:\/\/www.visitamalfi.info\/es\/wp-json\/wp\/v2\/tags?post=19903"},{"taxonomy":"tribe_events_cat","embeddable":true,"href":"https:\/\/www.visitamalfi.info\/es\/wp-json\/wp\/v2\/tribe_events_cat?post=19903"}],"curies":[{"name":"wp","href":"https:\/\/api.w.org\/{rel}","templated":true}]}}

<p>Un gran final para la <a href="https://www.visitamalfi.info/evento/capodanno-bizantino/">Nochevieja bizantina</a> de 2024, Arisa en concierto en la Piazza Duomo de Amalfi programado para las 21.30 h. Para la ocasión, la artista ofrecerá un espectáculo inédito compuesto únicamente de voz y piano: ¡emociones garantizadas! Talento, buena música y un escenario de ensueño, la ciudad de Amalfi, ¡harán que esta velada sea única! La extraordinaria artista, cantante y personalidad televisiva interpretará un conjunto acústico de piano y voz en un ambiente único. &#8220;Intérprete sofisticada, Arisa vuelve este verano con el single -Baciami Stupido-. Una canción con sonidos veraniegos y envolventes que quiere celebrar el amor universal en todas sus formas: en su interior, de hecho, está todo el simbolismo del gesto intemporal del beso, que, para Arisa se convierte en -un poderoso símbolo de consentimiento, un momento de vulnerabilidad e intimidad, en el que dos amantes comparten voluntariamente una profunda expresión de afecto-&#8220;.      &nbsp;</p>
