{"id":19111,"date":"2024-06-07T17:20:01","date_gmt":"2024-06-07T15:20:01","guid":{"rendered":"https:\/\/www.visitamalfi.info\/evento\/amalfi-en-jazz-ana-carla-maza-quartet\/"},"modified":"2024-06-07T17:20:01","modified_gmt":"2024-06-07T15:20:01","slug":"amalfi-en-jazz-ana-carla-maza-quartet","status":"publish","type":"tribe_events","link":"https:\/\/www.visitamalfi.info\/es\/evento\/amalfi-en-jazz-ana-carla-maza-quartet\/","title":{"rendered":"Amalfi en Jazz &#8211; Ana Carla Maza Quartet"},"content":{"rendered":"<p><strong>Ana Carla Maza<\/strong> naci\u00f3 cuando Wim Wenders iniciaba el rodaje de <strong><em>Buena Vista Social Club <\/em><\/strong>en La Habana. Cogi\u00f3 por primera vez el violonchelo, un instrumento que se entrelazar\u00eda con su alma, a los ocho a\u00f1os y subi\u00f3 al escenario a los diez. A los diecis\u00e9is a\u00f1os se traslad\u00f3 a Par\u00eds para estudiar en el Conservatorio de M\u00fasica, y fue actuando en clubes de jazz y caf\u00e9s parisinos donde comenz\u00f3 su carrera. La joven int\u00e9rprete cubana se mueve con destreza entre ritmos latinos, sonidos pop, armon\u00edas de jazz y t\u00e9cnica cl\u00e1sica, y alterna los idiomas franc\u00e9s y espa\u00f1ol al escribir sus letras. Con <strong>Ana Carla Maza<\/strong> al violonchelo y voz, <strong>Norman Peplow <\/strong>al piano, <strong>Marc Ayza<\/strong> a la bater\u00eda y <strong>Luis Guerra<\/strong> a la percusi\u00f3n<\/p>\n","protected":false},"excerpt":{"rendered":"<p>Ana Carla Maza naci\u00f3 cuando Wim Wenders iniciaba el rodaje de Buena Vista Social Club en La Habana.<\/p>\n","protected":false},"author":7,"featured_media":0,"template":"","meta":{"inline_featured_image":false,"_tribe_events_status":"","_tribe_events_status_reason":"","footnotes":""},"tags":[],"tribe_events_cat":[372,661,371],"class_list":["post-19111","tribe_events","type-tribe_events","status-publish","hentry","tribe_events_cat-jazz-es","tribe_events_cat-musica-es","tribe_events_cat-musica-dal-vivo-es","cat_jazz-es","cat_musica-es","cat_musica-dal-vivo-es"],"yoast_head":"<!-- This site is optimized with the Yoast SEO plugin v27.3 - https:\/\/yoast.com\/product\/yoast-seo-wordpress\/ -->\n<title>Amalfi en Jazz - Ana Carla Maza Quartet - Visit Amalfi<\/title>\n<meta name=\"robots\" content=\"index, follow, max-snippet:-1, max-image-preview:large, max-video-preview:-1\" \/>\n<link rel=\"canonical\" href=\"https:\/\/www.visitamalfi.info\/es\/evento\/amalfi-en-jazz-ana-carla-maza-quartet\/\" \/>\n<meta property=\"og:locale\" content=\"es_ES\" \/>\n<meta property=\"og:type\" content=\"article\" \/>\n<meta property=\"og:title\" content=\"Amalfi en Jazz - Ana Carla Maza Quartet - Visit Amalfi\" \/>\n<meta property=\"og:description\" content=\"Ana Carla Maza naci\u00f3 cuando Wim Wenders iniciaba el rodaje de Buena Vista Social Club en La Habana.\" \/>\n<meta property=\"og:url\" content=\"https:\/\/www.visitamalfi.info\/es\/evento\/amalfi-en-jazz-ana-carla-maza-quartet\/\" \/>\n<meta property=\"og:site_name\" content=\"Visit Amalfi\" \/>\n<meta property=\"article:publisher\" content=\"https:\/\/www.facebook.com\/visitamalfiofficial\" \/>\n<meta name=\"twitter:card\" content=\"summary_large_image\" \/>\n<meta name=\"twitter:label1\" content=\"Tiempo de lectura\" \/>\n\t<meta name=\"twitter:data1\" content=\"1 minuto\" \/>\n<script type=\"application\/ld+json\" class=\"yoast-schema-graph\">{\"@context\":\"https:\\\/\\\/schema.org\",\"@graph\":[{\"@type\":\"WebPage\",\"@id\":\"https:\\\/\\\/www.visitamalfi.info\\\/es\\\/evento\\\/amalfi-en-jazz-ana-carla-maza-quartet\\\/\",\"url\":\"https:\\\/\\\/www.visitamalfi.info\\\/es\\\/evento\\\/amalfi-en-jazz-ana-carla-maza-quartet\\\/\",\"name\":\"Amalfi en Jazz - Ana Carla Maza Quartet - Visit Amalfi\",\"isPartOf\":{\"@id\":\"https:\\\/\\\/www.visitamalfi.info\\\/es\\\/#website\"},\"datePublished\":\"2024-06-07T15:20:01+00:00\",\"breadcrumb\":{\"@id\":\"https:\\\/\\\/www.visitamalfi.info\\\/es\\\/evento\\\/amalfi-en-jazz-ana-carla-maza-quartet\\\/#breadcrumb\"},\"inLanguage\":\"es\",\"potentialAction\":[{\"@type\":\"ReadAction\",\"target\":[\"https:\\\/\\\/www.visitamalfi.info\\\/es\\\/evento\\\/amalfi-en-jazz-ana-carla-maza-quartet\\\/\"]}]},{\"@type\":\"BreadcrumbList\",\"@id\":\"https:\\\/\\\/www.visitamalfi.info\\\/es\\\/evento\\\/amalfi-en-jazz-ana-carla-maza-quartet\\\/#breadcrumb\",\"itemListElement\":[{\"@type\":\"ListItem\",\"position\":1,\"name\":\"Home\",\"item\":\"https:\\\/\\\/www.visitamalfi.info\\\/es\\\/\"},{\"@type\":\"ListItem\",\"position\":2,\"name\":\"Eventos\",\"item\":\"https:\\\/\\\/www.visitamalfi.info\\\/es\\\/eventi\\\/\"},{\"@type\":\"ListItem\",\"position\":3,\"name\":\"Amalfi en Jazz &#8211; Ana Carla Maza Quartet\"}]},{\"@type\":\"WebSite\",\"@id\":\"https:\\\/\\\/www.visitamalfi.info\\\/es\\\/#website\",\"url\":\"https:\\\/\\\/www.visitamalfi.info\\\/es\\\/\",\"name\":\"Visit Amalfi\",\"description\":\"Amalfi Destination Official Website\",\"publisher\":{\"@id\":\"https:\\\/\\\/www.visitamalfi.info\\\/es\\\/#organization\"},\"potentialAction\":[{\"@type\":\"SearchAction\",\"target\":{\"@type\":\"EntryPoint\",\"urlTemplate\":\"https:\\\/\\\/www.visitamalfi.info\\\/es\\\/?s={search_term_string}\"},\"query-input\":{\"@type\":\"PropertyValueSpecification\",\"valueRequired\":true,\"valueName\":\"search_term_string\"}}],\"inLanguage\":\"es\"},{\"@type\":\"Organization\",\"@id\":\"https:\\\/\\\/www.visitamalfi.info\\\/es\\\/#organization\",\"name\":\"Visit Amalfi\",\"url\":\"https:\\\/\\\/www.visitamalfi.info\\\/es\\\/\",\"logo\":{\"@type\":\"ImageObject\",\"inLanguage\":\"es\",\"@id\":\"https:\\\/\\\/www.visitamalfi.info\\\/es\\\/#\\\/schema\\\/logo\\\/image\\\/\",\"url\":\"https:\\\/\\\/www.visitamalfi.info\\\/wp-content\\\/uploads\\\/2023\\\/04\\\/visit-amalfi-logo-web.png\",\"contentUrl\":\"https:\\\/\\\/www.visitamalfi.info\\\/wp-content\\\/uploads\\\/2023\\\/04\\\/visit-amalfi-logo-web.png\",\"width\":800,\"height\":870,\"caption\":\"Visit Amalfi\"},\"image\":{\"@id\":\"https:\\\/\\\/www.visitamalfi.info\\\/es\\\/#\\\/schema\\\/logo\\\/image\\\/\"},\"sameAs\":[\"https:\\\/\\\/www.facebook.com\\\/visitamalfiofficial\",\"https:\\\/\\\/www.instagram.com\\\/visitamalfiofficial\\\/\"]}]}<\/script>\n<!-- \/ Yoast SEO plugin. -->","yoast_head_json":{"title":"Amalfi en Jazz - Ana Carla Maza Quartet - Visit Amalfi","robots":{"index":"index","follow":"follow","max-snippet":"max-snippet:-1","max-image-preview":"max-image-preview:large","max-video-preview":"max-video-preview:-1"},"canonical":"https:\/\/www.visitamalfi.info\/es\/evento\/amalfi-en-jazz-ana-carla-maza-quartet\/","og_locale":"es_ES","og_type":"article","og_title":"Amalfi en Jazz - Ana Carla Maza Quartet - Visit Amalfi","og_description":"Ana Carla Maza naci\u00f3 cuando Wim Wenders iniciaba el rodaje de Buena Vista Social Club en La Habana.","og_url":"https:\/\/www.visitamalfi.info\/es\/evento\/amalfi-en-jazz-ana-carla-maza-quartet\/","og_site_name":"Visit Amalfi","article_publisher":"https:\/\/www.facebook.com\/visitamalfiofficial","twitter_card":"summary_large_image","twitter_misc":{"Tiempo de lectura":"1 minuto"},"schema":{"@context":"https:\/\/schema.org","@graph":[{"@type":"WebPage","@id":"https:\/\/www.visitamalfi.info\/es\/evento\/amalfi-en-jazz-ana-carla-maza-quartet\/","url":"https:\/\/www.visitamalfi.info\/es\/evento\/amalfi-en-jazz-ana-carla-maza-quartet\/","name":"Amalfi en Jazz - Ana Carla Maza Quartet - Visit Amalfi","isPartOf":{"@id":"https:\/\/www.visitamalfi.info\/es\/#website"},"datePublished":"2024-06-07T15:20:01+00:00","breadcrumb":{"@id":"https:\/\/www.visitamalfi.info\/es\/evento\/amalfi-en-jazz-ana-carla-maza-quartet\/#breadcrumb"},"inLanguage":"es","potentialAction":[{"@type":"ReadAction","target":["https:\/\/www.visitamalfi.info\/es\/evento\/amalfi-en-jazz-ana-carla-maza-quartet\/"]}]},{"@type":"BreadcrumbList","@id":"https:\/\/www.visitamalfi.info\/es\/evento\/amalfi-en-jazz-ana-carla-maza-quartet\/#breadcrumb","itemListElement":[{"@type":"ListItem","position":1,"name":"Home","item":"https:\/\/www.visitamalfi.info\/es\/"},{"@type":"ListItem","position":2,"name":"Eventos","item":"https:\/\/www.visitamalfi.info\/es\/eventi\/"},{"@type":"ListItem","position":3,"name":"Amalfi en Jazz &#8211; Ana Carla Maza Quartet"}]},{"@type":"WebSite","@id":"https:\/\/www.visitamalfi.info\/es\/#website","url":"https:\/\/www.visitamalfi.info\/es\/","name":"Visit Amalfi","description":"Amalfi Destination Official Website","publisher":{"@id":"https:\/\/www.visitamalfi.info\/es\/#organization"},"potentialAction":[{"@type":"SearchAction","target":{"@type":"EntryPoint","urlTemplate":"https:\/\/www.visitamalfi.info\/es\/?s={search_term_string}"},"query-input":{"@type":"PropertyValueSpecification","valueRequired":true,"valueName":"search_term_string"}}],"inLanguage":"es"},{"@type":"Organization","@id":"https:\/\/www.visitamalfi.info\/es\/#organization","name":"Visit Amalfi","url":"https:\/\/www.visitamalfi.info\/es\/","logo":{"@type":"ImageObject","inLanguage":"es","@id":"https:\/\/www.visitamalfi.info\/es\/#\/schema\/logo\/image\/","url":"https:\/\/www.visitamalfi.info\/wp-content\/uploads\/2023\/04\/visit-amalfi-logo-web.png","contentUrl":"https:\/\/www.visitamalfi.info\/wp-content\/uploads\/2023\/04\/visit-amalfi-logo-web.png","width":800,"height":870,"caption":"Visit Amalfi"},"image":{"@id":"https:\/\/www.visitamalfi.info\/es\/#\/schema\/logo\/image\/"},"sameAs":["https:\/\/www.facebook.com\/visitamalfiofficial","https:\/\/www.instagram.com\/visitamalfiofficial\/"]}]}},"_links":{"self":[{"href":"https:\/\/www.visitamalfi.info\/es\/wp-json\/wp\/v2\/tribe_events\/19111","targetHints":{"allow":["GET"]}}],"collection":[{"href":"https:\/\/www.visitamalfi.info\/es\/wp-json\/wp\/v2\/tribe_events"}],"about":[{"href":"https:\/\/www.visitamalfi.info\/es\/wp-json\/wp\/v2\/types\/tribe_events"}],"author":[{"embeddable":true,"href":"https:\/\/www.visitamalfi.info\/es\/wp-json\/wp\/v2\/users\/7"}],"version-history":[{"count":0,"href":"https:\/\/www.visitamalfi.info\/es\/wp-json\/wp\/v2\/tribe_events\/19111\/revisions"}],"wp:attachment":[{"href":"https:\/\/www.visitamalfi.info\/es\/wp-json\/wp\/v2\/media?parent=19111"}],"wp:term":[{"taxonomy":"post_tag","embeddable":true,"href":"https:\/\/www.visitamalfi.info\/es\/wp-json\/wp\/v2\/tags?post=19111"},{"taxonomy":"tribe_events_cat","embeddable":true,"href":"https:\/\/www.visitamalfi.info\/es\/wp-json\/wp\/v2\/tribe_events_cat?post=19111"}],"curies":[{"name":"wp","href":"https:\/\/api.w.org\/{rel}","templated":true}]}}

<p><strong>Ana Carla Maza</strong> nació cuando Wim Wenders iniciaba el rodaje de <strong><em>Buena Vista Social Club </em></strong>en La Habana. Cogió por primera vez el violonchelo, un instrumento que se entrelazaría con su alma, a los ocho años y subió al escenario a los diez. A los dieciséis años se trasladó a París para estudiar en el Conservatorio de Música, y fue actuando en clubes de jazz y cafés parisinos donde comenzó su carrera. La joven intérprete cubana se mueve con destreza entre ritmos latinos, sonidos pop, armonías de jazz y técnica clásica, y alterna los idiomas francés y español al escribir sus letras. Con <strong>Ana Carla Maza</strong> al violonchelo y voz, <strong>Norman Peplow </strong>al piano, <strong>Marc Ayza</strong> a la batería y <strong>Luis Guerra</strong> a la percusión</p>

<p>Ana Carla Maza nació cuando Wim Wenders iniciaba el rodaje de Buena Vista Social Club en La Habana.</p>

<!-- This site is optimized with the Yoast SEO plugin v27.3 - https://yoast.com/product/yoast-seo-wordpress/ -->
<title>Amalfi en Jazz - Ana Carla Maza Quartet - Visit Amalfi</title>
<meta name="robots" content="index, follow, max-snippet:-1, max-image-preview:large, max-video-preview:-1" />
<link rel="canonical" href="https://www.visitamalfi.info/es/evento/amalfi-en-jazz-ana-carla-maza-quartet/" />
<meta property="og:locale" content="es_ES" />
<meta property="og:type" content="article" />
<meta property="og:title" content="Amalfi en Jazz - Ana Carla Maza Quartet - Visit Amalfi" />
<meta property="og:description" content="Ana Carla Maza nació cuando Wim Wenders iniciaba el rodaje de Buena Vista Social Club en La Habana." />
<meta property="og:url" content="https://www.visitamalfi.info/es/evento/amalfi-en-jazz-ana-carla-maza-quartet/" />
<meta property="og:site_name" content="Visit Amalfi" />
<meta property="article:publisher" content="https://www.facebook.com/visitamalfiofficial" />
<meta name="twitter:card" content="summary_large_image" />
<meta name="twitter:label1" content="Tiempo de lectura" />
	<meta name="twitter:data1" content="1 minuto" />
<script type="application/ld+json" class="yoast-schema-graph">{"@context":"https:\/\/schema.org","@graph":[{"@type":"WebPage","@id":"https:\/\/www.visitamalfi.info\/es\/evento\/amalfi-en-jazz-ana-carla-maza-quartet\/","url":"https:\/\/www.visitamalfi.info\/es\/evento\/amalfi-en-jazz-ana-carla-maza-quartet\/","name":"Amalfi en Jazz - Ana Carla Maza Quartet - Visit Amalfi","isPartOf":{"@id":"https:\/\/www.visitamalfi.info\/es\/#website"},"datePublished":"2024-06-07T15:20:01+00:00","breadcrumb":{"@id":"https:\/\/www.visitamalfi.info\/es\/evento\/amalfi-en-jazz-ana-carla-maza-quartet\/#breadcrumb"},"inLanguage":"es","potentialAction":[{"@type":"ReadAction","target":["https:\/\/www.visitamalfi.info\/es\/evento\/amalfi-en-jazz-ana-carla-maza-quartet\/"]}]},{"@type":"BreadcrumbList","@id":"https:\/\/www.visitamalfi.info\/es\/evento\/amalfi-en-jazz-ana-carla-maza-quartet\/#breadcrumb","itemListElement":[{"@type":"ListItem","position":1,"name":"Home","item":"https:\/\/www.visitamalfi.info\/es\/"},{"@type":"ListItem","position":2,"name":"Eventos","item":"https:\/\/www.visitamalfi.info\/es\/eventi\/"},{"@type":"ListItem","position":3,"name":"Amalfi en Jazz &#8211; Ana Carla Maza Quartet"}]},{"@type":"WebSite","@id":"https:\/\/www.visitamalfi.info\/es\/#website","url":"https:\/\/www.visitamalfi.info\/es\/","name":"Visit Amalfi","description":"Amalfi Destination Official Website","publisher":{"@id":"https:\/\/www.visitamalfi.info\/es\/#organization"},"potentialAction":[{"@type":"SearchAction","target":{"@type":"EntryPoint","urlTemplate":"https:\/\/www.visitamalfi.info\/es\/?s={search_term_string}"},"query-input":{"@type":"PropertyValueSpecification","valueRequired":true,"valueName":"search_term_string"}}],"inLanguage":"es"},{"@type":"Organization","@id":"https:\/\/www.visitamalfi.info\/es\/#organization","name":"Visit Amalfi","url":"https:\/\/www.visitamalfi.info\/es\/","logo":{"@type":"ImageObject","inLanguage":"es","@id":"https:\/\/www.visitamalfi.info\/es\/#\/schema\/logo\/image\/","url":"https:\/\/www.visitamalfi.info\/wp-content\/uploads\/2023\/04\/visit-amalfi-logo-web.png","contentUrl":"https:\/\/www.visitamalfi.info\/wp-content\/uploads\/2023\/04\/visit-amalfi-logo-web.png","width":800,"height":870,"caption":"Visit Amalfi"},"image":{"@id":"https:\/\/www.visitamalfi.info\/es\/#\/schema\/logo\/image\/"},"sameAs":["https:\/\/www.facebook.com\/visitamalfiofficial","https:\/\/www.instagram.com\/visitamalfiofficial\/"]}]}</script>
<!-- / Yoast SEO plugin. -->

Ana Carla Maza nació cuando Wim Wenders iniciaba el rodaje de Buena Vista Social Club en La Habana.
