{"id":13371,"date":"2023-12-09T18:08:15","date_gmt":"2023-12-09T17:08:15","guid":{"rendered":"https:\/\/www.visitamalfi.info\/evento\/nyeamalfi-la-costa-amalfitana-fin-de-ano\/"},"modified":"2023-12-09T18:08:15","modified_gmt":"2023-12-09T17:08:15","slug":"nyeamalfi-la-costa-amalfitana-fin-de-ano","status":"publish","type":"tribe_events","link":"https:\/\/www.visitamalfi.info\/es\/evento\/nyeamalfi-la-costa-amalfitana-fin-de-ano\/","title":{"rendered":"#NYEAMALFI \/ LA COSTA AMALFITANA FIN DE A\u00d1O"},"content":{"rendered":"<p><em><strong>Feliz A\u00f1o Nuevo Amalfi<\/strong> <\/em>&#8211; Es tiempo de fiesta todos juntos en la Piazza para la cuenta atr\u00e1s de la medianoche m\u00e1s larga del a\u00f1o. Dos d\u00edas de eventos e iniciativas sorprendentes, entre el 31 de diciembre y el 1 de enero, pero sobre todo muchas sorpresas que se desvelar\u00e1n pr\u00f3ximamente, entre ellas la nueva edici\u00f3n de<strong>Architectural Mapping 3D<\/strong>.<\/p>\n","protected":false},"excerpt":{"rendered":"<p>Esperando el A\u00f1o Nuevo entre m\u00fasica y muchas sorpresas y un maravilloso mapeado arquitect\u00f3nico en 3D.  <\/p>\n","protected":false},"author":7,"featured_media":0,"template":"","meta":{"inline_featured_image":false,"_tribe_events_status":"","_tribe_events_status_reason":"","footnotes":""},"tags":[1347,265,1348,1345,1346,1344,1343],"tribe_events_cat":[661,371,1240,572],"class_list":["post-13371","tribe_events","type-tribe_events","status-publish","hentry","tag-2024-es","tag-amalfi-es","tag-cartografia-arquitectonica-3d","tag-concierto","tag-cuenta-atras","tag-fiesta","tag-vispera-de-ano-nuevo","tribe_events_cat-musica-es","tribe_events_cat-musica-dal-vivo-es","tribe_events_cat-navidad","tribe_events_cat-tradicion","cat_musica-es","cat_musica-dal-vivo-es","cat_navidad","cat_tradicion"],"yoast_head":"<!-- This site is optimized with the Yoast SEO plugin v27.3 - https:\/\/yoast.com\/product\/yoast-seo-wordpress\/ -->\n<title>#NYEAMALFI \/ LA COSTA AMALFITANA FIN DE A\u00d1O - Visit Amalfi<\/title>\n<meta name=\"robots\" content=\"index, follow, max-snippet:-1, max-image-preview:large, max-video-preview:-1\" \/>\n<link rel=\"canonical\" href=\"https:\/\/www.visitamalfi.info\/es\/evento\/nyeamalfi-la-costa-amalfitana-fin-de-ano\/\" \/>\n<meta property=\"og:locale\" content=\"es_ES\" \/>\n<meta property=\"og:type\" content=\"article\" \/>\n<meta property=\"og:title\" content=\"#NYEAMALFI \/ LA COSTA AMALFITANA FIN DE A\u00d1O - Visit Amalfi\" \/>\n<meta property=\"og:description\" content=\"Esperando el A\u00f1o Nuevo entre m\u00fasica y muchas sorpresas y un maravilloso mapeado arquitect\u00f3nico en 3D.\" \/>\n<meta property=\"og:url\" content=\"https:\/\/www.visitamalfi.info\/es\/evento\/nyeamalfi-la-costa-amalfitana-fin-de-ano\/\" \/>\n<meta property=\"og:site_name\" content=\"Visit Amalfi\" \/>\n<meta property=\"article:publisher\" content=\"https:\/\/www.facebook.com\/visitamalfiofficial\" \/>\n<meta name=\"twitter:card\" content=\"summary_large_image\" \/>\n<script type=\"application\/ld+json\" class=\"yoast-schema-graph\">{\"@context\":\"https:\\\/\\\/schema.org\",\"@graph\":[{\"@type\":\"WebPage\",\"@id\":\"https:\\\/\\\/www.visitamalfi.info\\\/es\\\/evento\\\/nyeamalfi-la-costa-amalfitana-fin-de-ano\\\/\",\"url\":\"https:\\\/\\\/www.visitamalfi.info\\\/es\\\/evento\\\/nyeamalfi-la-costa-amalfitana-fin-de-ano\\\/\",\"name\":\"#NYEAMALFI \\\/ LA COSTA AMALFITANA FIN DE A\u00d1O - Visit Amalfi\",\"isPartOf\":{\"@id\":\"https:\\\/\\\/www.visitamalfi.info\\\/es\\\/#website\"},\"datePublished\":\"2023-12-09T17:08:15+00:00\",\"breadcrumb\":{\"@id\":\"https:\\\/\\\/www.visitamalfi.info\\\/es\\\/evento\\\/nyeamalfi-la-costa-amalfitana-fin-de-ano\\\/#breadcrumb\"},\"inLanguage\":\"es\",\"potentialAction\":[{\"@type\":\"ReadAction\",\"target\":[\"https:\\\/\\\/www.visitamalfi.info\\\/es\\\/evento\\\/nyeamalfi-la-costa-amalfitana-fin-de-ano\\\/\"]}]},{\"@type\":\"BreadcrumbList\",\"@id\":\"https:\\\/\\\/www.visitamalfi.info\\\/es\\\/evento\\\/nyeamalfi-la-costa-amalfitana-fin-de-ano\\\/#breadcrumb\",\"itemListElement\":[{\"@type\":\"ListItem\",\"position\":1,\"name\":\"Home\",\"item\":\"https:\\\/\\\/www.visitamalfi.info\\\/es\\\/\"},{\"@type\":\"ListItem\",\"position\":2,\"name\":\"Eventos\",\"item\":\"https:\\\/\\\/www.visitamalfi.info\\\/es\\\/eventi\\\/\"},{\"@type\":\"ListItem\",\"position\":3,\"name\":\"#NYEAMALFI \\\/ LA COSTA AMALFITANA FIN DE A\u00d1O\"}]},{\"@type\":\"WebSite\",\"@id\":\"https:\\\/\\\/www.visitamalfi.info\\\/es\\\/#website\",\"url\":\"https:\\\/\\\/www.visitamalfi.info\\\/es\\\/\",\"name\":\"Visit Amalfi\",\"description\":\"Amalfi Destination Official Website\",\"publisher\":{\"@id\":\"https:\\\/\\\/www.visitamalfi.info\\\/es\\\/#organization\"},\"potentialAction\":[{\"@type\":\"SearchAction\",\"target\":{\"@type\":\"EntryPoint\",\"urlTemplate\":\"https:\\\/\\\/www.visitamalfi.info\\\/es\\\/?s={search_term_string}\"},\"query-input\":{\"@type\":\"PropertyValueSpecification\",\"valueRequired\":true,\"valueName\":\"search_term_string\"}}],\"inLanguage\":\"es\"},{\"@type\":\"Organization\",\"@id\":\"https:\\\/\\\/www.visitamalfi.info\\\/es\\\/#organization\",\"name\":\"Visit Amalfi\",\"url\":\"https:\\\/\\\/www.visitamalfi.info\\\/es\\\/\",\"logo\":{\"@type\":\"ImageObject\",\"inLanguage\":\"es\",\"@id\":\"https:\\\/\\\/www.visitamalfi.info\\\/es\\\/#\\\/schema\\\/logo\\\/image\\\/\",\"url\":\"https:\\\/\\\/www.visitamalfi.info\\\/wp-content\\\/uploads\\\/2023\\\/04\\\/visit-amalfi-logo-web.png\",\"contentUrl\":\"https:\\\/\\\/www.visitamalfi.info\\\/wp-content\\\/uploads\\\/2023\\\/04\\\/visit-amalfi-logo-web.png\",\"width\":800,\"height\":870,\"caption\":\"Visit Amalfi\"},\"image\":{\"@id\":\"https:\\\/\\\/www.visitamalfi.info\\\/es\\\/#\\\/schema\\\/logo\\\/image\\\/\"},\"sameAs\":[\"https:\\\/\\\/www.facebook.com\\\/visitamalfiofficial\",\"https:\\\/\\\/www.instagram.com\\\/visitamalfiofficial\\\/\"]}]}<\/script>\n<!-- \/ Yoast SEO plugin. -->","yoast_head_json":{"title":"#NYEAMALFI \/ LA COSTA AMALFITANA FIN DE A\u00d1O - Visit Amalfi","robots":{"index":"index","follow":"follow","max-snippet":"max-snippet:-1","max-image-preview":"max-image-preview:large","max-video-preview":"max-video-preview:-1"},"canonical":"https:\/\/www.visitamalfi.info\/es\/evento\/nyeamalfi-la-costa-amalfitana-fin-de-ano\/","og_locale":"es_ES","og_type":"article","og_title":"#NYEAMALFI \/ LA COSTA AMALFITANA FIN DE A\u00d1O - Visit Amalfi","og_description":"Esperando el A\u00f1o Nuevo entre m\u00fasica y muchas sorpresas y un maravilloso mapeado arquitect\u00f3nico en 3D.","og_url":"https:\/\/www.visitamalfi.info\/es\/evento\/nyeamalfi-la-costa-amalfitana-fin-de-ano\/","og_site_name":"Visit Amalfi","article_publisher":"https:\/\/www.facebook.com\/visitamalfiofficial","twitter_card":"summary_large_image","schema":{"@context":"https:\/\/schema.org","@graph":[{"@type":"WebPage","@id":"https:\/\/www.visitamalfi.info\/es\/evento\/nyeamalfi-la-costa-amalfitana-fin-de-ano\/","url":"https:\/\/www.visitamalfi.info\/es\/evento\/nyeamalfi-la-costa-amalfitana-fin-de-ano\/","name":"#NYEAMALFI \/ LA COSTA AMALFITANA FIN DE A\u00d1O - Visit Amalfi","isPartOf":{"@id":"https:\/\/www.visitamalfi.info\/es\/#website"},"datePublished":"2023-12-09T17:08:15+00:00","breadcrumb":{"@id":"https:\/\/www.visitamalfi.info\/es\/evento\/nyeamalfi-la-costa-amalfitana-fin-de-ano\/#breadcrumb"},"inLanguage":"es","potentialAction":[{"@type":"ReadAction","target":["https:\/\/www.visitamalfi.info\/es\/evento\/nyeamalfi-la-costa-amalfitana-fin-de-ano\/"]}]},{"@type":"BreadcrumbList","@id":"https:\/\/www.visitamalfi.info\/es\/evento\/nyeamalfi-la-costa-amalfitana-fin-de-ano\/#breadcrumb","itemListElement":[{"@type":"ListItem","position":1,"name":"Home","item":"https:\/\/www.visitamalfi.info\/es\/"},{"@type":"ListItem","position":2,"name":"Eventos","item":"https:\/\/www.visitamalfi.info\/es\/eventi\/"},{"@type":"ListItem","position":3,"name":"#NYEAMALFI \/ LA COSTA AMALFITANA FIN DE A\u00d1O"}]},{"@type":"WebSite","@id":"https:\/\/www.visitamalfi.info\/es\/#website","url":"https:\/\/www.visitamalfi.info\/es\/","name":"Visit Amalfi","description":"Amalfi Destination Official Website","publisher":{"@id":"https:\/\/www.visitamalfi.info\/es\/#organization"},"potentialAction":[{"@type":"SearchAction","target":{"@type":"EntryPoint","urlTemplate":"https:\/\/www.visitamalfi.info\/es\/?s={search_term_string}"},"query-input":{"@type":"PropertyValueSpecification","valueRequired":true,"valueName":"search_term_string"}}],"inLanguage":"es"},{"@type":"Organization","@id":"https:\/\/www.visitamalfi.info\/es\/#organization","name":"Visit Amalfi","url":"https:\/\/www.visitamalfi.info\/es\/","logo":{"@type":"ImageObject","inLanguage":"es","@id":"https:\/\/www.visitamalfi.info\/es\/#\/schema\/logo\/image\/","url":"https:\/\/www.visitamalfi.info\/wp-content\/uploads\/2023\/04\/visit-amalfi-logo-web.png","contentUrl":"https:\/\/www.visitamalfi.info\/wp-content\/uploads\/2023\/04\/visit-amalfi-logo-web.png","width":800,"height":870,"caption":"Visit Amalfi"},"image":{"@id":"https:\/\/www.visitamalfi.info\/es\/#\/schema\/logo\/image\/"},"sameAs":["https:\/\/www.facebook.com\/visitamalfiofficial","https:\/\/www.instagram.com\/visitamalfiofficial\/"]}]}},"_links":{"self":[{"href":"https:\/\/www.visitamalfi.info\/es\/wp-json\/wp\/v2\/tribe_events\/13371","targetHints":{"allow":["GET"]}}],"collection":[{"href":"https:\/\/www.visitamalfi.info\/es\/wp-json\/wp\/v2\/tribe_events"}],"about":[{"href":"https:\/\/www.visitamalfi.info\/es\/wp-json\/wp\/v2\/types\/tribe_events"}],"author":[{"embeddable":true,"href":"https:\/\/www.visitamalfi.info\/es\/wp-json\/wp\/v2\/users\/7"}],"version-history":[{"count":0,"href":"https:\/\/www.visitamalfi.info\/es\/wp-json\/wp\/v2\/tribe_events\/13371\/revisions"}],"wp:attachment":[{"href":"https:\/\/www.visitamalfi.info\/es\/wp-json\/wp\/v2\/media?parent=13371"}],"wp:term":[{"taxonomy":"post_tag","embeddable":true,"href":"https:\/\/www.visitamalfi.info\/es\/wp-json\/wp\/v2\/tags?post=13371"},{"taxonomy":"tribe_events_cat","embeddable":true,"href":"https:\/\/www.visitamalfi.info\/es\/wp-json\/wp\/v2\/tribe_events_cat?post=13371"}],"curies":[{"name":"wp","href":"https:\/\/api.w.org\/{rel}","templated":true}]}}

#NYEAMALFI / LA COSTA AMALFITANA FIN DE AÑO

<p><em><strong>Feliz Año Nuevo Amalfi</strong> </em>&#8211; Es tiempo de fiesta todos juntos en la Piazza para la cuenta atrás de la medianoche más larga del año. Dos días de eventos e iniciativas sorprendentes, entre el 31 de diciembre y el 1 de enero, pero sobre todo muchas sorpresas que se desvelarán próximamente, entre ellas la nueva edición de<strong>Architectural Mapping 3D</strong>.</p>

<p>Esperando el Año Nuevo entre música y muchas sorpresas y un maravilloso mapeado arquitectónico en 3D.  </p>

<!-- This site is optimized with the Yoast SEO plugin v27.3 - https://yoast.com/product/yoast-seo-wordpress/ -->
<title>#NYEAMALFI / LA COSTA AMALFITANA FIN DE AÑO - Visit Amalfi</title>
<meta name="robots" content="index, follow, max-snippet:-1, max-image-preview:large, max-video-preview:-1" />
<link rel="canonical" href="https://www.visitamalfi.info/es/evento/nyeamalfi-la-costa-amalfitana-fin-de-ano/" />
<meta property="og:locale" content="es_ES" />
<meta property="og:type" content="article" />
<meta property="og:title" content="#NYEAMALFI / LA COSTA AMALFITANA FIN DE AÑO - Visit Amalfi" />
<meta property="og:description" content="Esperando el Año Nuevo entre música y muchas sorpresas y un maravilloso mapeado arquitectónico en 3D." />
<meta property="og:url" content="https://www.visitamalfi.info/es/evento/nyeamalfi-la-costa-amalfitana-fin-de-ano/" />
<meta property="og:site_name" content="Visit Amalfi" />
<meta property="article:publisher" content="https://www.facebook.com/visitamalfiofficial" />
<meta name="twitter:card" content="summary_large_image" />
<script type="application/ld+json" class="yoast-schema-graph">{"@context":"https:\/\/schema.org","@graph":[{"@type":"WebPage","@id":"https:\/\/www.visitamalfi.info\/es\/evento\/nyeamalfi-la-costa-amalfitana-fin-de-ano\/","url":"https:\/\/www.visitamalfi.info\/es\/evento\/nyeamalfi-la-costa-amalfitana-fin-de-ano\/","name":"#NYEAMALFI \/ LA COSTA AMALFITANA FIN DE AÑO - Visit Amalfi","isPartOf":{"@id":"https:\/\/www.visitamalfi.info\/es\/#website"},"datePublished":"2023-12-09T17:08:15+00:00","breadcrumb":{"@id":"https:\/\/www.visitamalfi.info\/es\/evento\/nyeamalfi-la-costa-amalfitana-fin-de-ano\/#breadcrumb"},"inLanguage":"es","potentialAction":[{"@type":"ReadAction","target":["https:\/\/www.visitamalfi.info\/es\/evento\/nyeamalfi-la-costa-amalfitana-fin-de-ano\/"]}]},{"@type":"BreadcrumbList","@id":"https:\/\/www.visitamalfi.info\/es\/evento\/nyeamalfi-la-costa-amalfitana-fin-de-ano\/#breadcrumb","itemListElement":[{"@type":"ListItem","position":1,"name":"Home","item":"https:\/\/www.visitamalfi.info\/es\/"},{"@type":"ListItem","position":2,"name":"Eventos","item":"https:\/\/www.visitamalfi.info\/es\/eventi\/"},{"@type":"ListItem","position":3,"name":"#NYEAMALFI \/ LA COSTA AMALFITANA FIN DE AÑO"}]},{"@type":"WebSite","@id":"https:\/\/www.visitamalfi.info\/es\/#website","url":"https:\/\/www.visitamalfi.info\/es\/","name":"Visit Amalfi","description":"Amalfi Destination Official Website","publisher":{"@id":"https:\/\/www.visitamalfi.info\/es\/#organization"},"potentialAction":[{"@type":"SearchAction","target":{"@type":"EntryPoint","urlTemplate":"https:\/\/www.visitamalfi.info\/es\/?s={search_term_string}"},"query-input":{"@type":"PropertyValueSpecification","valueRequired":true,"valueName":"search_term_string"}}],"inLanguage":"es"},{"@type":"Organization","@id":"https:\/\/www.visitamalfi.info\/es\/#organization","name":"Visit Amalfi","url":"https:\/\/www.visitamalfi.info\/es\/","logo":{"@type":"ImageObject","inLanguage":"es","@id":"https:\/\/www.visitamalfi.info\/es\/#\/schema\/logo\/image\/","url":"https:\/\/www.visitamalfi.info\/wp-content\/uploads\/2023\/04\/visit-amalfi-logo-web.png","contentUrl":"https:\/\/www.visitamalfi.info\/wp-content\/uploads\/2023\/04\/visit-amalfi-logo-web.png","width":800,"height":870,"caption":"Visit Amalfi"},"image":{"@id":"https:\/\/www.visitamalfi.info\/es\/#\/schema\/logo\/image\/"},"sameAs":["https:\/\/www.facebook.com\/visitamalfiofficial","https:\/\/www.instagram.com\/visitamalfiofficial\/"]}]}</script>
<!-- / Yoast SEO plugin. -->

#NYEAMALFI / LA COSTA AMALFITANA FIN DE AÑO - Visit Amalfi

Esperando el Año Nuevo entre música y muchas sorpresas y un maravilloso mapeado arquitectónico en 3D.
