{"id":13337,"date":"2023-12-09T19:10:39","date_gmt":"2023-12-09T18:10:39","guid":{"rendered":"https:\/\/www.visitamalfi.info\/evento\/inauguracion-de-la-exposicion-iconografica-documental-silvestr-scedrin-el-pintor-de-la-luz-entre-amalfi-y-sorrento\/"},"modified":"2023-12-09T19:10:39","modified_gmt":"2023-12-09T18:10:39","slug":"inauguracion-de-la-exposicion-iconografica-documental-silvestr-scedrin-el-pintor-de-la-luz-entre-amalfi-y-sorrento","status":"publish","type":"tribe_events","link":"https:\/\/www.visitamalfi.info\/es\/evento\/inauguracion-de-la-exposicion-iconografica-documental-silvestr-scedrin-el-pintor-de-la-luz-entre-amalfi-y-sorrento\/","title":{"rendered":"Inauguraci\u00f3n de la exposici\u00f3n iconogr\u00e1fica-documental Silvestr \u0160\u010dedrin: el &#8220;pintor de la luz&#8221; entre Amalfi y Sorrento."},"content":{"rendered":"<p>Inauguraci\u00f3n de la exposici\u00f3n iconogr\u00e1fica-documental <strong>Silvestr \u0160\u010dedrin: el &#8220;pintor de la luz&#8221; entre Amalfi y Sorrento<\/strong>. Los puentes interculturales del arte para la solidaridad y la amistad entre los pueblos. A continuaci\u00f3n Presentaci\u00f3n del volumen por Michail Ju. Cartas de Evsev&#8217;ev desde el Sur por Sil&#8217;vestr \u0160\u010dedrin. Un pintor ruso enamorado de la luz del Sur. Encuentro y debate sobre el tema Tra due coste e due mondi: Otto e Novecento in pittura: il territorio del sud, le &#8216;luci&#8217;, la gente.<\/p>\n<p>Editado por el Centro de Cultura e Historia Amalfitana<\/p>\n","protected":false},"excerpt":{"rendered":"<p>Inauguraci\u00f3n de la exposici\u00f3n iconogr\u00e1fica-documental Silvestr \u0160\u010dedrin: el &#8220;pintor de la luz&#8221; entre Amalfi y Sorrento y presentaci\u00f3n del volumen de Michail Ju. Cartas de Evsev&#8217;ev desde el Sur por Sil&#8217;vestr \u0160\u010dedrin.<\/p>\n","protected":false},"author":7,"featured_media":0,"template":"","meta":{"inline_featured_image":false,"_tribe_events_status":"","_tribe_events_status_reason":"","footnotes":""},"tags":[265,827,1267,1178,1268],"tribe_events_cat":[],"class_list":["post-13337","tribe_events","type-tribe_events","status-publish","hentry","tag-amalfi-es","tag-eventos","tag-exposicion-es","tag-navidad","tag-silvestr-scedrin-es"],"yoast_head":"<!-- This site is optimized with the Yoast SEO plugin v27.3 - https:\/\/yoast.com\/product\/yoast-seo-wordpress\/ -->\n<title>Inauguraci\u00f3n de la exposici\u00f3n iconogr\u00e1fica-documental Silvestr \u0160\u010dedrin: el &quot;pintor de la luz&quot; entre Amalfi y Sorrento. - Visit Amalfi<\/title>\n<meta name=\"robots\" content=\"index, follow, max-snippet:-1, max-image-preview:large, max-video-preview:-1\" \/>\n<link rel=\"canonical\" href=\"https:\/\/www.visitamalfi.info\/es\/evento\/inauguracion-de-la-exposicion-iconografica-documental-silvestr-scedrin-el-pintor-de-la-luz-entre-amalfi-y-sorrento\/\" \/>\n<meta property=\"og:locale\" content=\"es_ES\" \/>\n<meta property=\"og:type\" content=\"article\" \/>\n<meta property=\"og:title\" content=\"Inauguraci\u00f3n de la exposici\u00f3n iconogr\u00e1fica-documental Silvestr \u0160\u010dedrin: el &quot;pintor de la luz&quot; entre Amalfi y Sorrento. - Visit Amalfi\" \/>\n<meta property=\"og:description\" content=\"Inauguraci\u00f3n de la exposici\u00f3n iconogr\u00e1fica-documental Silvestr \u0160\u010dedrin: el &quot;pintor de la luz&quot; entre Amalfi y Sorrento y presentaci\u00f3n del volumen de Michail Ju. Cartas de Evsev&#039;ev desde el Sur por Sil&#039;vestr \u0160\u010dedrin.\" \/>\n<meta property=\"og:url\" content=\"https:\/\/www.visitamalfi.info\/es\/evento\/inauguracion-de-la-exposicion-iconografica-documental-silvestr-scedrin-el-pintor-de-la-luz-entre-amalfi-y-sorrento\/\" \/>\n<meta property=\"og:site_name\" content=\"Visit Amalfi\" \/>\n<meta property=\"article:publisher\" content=\"https:\/\/www.facebook.com\/visitamalfiofficial\" \/>\n<meta name=\"twitter:card\" content=\"summary_large_image\" \/>\n<script type=\"application\/ld+json\" class=\"yoast-schema-graph\">{\"@context\":\"https:\\\/\\\/schema.org\",\"@graph\":[{\"@type\":\"WebPage\",\"@id\":\"https:\\\/\\\/www.visitamalfi.info\\\/es\\\/evento\\\/inauguracion-de-la-exposicion-iconografica-documental-silvestr-scedrin-el-pintor-de-la-luz-entre-amalfi-y-sorrento\\\/\",\"url\":\"https:\\\/\\\/www.visitamalfi.info\\\/es\\\/evento\\\/inauguracion-de-la-exposicion-iconografica-documental-silvestr-scedrin-el-pintor-de-la-luz-entre-amalfi-y-sorrento\\\/\",\"name\":\"Inauguraci\u00f3n de la exposici\u00f3n iconogr\u00e1fica-documental Silvestr \u0160\u010dedrin: el \\\"pintor de la luz\\\" entre Amalfi y Sorrento. - Visit Amalfi\",\"isPartOf\":{\"@id\":\"https:\\\/\\\/www.visitamalfi.info\\\/es\\\/#website\"},\"datePublished\":\"2023-12-09T18:10:39+00:00\",\"breadcrumb\":{\"@id\":\"https:\\\/\\\/www.visitamalfi.info\\\/es\\\/evento\\\/inauguracion-de-la-exposicion-iconografica-documental-silvestr-scedrin-el-pintor-de-la-luz-entre-amalfi-y-sorrento\\\/#breadcrumb\"},\"inLanguage\":\"es\",\"potentialAction\":[{\"@type\":\"ReadAction\",\"target\":[\"https:\\\/\\\/www.visitamalfi.info\\\/es\\\/evento\\\/inauguracion-de-la-exposicion-iconografica-documental-silvestr-scedrin-el-pintor-de-la-luz-entre-amalfi-y-sorrento\\\/\"]}]},{\"@type\":\"BreadcrumbList\",\"@id\":\"https:\\\/\\\/www.visitamalfi.info\\\/es\\\/evento\\\/inauguracion-de-la-exposicion-iconografica-documental-silvestr-scedrin-el-pintor-de-la-luz-entre-amalfi-y-sorrento\\\/#breadcrumb\",\"itemListElement\":[{\"@type\":\"ListItem\",\"position\":1,\"name\":\"Home\",\"item\":\"https:\\\/\\\/www.visitamalfi.info\\\/es\\\/\"},{\"@type\":\"ListItem\",\"position\":2,\"name\":\"Eventos\",\"item\":\"https:\\\/\\\/www.visitamalfi.info\\\/es\\\/eventi\\\/\"},{\"@type\":\"ListItem\",\"position\":3,\"name\":\"Inauguraci\u00f3n de la exposici\u00f3n iconogr\u00e1fica-documental Silvestr \u0160\u010dedrin: el &#8220;pintor de la luz&#8221; entre Amalfi y Sorrento.\"}]},{\"@type\":\"WebSite\",\"@id\":\"https:\\\/\\\/www.visitamalfi.info\\\/es\\\/#website\",\"url\":\"https:\\\/\\\/www.visitamalfi.info\\\/es\\\/\",\"name\":\"Visit Amalfi\",\"description\":\"Amalfi Destination Official Website\",\"publisher\":{\"@id\":\"https:\\\/\\\/www.visitamalfi.info\\\/es\\\/#organization\"},\"potentialAction\":[{\"@type\":\"SearchAction\",\"target\":{\"@type\":\"EntryPoint\",\"urlTemplate\":\"https:\\\/\\\/www.visitamalfi.info\\\/es\\\/?s={search_term_string}\"},\"query-input\":{\"@type\":\"PropertyValueSpecification\",\"valueRequired\":true,\"valueName\":\"search_term_string\"}}],\"inLanguage\":\"es\"},{\"@type\":\"Organization\",\"@id\":\"https:\\\/\\\/www.visitamalfi.info\\\/es\\\/#organization\",\"name\":\"Visit Amalfi\",\"url\":\"https:\\\/\\\/www.visitamalfi.info\\\/es\\\/\",\"logo\":{\"@type\":\"ImageObject\",\"inLanguage\":\"es\",\"@id\":\"https:\\\/\\\/www.visitamalfi.info\\\/es\\\/#\\\/schema\\\/logo\\\/image\\\/\",\"url\":\"https:\\\/\\\/www.visitamalfi.info\\\/wp-content\\\/uploads\\\/2023\\\/04\\\/visit-amalfi-logo-web.png\",\"contentUrl\":\"https:\\\/\\\/www.visitamalfi.info\\\/wp-content\\\/uploads\\\/2023\\\/04\\\/visit-amalfi-logo-web.png\",\"width\":800,\"height\":870,\"caption\":\"Visit Amalfi\"},\"image\":{\"@id\":\"https:\\\/\\\/www.visitamalfi.info\\\/es\\\/#\\\/schema\\\/logo\\\/image\\\/\"},\"sameAs\":[\"https:\\\/\\\/www.facebook.com\\\/visitamalfiofficial\",\"https:\\\/\\\/www.instagram.com\\\/visitamalfiofficial\\\/\"]}]}<\/script>\n<!-- \/ Yoast SEO plugin. -->","yoast_head_json":{"title":"Inauguraci\u00f3n de la exposici\u00f3n iconogr\u00e1fica-documental Silvestr \u0160\u010dedrin: el \"pintor de la luz\" entre Amalfi y Sorrento. - Visit Amalfi","robots":{"index":"index","follow":"follow","max-snippet":"max-snippet:-1","max-image-preview":"max-image-preview:large","max-video-preview":"max-video-preview:-1"},"canonical":"https:\/\/www.visitamalfi.info\/es\/evento\/inauguracion-de-la-exposicion-iconografica-documental-silvestr-scedrin-el-pintor-de-la-luz-entre-amalfi-y-sorrento\/","og_locale":"es_ES","og_type":"article","og_title":"Inauguraci\u00f3n de la exposici\u00f3n iconogr\u00e1fica-documental Silvestr \u0160\u010dedrin: el \"pintor de la luz\" entre Amalfi y Sorrento. - Visit Amalfi","og_description":"Inauguraci\u00f3n de la exposici\u00f3n iconogr\u00e1fica-documental Silvestr \u0160\u010dedrin: el \"pintor de la luz\" entre Amalfi y Sorrento y presentaci\u00f3n del volumen de Michail Ju. Cartas de Evsev'ev desde el Sur por Sil'vestr \u0160\u010dedrin.","og_url":"https:\/\/www.visitamalfi.info\/es\/evento\/inauguracion-de-la-exposicion-iconografica-documental-silvestr-scedrin-el-pintor-de-la-luz-entre-amalfi-y-sorrento\/","og_site_name":"Visit Amalfi","article_publisher":"https:\/\/www.facebook.com\/visitamalfiofficial","twitter_card":"summary_large_image","schema":{"@context":"https:\/\/schema.org","@graph":[{"@type":"WebPage","@id":"https:\/\/www.visitamalfi.info\/es\/evento\/inauguracion-de-la-exposicion-iconografica-documental-silvestr-scedrin-el-pintor-de-la-luz-entre-amalfi-y-sorrento\/","url":"https:\/\/www.visitamalfi.info\/es\/evento\/inauguracion-de-la-exposicion-iconografica-documental-silvestr-scedrin-el-pintor-de-la-luz-entre-amalfi-y-sorrento\/","name":"Inauguraci\u00f3n de la exposici\u00f3n iconogr\u00e1fica-documental Silvestr \u0160\u010dedrin: el \"pintor de la luz\" entre Amalfi y Sorrento. - Visit Amalfi","isPartOf":{"@id":"https:\/\/www.visitamalfi.info\/es\/#website"},"datePublished":"2023-12-09T18:10:39+00:00","breadcrumb":{"@id":"https:\/\/www.visitamalfi.info\/es\/evento\/inauguracion-de-la-exposicion-iconografica-documental-silvestr-scedrin-el-pintor-de-la-luz-entre-amalfi-y-sorrento\/#breadcrumb"},"inLanguage":"es","potentialAction":[{"@type":"ReadAction","target":["https:\/\/www.visitamalfi.info\/es\/evento\/inauguracion-de-la-exposicion-iconografica-documental-silvestr-scedrin-el-pintor-de-la-luz-entre-amalfi-y-sorrento\/"]}]},{"@type":"BreadcrumbList","@id":"https:\/\/www.visitamalfi.info\/es\/evento\/inauguracion-de-la-exposicion-iconografica-documental-silvestr-scedrin-el-pintor-de-la-luz-entre-amalfi-y-sorrento\/#breadcrumb","itemListElement":[{"@type":"ListItem","position":1,"name":"Home","item":"https:\/\/www.visitamalfi.info\/es\/"},{"@type":"ListItem","position":2,"name":"Eventos","item":"https:\/\/www.visitamalfi.info\/es\/eventi\/"},{"@type":"ListItem","position":3,"name":"Inauguraci\u00f3n de la exposici\u00f3n iconogr\u00e1fica-documental Silvestr \u0160\u010dedrin: el &#8220;pintor de la luz&#8221; entre Amalfi y Sorrento."}]},{"@type":"WebSite","@id":"https:\/\/www.visitamalfi.info\/es\/#website","url":"https:\/\/www.visitamalfi.info\/es\/","name":"Visit Amalfi","description":"Amalfi Destination Official Website","publisher":{"@id":"https:\/\/www.visitamalfi.info\/es\/#organization"},"potentialAction":[{"@type":"SearchAction","target":{"@type":"EntryPoint","urlTemplate":"https:\/\/www.visitamalfi.info\/es\/?s={search_term_string}"},"query-input":{"@type":"PropertyValueSpecification","valueRequired":true,"valueName":"search_term_string"}}],"inLanguage":"es"},{"@type":"Organization","@id":"https:\/\/www.visitamalfi.info\/es\/#organization","name":"Visit Amalfi","url":"https:\/\/www.visitamalfi.info\/es\/","logo":{"@type":"ImageObject","inLanguage":"es","@id":"https:\/\/www.visitamalfi.info\/es\/#\/schema\/logo\/image\/","url":"https:\/\/www.visitamalfi.info\/wp-content\/uploads\/2023\/04\/visit-amalfi-logo-web.png","contentUrl":"https:\/\/www.visitamalfi.info\/wp-content\/uploads\/2023\/04\/visit-amalfi-logo-web.png","width":800,"height":870,"caption":"Visit Amalfi"},"image":{"@id":"https:\/\/www.visitamalfi.info\/es\/#\/schema\/logo\/image\/"},"sameAs":["https:\/\/www.facebook.com\/visitamalfiofficial","https:\/\/www.instagram.com\/visitamalfiofficial\/"]}]}},"_links":{"self":[{"href":"https:\/\/www.visitamalfi.info\/es\/wp-json\/wp\/v2\/tribe_events\/13337","targetHints":{"allow":["GET"]}}],"collection":[{"href":"https:\/\/www.visitamalfi.info\/es\/wp-json\/wp\/v2\/tribe_events"}],"about":[{"href":"https:\/\/www.visitamalfi.info\/es\/wp-json\/wp\/v2\/types\/tribe_events"}],"author":[{"embeddable":true,"href":"https:\/\/www.visitamalfi.info\/es\/wp-json\/wp\/v2\/users\/7"}],"version-history":[{"count":0,"href":"https:\/\/www.visitamalfi.info\/es\/wp-json\/wp\/v2\/tribe_events\/13337\/revisions"}],"wp:attachment":[{"href":"https:\/\/www.visitamalfi.info\/es\/wp-json\/wp\/v2\/media?parent=13337"}],"wp:term":[{"taxonomy":"post_tag","embeddable":true,"href":"https:\/\/www.visitamalfi.info\/es\/wp-json\/wp\/v2\/tags?post=13337"},{"taxonomy":"tribe_events_cat","embeddable":true,"href":"https:\/\/www.visitamalfi.info\/es\/wp-json\/wp\/v2\/tribe_events_cat?post=13337"}],"curies":[{"name":"wp","href":"https:\/\/api.w.org\/{rel}","templated":true}]}}

Inauguración de la exposición iconográfica-documental Silvestr Ščedrin: el &#8220;pintor de la luz&#8221; entre Amalfi y Sorrento.

<p>Inauguración de la exposición iconográfica-documental <strong>Silvestr Ščedrin: el &#8220;pintor de la luz&#8221; entre Amalfi y Sorrento</strong>. Los puentes interculturales del arte para la solidaridad y la amistad entre los pueblos. A continuación Presentación del volumen por Michail Ju. Cartas de Evsev&#8217;ev desde el Sur por Sil&#8217;vestr Ščedrin. Un pintor ruso enamorado de la luz del Sur. Encuentro y debate sobre el tema Tra due coste e due mondi: Otto e Novecento in pittura: il territorio del sud, le &#8216;luci&#8217;, la gente.</p>
<p>Editado por el Centro de Cultura e Historia Amalfitana</p>

<p>Inauguración de la exposición iconográfica-documental Silvestr Ščedrin: el &#8220;pintor de la luz&#8221; entre Amalfi y Sorrento y presentación del volumen de Michail Ju. Cartas de Evsev&#8217;ev desde el Sur por Sil&#8217;vestr Ščedrin.</p>

<!-- This site is optimized with the Yoast SEO plugin v27.3 - https://yoast.com/product/yoast-seo-wordpress/ -->
<title>Inauguración de la exposición iconográfica-documental Silvestr Ščedrin: el &quot;pintor de la luz&quot; entre Amalfi y Sorrento. - Visit Amalfi</title>
<meta name="robots" content="index, follow, max-snippet:-1, max-image-preview:large, max-video-preview:-1" />
<link rel="canonical" href="https://www.visitamalfi.info/es/evento/inauguracion-de-la-exposicion-iconografica-documental-silvestr-scedrin-el-pintor-de-la-luz-entre-amalfi-y-sorrento/" />
<meta property="og:locale" content="es_ES" />
<meta property="og:type" content="article" />
<meta property="og:title" content="Inauguración de la exposición iconográfica-documental Silvestr Ščedrin: el &quot;pintor de la luz&quot; entre Amalfi y Sorrento. - Visit Amalfi" />
<meta property="og:description" content="Inauguración de la exposición iconográfica-documental Silvestr Ščedrin: el &quot;pintor de la luz&quot; entre Amalfi y Sorrento y presentación del volumen de Michail Ju. Cartas de Evsev&#039;ev desde el Sur por Sil&#039;vestr Ščedrin." />
<meta property="og:url" content="https://www.visitamalfi.info/es/evento/inauguracion-de-la-exposicion-iconografica-documental-silvestr-scedrin-el-pintor-de-la-luz-entre-amalfi-y-sorrento/" />
<meta property="og:site_name" content="Visit Amalfi" />
<meta property="article:publisher" content="https://www.facebook.com/visitamalfiofficial" />
<meta name="twitter:card" content="summary_large_image" />
<script type="application/ld+json" class="yoast-schema-graph">{"@context":"https:\/\/schema.org","@graph":[{"@type":"WebPage","@id":"https:\/\/www.visitamalfi.info\/es\/evento\/inauguracion-de-la-exposicion-iconografica-documental-silvestr-scedrin-el-pintor-de-la-luz-entre-amalfi-y-sorrento\/","url":"https:\/\/www.visitamalfi.info\/es\/evento\/inauguracion-de-la-exposicion-iconografica-documental-silvestr-scedrin-el-pintor-de-la-luz-entre-amalfi-y-sorrento\/","name":"Inauguración de la exposición iconográfica-documental Silvestr Ščedrin: el \"pintor de la luz\" entre Amalfi y Sorrento. - Visit Amalfi","isPartOf":{"@id":"https:\/\/www.visitamalfi.info\/es\/#website"},"datePublished":"2023-12-09T18:10:39+00:00","breadcrumb":{"@id":"https:\/\/www.visitamalfi.info\/es\/evento\/inauguracion-de-la-exposicion-iconografica-documental-silvestr-scedrin-el-pintor-de-la-luz-entre-amalfi-y-sorrento\/#breadcrumb"},"inLanguage":"es","potentialAction":[{"@type":"ReadAction","target":["https:\/\/www.visitamalfi.info\/es\/evento\/inauguracion-de-la-exposicion-iconografica-documental-silvestr-scedrin-el-pintor-de-la-luz-entre-amalfi-y-sorrento\/"]}]},{"@type":"BreadcrumbList","@id":"https:\/\/www.visitamalfi.info\/es\/evento\/inauguracion-de-la-exposicion-iconografica-documental-silvestr-scedrin-el-pintor-de-la-luz-entre-amalfi-y-sorrento\/#breadcrumb","itemListElement":[{"@type":"ListItem","position":1,"name":"Home","item":"https:\/\/www.visitamalfi.info\/es\/"},{"@type":"ListItem","position":2,"name":"Eventos","item":"https:\/\/www.visitamalfi.info\/es\/eventi\/"},{"@type":"ListItem","position":3,"name":"Inauguración de la exposición iconográfica-documental Silvestr Ščedrin: el &#8220;pintor de la luz&#8221; entre Amalfi y Sorrento."}]},{"@type":"WebSite","@id":"https:\/\/www.visitamalfi.info\/es\/#website","url":"https:\/\/www.visitamalfi.info\/es\/","name":"Visit Amalfi","description":"Amalfi Destination Official Website","publisher":{"@id":"https:\/\/www.visitamalfi.info\/es\/#organization"},"potentialAction":[{"@type":"SearchAction","target":{"@type":"EntryPoint","urlTemplate":"https:\/\/www.visitamalfi.info\/es\/?s={search_term_string}"},"query-input":{"@type":"PropertyValueSpecification","valueRequired":true,"valueName":"search_term_string"}}],"inLanguage":"es"},{"@type":"Organization","@id":"https:\/\/www.visitamalfi.info\/es\/#organization","name":"Visit Amalfi","url":"https:\/\/www.visitamalfi.info\/es\/","logo":{"@type":"ImageObject","inLanguage":"es","@id":"https:\/\/www.visitamalfi.info\/es\/#\/schema\/logo\/image\/","url":"https:\/\/www.visitamalfi.info\/wp-content\/uploads\/2023\/04\/visit-amalfi-logo-web.png","contentUrl":"https:\/\/www.visitamalfi.info\/wp-content\/uploads\/2023\/04\/visit-amalfi-logo-web.png","width":800,"height":870,"caption":"Visit Amalfi"},"image":{"@id":"https:\/\/www.visitamalfi.info\/es\/#\/schema\/logo\/image\/"},"sameAs":["https:\/\/www.facebook.com\/visitamalfiofficial","https:\/\/www.instagram.com\/visitamalfiofficial\/"]}]}</script>
<!-- / Yoast SEO plugin. -->

Inauguración de la exposición iconográfica-documental Silvestr Ščedrin: el "pintor de la luz" entre Amalfi y Sorrento. - Visit Amalfi

Inauguración de la exposición iconográfica-documental Silvestr Ščedrin: el "pintor de la luz" entre Amalfi y Sorrento y presentación del volumen de Michail Ju. Cartas de Evsev'ev desde el Sur por Sil'vestr Ščedrin.
