{"id":10275,"date":"2023-06-07T18:50:48","date_gmt":"2023-06-07T16:50:48","guid":{"rendered":"https:\/\/www.visitamalfi.info\/evento\/borghi-in-festa-vettica\/"},"modified":"2023-06-07T18:50:48","modified_gmt":"2023-06-07T16:50:48","slug":"borghi-in-festa-vettica","status":"publish","type":"tribe_events","link":"https:\/\/www.visitamalfi.info\/es\/evento\/borghi-in-festa-vettica\/","title":{"rendered":"Borghi in Festa-Vettica"},"content":{"rendered":"<p><strong><em>Concierto de La Piccola Orchestra Popolare C.O. Panzillo<\/em><\/strong><\/p>\n<p>La <em>Piccola Orchestra Popolare C.O. Panzillo <\/em>fue fundada en 2001 por aficionados a la m\u00fasica y la poes\u00eda, cultos y tradicionales, de la regi\u00f3n de Campania. Los diferentes gustos musicales de los miembros del grupo han dado como resultado un repertorio variado, tanto vocal como instrumental, que combina piezas conocidas con otras de m\u00e9rito. L\u2019idea che anima le esibizioni del settetto musicale \u00e8 quella di rappresentare le forme composite ed articolate della musica napoletana offrendo allo spettatore la possibilit\u00e0 di ascoltarla sotto forma di breve compendio. El preciso sesgo art\u00edstico, hacia un camino tambi\u00e9n de car\u00e1cter filol\u00f3gico, determina que cada pieza se interprete con el rigor de los estilos y las intenciones originales de la \u00e9poca, sin renunciar por ello a interpretaciones personales pero respetuosas. Con <strong>Nuccia Paolillo, Antonio Marasca, Massimiliano D&#8217;Alessandro, Bruno Paura, Luca Di Muzio, Simone Cretella<\/strong> y <strong>Rosanna Fanzo<\/strong>.<\/p>\n","protected":false},"excerpt":{"rendered":"<p>Una serata caratterizzata dalle forme composite ed articolate della musica napoletana, un repertorio unico che trasporta lo spettatore in un mix di tradizione e buona musica. <\/p>\n","protected":false},"author":7,"featured_media":0,"template":"","meta":{"inline_featured_image":false,"_tribe_events_status":"","_tribe_events_status_reason":"","footnotes":""},"tags":[265,612,565,567,801,802,568,566,564,563,570,569,559],"tribe_events_cat":[371,571,572],"class_list":["post-10275","tribe_events","type-tribe_events","status-publish","hentry","tag-amalfi-es","tag-amalficoast-es","tag-antonio-marasca-es","tag-bruno-miedo","tag-concerto-de-la-piccola-orchestra-popolare-es","tag-eventiinamalfi-es","tag-luca-di-muzio-es","tag-massimiliano-dalessandro-es","tag-nuccia-paolillo-es","tag-panzillo-es","tag-rosanna-fanzo-es","tag-simone-cretella-es","tag-verano2023","tribe_events_cat-musica-dal-vivo-es","tribe_events_cat-musica-italiana-es","tribe_events_cat-tradicion","cat_musica-dal-vivo-es","cat_musica-italiana-es","cat_tradicion"],"yoast_head":"<!-- This site is optimized with the Yoast SEO plugin v27.3 - https:\/\/yoast.com\/product\/yoast-seo-wordpress\/ -->\n<title>Borghi in Festa-Vettica - Visit Amalfi<\/title>\n<meta name=\"robots\" content=\"index, follow, max-snippet:-1, max-image-preview:large, max-video-preview:-1\" \/>\n<link rel=\"canonical\" href=\"https:\/\/www.visitamalfi.info\/es\/evento\/borghi-in-festa-vettica\/\" \/>\n<meta property=\"og:locale\" content=\"es_ES\" \/>\n<meta property=\"og:type\" content=\"article\" \/>\n<meta property=\"og:title\" content=\"Borghi in Festa-Vettica - Visit Amalfi\" \/>\n<meta property=\"og:description\" content=\"Una serata caratterizzata dalle forme composite ed articolate della musica napoletana, un repertorio unico che trasporta lo spettatore in un mix di tradizione e buona musica.\" \/>\n<meta property=\"og:url\" content=\"https:\/\/www.visitamalfi.info\/es\/evento\/borghi-in-festa-vettica\/\" \/>\n<meta property=\"og:site_name\" content=\"Visit Amalfi\" \/>\n<meta property=\"article:publisher\" content=\"https:\/\/www.facebook.com\/visitamalfiofficial\" \/>\n<meta name=\"twitter:card\" content=\"summary_large_image\" \/>\n<meta name=\"twitter:label1\" content=\"Tiempo de lectura\" \/>\n\t<meta name=\"twitter:data1\" content=\"1 minuto\" \/>\n<script type=\"application\/ld+json\" class=\"yoast-schema-graph\">{\"@context\":\"https:\\\/\\\/schema.org\",\"@graph\":[{\"@type\":\"WebPage\",\"@id\":\"https:\\\/\\\/www.visitamalfi.info\\\/es\\\/evento\\\/borghi-in-festa-vettica\\\/\",\"url\":\"https:\\\/\\\/www.visitamalfi.info\\\/es\\\/evento\\\/borghi-in-festa-vettica\\\/\",\"name\":\"Borghi in Festa-Vettica - Visit Amalfi\",\"isPartOf\":{\"@id\":\"https:\\\/\\\/www.visitamalfi.info\\\/es\\\/#website\"},\"datePublished\":\"2023-06-07T16:50:48+00:00\",\"breadcrumb\":{\"@id\":\"https:\\\/\\\/www.visitamalfi.info\\\/es\\\/evento\\\/borghi-in-festa-vettica\\\/#breadcrumb\"},\"inLanguage\":\"es\",\"potentialAction\":[{\"@type\":\"ReadAction\",\"target\":[\"https:\\\/\\\/www.visitamalfi.info\\\/es\\\/evento\\\/borghi-in-festa-vettica\\\/\"]}]},{\"@type\":\"BreadcrumbList\",\"@id\":\"https:\\\/\\\/www.visitamalfi.info\\\/es\\\/evento\\\/borghi-in-festa-vettica\\\/#breadcrumb\",\"itemListElement\":[{\"@type\":\"ListItem\",\"position\":1,\"name\":\"Home\",\"item\":\"https:\\\/\\\/www.visitamalfi.info\\\/es\\\/\"},{\"@type\":\"ListItem\",\"position\":2,\"name\":\"Eventos\",\"item\":\"https:\\\/\\\/www.visitamalfi.info\\\/es\\\/eventi\\\/\"},{\"@type\":\"ListItem\",\"position\":3,\"name\":\"Borghi in Festa-Vettica\"}]},{\"@type\":\"WebSite\",\"@id\":\"https:\\\/\\\/www.visitamalfi.info\\\/es\\\/#website\",\"url\":\"https:\\\/\\\/www.visitamalfi.info\\\/es\\\/\",\"name\":\"Visit Amalfi\",\"description\":\"Amalfi Destination Official Website\",\"publisher\":{\"@id\":\"https:\\\/\\\/www.visitamalfi.info\\\/es\\\/#organization\"},\"potentialAction\":[{\"@type\":\"SearchAction\",\"target\":{\"@type\":\"EntryPoint\",\"urlTemplate\":\"https:\\\/\\\/www.visitamalfi.info\\\/es\\\/?s={search_term_string}\"},\"query-input\":{\"@type\":\"PropertyValueSpecification\",\"valueRequired\":true,\"valueName\":\"search_term_string\"}}],\"inLanguage\":\"es\"},{\"@type\":\"Organization\",\"@id\":\"https:\\\/\\\/www.visitamalfi.info\\\/es\\\/#organization\",\"name\":\"Visit Amalfi\",\"url\":\"https:\\\/\\\/www.visitamalfi.info\\\/es\\\/\",\"logo\":{\"@type\":\"ImageObject\",\"inLanguage\":\"es\",\"@id\":\"https:\\\/\\\/www.visitamalfi.info\\\/es\\\/#\\\/schema\\\/logo\\\/image\\\/\",\"url\":\"https:\\\/\\\/www.visitamalfi.info\\\/wp-content\\\/uploads\\\/2023\\\/04\\\/visit-amalfi-logo-web.png\",\"contentUrl\":\"https:\\\/\\\/www.visitamalfi.info\\\/wp-content\\\/uploads\\\/2023\\\/04\\\/visit-amalfi-logo-web.png\",\"width\":800,\"height\":870,\"caption\":\"Visit Amalfi\"},\"image\":{\"@id\":\"https:\\\/\\\/www.visitamalfi.info\\\/es\\\/#\\\/schema\\\/logo\\\/image\\\/\"},\"sameAs\":[\"https:\\\/\\\/www.facebook.com\\\/visitamalfiofficial\",\"https:\\\/\\\/www.instagram.com\\\/visitamalfiofficial\\\/\"]}]}<\/script>\n<!-- \/ Yoast SEO plugin. -->","yoast_head_json":{"title":"Borghi in Festa-Vettica - Visit Amalfi","robots":{"index":"index","follow":"follow","max-snippet":"max-snippet:-1","max-image-preview":"max-image-preview:large","max-video-preview":"max-video-preview:-1"},"canonical":"https:\/\/www.visitamalfi.info\/es\/evento\/borghi-in-festa-vettica\/","og_locale":"es_ES","og_type":"article","og_title":"Borghi in Festa-Vettica - Visit Amalfi","og_description":"Una serata caratterizzata dalle forme composite ed articolate della musica napoletana, un repertorio unico che trasporta lo spettatore in un mix di tradizione e buona musica.","og_url":"https:\/\/www.visitamalfi.info\/es\/evento\/borghi-in-festa-vettica\/","og_site_name":"Visit Amalfi","article_publisher":"https:\/\/www.facebook.com\/visitamalfiofficial","twitter_card":"summary_large_image","twitter_misc":{"Tiempo de lectura":"1 minuto"},"schema":{"@context":"https:\/\/schema.org","@graph":[{"@type":"WebPage","@id":"https:\/\/www.visitamalfi.info\/es\/evento\/borghi-in-festa-vettica\/","url":"https:\/\/www.visitamalfi.info\/es\/evento\/borghi-in-festa-vettica\/","name":"Borghi in Festa-Vettica - Visit Amalfi","isPartOf":{"@id":"https:\/\/www.visitamalfi.info\/es\/#website"},"datePublished":"2023-06-07T16:50:48+00:00","breadcrumb":{"@id":"https:\/\/www.visitamalfi.info\/es\/evento\/borghi-in-festa-vettica\/#breadcrumb"},"inLanguage":"es","potentialAction":[{"@type":"ReadAction","target":["https:\/\/www.visitamalfi.info\/es\/evento\/borghi-in-festa-vettica\/"]}]},{"@type":"BreadcrumbList","@id":"https:\/\/www.visitamalfi.info\/es\/evento\/borghi-in-festa-vettica\/#breadcrumb","itemListElement":[{"@type":"ListItem","position":1,"name":"Home","item":"https:\/\/www.visitamalfi.info\/es\/"},{"@type":"ListItem","position":2,"name":"Eventos","item":"https:\/\/www.visitamalfi.info\/es\/eventi\/"},{"@type":"ListItem","position":3,"name":"Borghi in Festa-Vettica"}]},{"@type":"WebSite","@id":"https:\/\/www.visitamalfi.info\/es\/#website","url":"https:\/\/www.visitamalfi.info\/es\/","name":"Visit Amalfi","description":"Amalfi Destination Official Website","publisher":{"@id":"https:\/\/www.visitamalfi.info\/es\/#organization"},"potentialAction":[{"@type":"SearchAction","target":{"@type":"EntryPoint","urlTemplate":"https:\/\/www.visitamalfi.info\/es\/?s={search_term_string}"},"query-input":{"@type":"PropertyValueSpecification","valueRequired":true,"valueName":"search_term_string"}}],"inLanguage":"es"},{"@type":"Organization","@id":"https:\/\/www.visitamalfi.info\/es\/#organization","name":"Visit Amalfi","url":"https:\/\/www.visitamalfi.info\/es\/","logo":{"@type":"ImageObject","inLanguage":"es","@id":"https:\/\/www.visitamalfi.info\/es\/#\/schema\/logo\/image\/","url":"https:\/\/www.visitamalfi.info\/wp-content\/uploads\/2023\/04\/visit-amalfi-logo-web.png","contentUrl":"https:\/\/www.visitamalfi.info\/wp-content\/uploads\/2023\/04\/visit-amalfi-logo-web.png","width":800,"height":870,"caption":"Visit Amalfi"},"image":{"@id":"https:\/\/www.visitamalfi.info\/es\/#\/schema\/logo\/image\/"},"sameAs":["https:\/\/www.facebook.com\/visitamalfiofficial","https:\/\/www.instagram.com\/visitamalfiofficial\/"]}]}},"_links":{"self":[{"href":"https:\/\/www.visitamalfi.info\/es\/wp-json\/wp\/v2\/tribe_events\/10275","targetHints":{"allow":["GET"]}}],"collection":[{"href":"https:\/\/www.visitamalfi.info\/es\/wp-json\/wp\/v2\/tribe_events"}],"about":[{"href":"https:\/\/www.visitamalfi.info\/es\/wp-json\/wp\/v2\/types\/tribe_events"}],"author":[{"embeddable":true,"href":"https:\/\/www.visitamalfi.info\/es\/wp-json\/wp\/v2\/users\/7"}],"version-history":[{"count":0,"href":"https:\/\/www.visitamalfi.info\/es\/wp-json\/wp\/v2\/tribe_events\/10275\/revisions"}],"wp:attachment":[{"href":"https:\/\/www.visitamalfi.info\/es\/wp-json\/wp\/v2\/media?parent=10275"}],"wp:term":[{"taxonomy":"post_tag","embeddable":true,"href":"https:\/\/www.visitamalfi.info\/es\/wp-json\/wp\/v2\/tags?post=10275"},{"taxonomy":"tribe_events_cat","embeddable":true,"href":"https:\/\/www.visitamalfi.info\/es\/wp-json\/wp\/v2\/tribe_events_cat?post=10275"}],"curies":[{"name":"wp","href":"https:\/\/api.w.org\/{rel}","templated":true}]}}

<p><strong><em>Concierto de La Piccola Orchestra Popolare C.O. Panzillo</em></strong></p>
<p>La <em>Piccola Orchestra Popolare C.O. Panzillo </em>fue fundada en 2001 por aficionados a la música y la poesía, cultos y tradicionales, de la región de Campania. Los diferentes gustos musicales de los miembros del grupo han dado como resultado un repertorio variado, tanto vocal como instrumental, que combina piezas conocidas con otras de mérito. L’idea che anima le esibizioni del settetto musicale è quella di rappresentare le forme composite ed articolate della musica napoletana offrendo allo spettatore la possibilità di ascoltarla sotto forma di breve compendio. El preciso sesgo artístico, hacia un camino también de carácter filológico, determina que cada pieza se interprete con el rigor de los estilos y las intenciones originales de la época, sin renunciar por ello a interpretaciones personales pero respetuosas. Con <strong>Nuccia Paolillo, Antonio Marasca, Massimiliano D&#8217;Alessandro, Bruno Paura, Luca Di Muzio, Simone Cretella</strong> y <strong>Rosanna Fanzo</strong>.</p>
