{"id":13834,"date":"2024-01-23T16:54:39","date_gmt":"2024-01-23T15:54:39","guid":{"rendered":"https:\/\/www.visitamalfi.info\/package\/fotografo-emanuele-anastasio\/"},"modified":"2024-01-23T16:54:39","modified_gmt":"2024-01-23T15:54:39","slug":"fotografo-emanuele-anastasio","status":"publish","type":"ignition-package","link":"https:\/\/www.visitamalfi.info\/es\/package\/fotografo-emanuele-anastasio\/","title":{"rendered":"Fot\u00f3grafo Emanuele Anastasio"},"content":{"rendered":"<p>La moda y los reportajes de boda son las dos \u00e1reas de especializaci\u00f3n del fot\u00f3grafo Emanuele Anastasio.<\/p>\n<p>La boda: dos miradas que se encuentran con el tel\u00f3n de fondo de la escarpada costa, un s\u00ed pronunciado con los labios apretados, los ojos h\u00famedos y las manos que se tocan, una sonrisa que ilumina el rostro de un hombre mientras besa la frente de la magn\u00edfica novia. Contar las emociones es la parte m\u00e1s intrigante de este trabajo, sobre todo cuando se trata de inmortalizar uno de los d\u00edas m\u00e1s importantes en la vida de una pareja. La magia de la Costa Divina y todos los maravillosos rincones que la han hecho mundialmente famosa a lo largo de los siglos han captado y siguen captando la atenci\u00f3n de los novios italianos e internacionales, que eligen este lugar para coronar el sue\u00f1o m\u00e1s rom\u00e1ntico de sus vidas. Dar eternidad a estos momentos a trav\u00e9s de la fotograf\u00eda es una de las chispas que m\u00e1s encienden mi pasi\u00f3n. Sobre todo con el estilo de reportaje que devuelve la espontaneidad del mundo sin tener que ser invasivo. La belleza del reportaje reside precisamente en ser capaz de enmarcar las emociones, de dar forma a ese momento destacado que quedar\u00e1 grabado en el coraz\u00f3n estando en el coraz\u00f3n de la fiesta.<\/p>\n","protected":false},"excerpt":{"rendered":"<p>La moda y los reportajes de boda son las dos \u00e1reas de especializaci\u00f3n del fot\u00f3grafo Emanuele Anastasio. La boda: dos miradas que se encuentran con el tel\u00f3n de fondo de [&hellip;]<\/p>\n","protected":false},"featured_media":13808,"comment_status":"open","ping_status":"closed","template":"","ignition_package_destination":[],"ignition_package_category":[1427],"experience":[270,335],"inspiration":[1147,459],"season":[240,231,235,237],"class_list":["post-13834","ignition-package","type-ignition-package","status-publish","has-post-thumbnail","hentry","ignition_package_category-fotografo-es","experience-boda","experience-romantico","inspiration-boda","inspiration-vacaciones-en-pareja","season-invierno","season-otono","season-primavera-es","season-verano"],"yoast_head":"<!-- This site is optimized with the Yoast SEO plugin v27.3 - https:\/\/yoast.com\/product\/yoast-seo-wordpress\/ -->\n<title>Fot\u00f3grafo Emanuele Anastasio - Visit Amalfi<\/title>\n<meta name=\"robots\" content=\"index, follow, max-snippet:-1, max-image-preview:large, max-video-preview:-1\" \/>\n<link rel=\"canonical\" href=\"https:\/\/www.visitamalfi.info\/es\/package\/fotografo-emanuele-anastasio\/\" \/>\n<meta property=\"og:locale\" content=\"es_ES\" \/>\n<meta property=\"og:type\" content=\"article\" \/>\n<meta property=\"og:title\" content=\"Fot\u00f3grafo Emanuele Anastasio - Visit Amalfi\" \/>\n<meta property=\"og:description\" content=\"La moda y los reportajes de boda son las dos \u00e1reas de especializaci\u00f3n del fot\u00f3grafo Emanuele Anastasio. La boda: dos miradas que se encuentran con el tel\u00f3n de fondo de [&hellip;]\" \/>\n<meta property=\"og:url\" content=\"https:\/\/www.visitamalfi.info\/es\/package\/fotografo-emanuele-anastasio\/\" \/>\n<meta property=\"og:site_name\" content=\"Visit Amalfi\" \/>\n<meta property=\"article:publisher\" content=\"https:\/\/www.facebook.com\/visitamalfiofficial\" \/>\n<meta property=\"og:image\" content=\"https:\/\/www.visitamalfi.info\/wp-content\/uploads\/2024\/01\/ANA2030_ACT.jpg\" \/>\n\t<meta property=\"og:image:width\" content=\"1920\" \/>\n\t<meta property=\"og:image:height\" content=\"1280\" \/>\n\t<meta property=\"og:image:type\" content=\"image\/jpeg\" \/>\n<meta name=\"twitter:card\" content=\"summary_large_image\" \/>\n<meta name=\"twitter:label1\" content=\"Tiempo de lectura\" \/>\n\t<meta name=\"twitter:data1\" content=\"1 minuto\" \/>\n<script type=\"application\/ld+json\" class=\"yoast-schema-graph\">{\"@context\":\"https:\\\/\\\/schema.org\",\"@graph\":[{\"@type\":\"WebPage\",\"@id\":\"https:\\\/\\\/www.visitamalfi.info\\\/es\\\/package\\\/fotografo-emanuele-anastasio\\\/\",\"url\":\"https:\\\/\\\/www.visitamalfi.info\\\/es\\\/package\\\/fotografo-emanuele-anastasio\\\/\",\"name\":\"Fot\u00f3grafo Emanuele Anastasio - Visit Amalfi\",\"isPartOf\":{\"@id\":\"https:\\\/\\\/www.visitamalfi.info\\\/es\\\/#website\"},\"primaryImageOfPage\":{\"@id\":\"https:\\\/\\\/www.visitamalfi.info\\\/es\\\/package\\\/fotografo-emanuele-anastasio\\\/#primaryimage\"},\"image\":{\"@id\":\"https:\\\/\\\/www.visitamalfi.info\\\/es\\\/package\\\/fotografo-emanuele-anastasio\\\/#primaryimage\"},\"thumbnailUrl\":\"https:\\\/\\\/www.visitamalfi.info\\\/wp-content\\\/uploads\\\/2024\\\/01\\\/ANA2030_ACT.jpg\",\"datePublished\":\"2024-01-23T15:54:39+00:00\",\"breadcrumb\":{\"@id\":\"https:\\\/\\\/www.visitamalfi.info\\\/es\\\/package\\\/fotografo-emanuele-anastasio\\\/#breadcrumb\"},\"inLanguage\":\"es\",\"potentialAction\":[{\"@type\":\"ReadAction\",\"target\":[\"https:\\\/\\\/www.visitamalfi.info\\\/es\\\/package\\\/fotografo-emanuele-anastasio\\\/\"]}]},{\"@type\":\"ImageObject\",\"inLanguage\":\"es\",\"@id\":\"https:\\\/\\\/www.visitamalfi.info\\\/es\\\/package\\\/fotografo-emanuele-anastasio\\\/#primaryimage\",\"url\":\"https:\\\/\\\/www.visitamalfi.info\\\/wp-content\\\/uploads\\\/2024\\\/01\\\/ANA2030_ACT.jpg\",\"contentUrl\":\"https:\\\/\\\/www.visitamalfi.info\\\/wp-content\\\/uploads\\\/2024\\\/01\\\/ANA2030_ACT.jpg\",\"width\":1920,\"height\":1280,\"caption\":\"Emanuele Anastasio_Wedding_in_Amalfi\"},{\"@type\":\"BreadcrumbList\",\"@id\":\"https:\\\/\\\/www.visitamalfi.info\\\/es\\\/package\\\/fotografo-emanuele-anastasio\\\/#breadcrumb\",\"itemListElement\":[{\"@type\":\"ListItem\",\"position\":1,\"name\":\"Home\",\"item\":\"https:\\\/\\\/www.visitamalfi.info\\\/es\\\/\"},{\"@type\":\"ListItem\",\"position\":2,\"name\":\"Fot\u00f3grafo Emanuele Anastasio\"}]},{\"@type\":\"WebSite\",\"@id\":\"https:\\\/\\\/www.visitamalfi.info\\\/es\\\/#website\",\"url\":\"https:\\\/\\\/www.visitamalfi.info\\\/es\\\/\",\"name\":\"Visit Amalfi\",\"description\":\"Amalfi Destination Official Website\",\"publisher\":{\"@id\":\"https:\\\/\\\/www.visitamalfi.info\\\/es\\\/#organization\"},\"potentialAction\":[{\"@type\":\"SearchAction\",\"target\":{\"@type\":\"EntryPoint\",\"urlTemplate\":\"https:\\\/\\\/www.visitamalfi.info\\\/es\\\/?s={search_term_string}\"},\"query-input\":{\"@type\":\"PropertyValueSpecification\",\"valueRequired\":true,\"valueName\":\"search_term_string\"}}],\"inLanguage\":\"es\"},{\"@type\":\"Organization\",\"@id\":\"https:\\\/\\\/www.visitamalfi.info\\\/es\\\/#organization\",\"name\":\"Visit Amalfi\",\"url\":\"https:\\\/\\\/www.visitamalfi.info\\\/es\\\/\",\"logo\":{\"@type\":\"ImageObject\",\"inLanguage\":\"es\",\"@id\":\"https:\\\/\\\/www.visitamalfi.info\\\/es\\\/#\\\/schema\\\/logo\\\/image\\\/\",\"url\":\"https:\\\/\\\/www.visitamalfi.info\\\/wp-content\\\/uploads\\\/2023\\\/04\\\/visit-amalfi-logo-web.png\",\"contentUrl\":\"https:\\\/\\\/www.visitamalfi.info\\\/wp-content\\\/uploads\\\/2023\\\/04\\\/visit-amalfi-logo-web.png\",\"width\":800,\"height\":870,\"caption\":\"Visit Amalfi\"},\"image\":{\"@id\":\"https:\\\/\\\/www.visitamalfi.info\\\/es\\\/#\\\/schema\\\/logo\\\/image\\\/\"},\"sameAs\":[\"https:\\\/\\\/www.facebook.com\\\/visitamalfiofficial\",\"https:\\\/\\\/www.instagram.com\\\/visitamalfiofficial\\\/\"]}]}<\/script>\n<!-- \/ Yoast SEO plugin. -->","yoast_head_json":{"title":"Fot\u00f3grafo Emanuele Anastasio - Visit Amalfi","robots":{"index":"index","follow":"follow","max-snippet":"max-snippet:-1","max-image-preview":"max-image-preview:large","max-video-preview":"max-video-preview:-1"},"canonical":"https:\/\/www.visitamalfi.info\/es\/package\/fotografo-emanuele-anastasio\/","og_locale":"es_ES","og_type":"article","og_title":"Fot\u00f3grafo Emanuele Anastasio - Visit Amalfi","og_description":"La moda y los reportajes de boda son las dos \u00e1reas de especializaci\u00f3n del fot\u00f3grafo Emanuele Anastasio. La boda: dos miradas que se encuentran con el tel\u00f3n de fondo de [&hellip;]","og_url":"https:\/\/www.visitamalfi.info\/es\/package\/fotografo-emanuele-anastasio\/","og_site_name":"Visit Amalfi","article_publisher":"https:\/\/www.facebook.com\/visitamalfiofficial","og_image":[{"width":1920,"height":1280,"url":"https:\/\/www.visitamalfi.info\/wp-content\/uploads\/2024\/01\/ANA2030_ACT.jpg","type":"image\/jpeg"}],"twitter_card":"summary_large_image","twitter_misc":{"Tiempo de lectura":"1 minuto"},"schema":{"@context":"https:\/\/schema.org","@graph":[{"@type":"WebPage","@id":"https:\/\/www.visitamalfi.info\/es\/package\/fotografo-emanuele-anastasio\/","url":"https:\/\/www.visitamalfi.info\/es\/package\/fotografo-emanuele-anastasio\/","name":"Fot\u00f3grafo Emanuele Anastasio - Visit Amalfi","isPartOf":{"@id":"https:\/\/www.visitamalfi.info\/es\/#website"},"primaryImageOfPage":{"@id":"https:\/\/www.visitamalfi.info\/es\/package\/fotografo-emanuele-anastasio\/#primaryimage"},"image":{"@id":"https:\/\/www.visitamalfi.info\/es\/package\/fotografo-emanuele-anastasio\/#primaryimage"},"thumbnailUrl":"https:\/\/www.visitamalfi.info\/wp-content\/uploads\/2024\/01\/ANA2030_ACT.jpg","datePublished":"2024-01-23T15:54:39+00:00","breadcrumb":{"@id":"https:\/\/www.visitamalfi.info\/es\/package\/fotografo-emanuele-anastasio\/#breadcrumb"},"inLanguage":"es","potentialAction":[{"@type":"ReadAction","target":["https:\/\/www.visitamalfi.info\/es\/package\/fotografo-emanuele-anastasio\/"]}]},{"@type":"ImageObject","inLanguage":"es","@id":"https:\/\/www.visitamalfi.info\/es\/package\/fotografo-emanuele-anastasio\/#primaryimage","url":"https:\/\/www.visitamalfi.info\/wp-content\/uploads\/2024\/01\/ANA2030_ACT.jpg","contentUrl":"https:\/\/www.visitamalfi.info\/wp-content\/uploads\/2024\/01\/ANA2030_ACT.jpg","width":1920,"height":1280,"caption":"Emanuele Anastasio_Wedding_in_Amalfi"},{"@type":"BreadcrumbList","@id":"https:\/\/www.visitamalfi.info\/es\/package\/fotografo-emanuele-anastasio\/#breadcrumb","itemListElement":[{"@type":"ListItem","position":1,"name":"Home","item":"https:\/\/www.visitamalfi.info\/es\/"},{"@type":"ListItem","position":2,"name":"Fot\u00f3grafo Emanuele Anastasio"}]},{"@type":"WebSite","@id":"https:\/\/www.visitamalfi.info\/es\/#website","url":"https:\/\/www.visitamalfi.info\/es\/","name":"Visit Amalfi","description":"Amalfi Destination Official Website","publisher":{"@id":"https:\/\/www.visitamalfi.info\/es\/#organization"},"potentialAction":[{"@type":"SearchAction","target":{"@type":"EntryPoint","urlTemplate":"https:\/\/www.visitamalfi.info\/es\/?s={search_term_string}"},"query-input":{"@type":"PropertyValueSpecification","valueRequired":true,"valueName":"search_term_string"}}],"inLanguage":"es"},{"@type":"Organization","@id":"https:\/\/www.visitamalfi.info\/es\/#organization","name":"Visit Amalfi","url":"https:\/\/www.visitamalfi.info\/es\/","logo":{"@type":"ImageObject","inLanguage":"es","@id":"https:\/\/www.visitamalfi.info\/es\/#\/schema\/logo\/image\/","url":"https:\/\/www.visitamalfi.info\/wp-content\/uploads\/2023\/04\/visit-amalfi-logo-web.png","contentUrl":"https:\/\/www.visitamalfi.info\/wp-content\/uploads\/2023\/04\/visit-amalfi-logo-web.png","width":800,"height":870,"caption":"Visit Amalfi"},"image":{"@id":"https:\/\/www.visitamalfi.info\/es\/#\/schema\/logo\/image\/"},"sameAs":["https:\/\/www.facebook.com\/visitamalfiofficial","https:\/\/www.instagram.com\/visitamalfiofficial\/"]}]}},"_links":{"self":[{"href":"https:\/\/www.visitamalfi.info\/es\/wp-json\/wp\/v2\/ignition-package\/13834","targetHints":{"allow":["GET"]}}],"collection":[{"href":"https:\/\/www.visitamalfi.info\/es\/wp-json\/wp\/v2\/ignition-package"}],"about":[{"href":"https:\/\/www.visitamalfi.info\/es\/wp-json\/wp\/v2\/types\/ignition-package"}],"replies":[{"embeddable":true,"href":"https:\/\/www.visitamalfi.info\/es\/wp-json\/wp\/v2\/comments?post=13834"}],"version-history":[{"count":0,"href":"https:\/\/www.visitamalfi.info\/es\/wp-json\/wp\/v2\/ignition-package\/13834\/revisions"}],"wp:featuredmedia":[{"embeddable":true,"href":"https:\/\/www.visitamalfi.info\/es\/wp-json\/wp\/v2\/media\/13808"}],"wp:attachment":[{"href":"https:\/\/www.visitamalfi.info\/es\/wp-json\/wp\/v2\/media?parent=13834"}],"wp:term":[{"taxonomy":"ignition_package_destination","embeddable":true,"href":"https:\/\/www.visitamalfi.info\/es\/wp-json\/wp\/v2\/ignition_package_destination?post=13834"},{"taxonomy":"ignition_package_category","embeddable":true,"href":"https:\/\/www.visitamalfi.info\/es\/wp-json\/wp\/v2\/ignition_package_category?post=13834"},{"taxonomy":"experience","embeddable":true,"href":"https:\/\/www.visitamalfi.info\/es\/wp-json\/wp\/v2\/experience?post=13834"},{"taxonomy":"inspiration","embeddable":true,"href":"https:\/\/www.visitamalfi.info\/es\/wp-json\/wp\/v2\/inspiration?post=13834"},{"taxonomy":"season","embeddable":true,"href":"https:\/\/www.visitamalfi.info\/es\/wp-json\/wp\/v2\/season?post=13834"}],"curies":[{"name":"wp","href":"https:\/\/api.w.org\/{rel}","templated":true}]}}

Fotógrafo Emanuele Anastasio

<p>La moda y los reportajes de boda son las dos áreas de especialización del fotógrafo Emanuele Anastasio.</p>
<p>La boda: dos miradas que se encuentran con el telón de fondo de la escarpada costa, un sí pronunciado con los labios apretados, los ojos húmedos y las manos que se tocan, una sonrisa que ilumina el rostro de un hombre mientras besa la frente de la magnífica novia. Contar las emociones es la parte más intrigante de este trabajo, sobre todo cuando se trata de inmortalizar uno de los días más importantes en la vida de una pareja. La magia de la Costa Divina y todos los maravillosos rincones que la han hecho mundialmente famosa a lo largo de los siglos han captado y siguen captando la atención de los novios italianos e internacionales, que eligen este lugar para coronar el sueño más romántico de sus vidas. Dar eternidad a estos momentos a través de la fotografía es una de las chispas que más encienden mi pasión. Sobre todo con el estilo de reportaje que devuelve la espontaneidad del mundo sin tener que ser invasivo. La belleza del reportaje reside precisamente en ser capaz de enmarcar las emociones, de dar forma a ese momento destacado que quedará grabado en el corazón estando en el corazón de la fiesta.</p>

<p>La moda y los reportajes de boda son las dos áreas de especialización del fotógrafo Emanuele Anastasio. La boda: dos miradas que se encuentran con el telón de fondo de [&hellip;]</p>

<!-- This site is optimized with the Yoast SEO plugin v27.3 - https://yoast.com/product/yoast-seo-wordpress/ -->
<title>Fotógrafo Emanuele Anastasio - Visit Amalfi</title>
<meta name="robots" content="index, follow, max-snippet:-1, max-image-preview:large, max-video-preview:-1" />
<link rel="canonical" href="https://www.visitamalfi.info/es/package/fotografo-emanuele-anastasio/" />
<meta property="og:locale" content="es_ES" />
<meta property="og:type" content="article" />
<meta property="og:title" content="Fotógrafo Emanuele Anastasio - Visit Amalfi" />
<meta property="og:description" content="La moda y los reportajes de boda son las dos áreas de especialización del fotógrafo Emanuele Anastasio. La boda: dos miradas que se encuentran con el telón de fondo de [&hellip;]" />
<meta property="og:url" content="https://www.visitamalfi.info/es/package/fotografo-emanuele-anastasio/" />
<meta property="og:site_name" content="Visit Amalfi" />
<meta property="article:publisher" content="https://www.facebook.com/visitamalfiofficial" />
<meta property="og:image" content="https://www.visitamalfi.info/wp-content/uploads/2024/01/ANA2030_ACT.jpg" />
	<meta property="og:image:width" content="1920" />
	<meta property="og:image:height" content="1280" />
	<meta property="og:image:type" content="image/jpeg" />
<meta name="twitter:card" content="summary_large_image" />
<meta name="twitter:label1" content="Tiempo de lectura" />
	<meta name="twitter:data1" content="1 minuto" />
<script type="application/ld+json" class="yoast-schema-graph">{"@context":"https:\/\/schema.org","@graph":[{"@type":"WebPage","@id":"https:\/\/www.visitamalfi.info\/es\/package\/fotografo-emanuele-anastasio\/","url":"https:\/\/www.visitamalfi.info\/es\/package\/fotografo-emanuele-anastasio\/","name":"Fotógrafo Emanuele Anastasio - Visit Amalfi","isPartOf":{"@id":"https:\/\/www.visitamalfi.info\/es\/#website"},"primaryImageOfPage":{"@id":"https:\/\/www.visitamalfi.info\/es\/package\/fotografo-emanuele-anastasio\/#primaryimage"},"image":{"@id":"https:\/\/www.visitamalfi.info\/es\/package\/fotografo-emanuele-anastasio\/#primaryimage"},"thumbnailUrl":"https:\/\/www.visitamalfi.info\/wp-content\/uploads\/2024\/01\/ANA2030_ACT.jpg","datePublished":"2024-01-23T15:54:39+00:00","breadcrumb":{"@id":"https:\/\/www.visitamalfi.info\/es\/package\/fotografo-emanuele-anastasio\/#breadcrumb"},"inLanguage":"es","potentialAction":[{"@type":"ReadAction","target":["https:\/\/www.visitamalfi.info\/es\/package\/fotografo-emanuele-anastasio\/"]}]},{"@type":"ImageObject","inLanguage":"es","@id":"https:\/\/www.visitamalfi.info\/es\/package\/fotografo-emanuele-anastasio\/#primaryimage","url":"https:\/\/www.visitamalfi.info\/wp-content\/uploads\/2024\/01\/ANA2030_ACT.jpg","contentUrl":"https:\/\/www.visitamalfi.info\/wp-content\/uploads\/2024\/01\/ANA2030_ACT.jpg","width":1920,"height":1280,"caption":"Emanuele Anastasio_Wedding_in_Amalfi"},{"@type":"BreadcrumbList","@id":"https:\/\/www.visitamalfi.info\/es\/package\/fotografo-emanuele-anastasio\/#breadcrumb","itemListElement":[{"@type":"ListItem","position":1,"name":"Home","item":"https:\/\/www.visitamalfi.info\/es\/"},{"@type":"ListItem","position":2,"name":"Fotógrafo Emanuele Anastasio"}]},{"@type":"WebSite","@id":"https:\/\/www.visitamalfi.info\/es\/#website","url":"https:\/\/www.visitamalfi.info\/es\/","name":"Visit Amalfi","description":"Amalfi Destination Official Website","publisher":{"@id":"https:\/\/www.visitamalfi.info\/es\/#organization"},"potentialAction":[{"@type":"SearchAction","target":{"@type":"EntryPoint","urlTemplate":"https:\/\/www.visitamalfi.info\/es\/?s={search_term_string}"},"query-input":{"@type":"PropertyValueSpecification","valueRequired":true,"valueName":"search_term_string"}}],"inLanguage":"es"},{"@type":"Organization","@id":"https:\/\/www.visitamalfi.info\/es\/#organization","name":"Visit Amalfi","url":"https:\/\/www.visitamalfi.info\/es\/","logo":{"@type":"ImageObject","inLanguage":"es","@id":"https:\/\/www.visitamalfi.info\/es\/#\/schema\/logo\/image\/","url":"https:\/\/www.visitamalfi.info\/wp-content\/uploads\/2023\/04\/visit-amalfi-logo-web.png","contentUrl":"https:\/\/www.visitamalfi.info\/wp-content\/uploads\/2023\/04\/visit-amalfi-logo-web.png","width":800,"height":870,"caption":"Visit Amalfi"},"image":{"@id":"https:\/\/www.visitamalfi.info\/es\/#\/schema\/logo\/image\/"},"sameAs":["https:\/\/www.facebook.com\/visitamalfiofficial","https:\/\/www.instagram.com\/visitamalfiofficial\/"]}]}</script>
<!-- / Yoast SEO plugin. -->

Fotógrafo Emanuele Anastasio - Visit Amalfi

La moda y los reportajes de boda son las dos áreas de especialización del fotógrafo Emanuele Anastasio. La boda: dos miradas que se encuentran con el telón de fondo de [&hellip;]
