{"id":16268,"date":"2025-09-03T09:27:45","date_gmt":"2025-09-03T07:27:45","guid":{"rendered":"https:\/\/www.visitamalfi.info\/poi\/palazzo-san-benedetto\/"},"modified":"2024-07-16T12:32:46","modified_gmt":"2024-07-16T10:32:46","slug":"palazzo-san-benedetto","status":"publish","type":"amw_poi","link":"https:\/\/www.visitamalfi.info\/es\/poi\/palazzo-san-benedetto\/","title":{"rendered":"Palazzo San Benedetto"},"content":{"rendered":"<p>El Palazzo San Benedetto es la sede principal del Municipio de Amalfi, albergando en su interior las oficinas y la biblioteca.<\/p>\n<p>Las oficinas ocupan los tres pisos del palacio; el acceso al primer piso es desde el Corso delle Repubbliche Marinare, al primero y al segundo desde el Largo Francesco Amodio, y la Biblioteca Municipal, en el primer piso, se accede desde el Supportico S. Andrea.<\/p>\n<p>El palacio del municipio de Amalfi tiene una historia antigua: fue construido en el 1579 como sede del monasterio benedictino femenino de la Sant\u00edsima Trinidad, y por eso contiene una iglesia en su interior. El edificio tambi\u00e9n incorpor\u00f3 las dependencias de otra iglesia medieval, la de San Marcos <em>de lo scario<\/em> documentada en 1308, y hoy sede de Correos de Italia. Actualmente, el nombre de Palazzo San Benedetto es una evoluci\u00f3n directa del del monasterio e iglesia de mujeres benedictinas, hoy dedicado a San Benito.<\/p>\n<p>Tras el p\u00f3rtico que precede a la entrada est\u00e1 la Sala del Consejo, en la segunda planta , dedicada al artista Domenico Morelli.<\/p>\n<p>El palacio se extiende hasta la calle que bordea el Corso delle Repubbliche Marinare, donde tambi\u00e9n se encuentra el panel de cer\u00e1mica creado en 1968 por Diodoro Cossa, disc\u00edpulo del maestro ceramista Renato Rossi, el cual relata la historia de Amalfi.<\/p>\n","protected":false},"excerpt":{"rendered":"<p>El Palazzo San Benedetto es la sede principal del Municipio de Amalfi, albergando en su interior las oficinas y la biblioteca. Las oficinas ocupan los tres pisos del palacio; el [&hellip;]<\/p>\n","protected":false},"featured_media":22816,"comment_status":"open","ping_status":"closed","template":"","categoria_poi":[1773,1548],"class_list":["post-16268","amw_poi","type-amw_poi","status-publish","has-post-thumbnail","hentry","categoria_poi-amalfi-centro-es","categoria_poi-cultura-es"],"yoast_head":"<!-- This site is optimized with the Yoast SEO plugin v27.3 - https:\/\/yoast.com\/product\/yoast-seo-wordpress\/ -->\n<title>Palazzo San Benedetto - Visit Amalfi<\/title>\n<meta name=\"robots\" content=\"index, follow, max-snippet:-1, max-image-preview:large, max-video-preview:-1\" \/>\n<link rel=\"canonical\" href=\"https:\/\/www.visitamalfi.info\/es\/poi\/palazzo-san-benedetto\/\" \/>\n<meta property=\"og:locale\" content=\"es_ES\" \/>\n<meta property=\"og:type\" content=\"article\" \/>\n<meta property=\"og:title\" content=\"Palazzo San Benedetto - Visit Amalfi\" \/>\n<meta property=\"og:description\" content=\"El Palazzo San Benedetto es la sede principal del Municipio de Amalfi, albergando en su interior las oficinas y la biblioteca. Las oficinas ocupan los tres pisos del palacio; el [&hellip;]\" \/>\n<meta property=\"og:url\" content=\"https:\/\/www.visitamalfi.info\/es\/poi\/palazzo-san-benedetto\/\" \/>\n<meta property=\"og:site_name\" content=\"Visit Amalfi\" \/>\n<meta property=\"article:publisher\" content=\"https:\/\/www.facebook.com\/visitamalfiofficial\" \/>\n<meta property=\"og:image\" content=\"https:\/\/www.visitamalfi.info\/wp-content\/uploads\/2024\/03\/DSC02555.jpg\" \/>\n\t<meta property=\"og:image:width\" content=\"1920\" \/>\n\t<meta property=\"og:image:height\" content=\"1280\" \/>\n\t<meta property=\"og:image:type\" content=\"image\/jpeg\" \/>\n<meta name=\"twitter:card\" content=\"summary_large_image\" \/>\n<meta name=\"twitter:label1\" content=\"Tiempo de lectura\" \/>\n\t<meta name=\"twitter:data1\" content=\"2 minutos\" \/>\n<script type=\"application\/ld+json\" class=\"yoast-schema-graph\">{\"@context\":\"https:\\\/\\\/schema.org\",\"@graph\":[{\"@type\":\"WebPage\",\"@id\":\"https:\\\/\\\/www.visitamalfi.info\\\/es\\\/poi\\\/palazzo-san-benedetto\\\/\",\"url\":\"https:\\\/\\\/www.visitamalfi.info\\\/es\\\/poi\\\/palazzo-san-benedetto\\\/\",\"name\":\"Palazzo San Benedetto - Visit Amalfi\",\"isPartOf\":{\"@id\":\"https:\\\/\\\/www.visitamalfi.info\\\/es\\\/#website\"},\"primaryImageOfPage\":{\"@id\":\"https:\\\/\\\/www.visitamalfi.info\\\/es\\\/poi\\\/palazzo-san-benedetto\\\/#primaryimage\"},\"image\":{\"@id\":\"https:\\\/\\\/www.visitamalfi.info\\\/es\\\/poi\\\/palazzo-san-benedetto\\\/#primaryimage\"},\"thumbnailUrl\":\"https:\\\/\\\/www.visitamalfi.info\\\/wp-content\\\/uploads\\\/2025\\\/09\\\/Facciata-4.jpg\",\"datePublished\":\"2025-09-03T07:27:45+00:00\",\"breadcrumb\":{\"@id\":\"https:\\\/\\\/www.visitamalfi.info\\\/es\\\/poi\\\/palazzo-san-benedetto\\\/#breadcrumb\"},\"inLanguage\":\"es\",\"potentialAction\":[{\"@type\":\"ReadAction\",\"target\":[\"https:\\\/\\\/www.visitamalfi.info\\\/es\\\/poi\\\/palazzo-san-benedetto\\\/\"]}]},{\"@type\":\"ImageObject\",\"inLanguage\":\"es\",\"@id\":\"https:\\\/\\\/www.visitamalfi.info\\\/es\\\/poi\\\/palazzo-san-benedetto\\\/#primaryimage\",\"url\":\"https:\\\/\\\/www.visitamalfi.info\\\/wp-content\\\/uploads\\\/2025\\\/09\\\/Facciata-4.jpg\",\"contentUrl\":\"https:\\\/\\\/www.visitamalfi.info\\\/wp-content\\\/uploads\\\/2025\\\/09\\\/Facciata-4.jpg\",\"width\":1897,\"height\":1266,\"caption\":\"Palazzo S.Benedetto_Amalfi\"},{\"@type\":\"BreadcrumbList\",\"@id\":\"https:\\\/\\\/www.visitamalfi.info\\\/es\\\/poi\\\/palazzo-san-benedetto\\\/#breadcrumb\",\"itemListElement\":[{\"@type\":\"ListItem\",\"position\":1,\"name\":\"Home\",\"item\":\"https:\\\/\\\/www.visitamalfi.info\\\/es\\\/\"},{\"@type\":\"ListItem\",\"position\":2,\"name\":\"Palazzo San Benedetto\"}]},{\"@type\":\"WebSite\",\"@id\":\"https:\\\/\\\/www.visitamalfi.info\\\/es\\\/#website\",\"url\":\"https:\\\/\\\/www.visitamalfi.info\\\/es\\\/\",\"name\":\"Visit Amalfi\",\"description\":\"Amalfi Destination Official Website\",\"publisher\":{\"@id\":\"https:\\\/\\\/www.visitamalfi.info\\\/es\\\/#organization\"},\"potentialAction\":[{\"@type\":\"SearchAction\",\"target\":{\"@type\":\"EntryPoint\",\"urlTemplate\":\"https:\\\/\\\/www.visitamalfi.info\\\/es\\\/?s={search_term_string}\"},\"query-input\":{\"@type\":\"PropertyValueSpecification\",\"valueRequired\":true,\"valueName\":\"search_term_string\"}}],\"inLanguage\":\"es\"},{\"@type\":\"Organization\",\"@id\":\"https:\\\/\\\/www.visitamalfi.info\\\/es\\\/#organization\",\"name\":\"Visit Amalfi\",\"url\":\"https:\\\/\\\/www.visitamalfi.info\\\/es\\\/\",\"logo\":{\"@type\":\"ImageObject\",\"inLanguage\":\"es\",\"@id\":\"https:\\\/\\\/www.visitamalfi.info\\\/es\\\/#\\\/schema\\\/logo\\\/image\\\/\",\"url\":\"https:\\\/\\\/www.visitamalfi.info\\\/wp-content\\\/uploads\\\/2023\\\/04\\\/visit-amalfi-logo-web.png\",\"contentUrl\":\"https:\\\/\\\/www.visitamalfi.info\\\/wp-content\\\/uploads\\\/2023\\\/04\\\/visit-amalfi-logo-web.png\",\"width\":800,\"height\":870,\"caption\":\"Visit Amalfi\"},\"image\":{\"@id\":\"https:\\\/\\\/www.visitamalfi.info\\\/es\\\/#\\\/schema\\\/logo\\\/image\\\/\"},\"sameAs\":[\"https:\\\/\\\/www.facebook.com\\\/visitamalfiofficial\",\"https:\\\/\\\/www.instagram.com\\\/visitamalfiofficial\\\/\"]}]}<\/script>\n<!-- \/ Yoast SEO plugin. -->","yoast_head_json":{"title":"Palazzo San Benedetto - Visit Amalfi","robots":{"index":"index","follow":"follow","max-snippet":"max-snippet:-1","max-image-preview":"max-image-preview:large","max-video-preview":"max-video-preview:-1"},"canonical":"https:\/\/www.visitamalfi.info\/es\/poi\/palazzo-san-benedetto\/","og_locale":"es_ES","og_type":"article","og_title":"Palazzo San Benedetto - Visit Amalfi","og_description":"El Palazzo San Benedetto es la sede principal del Municipio de Amalfi, albergando en su interior las oficinas y la biblioteca. Las oficinas ocupan los tres pisos del palacio; el [&hellip;]","og_url":"https:\/\/www.visitamalfi.info\/es\/poi\/palazzo-san-benedetto\/","og_site_name":"Visit Amalfi","article_publisher":"https:\/\/www.facebook.com\/visitamalfiofficial","og_image":[{"width":1920,"height":1280,"url":"https:\/\/www.visitamalfi.info\/wp-content\/uploads\/2024\/03\/DSC02555.jpg","type":"image\/jpeg"}],"twitter_card":"summary_large_image","twitter_misc":{"Tiempo de lectura":"2 minutos"},"schema":{"@context":"https:\/\/schema.org","@graph":[{"@type":"WebPage","@id":"https:\/\/www.visitamalfi.info\/es\/poi\/palazzo-san-benedetto\/","url":"https:\/\/www.visitamalfi.info\/es\/poi\/palazzo-san-benedetto\/","name":"Palazzo San Benedetto - Visit Amalfi","isPartOf":{"@id":"https:\/\/www.visitamalfi.info\/es\/#website"},"primaryImageOfPage":{"@id":"https:\/\/www.visitamalfi.info\/es\/poi\/palazzo-san-benedetto\/#primaryimage"},"image":{"@id":"https:\/\/www.visitamalfi.info\/es\/poi\/palazzo-san-benedetto\/#primaryimage"},"thumbnailUrl":"https:\/\/www.visitamalfi.info\/wp-content\/uploads\/2025\/09\/Facciata-4.jpg","datePublished":"2025-09-03T07:27:45+00:00","breadcrumb":{"@id":"https:\/\/www.visitamalfi.info\/es\/poi\/palazzo-san-benedetto\/#breadcrumb"},"inLanguage":"es","potentialAction":[{"@type":"ReadAction","target":["https:\/\/www.visitamalfi.info\/es\/poi\/palazzo-san-benedetto\/"]}]},{"@type":"ImageObject","inLanguage":"es","@id":"https:\/\/www.visitamalfi.info\/es\/poi\/palazzo-san-benedetto\/#primaryimage","url":"https:\/\/www.visitamalfi.info\/wp-content\/uploads\/2025\/09\/Facciata-4.jpg","contentUrl":"https:\/\/www.visitamalfi.info\/wp-content\/uploads\/2025\/09\/Facciata-4.jpg","width":1897,"height":1266,"caption":"Palazzo S.Benedetto_Amalfi"},{"@type":"BreadcrumbList","@id":"https:\/\/www.visitamalfi.info\/es\/poi\/palazzo-san-benedetto\/#breadcrumb","itemListElement":[{"@type":"ListItem","position":1,"name":"Home","item":"https:\/\/www.visitamalfi.info\/es\/"},{"@type":"ListItem","position":2,"name":"Palazzo San Benedetto"}]},{"@type":"WebSite","@id":"https:\/\/www.visitamalfi.info\/es\/#website","url":"https:\/\/www.visitamalfi.info\/es\/","name":"Visit Amalfi","description":"Amalfi Destination Official Website","publisher":{"@id":"https:\/\/www.visitamalfi.info\/es\/#organization"},"potentialAction":[{"@type":"SearchAction","target":{"@type":"EntryPoint","urlTemplate":"https:\/\/www.visitamalfi.info\/es\/?s={search_term_string}"},"query-input":{"@type":"PropertyValueSpecification","valueRequired":true,"valueName":"search_term_string"}}],"inLanguage":"es"},{"@type":"Organization","@id":"https:\/\/www.visitamalfi.info\/es\/#organization","name":"Visit Amalfi","url":"https:\/\/www.visitamalfi.info\/es\/","logo":{"@type":"ImageObject","inLanguage":"es","@id":"https:\/\/www.visitamalfi.info\/es\/#\/schema\/logo\/image\/","url":"https:\/\/www.visitamalfi.info\/wp-content\/uploads\/2023\/04\/visit-amalfi-logo-web.png","contentUrl":"https:\/\/www.visitamalfi.info\/wp-content\/uploads\/2023\/04\/visit-amalfi-logo-web.png","width":800,"height":870,"caption":"Visit Amalfi"},"image":{"@id":"https:\/\/www.visitamalfi.info\/es\/#\/schema\/logo\/image\/"},"sameAs":["https:\/\/www.facebook.com\/visitamalfiofficial","https:\/\/www.instagram.com\/visitamalfiofficial\/"]}]}},"_links":{"self":[{"href":"https:\/\/www.visitamalfi.info\/es\/wp-json\/wp\/v2\/amw_poi\/16268","targetHints":{"allow":["GET"]}}],"collection":[{"href":"https:\/\/www.visitamalfi.info\/es\/wp-json\/wp\/v2\/amw_poi"}],"about":[{"href":"https:\/\/www.visitamalfi.info\/es\/wp-json\/wp\/v2\/types\/amw_poi"}],"replies":[{"embeddable":true,"href":"https:\/\/www.visitamalfi.info\/es\/wp-json\/wp\/v2\/comments?post=16268"}],"version-history":[{"count":1,"href":"https:\/\/www.visitamalfi.info\/es\/wp-json\/wp\/v2\/amw_poi\/16268\/revisions"}],"predecessor-version":[{"id":19486,"href":"https:\/\/www.visitamalfi.info\/es\/wp-json\/wp\/v2\/amw_poi\/16268\/revisions\/19486"}],"wp:featuredmedia":[{"embeddable":true,"href":"https:\/\/www.visitamalfi.info\/es\/wp-json\/wp\/v2\/media\/22816"}],"wp:attachment":[{"href":"https:\/\/www.visitamalfi.info\/es\/wp-json\/wp\/v2\/media?parent=16268"}],"wp:term":[{"taxonomy":"categoria_poi","embeddable":true,"href":"https:\/\/www.visitamalfi.info\/es\/wp-json\/wp\/v2\/categoria_poi?post=16268"}],"curies":[{"name":"wp","href":"https:\/\/api.w.org\/{rel}","templated":true}]}}

<p>El Palazzo San Benedetto es la sede principal del Municipio de Amalfi, albergando en su interior las oficinas y la biblioteca.</p>
<p>Las oficinas ocupan los tres pisos del palacio; el acceso al primer piso es desde el Corso delle Repubbliche Marinare, al primero y al segundo desde el Largo Francesco Amodio, y la Biblioteca Municipal, en el primer piso, se accede desde el Supportico S. Andrea.</p>
<p>El palacio del municipio de Amalfi tiene una historia antigua: fue construido en el 1579 como sede del monasterio benedictino femenino de la Santísima Trinidad, y por eso contiene una iglesia en su interior. El edificio también incorporó las dependencias de otra iglesia medieval, la de San Marcos <em>de lo scario</em> documentada en 1308, y hoy sede de Correos de Italia. Actualmente, el nombre de Palazzo San Benedetto es una evolución directa del del monasterio e iglesia de mujeres benedictinas, hoy dedicado a San Benito.</p>
<p>Tras el pórtico que precede a la entrada está la Sala del Consejo, en la segunda planta , dedicada al artista Domenico Morelli.</p>
<p>El palacio se extiende hasta la calle que bordea el Corso delle Repubbliche Marinare, donde también se encuentra el panel de cerámica creado en 1968 por Diodoro Cossa, discípulo del maestro ceramista Renato Rossi, el cual relata la historia de Amalfi.</p>
