{"id":16262,"date":"2025-09-03T09:35:36","date_gmt":"2025-09-03T07:35:36","guid":{"rendered":"https:\/\/www.visitamalfi.info\/poi\/piazza-duomo\/"},"modified":"2024-07-16T12:38:27","modified_gmt":"2024-07-16T10:38:27","slug":"piazza-duomo","status":"publish","type":"amw_poi","link":"https:\/\/www.visitamalfi.info\/es\/poi\/piazza-duomo\/","title":{"rendered":"Piazza Duomo"},"content":{"rendered":"<p>Durante la Edad Media, la Plaza del Duomo era uno de los puntos neur\u00e1lgicos del centro de la ciudad, conocida entonces como platea Nova. La Platea se cre\u00f3 en el \u00faltimo cuarto del siglo XIII tras el cubrimiento del r\u00edo Canneto. Adem\u00e1s de los numerosos comercios, la platea Nova estaba dominada por la antigua catedral y, en la \u00e9poca normanda, por el Palazzo Pubblico con la capilla contigua de S. Pietro a Curte, que luego fue reemplazado por el Seminario Arzobispal, notable por el reloj de sol en su fachada, fundado en 1635 por el arzobispo Pichi.<\/p>\n<p>En el lado sur de la plaza se encuentra la fuente (1760) conocida como la Fuente de San Andr\u00e9s Ap\u00f3stol o del Pueblo, restaurada en 2018 y situada antiguamente al pie de la escalera &#8220;<em>scalea<\/em>&#8221; monumental de la Catedral.<\/p>\n<p>Alrededor de la plaza hay edificios de varias plantas que datan de distintas \u00e9pocas. Detr\u00e1s de la fuente se alza un palacio delimitado al este por la Via Mansone I y al oeste por la Porta della Marina, construida a finales de la Edad Media para albergar la sede de la nobleza. El mismo palacio albergaba la corte del \u00abprotontino\u00bb, jefe de la armada amalfitana, que conservaba la copia original de la <em>Tabula de Amalpha<\/em>. Tras la abolici\u00f3n del Ducado en 1583, el edificio pas\u00f3 a albergar la residencia del virrey gobernador espa\u00f1ol.<\/p>\n<p>Frente a la catedral se alza un edificio amarillo ocre con elementos decorativos neocl\u00e1sicos construido a finales del siglo XVIII.<\/p>\n<p>Al este de la plaza, una larga escalinata conduce al atrio de la catedral consagrada a San Andr\u00e9s Ap\u00f3stol. La fachada rom\u00e1nica actual, dise\u00f1ada por los arquitectos napolitanos Enrico Alvino y Guglielmo Raimondi, se termin\u00f3 en 1891 para sustituir a la barroca que se derrumb\u00f3 en 1861.<\/p>\n<p>En la nueva fachada se aplicaron escenas de mosaico sobre caricaturas de Domenico Morelli. El t\u00edmpano presenta una escena del Apocalipsis de San Juan, donde Cristo aparece como emperador bizantino, rodeado por los s\u00edmbolos de los cuatro evangelistas y acompa\u00f1ado por los gobernantes terrenales que le rinden homenaje. En la banda inferior, encerrados en nichos arcaicos, est\u00e1n los doce ap\u00f3stoles.<\/p>\n<p>A primera hora de la tarde, los rayos del sol iluminan directamente los mosaicos, generando efectos \u00fanicos de luz y color. Los bocetos de los mosaicos pintados por Morelli se pueden ver en la Sala que lleva su nombre en el Ayuntamiento. La fachada fue objeto de una extensa restauraci\u00f3n que finaliz\u00f3 en 2020.<\/p>\n<p>Junto a la Catedral se alza el campanario, construido entre 1180 y 1276. La base est\u00e1 compuesta por macizos bloques cuadrados de piedra, mientras que los pisos primero y segundo hasta las cornisas presentan ajimeces y tr\u00edforas de estilo rom\u00e1nico con columnas y capiteles cl\u00e1sicos. El campanario, distinguido por sus arcos entrelazados marcados por una serie de may\u00f3licas amarillas y verdes, muestra una clara influencia morisca.<\/p>\n","protected":false},"excerpt":{"rendered":"<p>Durante la Edad Media, la Plaza del Duomo era uno de los puntos neur\u00e1lgicos del centro de la ciudad, conocida entonces como platea Nova. La Platea se cre\u00f3 en el [&hellip;]<\/p>\n","protected":false},"featured_media":15051,"comment_status":"open","ping_status":"closed","template":"","categoria_poi":[1773,1548],"class_list":["post-16262","amw_poi","type-amw_poi","status-publish","has-post-thumbnail","hentry","categoria_poi-amalfi-centro-es","categoria_poi-cultura-es"],"yoast_head":"<!-- This site is optimized with the Yoast SEO plugin v27.3 - https:\/\/yoast.com\/product\/yoast-seo-wordpress\/ -->\n<title>Piazza Duomo - Visit Amalfi<\/title>\n<meta name=\"robots\" content=\"index, follow, max-snippet:-1, max-image-preview:large, max-video-preview:-1\" \/>\n<link rel=\"canonical\" href=\"https:\/\/www.visitamalfi.info\/es\/poi\/piazza-duomo\/\" \/>\n<meta property=\"og:locale\" content=\"es_ES\" \/>\n<meta property=\"og:type\" content=\"article\" \/>\n<meta property=\"og:title\" content=\"Piazza Duomo - Visit Amalfi\" \/>\n<meta property=\"og:description\" content=\"Durante la Edad Media, la Plaza del Duomo era uno de los puntos neur\u00e1lgicos del centro de la ciudad, conocida entonces como platea Nova. La Platea se cre\u00f3 en el [&hellip;]\" \/>\n<meta property=\"og:url\" content=\"https:\/\/www.visitamalfi.info\/es\/poi\/piazza-duomo\/\" \/>\n<meta property=\"og:site_name\" content=\"Visit Amalfi\" \/>\n<meta property=\"article:publisher\" content=\"https:\/\/www.facebook.com\/visitamalfiofficial\" \/>\n<meta property=\"og:image\" content=\"https:\/\/www.visitamalfi.info\/wp-content\/uploads\/2024\/03\/DSC03074.jpg\" \/>\n\t<meta property=\"og:image:width\" content=\"1280\" \/>\n\t<meta property=\"og:image:height\" content=\"1920\" \/>\n\t<meta property=\"og:image:type\" content=\"image\/jpeg\" \/>\n<meta name=\"twitter:card\" content=\"summary_large_image\" \/>\n<meta name=\"twitter:label1\" content=\"Tiempo de lectura\" \/>\n\t<meta name=\"twitter:data1\" content=\"3 minutos\" \/>\n<script type=\"application\/ld+json\" class=\"yoast-schema-graph\">{\"@context\":\"https:\\\/\\\/schema.org\",\"@graph\":[{\"@type\":\"WebPage\",\"@id\":\"https:\\\/\\\/www.visitamalfi.info\\\/es\\\/poi\\\/piazza-duomo\\\/\",\"url\":\"https:\\\/\\\/www.visitamalfi.info\\\/es\\\/poi\\\/piazza-duomo\\\/\",\"name\":\"Piazza Duomo - Visit Amalfi\",\"isPartOf\":{\"@id\":\"https:\\\/\\\/www.visitamalfi.info\\\/es\\\/#website\"},\"primaryImageOfPage\":{\"@id\":\"https:\\\/\\\/www.visitamalfi.info\\\/es\\\/poi\\\/piazza-duomo\\\/#primaryimage\"},\"image\":{\"@id\":\"https:\\\/\\\/www.visitamalfi.info\\\/es\\\/poi\\\/piazza-duomo\\\/#primaryimage\"},\"thumbnailUrl\":\"https:\\\/\\\/www.visitamalfi.info\\\/wp-content\\\/uploads\\\/2024\\\/03\\\/DSC03074.jpg\",\"datePublished\":\"2025-09-03T07:35:36+00:00\",\"breadcrumb\":{\"@id\":\"https:\\\/\\\/www.visitamalfi.info\\\/es\\\/poi\\\/piazza-duomo\\\/#breadcrumb\"},\"inLanguage\":\"es\",\"potentialAction\":[{\"@type\":\"ReadAction\",\"target\":[\"https:\\\/\\\/www.visitamalfi.info\\\/es\\\/poi\\\/piazza-duomo\\\/\"]}]},{\"@type\":\"ImageObject\",\"inLanguage\":\"es\",\"@id\":\"https:\\\/\\\/www.visitamalfi.info\\\/es\\\/poi\\\/piazza-duomo\\\/#primaryimage\",\"url\":\"https:\\\/\\\/www.visitamalfi.info\\\/wp-content\\\/uploads\\\/2024\\\/03\\\/DSC03074.jpg\",\"contentUrl\":\"https:\\\/\\\/www.visitamalfi.info\\\/wp-content\\\/uploads\\\/2024\\\/03\\\/DSC03074.jpg\",\"width\":1280,\"height\":1920,\"caption\":\"Amalfi_ Piazza Duomo\"},{\"@type\":\"BreadcrumbList\",\"@id\":\"https:\\\/\\\/www.visitamalfi.info\\\/es\\\/poi\\\/piazza-duomo\\\/#breadcrumb\",\"itemListElement\":[{\"@type\":\"ListItem\",\"position\":1,\"name\":\"Home\",\"item\":\"https:\\\/\\\/www.visitamalfi.info\\\/es\\\/\"},{\"@type\":\"ListItem\",\"position\":2,\"name\":\"Piazza Duomo\"}]},{\"@type\":\"WebSite\",\"@id\":\"https:\\\/\\\/www.visitamalfi.info\\\/es\\\/#website\",\"url\":\"https:\\\/\\\/www.visitamalfi.info\\\/es\\\/\",\"name\":\"Visit Amalfi\",\"description\":\"Amalfi Destination Official Website\",\"publisher\":{\"@id\":\"https:\\\/\\\/www.visitamalfi.info\\\/es\\\/#organization\"},\"potentialAction\":[{\"@type\":\"SearchAction\",\"target\":{\"@type\":\"EntryPoint\",\"urlTemplate\":\"https:\\\/\\\/www.visitamalfi.info\\\/es\\\/?s={search_term_string}\"},\"query-input\":{\"@type\":\"PropertyValueSpecification\",\"valueRequired\":true,\"valueName\":\"search_term_string\"}}],\"inLanguage\":\"es\"},{\"@type\":\"Organization\",\"@id\":\"https:\\\/\\\/www.visitamalfi.info\\\/es\\\/#organization\",\"name\":\"Visit Amalfi\",\"url\":\"https:\\\/\\\/www.visitamalfi.info\\\/es\\\/\",\"logo\":{\"@type\":\"ImageObject\",\"inLanguage\":\"es\",\"@id\":\"https:\\\/\\\/www.visitamalfi.info\\\/es\\\/#\\\/schema\\\/logo\\\/image\\\/\",\"url\":\"https:\\\/\\\/www.visitamalfi.info\\\/wp-content\\\/uploads\\\/2023\\\/04\\\/visit-amalfi-logo-web.png\",\"contentUrl\":\"https:\\\/\\\/www.visitamalfi.info\\\/wp-content\\\/uploads\\\/2023\\\/04\\\/visit-amalfi-logo-web.png\",\"width\":800,\"height\":870,\"caption\":\"Visit Amalfi\"},\"image\":{\"@id\":\"https:\\\/\\\/www.visitamalfi.info\\\/es\\\/#\\\/schema\\\/logo\\\/image\\\/\"},\"sameAs\":[\"https:\\\/\\\/www.facebook.com\\\/visitamalfiofficial\",\"https:\\\/\\\/www.instagram.com\\\/visitamalfiofficial\\\/\"]}]}<\/script>\n<!-- \/ Yoast SEO plugin. -->","yoast_head_json":{"title":"Piazza Duomo - Visit Amalfi","robots":{"index":"index","follow":"follow","max-snippet":"max-snippet:-1","max-image-preview":"max-image-preview:large","max-video-preview":"max-video-preview:-1"},"canonical":"https:\/\/www.visitamalfi.info\/es\/poi\/piazza-duomo\/","og_locale":"es_ES","og_type":"article","og_title":"Piazza Duomo - Visit Amalfi","og_description":"Durante la Edad Media, la Plaza del Duomo era uno de los puntos neur\u00e1lgicos del centro de la ciudad, conocida entonces como platea Nova. La Platea se cre\u00f3 en el [&hellip;]","og_url":"https:\/\/www.visitamalfi.info\/es\/poi\/piazza-duomo\/","og_site_name":"Visit Amalfi","article_publisher":"https:\/\/www.facebook.com\/visitamalfiofficial","og_image":[{"width":1280,"height":1920,"url":"https:\/\/www.visitamalfi.info\/wp-content\/uploads\/2024\/03\/DSC03074.jpg","type":"image\/jpeg"}],"twitter_card":"summary_large_image","twitter_misc":{"Tiempo de lectura":"3 minutos"},"schema":{"@context":"https:\/\/schema.org","@graph":[{"@type":"WebPage","@id":"https:\/\/www.visitamalfi.info\/es\/poi\/piazza-duomo\/","url":"https:\/\/www.visitamalfi.info\/es\/poi\/piazza-duomo\/","name":"Piazza Duomo - Visit Amalfi","isPartOf":{"@id":"https:\/\/www.visitamalfi.info\/es\/#website"},"primaryImageOfPage":{"@id":"https:\/\/www.visitamalfi.info\/es\/poi\/piazza-duomo\/#primaryimage"},"image":{"@id":"https:\/\/www.visitamalfi.info\/es\/poi\/piazza-duomo\/#primaryimage"},"thumbnailUrl":"https:\/\/www.visitamalfi.info\/wp-content\/uploads\/2024\/03\/DSC03074.jpg","datePublished":"2025-09-03T07:35:36+00:00","breadcrumb":{"@id":"https:\/\/www.visitamalfi.info\/es\/poi\/piazza-duomo\/#breadcrumb"},"inLanguage":"es","potentialAction":[{"@type":"ReadAction","target":["https:\/\/www.visitamalfi.info\/es\/poi\/piazza-duomo\/"]}]},{"@type":"ImageObject","inLanguage":"es","@id":"https:\/\/www.visitamalfi.info\/es\/poi\/piazza-duomo\/#primaryimage","url":"https:\/\/www.visitamalfi.info\/wp-content\/uploads\/2024\/03\/DSC03074.jpg","contentUrl":"https:\/\/www.visitamalfi.info\/wp-content\/uploads\/2024\/03\/DSC03074.jpg","width":1280,"height":1920,"caption":"Amalfi_ Piazza Duomo"},{"@type":"BreadcrumbList","@id":"https:\/\/www.visitamalfi.info\/es\/poi\/piazza-duomo\/#breadcrumb","itemListElement":[{"@type":"ListItem","position":1,"name":"Home","item":"https:\/\/www.visitamalfi.info\/es\/"},{"@type":"ListItem","position":2,"name":"Piazza Duomo"}]},{"@type":"WebSite","@id":"https:\/\/www.visitamalfi.info\/es\/#website","url":"https:\/\/www.visitamalfi.info\/es\/","name":"Visit Amalfi","description":"Amalfi Destination Official Website","publisher":{"@id":"https:\/\/www.visitamalfi.info\/es\/#organization"},"potentialAction":[{"@type":"SearchAction","target":{"@type":"EntryPoint","urlTemplate":"https:\/\/www.visitamalfi.info\/es\/?s={search_term_string}"},"query-input":{"@type":"PropertyValueSpecification","valueRequired":true,"valueName":"search_term_string"}}],"inLanguage":"es"},{"@type":"Organization","@id":"https:\/\/www.visitamalfi.info\/es\/#organization","name":"Visit Amalfi","url":"https:\/\/www.visitamalfi.info\/es\/","logo":{"@type":"ImageObject","inLanguage":"es","@id":"https:\/\/www.visitamalfi.info\/es\/#\/schema\/logo\/image\/","url":"https:\/\/www.visitamalfi.info\/wp-content\/uploads\/2023\/04\/visit-amalfi-logo-web.png","contentUrl":"https:\/\/www.visitamalfi.info\/wp-content\/uploads\/2023\/04\/visit-amalfi-logo-web.png","width":800,"height":870,"caption":"Visit Amalfi"},"image":{"@id":"https:\/\/www.visitamalfi.info\/es\/#\/schema\/logo\/image\/"},"sameAs":["https:\/\/www.facebook.com\/visitamalfiofficial","https:\/\/www.instagram.com\/visitamalfiofficial\/"]}]}},"_links":{"self":[{"href":"https:\/\/www.visitamalfi.info\/es\/wp-json\/wp\/v2\/amw_poi\/16262","targetHints":{"allow":["GET"]}}],"collection":[{"href":"https:\/\/www.visitamalfi.info\/es\/wp-json\/wp\/v2\/amw_poi"}],"about":[{"href":"https:\/\/www.visitamalfi.info\/es\/wp-json\/wp\/v2\/types\/amw_poi"}],"replies":[{"embeddable":true,"href":"https:\/\/www.visitamalfi.info\/es\/wp-json\/wp\/v2\/comments?post=16262"}],"version-history":[{"count":1,"href":"https:\/\/www.visitamalfi.info\/es\/wp-json\/wp\/v2\/amw_poi\/16262\/revisions"}],"predecessor-version":[{"id":19512,"href":"https:\/\/www.visitamalfi.info\/es\/wp-json\/wp\/v2\/amw_poi\/16262\/revisions\/19512"}],"wp:featuredmedia":[{"embeddable":true,"href":"https:\/\/www.visitamalfi.info\/es\/wp-json\/wp\/v2\/media\/15051"}],"wp:attachment":[{"href":"https:\/\/www.visitamalfi.info\/es\/wp-json\/wp\/v2\/media?parent=16262"}],"wp:term":[{"taxonomy":"categoria_poi","embeddable":true,"href":"https:\/\/www.visitamalfi.info\/es\/wp-json\/wp\/v2\/categoria_poi?post=16262"}],"curies":[{"name":"wp","href":"https:\/\/api.w.org\/{rel}","templated":true}]}}

<p>Durante la Edad Media, la Plaza del Duomo era uno de los puntos neurálgicos del centro de la ciudad, conocida entonces como platea Nova. La Platea se creó en el último cuarto del siglo XIII tras el cubrimiento del río Canneto. Además de los numerosos comercios, la platea Nova estaba dominada por la antigua catedral y, en la época normanda, por el Palazzo Pubblico con la capilla contigua de S. Pietro a Curte, que luego fue reemplazado por el Seminario Arzobispal, notable por el reloj de sol en su fachada, fundado en 1635 por el arzobispo Pichi.</p>
<p>En el lado sur de la plaza se encuentra la fuente (1760) conocida como la Fuente de San Andrés Apóstol o del Pueblo, restaurada en 2018 y situada antiguamente al pie de la escalera &#8220;<em>scalea</em>&#8221; monumental de la Catedral.</p>
<p>Alrededor de la plaza hay edificios de varias plantas que datan de distintas épocas. Detrás de la fuente se alza un palacio delimitado al este por la Via Mansone I y al oeste por la Porta della Marina, construida a finales de la Edad Media para albergar la sede de la nobleza. El mismo palacio albergaba la corte del «protontino», jefe de la armada amalfitana, que conservaba la copia original de la <em>Tabula de Amalpha</em>. Tras la abolición del Ducado en 1583, el edificio pasó a albergar la residencia del virrey gobernador español.</p>
<p>Frente a la catedral se alza un edificio amarillo ocre con elementos decorativos neoclásicos construido a finales del siglo XVIII.</p>
<p>Al este de la plaza, una larga escalinata conduce al atrio de la catedral consagrada a San Andrés Apóstol. La fachada románica actual, diseñada por los arquitectos napolitanos Enrico Alvino y Guglielmo Raimondi, se terminó en 1891 para sustituir a la barroca que se derrumbó en 1861.</p>
<p>En la nueva fachada se aplicaron escenas de mosaico sobre caricaturas de Domenico Morelli. El tímpano presenta una escena del Apocalipsis de San Juan, donde Cristo aparece como emperador bizantino, rodeado por los símbolos de los cuatro evangelistas y acompañado por los gobernantes terrenales que le rinden homenaje. En la banda inferior, encerrados en nichos arcaicos, están los doce apóstoles.</p>
<p>A primera hora de la tarde, los rayos del sol iluminan directamente los mosaicos, generando efectos únicos de luz y color. Los bocetos de los mosaicos pintados por Morelli se pueden ver en la Sala que lleva su nombre en el Ayuntamiento. La fachada fue objeto de una extensa restauración que finalizó en 2020.</p>
<p>Junto a la Catedral se alza el campanario, construido entre 1180 y 1276. La base está compuesta por macizos bloques cuadrados de piedra, mientras que los pisos primero y segundo hasta las cornisas presentan ajimeces y tríforas de estilo románico con columnas y capiteles clásicos. El campanario, distinguido por sus arcos entrelazados marcados por una serie de mayólicas amarillas y verdes, muestra una clara influencia morisca.</p>

<p>Durante la Edad Media, la Plaza del Duomo era uno de los puntos neurálgicos del centro de la ciudad, conocida entonces como platea Nova. La Platea se creó en el [&hellip;]</p>

<!-- This site is optimized with the Yoast SEO plugin v27.3 - https://yoast.com/product/yoast-seo-wordpress/ -->
<title>Piazza Duomo - Visit Amalfi</title>
<meta name="robots" content="index, follow, max-snippet:-1, max-image-preview:large, max-video-preview:-1" />
<link rel="canonical" href="https://www.visitamalfi.info/es/poi/piazza-duomo/" />
<meta property="og:locale" content="es_ES" />
<meta property="og:type" content="article" />
<meta property="og:title" content="Piazza Duomo - Visit Amalfi" />
<meta property="og:description" content="Durante la Edad Media, la Plaza del Duomo era uno de los puntos neurálgicos del centro de la ciudad, conocida entonces como platea Nova. La Platea se creó en el [&hellip;]" />
<meta property="og:url" content="https://www.visitamalfi.info/es/poi/piazza-duomo/" />
<meta property="og:site_name" content="Visit Amalfi" />
<meta property="article:publisher" content="https://www.facebook.com/visitamalfiofficial" />
<meta property="og:image" content="https://www.visitamalfi.info/wp-content/uploads/2024/03/DSC03074.jpg" />
	<meta property="og:image:width" content="1280" />
	<meta property="og:image:height" content="1920" />
	<meta property="og:image:type" content="image/jpeg" />
<meta name="twitter:card" content="summary_large_image" />
<meta name="twitter:label1" content="Tiempo de lectura" />
	<meta name="twitter:data1" content="3 minutos" />
<script type="application/ld+json" class="yoast-schema-graph">{"@context":"https:\/\/schema.org","@graph":[{"@type":"WebPage","@id":"https:\/\/www.visitamalfi.info\/es\/poi\/piazza-duomo\/","url":"https:\/\/www.visitamalfi.info\/es\/poi\/piazza-duomo\/","name":"Piazza Duomo - Visit Amalfi","isPartOf":{"@id":"https:\/\/www.visitamalfi.info\/es\/#website"},"primaryImageOfPage":{"@id":"https:\/\/www.visitamalfi.info\/es\/poi\/piazza-duomo\/#primaryimage"},"image":{"@id":"https:\/\/www.visitamalfi.info\/es\/poi\/piazza-duomo\/#primaryimage"},"thumbnailUrl":"https:\/\/www.visitamalfi.info\/wp-content\/uploads\/2024\/03\/DSC03074.jpg","datePublished":"2025-09-03T07:35:36+00:00","breadcrumb":{"@id":"https:\/\/www.visitamalfi.info\/es\/poi\/piazza-duomo\/#breadcrumb"},"inLanguage":"es","potentialAction":[{"@type":"ReadAction","target":["https:\/\/www.visitamalfi.info\/es\/poi\/piazza-duomo\/"]}]},{"@type":"ImageObject","inLanguage":"es","@id":"https:\/\/www.visitamalfi.info\/es\/poi\/piazza-duomo\/#primaryimage","url":"https:\/\/www.visitamalfi.info\/wp-content\/uploads\/2024\/03\/DSC03074.jpg","contentUrl":"https:\/\/www.visitamalfi.info\/wp-content\/uploads\/2024\/03\/DSC03074.jpg","width":1280,"height":1920,"caption":"Amalfi_ Piazza Duomo"},{"@type":"BreadcrumbList","@id":"https:\/\/www.visitamalfi.info\/es\/poi\/piazza-duomo\/#breadcrumb","itemListElement":[{"@type":"ListItem","position":1,"name":"Home","item":"https:\/\/www.visitamalfi.info\/es\/"},{"@type":"ListItem","position":2,"name":"Piazza Duomo"}]},{"@type":"WebSite","@id":"https:\/\/www.visitamalfi.info\/es\/#website","url":"https:\/\/www.visitamalfi.info\/es\/","name":"Visit Amalfi","description":"Amalfi Destination Official Website","publisher":{"@id":"https:\/\/www.visitamalfi.info\/es\/#organization"},"potentialAction":[{"@type":"SearchAction","target":{"@type":"EntryPoint","urlTemplate":"https:\/\/www.visitamalfi.info\/es\/?s={search_term_string}"},"query-input":{"@type":"PropertyValueSpecification","valueRequired":true,"valueName":"search_term_string"}}],"inLanguage":"es"},{"@type":"Organization","@id":"https:\/\/www.visitamalfi.info\/es\/#organization","name":"Visit Amalfi","url":"https:\/\/www.visitamalfi.info\/es\/","logo":{"@type":"ImageObject","inLanguage":"es","@id":"https:\/\/www.visitamalfi.info\/es\/#\/schema\/logo\/image\/","url":"https:\/\/www.visitamalfi.info\/wp-content\/uploads\/2023\/04\/visit-amalfi-logo-web.png","contentUrl":"https:\/\/www.visitamalfi.info\/wp-content\/uploads\/2023\/04\/visit-amalfi-logo-web.png","width":800,"height":870,"caption":"Visit Amalfi"},"image":{"@id":"https:\/\/www.visitamalfi.info\/es\/#\/schema\/logo\/image\/"},"sameAs":["https:\/\/www.facebook.com\/visitamalfiofficial","https:\/\/www.instagram.com\/visitamalfiofficial\/"]}]}</script>
<!-- / Yoast SEO plugin. -->

Durante la Edad Media, la Plaza del Duomo era uno de los puntos neurálgicos del centro de la ciudad, conocida entonces como platea Nova. La Platea se creó en el [&hellip;]
