{"id":16253,"date":"2025-09-03T09:52:16","date_gmt":"2025-09-03T07:52:16","guid":{"rendered":"https:\/\/www.visitamalfi.info\/poi\/domus-vagliendola\/"},"modified":"2024-07-16T12:45:26","modified_gmt":"2024-07-16T10:45:26","slug":"domus-vagliendola","status":"publish","type":"amw_poi","link":"https:\/\/www.visitamalfi.info\/es\/poi\/domus-vagliendola\/","title":{"rendered":"Domus Vagliendola"},"content":{"rendered":"<p>La <em>Domus<\/em> (\u00abcasa aristocr\u00e1tica\u00bb) Vagliendola, de finales del siglo XI, cuenta con un atrio &#8220;<em>atrium<\/em>&#8221; que incluye columnas y capiteles de estilo medieval en la planta baja, y ventanas ajimezadas y b\u00f3vedas de crucer\u00eda en los pisos superiores. En el \u00faltimo piso se conserva la capilla del palacio. Las distintas plantas est\u00e1n conectadas por una escalera de caracol cubierta por peque\u00f1as b\u00f3vedas. En aquella \u00e9poca, las viviendas de la aristocracia amalfitana sol\u00edan alcanzar una altura de cinco pisos. En la planta baja se encontraban los almacenes llamados \u00abcatodei\u00bb. La entrada principal sol\u00eda tener un vest\u00edbulo que a menudo inclu\u00eda una peque\u00f1a columnata, similar al caso de la <em>Domus<\/em> Vagliendola. Los muros exteriores ten\u00edan algunas ventanas arcaicas y algunas aspilleras. La cocina se encontraba en el piso superior para facilitar la dispersi\u00f3n de los olores y estaba conectada con el huerto o jard\u00edn.<\/p>\n<p>En los pisos inferiores se encontraban la \u00abcamminata\u00bb, un comedor con chimenea, y las \u00e1reas donde las mujeres tej\u00edan principalmente lana. Los retretes sobresal\u00edan de los muros exteriores y vert\u00edan directamente al r\u00edo, al mar o a los huertos. La cubierta de la <em>domus<\/em> pod\u00eda estar techada o pavimentada. Los surtidores de agua de lluvia sobresal\u00edan de las logias superiores.<\/p>\n","protected":false},"excerpt":{"rendered":"<p>La Domus (\u00abcasa aristocr\u00e1tica\u00bb) Vagliendola, de finales del siglo XI, cuenta con un atrio &#8220;atrium&#8221; que incluye columnas y capiteles de estilo medieval en la planta baja, y ventanas ajimezadas [&hellip;]<\/p>\n","protected":false},"featured_media":15252,"comment_status":"open","ping_status":"closed","template":"","categoria_poi":[1773,1548],"class_list":["post-16253","amw_poi","type-amw_poi","status-publish","has-post-thumbnail","hentry","categoria_poi-amalfi-centro-es","categoria_poi-cultura-es"],"yoast_head":"<!-- This site is optimized with the Yoast SEO plugin v27.3 - https:\/\/yoast.com\/product\/yoast-seo-wordpress\/ -->\n<title>Domus Vagliendola - Visit Amalfi<\/title>\n<meta name=\"robots\" content=\"index, follow, max-snippet:-1, max-image-preview:large, max-video-preview:-1\" \/>\n<link rel=\"canonical\" href=\"https:\/\/www.visitamalfi.info\/es\/poi\/domus-vagliendola\/\" \/>\n<meta property=\"og:locale\" content=\"es_ES\" \/>\n<meta property=\"og:type\" content=\"article\" \/>\n<meta property=\"og:title\" content=\"Domus Vagliendola - Visit Amalfi\" \/>\n<meta property=\"og:description\" content=\"La Domus (\u00abcasa aristocr\u00e1tica\u00bb) Vagliendola, de finales del siglo XI, cuenta con un atrio &#8220;atrium&#8221; que incluye columnas y capiteles de estilo medieval en la planta baja, y ventanas ajimezadas [&hellip;]\" \/>\n<meta property=\"og:url\" content=\"https:\/\/www.visitamalfi.info\/es\/poi\/domus-vagliendola\/\" \/>\n<meta property=\"og:site_name\" content=\"Visit Amalfi\" \/>\n<meta property=\"article:publisher\" content=\"https:\/\/www.facebook.com\/visitamalfiofficial\" \/>\n<meta property=\"og:image\" content=\"https:\/\/www.visitamalfi.info\/wp-content\/uploads\/2024\/03\/DOMUS-VAGLIENDOLA-SENZA-MODELLI-M.ABBAGNARA-7.jpg\" \/>\n\t<meta property=\"og:image:width\" content=\"1920\" \/>\n\t<meta property=\"og:image:height\" content=\"1280\" \/>\n\t<meta property=\"og:image:type\" content=\"image\/jpeg\" \/>\n<meta name=\"twitter:card\" content=\"summary_large_image\" \/>\n<meta name=\"twitter:label1\" content=\"Tiempo de lectura\" \/>\n\t<meta name=\"twitter:data1\" content=\"2 minutos\" \/>\n<script type=\"application\/ld+json\" class=\"yoast-schema-graph\">{\"@context\":\"https:\\\/\\\/schema.org\",\"@graph\":[{\"@type\":\"WebPage\",\"@id\":\"https:\\\/\\\/www.visitamalfi.info\\\/es\\\/poi\\\/domus-vagliendola\\\/\",\"url\":\"https:\\\/\\\/www.visitamalfi.info\\\/es\\\/poi\\\/domus-vagliendola\\\/\",\"name\":\"Domus Vagliendola - Visit Amalfi\",\"isPartOf\":{\"@id\":\"https:\\\/\\\/www.visitamalfi.info\\\/es\\\/#website\"},\"primaryImageOfPage\":{\"@id\":\"https:\\\/\\\/www.visitamalfi.info\\\/es\\\/poi\\\/domus-vagliendola\\\/#primaryimage\"},\"image\":{\"@id\":\"https:\\\/\\\/www.visitamalfi.info\\\/es\\\/poi\\\/domus-vagliendola\\\/#primaryimage\"},\"thumbnailUrl\":\"https:\\\/\\\/www.visitamalfi.info\\\/wp-content\\\/uploads\\\/2024\\\/03\\\/DOMUS-VAGLIENDOLA-SENZA-MODELLI-M.ABBAGNARA-7.jpg\",\"datePublished\":\"2025-09-03T07:52:16+00:00\",\"breadcrumb\":{\"@id\":\"https:\\\/\\\/www.visitamalfi.info\\\/es\\\/poi\\\/domus-vagliendola\\\/#breadcrumb\"},\"inLanguage\":\"es\",\"potentialAction\":[{\"@type\":\"ReadAction\",\"target\":[\"https:\\\/\\\/www.visitamalfi.info\\\/es\\\/poi\\\/domus-vagliendola\\\/\"]}]},{\"@type\":\"ImageObject\",\"inLanguage\":\"es\",\"@id\":\"https:\\\/\\\/www.visitamalfi.info\\\/es\\\/poi\\\/domus-vagliendola\\\/#primaryimage\",\"url\":\"https:\\\/\\\/www.visitamalfi.info\\\/wp-content\\\/uploads\\\/2024\\\/03\\\/DOMUS-VAGLIENDOLA-SENZA-MODELLI-M.ABBAGNARA-7.jpg\",\"contentUrl\":\"https:\\\/\\\/www.visitamalfi.info\\\/wp-content\\\/uploads\\\/2024\\\/03\\\/DOMUS-VAGLIENDOLA-SENZA-MODELLI-M.ABBAGNARA-7.jpg\",\"width\":1920,\"height\":1280,\"caption\":\"Amalfi_Domus Vagliendola\"},{\"@type\":\"BreadcrumbList\",\"@id\":\"https:\\\/\\\/www.visitamalfi.info\\\/es\\\/poi\\\/domus-vagliendola\\\/#breadcrumb\",\"itemListElement\":[{\"@type\":\"ListItem\",\"position\":1,\"name\":\"Home\",\"item\":\"https:\\\/\\\/www.visitamalfi.info\\\/es\\\/\"},{\"@type\":\"ListItem\",\"position\":2,\"name\":\"Domus Vagliendola\"}]},{\"@type\":\"WebSite\",\"@id\":\"https:\\\/\\\/www.visitamalfi.info\\\/es\\\/#website\",\"url\":\"https:\\\/\\\/www.visitamalfi.info\\\/es\\\/\",\"name\":\"Visit Amalfi\",\"description\":\"Amalfi Destination Official Website\",\"publisher\":{\"@id\":\"https:\\\/\\\/www.visitamalfi.info\\\/es\\\/#organization\"},\"potentialAction\":[{\"@type\":\"SearchAction\",\"target\":{\"@type\":\"EntryPoint\",\"urlTemplate\":\"https:\\\/\\\/www.visitamalfi.info\\\/es\\\/?s={search_term_string}\"},\"query-input\":{\"@type\":\"PropertyValueSpecification\",\"valueRequired\":true,\"valueName\":\"search_term_string\"}}],\"inLanguage\":\"es\"},{\"@type\":\"Organization\",\"@id\":\"https:\\\/\\\/www.visitamalfi.info\\\/es\\\/#organization\",\"name\":\"Visit Amalfi\",\"url\":\"https:\\\/\\\/www.visitamalfi.info\\\/es\\\/\",\"logo\":{\"@type\":\"ImageObject\",\"inLanguage\":\"es\",\"@id\":\"https:\\\/\\\/www.visitamalfi.info\\\/es\\\/#\\\/schema\\\/logo\\\/image\\\/\",\"url\":\"https:\\\/\\\/www.visitamalfi.info\\\/wp-content\\\/uploads\\\/2023\\\/04\\\/visit-amalfi-logo-web.png\",\"contentUrl\":\"https:\\\/\\\/www.visitamalfi.info\\\/wp-content\\\/uploads\\\/2023\\\/04\\\/visit-amalfi-logo-web.png\",\"width\":800,\"height\":870,\"caption\":\"Visit Amalfi\"},\"image\":{\"@id\":\"https:\\\/\\\/www.visitamalfi.info\\\/es\\\/#\\\/schema\\\/logo\\\/image\\\/\"},\"sameAs\":[\"https:\\\/\\\/www.facebook.com\\\/visitamalfiofficial\",\"https:\\\/\\\/www.instagram.com\\\/visitamalfiofficial\\\/\"]}]}<\/script>\n<!-- \/ Yoast SEO plugin. -->","yoast_head_json":{"title":"Domus Vagliendola - Visit Amalfi","robots":{"index":"index","follow":"follow","max-snippet":"max-snippet:-1","max-image-preview":"max-image-preview:large","max-video-preview":"max-video-preview:-1"},"canonical":"https:\/\/www.visitamalfi.info\/es\/poi\/domus-vagliendola\/","og_locale":"es_ES","og_type":"article","og_title":"Domus Vagliendola - Visit Amalfi","og_description":"La Domus (\u00abcasa aristocr\u00e1tica\u00bb) Vagliendola, de finales del siglo XI, cuenta con un atrio &#8220;atrium&#8221; que incluye columnas y capiteles de estilo medieval en la planta baja, y ventanas ajimezadas [&hellip;]","og_url":"https:\/\/www.visitamalfi.info\/es\/poi\/domus-vagliendola\/","og_site_name":"Visit Amalfi","article_publisher":"https:\/\/www.facebook.com\/visitamalfiofficial","og_image":[{"width":1920,"height":1280,"url":"https:\/\/www.visitamalfi.info\/wp-content\/uploads\/2024\/03\/DOMUS-VAGLIENDOLA-SENZA-MODELLI-M.ABBAGNARA-7.jpg","type":"image\/jpeg"}],"twitter_card":"summary_large_image","twitter_misc":{"Tiempo de lectura":"2 minutos"},"schema":{"@context":"https:\/\/schema.org","@graph":[{"@type":"WebPage","@id":"https:\/\/www.visitamalfi.info\/es\/poi\/domus-vagliendola\/","url":"https:\/\/www.visitamalfi.info\/es\/poi\/domus-vagliendola\/","name":"Domus Vagliendola - Visit Amalfi","isPartOf":{"@id":"https:\/\/www.visitamalfi.info\/es\/#website"},"primaryImageOfPage":{"@id":"https:\/\/www.visitamalfi.info\/es\/poi\/domus-vagliendola\/#primaryimage"},"image":{"@id":"https:\/\/www.visitamalfi.info\/es\/poi\/domus-vagliendola\/#primaryimage"},"thumbnailUrl":"https:\/\/www.visitamalfi.info\/wp-content\/uploads\/2024\/03\/DOMUS-VAGLIENDOLA-SENZA-MODELLI-M.ABBAGNARA-7.jpg","datePublished":"2025-09-03T07:52:16+00:00","breadcrumb":{"@id":"https:\/\/www.visitamalfi.info\/es\/poi\/domus-vagliendola\/#breadcrumb"},"inLanguage":"es","potentialAction":[{"@type":"ReadAction","target":["https:\/\/www.visitamalfi.info\/es\/poi\/domus-vagliendola\/"]}]},{"@type":"ImageObject","inLanguage":"es","@id":"https:\/\/www.visitamalfi.info\/es\/poi\/domus-vagliendola\/#primaryimage","url":"https:\/\/www.visitamalfi.info\/wp-content\/uploads\/2024\/03\/DOMUS-VAGLIENDOLA-SENZA-MODELLI-M.ABBAGNARA-7.jpg","contentUrl":"https:\/\/www.visitamalfi.info\/wp-content\/uploads\/2024\/03\/DOMUS-VAGLIENDOLA-SENZA-MODELLI-M.ABBAGNARA-7.jpg","width":1920,"height":1280,"caption":"Amalfi_Domus Vagliendola"},{"@type":"BreadcrumbList","@id":"https:\/\/www.visitamalfi.info\/es\/poi\/domus-vagliendola\/#breadcrumb","itemListElement":[{"@type":"ListItem","position":1,"name":"Home","item":"https:\/\/www.visitamalfi.info\/es\/"},{"@type":"ListItem","position":2,"name":"Domus Vagliendola"}]},{"@type":"WebSite","@id":"https:\/\/www.visitamalfi.info\/es\/#website","url":"https:\/\/www.visitamalfi.info\/es\/","name":"Visit Amalfi","description":"Amalfi Destination Official Website","publisher":{"@id":"https:\/\/www.visitamalfi.info\/es\/#organization"},"potentialAction":[{"@type":"SearchAction","target":{"@type":"EntryPoint","urlTemplate":"https:\/\/www.visitamalfi.info\/es\/?s={search_term_string}"},"query-input":{"@type":"PropertyValueSpecification","valueRequired":true,"valueName":"search_term_string"}}],"inLanguage":"es"},{"@type":"Organization","@id":"https:\/\/www.visitamalfi.info\/es\/#organization","name":"Visit Amalfi","url":"https:\/\/www.visitamalfi.info\/es\/","logo":{"@type":"ImageObject","inLanguage":"es","@id":"https:\/\/www.visitamalfi.info\/es\/#\/schema\/logo\/image\/","url":"https:\/\/www.visitamalfi.info\/wp-content\/uploads\/2023\/04\/visit-amalfi-logo-web.png","contentUrl":"https:\/\/www.visitamalfi.info\/wp-content\/uploads\/2023\/04\/visit-amalfi-logo-web.png","width":800,"height":870,"caption":"Visit Amalfi"},"image":{"@id":"https:\/\/www.visitamalfi.info\/es\/#\/schema\/logo\/image\/"},"sameAs":["https:\/\/www.facebook.com\/visitamalfiofficial","https:\/\/www.instagram.com\/visitamalfiofficial\/"]}]}},"_links":{"self":[{"href":"https:\/\/www.visitamalfi.info\/es\/wp-json\/wp\/v2\/amw_poi\/16253","targetHints":{"allow":["GET"]}}],"collection":[{"href":"https:\/\/www.visitamalfi.info\/es\/wp-json\/wp\/v2\/amw_poi"}],"about":[{"href":"https:\/\/www.visitamalfi.info\/es\/wp-json\/wp\/v2\/types\/amw_poi"}],"replies":[{"embeddable":true,"href":"https:\/\/www.visitamalfi.info\/es\/wp-json\/wp\/v2\/comments?post=16253"}],"version-history":[{"count":1,"href":"https:\/\/www.visitamalfi.info\/es\/wp-json\/wp\/v2\/amw_poi\/16253\/revisions"}],"predecessor-version":[{"id":19543,"href":"https:\/\/www.visitamalfi.info\/es\/wp-json\/wp\/v2\/amw_poi\/16253\/revisions\/19543"}],"wp:featuredmedia":[{"embeddable":true,"href":"https:\/\/www.visitamalfi.info\/es\/wp-json\/wp\/v2\/media\/15252"}],"wp:attachment":[{"href":"https:\/\/www.visitamalfi.info\/es\/wp-json\/wp\/v2\/media?parent=16253"}],"wp:term":[{"taxonomy":"categoria_poi","embeddable":true,"href":"https:\/\/www.visitamalfi.info\/es\/wp-json\/wp\/v2\/categoria_poi?post=16253"}],"curies":[{"name":"wp","href":"https:\/\/api.w.org\/{rel}","templated":true}]}}

<p>La <em>Domus</em> («casa aristocrática») Vagliendola, de finales del siglo XI, cuenta con un atrio &#8220;<em>atrium</em>&#8221; que incluye columnas y capiteles de estilo medieval en la planta baja, y ventanas ajimezadas y bóvedas de crucería en los pisos superiores. En el último piso se conserva la capilla del palacio. Las distintas plantas están conectadas por una escalera de caracol cubierta por pequeñas bóvedas. En aquella época, las viviendas de la aristocracia amalfitana solían alcanzar una altura de cinco pisos. En la planta baja se encontraban los almacenes llamados «catodei». La entrada principal solía tener un vestíbulo que a menudo incluía una pequeña columnata, similar al caso de la <em>Domus</em> Vagliendola. Los muros exteriores tenían algunas ventanas arcaicas y algunas aspilleras. La cocina se encontraba en el piso superior para facilitar la dispersión de los olores y estaba conectada con el huerto o jardín.</p>
<p>En los pisos inferiores se encontraban la «camminata», un comedor con chimenea, y las áreas donde las mujeres tejían principalmente lana. Los retretes sobresalían de los muros exteriores y vertían directamente al río, al mar o a los huertos. La cubierta de la <em>domus</em> podía estar techada o pavimentada. Los surtidores de agua de lluvia sobresalían de las logias superiores.</p>

<p>La Domus («casa aristocrática») Vagliendola, de finales del siglo XI, cuenta con un atrio &#8220;atrium&#8221; que incluye columnas y capiteles de estilo medieval en la planta baja, y ventanas ajimezadas [&hellip;]</p>

<!-- This site is optimized with the Yoast SEO plugin v27.3 - https://yoast.com/product/yoast-seo-wordpress/ -->
<title>Domus Vagliendola - Visit Amalfi</title>
<meta name="robots" content="index, follow, max-snippet:-1, max-image-preview:large, max-video-preview:-1" />
<link rel="canonical" href="https://www.visitamalfi.info/es/poi/domus-vagliendola/" />
<meta property="og:locale" content="es_ES" />
<meta property="og:type" content="article" />
<meta property="og:title" content="Domus Vagliendola - Visit Amalfi" />
<meta property="og:description" content="La Domus («casa aristocrática») Vagliendola, de finales del siglo XI, cuenta con un atrio &#8220;atrium&#8221; que incluye columnas y capiteles de estilo medieval en la planta baja, y ventanas ajimezadas [&hellip;]" />
<meta property="og:url" content="https://www.visitamalfi.info/es/poi/domus-vagliendola/" />
<meta property="og:site_name" content="Visit Amalfi" />
<meta property="article:publisher" content="https://www.facebook.com/visitamalfiofficial" />
<meta property="og:image" content="https://www.visitamalfi.info/wp-content/uploads/2024/03/DOMUS-VAGLIENDOLA-SENZA-MODELLI-M.ABBAGNARA-7.jpg" />
	<meta property="og:image:width" content="1920" />
	<meta property="og:image:height" content="1280" />
	<meta property="og:image:type" content="image/jpeg" />
<meta name="twitter:card" content="summary_large_image" />
<meta name="twitter:label1" content="Tiempo de lectura" />
	<meta name="twitter:data1" content="2 minutos" />
<script type="application/ld+json" class="yoast-schema-graph">{"@context":"https:\/\/schema.org","@graph":[{"@type":"WebPage","@id":"https:\/\/www.visitamalfi.info\/es\/poi\/domus-vagliendola\/","url":"https:\/\/www.visitamalfi.info\/es\/poi\/domus-vagliendola\/","name":"Domus Vagliendola - Visit Amalfi","isPartOf":{"@id":"https:\/\/www.visitamalfi.info\/es\/#website"},"primaryImageOfPage":{"@id":"https:\/\/www.visitamalfi.info\/es\/poi\/domus-vagliendola\/#primaryimage"},"image":{"@id":"https:\/\/www.visitamalfi.info\/es\/poi\/domus-vagliendola\/#primaryimage"},"thumbnailUrl":"https:\/\/www.visitamalfi.info\/wp-content\/uploads\/2024\/03\/DOMUS-VAGLIENDOLA-SENZA-MODELLI-M.ABBAGNARA-7.jpg","datePublished":"2025-09-03T07:52:16+00:00","breadcrumb":{"@id":"https:\/\/www.visitamalfi.info\/es\/poi\/domus-vagliendola\/#breadcrumb"},"inLanguage":"es","potentialAction":[{"@type":"ReadAction","target":["https:\/\/www.visitamalfi.info\/es\/poi\/domus-vagliendola\/"]}]},{"@type":"ImageObject","inLanguage":"es","@id":"https:\/\/www.visitamalfi.info\/es\/poi\/domus-vagliendola\/#primaryimage","url":"https:\/\/www.visitamalfi.info\/wp-content\/uploads\/2024\/03\/DOMUS-VAGLIENDOLA-SENZA-MODELLI-M.ABBAGNARA-7.jpg","contentUrl":"https:\/\/www.visitamalfi.info\/wp-content\/uploads\/2024\/03\/DOMUS-VAGLIENDOLA-SENZA-MODELLI-M.ABBAGNARA-7.jpg","width":1920,"height":1280,"caption":"Amalfi_Domus Vagliendola"},{"@type":"BreadcrumbList","@id":"https:\/\/www.visitamalfi.info\/es\/poi\/domus-vagliendola\/#breadcrumb","itemListElement":[{"@type":"ListItem","position":1,"name":"Home","item":"https:\/\/www.visitamalfi.info\/es\/"},{"@type":"ListItem","position":2,"name":"Domus Vagliendola"}]},{"@type":"WebSite","@id":"https:\/\/www.visitamalfi.info\/es\/#website","url":"https:\/\/www.visitamalfi.info\/es\/","name":"Visit Amalfi","description":"Amalfi Destination Official Website","publisher":{"@id":"https:\/\/www.visitamalfi.info\/es\/#organization"},"potentialAction":[{"@type":"SearchAction","target":{"@type":"EntryPoint","urlTemplate":"https:\/\/www.visitamalfi.info\/es\/?s={search_term_string}"},"query-input":{"@type":"PropertyValueSpecification","valueRequired":true,"valueName":"search_term_string"}}],"inLanguage":"es"},{"@type":"Organization","@id":"https:\/\/www.visitamalfi.info\/es\/#organization","name":"Visit Amalfi","url":"https:\/\/www.visitamalfi.info\/es\/","logo":{"@type":"ImageObject","inLanguage":"es","@id":"https:\/\/www.visitamalfi.info\/es\/#\/schema\/logo\/image\/","url":"https:\/\/www.visitamalfi.info\/wp-content\/uploads\/2023\/04\/visit-amalfi-logo-web.png","contentUrl":"https:\/\/www.visitamalfi.info\/wp-content\/uploads\/2023\/04\/visit-amalfi-logo-web.png","width":800,"height":870,"caption":"Visit Amalfi"},"image":{"@id":"https:\/\/www.visitamalfi.info\/es\/#\/schema\/logo\/image\/"},"sameAs":["https:\/\/www.facebook.com\/visitamalfiofficial","https:\/\/www.instagram.com\/visitamalfiofficial\/"]}]}</script>
<!-- / Yoast SEO plugin. -->

La Domus («casa aristocrática») Vagliendola, de finales del siglo XI, cuenta con un atrio &#8220;atrium&#8221; que incluye columnas y capiteles de estilo medieval en la planta baja, y ventanas ajimezadas [&hellip;]
