{"id":16242,"date":"2025-09-03T09:46:34","date_gmt":"2025-09-03T07:46:34","guid":{"rendered":"https:\/\/www.visitamalfi.info\/poi\/la-selva\/"},"modified":"2024-07-16T12:23:38","modified_gmt":"2024-07-16T10:23:38","slug":"la-selva","status":"publish","type":"amw_poi","link":"https:\/\/www.visitamalfi.info\/es\/poi\/la-selva\/","title":{"rendered":"La Selva"},"content":{"rendered":"<p>La passeggiata della Selva es un rinc\u00f3n de para\u00edso rodeado de vegetaci\u00f3n, a tiro de piedra del centro hist\u00f3rico de Amalfi. Este lugar cuenta con \u00e1reas de picnic y un gimnasio al aire libre para disfrutar de actividades deportivas en contacto con la naturaleza.<\/p>\n<p>El equipo, instalado en una zona fresca y a la sombra de los \u00e1rboles junto al r\u00edo Canneto, es todo de madera y est\u00e1 instalado a lo largo del sendero tur\u00edstico que lleva desde la subida de Chiarito hasta las antiguas f\u00e1bricas de papel del valle. Bancos, plataformas, vallas y barras verticales est\u00e1n disponibles para sesiones de entrenamiento que promueven la revitalizaci\u00f3n f\u00edsica y mental.<\/p>\n","protected":false},"excerpt":{"rendered":"<p>La passeggiata della Selva es un rinc\u00f3n de para\u00edso rodeado de vegetaci\u00f3n, a tiro de piedra del centro hist\u00f3rico de Amalfi. Este lugar cuenta con \u00e1reas de picnic y un [&hellip;]<\/p>\n","protected":false},"featured_media":15476,"comment_status":"open","ping_status":"closed","template":"","categoria_poi":[1773,1556,1552],"class_list":["post-16242","amw_poi","type-amw_poi","status-publish","has-post-thumbnail","hentry","categoria_poi-amalfi-centro-es","categoria_poi-esperienza-es","categoria_poi-natura-es"],"yoast_head":"<!-- This site is optimized with the Yoast SEO plugin v27.3 - https:\/\/yoast.com\/product\/yoast-seo-wordpress\/ -->\n<title>La Selva - Visit Amalfi<\/title>\n<meta name=\"robots\" content=\"index, follow, max-snippet:-1, max-image-preview:large, max-video-preview:-1\" \/>\n<link rel=\"canonical\" href=\"https:\/\/www.visitamalfi.info\/es\/poi\/la-selva\/\" \/>\n<meta property=\"og:locale\" content=\"es_ES\" \/>\n<meta property=\"og:type\" content=\"article\" \/>\n<meta property=\"og:title\" content=\"La Selva - Visit Amalfi\" \/>\n<meta property=\"og:description\" content=\"La passeggiata della Selva es un rinc\u00f3n de para\u00edso rodeado de vegetaci\u00f3n, a tiro de piedra del centro hist\u00f3rico de Amalfi. Este lugar cuenta con \u00e1reas de picnic y un [&hellip;]\" \/>\n<meta property=\"og:url\" content=\"https:\/\/www.visitamalfi.info\/es\/poi\/la-selva\/\" \/>\n<meta property=\"og:site_name\" content=\"Visit Amalfi\" \/>\n<meta property=\"article:publisher\" content=\"https:\/\/www.facebook.com\/visitamalfiofficial\" \/>\n<meta property=\"og:image\" content=\"https:\/\/www.visitamalfi.info\/wp-content\/uploads\/2024\/03\/LA-SELVA-SENZA-MODELLI-M.ABBAGNARA-1.jpg\" \/>\n\t<meta property=\"og:image:width\" content=\"1920\" \/>\n\t<meta property=\"og:image:height\" content=\"1280\" \/>\n\t<meta property=\"og:image:type\" content=\"image\/jpeg\" \/>\n<meta name=\"twitter:card\" content=\"summary_large_image\" \/>\n<meta name=\"twitter:label1\" content=\"Tiempo de lectura\" \/>\n\t<meta name=\"twitter:data1\" content=\"1 minuto\" \/>\n<script type=\"application\/ld+json\" class=\"yoast-schema-graph\">{\"@context\":\"https:\\\/\\\/schema.org\",\"@graph\":[{\"@type\":\"WebPage\",\"@id\":\"https:\\\/\\\/www.visitamalfi.info\\\/es\\\/poi\\\/la-selva\\\/\",\"url\":\"https:\\\/\\\/www.visitamalfi.info\\\/es\\\/poi\\\/la-selva\\\/\",\"name\":\"La Selva - Visit Amalfi\",\"isPartOf\":{\"@id\":\"https:\\\/\\\/www.visitamalfi.info\\\/es\\\/#website\"},\"primaryImageOfPage\":{\"@id\":\"https:\\\/\\\/www.visitamalfi.info\\\/es\\\/poi\\\/la-selva\\\/#primaryimage\"},\"image\":{\"@id\":\"https:\\\/\\\/www.visitamalfi.info\\\/es\\\/poi\\\/la-selva\\\/#primaryimage\"},\"thumbnailUrl\":\"https:\\\/\\\/www.visitamalfi.info\\\/wp-content\\\/uploads\\\/2024\\\/03\\\/LA-SELVA-SENZA-MODELLI-M.ABBAGNARA-1.jpg\",\"datePublished\":\"2025-09-03T07:46:34+00:00\",\"breadcrumb\":{\"@id\":\"https:\\\/\\\/www.visitamalfi.info\\\/es\\\/poi\\\/la-selva\\\/#breadcrumb\"},\"inLanguage\":\"es\",\"potentialAction\":[{\"@type\":\"ReadAction\",\"target\":[\"https:\\\/\\\/www.visitamalfi.info\\\/es\\\/poi\\\/la-selva\\\/\"]}]},{\"@type\":\"ImageObject\",\"inLanguage\":\"es\",\"@id\":\"https:\\\/\\\/www.visitamalfi.info\\\/es\\\/poi\\\/la-selva\\\/#primaryimage\",\"url\":\"https:\\\/\\\/www.visitamalfi.info\\\/wp-content\\\/uploads\\\/2024\\\/03\\\/LA-SELVA-SENZA-MODELLI-M.ABBAGNARA-1.jpg\",\"contentUrl\":\"https:\\\/\\\/www.visitamalfi.info\\\/wp-content\\\/uploads\\\/2024\\\/03\\\/LA-SELVA-SENZA-MODELLI-M.ABBAGNARA-1.jpg\",\"width\":1920,\"height\":1280,\"caption\":\"Amalfi_La Selva\"},{\"@type\":\"BreadcrumbList\",\"@id\":\"https:\\\/\\\/www.visitamalfi.info\\\/es\\\/poi\\\/la-selva\\\/#breadcrumb\",\"itemListElement\":[{\"@type\":\"ListItem\",\"position\":1,\"name\":\"Home\",\"item\":\"https:\\\/\\\/www.visitamalfi.info\\\/es\\\/\"},{\"@type\":\"ListItem\",\"position\":2,\"name\":\"La Selva\"}]},{\"@type\":\"WebSite\",\"@id\":\"https:\\\/\\\/www.visitamalfi.info\\\/es\\\/#website\",\"url\":\"https:\\\/\\\/www.visitamalfi.info\\\/es\\\/\",\"name\":\"Visit Amalfi\",\"description\":\"Amalfi Destination Official Website\",\"publisher\":{\"@id\":\"https:\\\/\\\/www.visitamalfi.info\\\/es\\\/#organization\"},\"potentialAction\":[{\"@type\":\"SearchAction\",\"target\":{\"@type\":\"EntryPoint\",\"urlTemplate\":\"https:\\\/\\\/www.visitamalfi.info\\\/es\\\/?s={search_term_string}\"},\"query-input\":{\"@type\":\"PropertyValueSpecification\",\"valueRequired\":true,\"valueName\":\"search_term_string\"}}],\"inLanguage\":\"es\"},{\"@type\":\"Organization\",\"@id\":\"https:\\\/\\\/www.visitamalfi.info\\\/es\\\/#organization\",\"name\":\"Visit Amalfi\",\"url\":\"https:\\\/\\\/www.visitamalfi.info\\\/es\\\/\",\"logo\":{\"@type\":\"ImageObject\",\"inLanguage\":\"es\",\"@id\":\"https:\\\/\\\/www.visitamalfi.info\\\/es\\\/#\\\/schema\\\/logo\\\/image\\\/\",\"url\":\"https:\\\/\\\/www.visitamalfi.info\\\/wp-content\\\/uploads\\\/2023\\\/04\\\/visit-amalfi-logo-web.png\",\"contentUrl\":\"https:\\\/\\\/www.visitamalfi.info\\\/wp-content\\\/uploads\\\/2023\\\/04\\\/visit-amalfi-logo-web.png\",\"width\":800,\"height\":870,\"caption\":\"Visit Amalfi\"},\"image\":{\"@id\":\"https:\\\/\\\/www.visitamalfi.info\\\/es\\\/#\\\/schema\\\/logo\\\/image\\\/\"},\"sameAs\":[\"https:\\\/\\\/www.facebook.com\\\/visitamalfiofficial\",\"https:\\\/\\\/www.instagram.com\\\/visitamalfiofficial\\\/\"]}]}<\/script>\n<!-- \/ Yoast SEO plugin. -->","yoast_head_json":{"title":"La Selva - Visit Amalfi","robots":{"index":"index","follow":"follow","max-snippet":"max-snippet:-1","max-image-preview":"max-image-preview:large","max-video-preview":"max-video-preview:-1"},"canonical":"https:\/\/www.visitamalfi.info\/es\/poi\/la-selva\/","og_locale":"es_ES","og_type":"article","og_title":"La Selva - Visit Amalfi","og_description":"La passeggiata della Selva es un rinc\u00f3n de para\u00edso rodeado de vegetaci\u00f3n, a tiro de piedra del centro hist\u00f3rico de Amalfi. Este lugar cuenta con \u00e1reas de picnic y un [&hellip;]","og_url":"https:\/\/www.visitamalfi.info\/es\/poi\/la-selva\/","og_site_name":"Visit Amalfi","article_publisher":"https:\/\/www.facebook.com\/visitamalfiofficial","og_image":[{"width":1920,"height":1280,"url":"https:\/\/www.visitamalfi.info\/wp-content\/uploads\/2024\/03\/LA-SELVA-SENZA-MODELLI-M.ABBAGNARA-1.jpg","type":"image\/jpeg"}],"twitter_card":"summary_large_image","twitter_misc":{"Tiempo de lectura":"1 minuto"},"schema":{"@context":"https:\/\/schema.org","@graph":[{"@type":"WebPage","@id":"https:\/\/www.visitamalfi.info\/es\/poi\/la-selva\/","url":"https:\/\/www.visitamalfi.info\/es\/poi\/la-selva\/","name":"La Selva - Visit Amalfi","isPartOf":{"@id":"https:\/\/www.visitamalfi.info\/es\/#website"},"primaryImageOfPage":{"@id":"https:\/\/www.visitamalfi.info\/es\/poi\/la-selva\/#primaryimage"},"image":{"@id":"https:\/\/www.visitamalfi.info\/es\/poi\/la-selva\/#primaryimage"},"thumbnailUrl":"https:\/\/www.visitamalfi.info\/wp-content\/uploads\/2024\/03\/LA-SELVA-SENZA-MODELLI-M.ABBAGNARA-1.jpg","datePublished":"2025-09-03T07:46:34+00:00","breadcrumb":{"@id":"https:\/\/www.visitamalfi.info\/es\/poi\/la-selva\/#breadcrumb"},"inLanguage":"es","potentialAction":[{"@type":"ReadAction","target":["https:\/\/www.visitamalfi.info\/es\/poi\/la-selva\/"]}]},{"@type":"ImageObject","inLanguage":"es","@id":"https:\/\/www.visitamalfi.info\/es\/poi\/la-selva\/#primaryimage","url":"https:\/\/www.visitamalfi.info\/wp-content\/uploads\/2024\/03\/LA-SELVA-SENZA-MODELLI-M.ABBAGNARA-1.jpg","contentUrl":"https:\/\/www.visitamalfi.info\/wp-content\/uploads\/2024\/03\/LA-SELVA-SENZA-MODELLI-M.ABBAGNARA-1.jpg","width":1920,"height":1280,"caption":"Amalfi_La Selva"},{"@type":"BreadcrumbList","@id":"https:\/\/www.visitamalfi.info\/es\/poi\/la-selva\/#breadcrumb","itemListElement":[{"@type":"ListItem","position":1,"name":"Home","item":"https:\/\/www.visitamalfi.info\/es\/"},{"@type":"ListItem","position":2,"name":"La Selva"}]},{"@type":"WebSite","@id":"https:\/\/www.visitamalfi.info\/es\/#website","url":"https:\/\/www.visitamalfi.info\/es\/","name":"Visit Amalfi","description":"Amalfi Destination Official Website","publisher":{"@id":"https:\/\/www.visitamalfi.info\/es\/#organization"},"potentialAction":[{"@type":"SearchAction","target":{"@type":"EntryPoint","urlTemplate":"https:\/\/www.visitamalfi.info\/es\/?s={search_term_string}"},"query-input":{"@type":"PropertyValueSpecification","valueRequired":true,"valueName":"search_term_string"}}],"inLanguage":"es"},{"@type":"Organization","@id":"https:\/\/www.visitamalfi.info\/es\/#organization","name":"Visit Amalfi","url":"https:\/\/www.visitamalfi.info\/es\/","logo":{"@type":"ImageObject","inLanguage":"es","@id":"https:\/\/www.visitamalfi.info\/es\/#\/schema\/logo\/image\/","url":"https:\/\/www.visitamalfi.info\/wp-content\/uploads\/2023\/04\/visit-amalfi-logo-web.png","contentUrl":"https:\/\/www.visitamalfi.info\/wp-content\/uploads\/2023\/04\/visit-amalfi-logo-web.png","width":800,"height":870,"caption":"Visit Amalfi"},"image":{"@id":"https:\/\/www.visitamalfi.info\/es\/#\/schema\/logo\/image\/"},"sameAs":["https:\/\/www.facebook.com\/visitamalfiofficial","https:\/\/www.instagram.com\/visitamalfiofficial\/"]}]}},"_links":{"self":[{"href":"https:\/\/www.visitamalfi.info\/es\/wp-json\/wp\/v2\/amw_poi\/16242","targetHints":{"allow":["GET"]}}],"collection":[{"href":"https:\/\/www.visitamalfi.info\/es\/wp-json\/wp\/v2\/amw_poi"}],"about":[{"href":"https:\/\/www.visitamalfi.info\/es\/wp-json\/wp\/v2\/types\/amw_poi"}],"replies":[{"embeddable":true,"href":"https:\/\/www.visitamalfi.info\/es\/wp-json\/wp\/v2\/comments?post=16242"}],"version-history":[{"count":1,"href":"https:\/\/www.visitamalfi.info\/es\/wp-json\/wp\/v2\/amw_poi\/16242\/revisions"}],"predecessor-version":[{"id":19456,"href":"https:\/\/www.visitamalfi.info\/es\/wp-json\/wp\/v2\/amw_poi\/16242\/revisions\/19456"}],"wp:featuredmedia":[{"embeddable":true,"href":"https:\/\/www.visitamalfi.info\/es\/wp-json\/wp\/v2\/media\/15476"}],"wp:attachment":[{"href":"https:\/\/www.visitamalfi.info\/es\/wp-json\/wp\/v2\/media?parent=16242"}],"wp:term":[{"taxonomy":"categoria_poi","embeddable":true,"href":"https:\/\/www.visitamalfi.info\/es\/wp-json\/wp\/v2\/categoria_poi?post=16242"}],"curies":[{"name":"wp","href":"https:\/\/api.w.org\/{rel}","templated":true}]}}

<p>La passeggiata della Selva es un rincón de paraíso rodeado de vegetación, a tiro de piedra del centro histórico de Amalfi. Este lugar cuenta con áreas de picnic y un gimnasio al aire libre para disfrutar de actividades deportivas en contacto con la naturaleza.</p>
<p>El equipo, instalado en una zona fresca y a la sombra de los árboles junto al río Canneto, es todo de madera y está instalado a lo largo del sendero turístico que lleva desde la subida de Chiarito hasta las antiguas fábricas de papel del valle. Bancos, plataformas, vallas y barras verticales están disponibles para sesiones de entrenamiento que promueven la revitalización física y mental.</p>

<p>La passeggiata della Selva es un rincón de paraíso rodeado de vegetación, a tiro de piedra del centro histórico de Amalfi. Este lugar cuenta con áreas de picnic y un [&hellip;]</p>

<!-- This site is optimized with the Yoast SEO plugin v27.3 - https://yoast.com/product/yoast-seo-wordpress/ -->
<title>La Selva - Visit Amalfi</title>
<meta name="robots" content="index, follow, max-snippet:-1, max-image-preview:large, max-video-preview:-1" />
<link rel="canonical" href="https://www.visitamalfi.info/es/poi/la-selva/" />
<meta property="og:locale" content="es_ES" />
<meta property="og:type" content="article" />
<meta property="og:title" content="La Selva - Visit Amalfi" />
<meta property="og:description" content="La passeggiata della Selva es un rincón de paraíso rodeado de vegetación, a tiro de piedra del centro histórico de Amalfi. Este lugar cuenta con áreas de picnic y un [&hellip;]" />
<meta property="og:url" content="https://www.visitamalfi.info/es/poi/la-selva/" />
<meta property="og:site_name" content="Visit Amalfi" />
<meta property="article:publisher" content="https://www.facebook.com/visitamalfiofficial" />
<meta property="og:image" content="https://www.visitamalfi.info/wp-content/uploads/2024/03/LA-SELVA-SENZA-MODELLI-M.ABBAGNARA-1.jpg" />
	<meta property="og:image:width" content="1920" />
	<meta property="og:image:height" content="1280" />
	<meta property="og:image:type" content="image/jpeg" />
<meta name="twitter:card" content="summary_large_image" />
<meta name="twitter:label1" content="Tiempo de lectura" />
	<meta name="twitter:data1" content="1 minuto" />
<script type="application/ld+json" class="yoast-schema-graph">{"@context":"https:\/\/schema.org","@graph":[{"@type":"WebPage","@id":"https:\/\/www.visitamalfi.info\/es\/poi\/la-selva\/","url":"https:\/\/www.visitamalfi.info\/es\/poi\/la-selva\/","name":"La Selva - Visit Amalfi","isPartOf":{"@id":"https:\/\/www.visitamalfi.info\/es\/#website"},"primaryImageOfPage":{"@id":"https:\/\/www.visitamalfi.info\/es\/poi\/la-selva\/#primaryimage"},"image":{"@id":"https:\/\/www.visitamalfi.info\/es\/poi\/la-selva\/#primaryimage"},"thumbnailUrl":"https:\/\/www.visitamalfi.info\/wp-content\/uploads\/2024\/03\/LA-SELVA-SENZA-MODELLI-M.ABBAGNARA-1.jpg","datePublished":"2025-09-03T07:46:34+00:00","breadcrumb":{"@id":"https:\/\/www.visitamalfi.info\/es\/poi\/la-selva\/#breadcrumb"},"inLanguage":"es","potentialAction":[{"@type":"ReadAction","target":["https:\/\/www.visitamalfi.info\/es\/poi\/la-selva\/"]}]},{"@type":"ImageObject","inLanguage":"es","@id":"https:\/\/www.visitamalfi.info\/es\/poi\/la-selva\/#primaryimage","url":"https:\/\/www.visitamalfi.info\/wp-content\/uploads\/2024\/03\/LA-SELVA-SENZA-MODELLI-M.ABBAGNARA-1.jpg","contentUrl":"https:\/\/www.visitamalfi.info\/wp-content\/uploads\/2024\/03\/LA-SELVA-SENZA-MODELLI-M.ABBAGNARA-1.jpg","width":1920,"height":1280,"caption":"Amalfi_La Selva"},{"@type":"BreadcrumbList","@id":"https:\/\/www.visitamalfi.info\/es\/poi\/la-selva\/#breadcrumb","itemListElement":[{"@type":"ListItem","position":1,"name":"Home","item":"https:\/\/www.visitamalfi.info\/es\/"},{"@type":"ListItem","position":2,"name":"La Selva"}]},{"@type":"WebSite","@id":"https:\/\/www.visitamalfi.info\/es\/#website","url":"https:\/\/www.visitamalfi.info\/es\/","name":"Visit Amalfi","description":"Amalfi Destination Official Website","publisher":{"@id":"https:\/\/www.visitamalfi.info\/es\/#organization"},"potentialAction":[{"@type":"SearchAction","target":{"@type":"EntryPoint","urlTemplate":"https:\/\/www.visitamalfi.info\/es\/?s={search_term_string}"},"query-input":{"@type":"PropertyValueSpecification","valueRequired":true,"valueName":"search_term_string"}}],"inLanguage":"es"},{"@type":"Organization","@id":"https:\/\/www.visitamalfi.info\/es\/#organization","name":"Visit Amalfi","url":"https:\/\/www.visitamalfi.info\/es\/","logo":{"@type":"ImageObject","inLanguage":"es","@id":"https:\/\/www.visitamalfi.info\/es\/#\/schema\/logo\/image\/","url":"https:\/\/www.visitamalfi.info\/wp-content\/uploads\/2023\/04\/visit-amalfi-logo-web.png","contentUrl":"https:\/\/www.visitamalfi.info\/wp-content\/uploads\/2023\/04\/visit-amalfi-logo-web.png","width":800,"height":870,"caption":"Visit Amalfi"},"image":{"@id":"https:\/\/www.visitamalfi.info\/es\/#\/schema\/logo\/image\/"},"sameAs":["https:\/\/www.facebook.com\/visitamalfiofficial","https:\/\/www.instagram.com\/visitamalfiofficial\/"]}]}</script>
<!-- / Yoast SEO plugin. -->

La passeggiata della Selva es un rincón de paraíso rodeado de vegetación, a tiro de piedra del centro histórico de Amalfi. Este lugar cuenta con áreas de picnic y un [&hellip;]
